{"id":257606,"date":"2026-04-23T00:18:14","date_gmt":"2026-04-23T06:18:14","guid":{"rendered":"https:\/\/compuviper.mx\/tienda\/producto\/dahua-dh-hac-hfw1209tlmn-led-s3-camara-analoga-dh-hac-hfw1209tlmn-led-0280b-s3-bullet-de-2mp-full-color-en-1080p-lente-de-2-8mm-angulo-de-108-y-alcance-de-iluminacion-de-40m-dwdr-ip67-compatibl\/"},"modified":"2026-04-23T00:18:14","modified_gmt":"2026-04-23T06:18:14","slug":"dahua-dh-hac-hfw1209tlmn-led-s3-camara-analoga-dh-hac-hfw1209tlmn-led-0280b-s3-bullet-de-2mp-full-color-en-1080p-lente-de-2-8mm-angulo-de-108-y-alcance-de-iluminacion-de-40m-dwdr-ip67-compatibl","status":"publish","type":"product","link":"https:\/\/compuviper.mx\/tienda\/producto\/dahua-dh-hac-hfw1209tlmn-led-s3-camara-analoga-dh-hac-hfw1209tlmn-led-0280b-s3-bullet-de-2mp-full-color-en-1080p-lente-de-2-8mm-angulo-de-108-y-alcance-de-iluminacion-de-40m-dwdr-ip67-compatibl\/","title":{"rendered":"Dahua Dh-hac-hfw1209tlmn-led-s3 Camara Analoga\/ \/ Dh-hac-hfw1209tlmn-led-0280b-s3\/bullet De 2mp Full Color En 1080p Lente De 2.8mm, Angulo De 108? Y Alcance De Iluminacion De 40m, Dwdr, Ip67 Compatible Con Cvi\/cvbs\/ahd\/tvi."},"content":{"rendered":"<table class=\"descripcion\">\n<tr>\n<td>Especificaciones tecnicas<\/td>\n<\/tr>\n<tr>\n<td>\u0095fuente de alimentacion: 12 vcc\u00b130<\/td>\n<\/tr>\n<tr>\n<td>\u0095consumo de energia: max. 7,26 w 12 vcc, led encendido<\/td>\n<\/tr>\n<tr>\n<td>\u0095temperatura de funcionamiento: \u0096 40\u00b0c a 60\u00b0c<\/td>\n<\/tr>\n<tr>\n<td>\u0095humedad de funcionamiento:  95  hr, sin condensacion<\/td>\n<\/tr>\n<tr>\n<td>\u0095proteccion: ip67<\/td>\n<\/tr>\n<tr>\n<td>\u0095material de la carcasa: cubierta frontal de metal  barril trasero de plastico  soporte de metal<\/td>\n<\/tr>\n<tr>\n<td>\u0095dimensiones del producto: 198,4 milimetros80,2 milimetros76,2 mm<\/td>\n<\/tr>\n<tr>\n<td>\u0095peso neto: 0,31 kg<\/td>\n<\/tr>\n<tr>\n<td>Incluye<\/td>\n<\/tr>\n<tr>\n<td>\u0095x1 camara bullet dh-hac-hfw1209tlmn-led-0280b-s3<\/td>\n<\/tr>\n<tr>\n<td>\u0095x1 manual de usuario<\/td>\n<\/tr>\n<tr>\n<td>\u0095x1 poliza de garantia<\/td>\n<\/tr>\n<\/table>\n","protected":false},"excerpt":{"rendered":"<p>Nformacion general. La dahua dh-hac-hfw1209tlmn-led-0280b-s3 es una camara bullet de seguridad con tecnologia fullcolor y sensor de 2mp, que ofrece resolucion de 1080p y un angulo de vision de 108\u00b0 mediante su lente de 2.8mm. Su led ilumina hasta 40m, asegurando visibilidad en areas oscuras. Equipada con tecnologia dwdr para gestionar contrastes de luz y una carcasa ip67, es ideal para exteriores. Compatible con sistemas cvi, cvbs, ahd y tvi, se adapta a multiples entornos de videovigilancia, proporcionando imagenes claras y de alta calidad en diversas condiciones. Caracteristicas principales. \u0095imagenes: a color las 24 horas, los 7 dias de la semana. \u0095resolucion: max. 30 fps a 1080p smart light. \u0095iluminacion: de areas inteligentes. \u0095distancia de iluminacion: de 40m. \u0095tecnologia: super adapt, 3d nr. \u0095video: cvi\/cvbs\/ahd\/tvi conmutable<\/p>\n","protected":false},"featured_media":259486,"comment_status":"open","ping_status":"open","template":"","meta":[],"product_cat":[1608,1681],"product_tag":[1555],"acf":[],"yoast_head":"<!-- This site is optimized with the Yoast SEO plugin v21.7 - https:\/\/yoast.com\/wordpress\/plugins\/seo\/ -->\n<title>[ Dahua ] &#129351; Dh-hac-hfw1209tlmn-led-s3 Camara Analoga\/ \/ Dh-hac-hfw1209tlmn-led-0280b-s3\/bullet De 2mp Full Color En 1080p Lente De 2.8mm, Angulo De 108\u00b0 Y Alcance De Iluminacion De 40m, Dwdr, Ip67 Compatible Con Cvi\/cvbs\/ahd\/tvi.<\/title>\n<meta name=\"description\" content=\"Compra Dh-hac-hfw1209tlmn-led-s3 Camara Analoga\/ \/ Dh-hac-hfw1209tlmn-led-0280b-s3\/bullet De 2mp Full Color En 1080p Lente De 2.8mm, Angulo De 108\u00b0 Y Alcance De Iluminacion De 40m, Dwdr, Ip67 Compatible Con Cvi\/cvbs\/ahd\/tvi. + Env\u00edo a domicilio + Pago seguro + Garant\u00eda\" \/>\n<meta name=\"robots\" content=\"index, follow, max-snippet:-1, max-image-preview:large, max-video-preview:-1\" \/>\n<link rel=\"canonical\" href=\"https:\/\/compuviper.mx\/tienda\/producto\/dahua-dh-hac-hfw1209tlmn-led-s3-camara-analoga-dh-hac-hfw1209tlmn-led-0280b-s3-bullet-de-2mp-full-color-en-1080p-lente-de-2-8mm-angulo-de-108-y-alcance-de-iluminacion-de-40m-dwdr-ip67-compatibl\/\" \/>\n<meta property=\"og:locale\" content=\"es_MX\" \/>\n<meta property=\"og:type\" content=\"article\" \/>\n<meta property=\"og:title\" content=\"[ Dahua ] &#129351; Dh-hac-hfw1209tlmn-led-s3 Camara Analoga\/ \/ Dh-hac-hfw1209tlmn-led-0280b-s3\/bullet De 2mp Full Color En 1080p Lente De 2.8mm, Angulo De 108\u00b0 Y Alcance De Iluminacion De 40m, Dwdr, Ip67 Compatible Con Cvi\/cvbs\/ahd\/tvi.\" \/>\n<meta property=\"og:description\" content=\"Compra Dh-hac-hfw1209tlmn-led-s3 Camara Analoga\/ \/ Dh-hac-hfw1209tlmn-led-0280b-s3\/bullet De 2mp Full Color En 1080p Lente De 2.8mm, Angulo De 108\u00b0 Y Alcance De Iluminacion De 40m, Dwdr, Ip67 Compatible Con Cvi\/cvbs\/ahd\/tvi. + Env\u00edo a domicilio + Pago seguro + Garant\u00eda\" \/>\n<meta property=\"og:url\" content=\"https:\/\/compuviper.mx\/tienda\/producto\/dahua-dh-hac-hfw1209tlmn-led-s3-camara-analoga-dh-hac-hfw1209tlmn-led-0280b-s3-bullet-de-2mp-full-color-en-1080p-lente-de-2-8mm-angulo-de-108-y-alcance-de-iluminacion-de-40m-dwdr-ip67-compatibl\/\" \/>\n<meta property=\"og:site_name\" content=\"Compuviper\" \/>\n<meta property=\"article:publisher\" content=\"https:\/\/www.facebook.com\/compuviper\" \/>\n<meta property=\"og:image\" content=\"https:\/\/compuviper.mx\/tienda\/wp-content\/uploads\/2025\/10\/Camara-analoga-dahua-dh-hac-hfw1209tlmn-led-0280b-s3bullet-de-2mp-full-color-en-1080p-lente-de-2.8mm-angulo-de-108\u00b0-y-alcance-de-iluminacion-de-40m-dwdr-ip67-compatible-con-cvicvbsahdtvi.jpg\" \/>\n\t<meta property=\"og:image:width\" content=\"200\" \/>\n\t<meta property=\"og:image:height\" content=\"200\" \/>\n\t<meta property=\"og:image:type\" content=\"image\/jpeg\" \/>\n<meta name=\"twitter:card\" content=\"summary_large_image\" \/>\n<meta name=\"twitter:label1\" content=\"Precio\" \/>\n\t<meta name=\"twitter:data1\" content=\"&#36;490 con IVA\" \/>\n\t<meta name=\"twitter:label2\" content=\"Availability\" \/>\n\t<meta name=\"twitter:data2\" content=\"In stock\" \/>\n<script type=\"application\/ld+json\" class=\"yoast-schema-graph\">{\"@context\":\"https:\/\/schema.org\",\"@graph\":[{\"@type\":\"WebPage\",\"@id\":\"https:\/\/compuviper.mx\/tienda\/producto\/dahua-dh-hac-hfw1209tlmn-led-s3-camara-analoga-dh-hac-hfw1209tlmn-led-0280b-s3-bullet-de-2mp-full-color-en-1080p-lente-de-2-8mm-angulo-de-108-y-alcance-de-iluminacion-de-40m-dwdr-ip67-compatibl\/\",\"url\":\"https:\/\/compuviper.mx\/tienda\/producto\/dahua-dh-hac-hfw1209tlmn-led-s3-camara-analoga-dh-hac-hfw1209tlmn-led-0280b-s3-bullet-de-2mp-full-color-en-1080p-lente-de-2-8mm-angulo-de-108-y-alcance-de-iluminacion-de-40m-dwdr-ip67-compatibl\/\",\"name\":\"[ Dahua ] &#129351; Dh-hac-hfw1209tlmn-led-s3 Camara Analoga\/ \/ Dh-hac-hfw1209tlmn-led-0280b-s3\/bullet De 2mp Full Color En 1080p Lente De 2.8mm, Angulo De 108\u00b0 Y Alcance De Iluminacion De 40m, Dwdr, Ip67 Compatible Con Cvi\/cvbs\/ahd\/tvi.\",\"isPartOf\":{\"@id\":\"https:\/\/compuviper.mx\/tienda\/#website\"},\"datePublished\":\"2026-04-23T06:18:14+00:00\",\"dateModified\":\"2026-04-23T06:18:14+00:00\",\"description\":\"Compra Dh-hac-hfw1209tlmn-led-s3 Camara Analoga\/ \/ Dh-hac-hfw1209tlmn-led-0280b-s3\/bullet De 2mp Full Color En 1080p Lente De 2.8mm, Angulo De 108\u00b0 Y Alcance De Iluminacion De 40m, Dwdr, Ip67 Compatible Con Cvi\/cvbs\/ahd\/tvi. + Env\u00edo a domicilio + Pago seguro + Garant\u00eda\",\"breadcrumb\":{\"@id\":\"https:\/\/compuviper.mx\/tienda\/producto\/dahua-dh-hac-hfw1209tlmn-led-s3-camara-analoga-dh-hac-hfw1209tlmn-led-0280b-s3-bullet-de-2mp-full-color-en-1080p-lente-de-2-8mm-angulo-de-108-y-alcance-de-iluminacion-de-40m-dwdr-ip67-compatibl\/#breadcrumb\"},\"inLanguage\":\"es-MX\",\"potentialAction\":[{\"@type\":\"ReadAction\",\"target\":[\"https:\/\/compuviper.mx\/tienda\/producto\/dahua-dh-hac-hfw1209tlmn-led-s3-camara-analoga-dh-hac-hfw1209tlmn-led-0280b-s3-bullet-de-2mp-full-color-en-1080p-lente-de-2-8mm-angulo-de-108-y-alcance-de-iluminacion-de-40m-dwdr-ip67-compatibl\/\"]}]},{\"@type\":\"BreadcrumbList\",\"@id\":\"https:\/\/compuviper.mx\/tienda\/producto\/dahua-dh-hac-hfw1209tlmn-led-s3-camara-analoga-dh-hac-hfw1209tlmn-led-0280b-s3-bullet-de-2mp-full-color-en-1080p-lente-de-2-8mm-angulo-de-108-y-alcance-de-iluminacion-de-40m-dwdr-ip67-compatibl\/#breadcrumb\",\"itemListElement\":[{\"@type\":\"ListItem\",\"position\":1,\"name\":\"Inicio\",\"item\":\"https:\/\/compuviper.mx\/tienda\/\"},{\"@type\":\"ListItem\",\"position\":2,\"name\":\"Productos\",\"item\":\"https:\/\/compuviper.mx\/tienda\/productos\/\"},{\"@type\":\"ListItem\",\"position\":3,\"name\":\"Camaras\",\"item\":\"https:\/\/compuviper.mx\/tienda\/categoria-producto\/camaras-2\/\"},{\"@type\":\"ListItem\",\"position\":4,\"name\":\"Camara De Videovigilancia\",\"item\":\"https:\/\/compuviper.mx\/tienda\/categoria-producto\/camaras-2\/camara-de-videovigilancia\/\"},{\"@type\":\"ListItem\",\"position\":5,\"name\":\"Dahua Dh-hac-hfw1209tlmn-led-s3 Camara Analoga\/ \/ Dh-hac-hfw1209tlmn-led-0280b-s3\/bullet De 2mp Full Color En 1080p Lente De 2.8mm, Angulo De 108? Y Alcance De Iluminacion De 40m, Dwdr, Ip67 Compatible Con Cvi\/cvbs\/ahd\/tvi.\"}]},{\"@type\":\"WebSite\",\"@id\":\"https:\/\/compuviper.mx\/tienda\/#website\",\"url\":\"https:\/\/compuviper.mx\/tienda\/\",\"name\":\"Compuviper\",\"description\":\"Proveedor de Computadoras, Laptops, Servidores, Monitores, Puntos de Venta, Teclados,   Impresoras, T\u00f3ner, C\u00e1maras de Seguridad y m\u00e1s en tu tienda en l\u00ednea\",\"publisher\":{\"@id\":\"https:\/\/compuviper.mx\/tienda\/#organization\"},\"potentialAction\":[{\"@type\":\"SearchAction\",\"target\":{\"@type\":\"EntryPoint\",\"urlTemplate\":\"https:\/\/compuviper.mx\/tienda\/?s={search_term_string}\"},\"query-input\":\"required name=search_term_string\"}],\"inLanguage\":\"es-MX\"},{\"@type\":\"Organization\",\"@id\":\"https:\/\/compuviper.mx\/tienda\/#organization\",\"name\":\"Compuviper\",\"url\":\"https:\/\/compuviper.mx\/tienda\/\",\"logo\":{\"@type\":\"ImageObject\",\"inLanguage\":\"es-MX\",\"@id\":\"https:\/\/compuviper.mx\/tienda\/#\/schema\/logo\/image\/\",\"url\":\"https:\/\/compuviper.mx\/tienda\/wp-content\/uploads\/2021\/08\/Logo-Compuviper-10.png\",\"contentUrl\":\"https:\/\/compuviper.mx\/tienda\/wp-content\/uploads\/2021\/08\/Logo-Compuviper-10.png\",\"width\":1000,\"height\":500,\"caption\":\"Compuviper\"},\"image\":{\"@id\":\"https:\/\/compuviper.mx\/tienda\/#\/schema\/logo\/image\/\"},\"sameAs\":[\"https:\/\/www.facebook.com\/compuviper\",\"https:\/\/www.youtube.com\/channel\/UCf73dERp9Y3cfOq7q8BhLjA?view_as=subscriber\"]}]}<\/script>\n<meta property=\"product:brand\" content=\"DAHUA\" \/>\n<meta property=\"product:price:amount\" content=\"490\" \/>\n<meta property=\"product:price:currency\" content=\"MXN\" \/>\n<meta property=\"og:availability\" content=\"instock\" \/>\n<meta property=\"product:availability\" content=\"instock\" \/>\n<meta property=\"product:retailer_item_id\" content=\"DH-HAC-HFW1209TLMN-LED-S3\" \/>\n<meta property=\"product:condition\" content=\"new\" \/>\n<!-- \/ Yoast SEO plugin. -->","yoast_head_json":{"title":"[ Dahua ] &#129351; Dh-hac-hfw1209tlmn-led-s3 Camara Analoga\/ \/ Dh-hac-hfw1209tlmn-led-0280b-s3\/bullet De 2mp Full Color En 1080p Lente De 2.8mm, Angulo De 108\u00b0 Y Alcance De Iluminacion De 40m, Dwdr, Ip67 Compatible Con Cvi\/cvbs\/ahd\/tvi.","description":"Compra Dh-hac-hfw1209tlmn-led-s3 Camara Analoga\/ \/ Dh-hac-hfw1209tlmn-led-0280b-s3\/bullet De 2mp Full Color En 1080p Lente De 2.8mm, Angulo De 108\u00b0 Y Alcance De Iluminacion De 40m, Dwdr, Ip67 Compatible Con Cvi\/cvbs\/ahd\/tvi. + Env\u00edo a domicilio + Pago seguro + Garant\u00eda","robots":{"index":"index","follow":"follow","max-snippet":"max-snippet:-1","max-image-preview":"max-image-preview:large","max-video-preview":"max-video-preview:-1"},"canonical":"https:\/\/compuviper.mx\/tienda\/producto\/dahua-dh-hac-hfw1209tlmn-led-s3-camara-analoga-dh-hac-hfw1209tlmn-led-0280b-s3-bullet-de-2mp-full-color-en-1080p-lente-de-2-8mm-angulo-de-108-y-alcance-de-iluminacion-de-40m-dwdr-ip67-compatibl\/","og_locale":"es_MX","og_type":"article","og_title":"[ Dahua ] &#129351; Dh-hac-hfw1209tlmn-led-s3 Camara Analoga\/ \/ Dh-hac-hfw1209tlmn-led-0280b-s3\/bullet De 2mp Full Color En 1080p Lente De 2.8mm, Angulo De 108\u00b0 Y Alcance De Iluminacion De 40m, Dwdr, Ip67 Compatible Con Cvi\/cvbs\/ahd\/tvi.","og_description":"Compra Dh-hac-hfw1209tlmn-led-s3 Camara Analoga\/ \/ Dh-hac-hfw1209tlmn-led-0280b-s3\/bullet De 2mp Full Color En 1080p Lente De 2.8mm, Angulo De 108\u00b0 Y Alcance De Iluminacion De 40m, Dwdr, Ip67 Compatible Con Cvi\/cvbs\/ahd\/tvi. + Env\u00edo a domicilio + Pago seguro + Garant\u00eda","og_url":"https:\/\/compuviper.mx\/tienda\/producto\/dahua-dh-hac-hfw1209tlmn-led-s3-camara-analoga-dh-hac-hfw1209tlmn-led-0280b-s3-bullet-de-2mp-full-color-en-1080p-lente-de-2-8mm-angulo-de-108-y-alcance-de-iluminacion-de-40m-dwdr-ip67-compatibl\/","og_site_name":"Compuviper","article_publisher":"https:\/\/www.facebook.com\/compuviper","og_image":[{"width":200,"height":200,"url":"https:\/\/compuviper.mx\/tienda\/wp-content\/uploads\/2025\/10\/Camara-analoga-dahua-dh-hac-hfw1209tlmn-led-0280b-s3bullet-de-2mp-full-color-en-1080p-lente-de-2.8mm-angulo-de-108\u00b0-y-alcance-de-iluminacion-de-40m-dwdr-ip67-compatible-con-cvicvbsahdtvi.jpg","type":"image\/jpeg"}],"twitter_card":"summary_large_image","twitter_misc":{"Precio":"&#36;490 con IVA","Availability":"In stock"},"schema":{"@context":"https:\/\/schema.org","@graph":[{"@type":"WebPage","@id":"https:\/\/compuviper.mx\/tienda\/producto\/dahua-dh-hac-hfw1209tlmn-led-s3-camara-analoga-dh-hac-hfw1209tlmn-led-0280b-s3-bullet-de-2mp-full-color-en-1080p-lente-de-2-8mm-angulo-de-108-y-alcance-de-iluminacion-de-40m-dwdr-ip67-compatibl\/","url":"https:\/\/compuviper.mx\/tienda\/producto\/dahua-dh-hac-hfw1209tlmn-led-s3-camara-analoga-dh-hac-hfw1209tlmn-led-0280b-s3-bullet-de-2mp-full-color-en-1080p-lente-de-2-8mm-angulo-de-108-y-alcance-de-iluminacion-de-40m-dwdr-ip67-compatibl\/","name":"[ Dahua ] &#129351; Dh-hac-hfw1209tlmn-led-s3 Camara Analoga\/ \/ Dh-hac-hfw1209tlmn-led-0280b-s3\/bullet De 2mp Full Color En 1080p Lente De 2.8mm, Angulo De 108\u00b0 Y Alcance De Iluminacion De 40m, Dwdr, Ip67 Compatible Con Cvi\/cvbs\/ahd\/tvi.","isPartOf":{"@id":"https:\/\/compuviper.mx\/tienda\/#website"},"datePublished":"2026-04-23T06:18:14+00:00","dateModified":"2026-04-23T06:18:14+00:00","description":"Compra Dh-hac-hfw1209tlmn-led-s3 Camara Analoga\/ \/ Dh-hac-hfw1209tlmn-led-0280b-s3\/bullet De 2mp Full Color En 1080p Lente De 2.8mm, Angulo De 108\u00b0 Y Alcance De Iluminacion De 40m, Dwdr, Ip67 Compatible Con Cvi\/cvbs\/ahd\/tvi. + Env\u00edo a domicilio + Pago seguro + Garant\u00eda","breadcrumb":{"@id":"https:\/\/compuviper.mx\/tienda\/producto\/dahua-dh-hac-hfw1209tlmn-led-s3-camara-analoga-dh-hac-hfw1209tlmn-led-0280b-s3-bullet-de-2mp-full-color-en-1080p-lente-de-2-8mm-angulo-de-108-y-alcance-de-iluminacion-de-40m-dwdr-ip67-compatibl\/#breadcrumb"},"inLanguage":"es-MX","potentialAction":[{"@type":"ReadAction","target":["https:\/\/compuviper.mx\/tienda\/producto\/dahua-dh-hac-hfw1209tlmn-led-s3-camara-analoga-dh-hac-hfw1209tlmn-led-0280b-s3-bullet-de-2mp-full-color-en-1080p-lente-de-2-8mm-angulo-de-108-y-alcance-de-iluminacion-de-40m-dwdr-ip67-compatibl\/"]}]},{"@type":"BreadcrumbList","@id":"https:\/\/compuviper.mx\/tienda\/producto\/dahua-dh-hac-hfw1209tlmn-led-s3-camara-analoga-dh-hac-hfw1209tlmn-led-0280b-s3-bullet-de-2mp-full-color-en-1080p-lente-de-2-8mm-angulo-de-108-y-alcance-de-iluminacion-de-40m-dwdr-ip67-compatibl\/#breadcrumb","itemListElement":[{"@type":"ListItem","position":1,"name":"Inicio","item":"https:\/\/compuviper.mx\/tienda\/"},{"@type":"ListItem","position":2,"name":"Productos","item":"https:\/\/compuviper.mx\/tienda\/productos\/"},{"@type":"ListItem","position":3,"name":"Camaras","item":"https:\/\/compuviper.mx\/tienda\/categoria-producto\/camaras-2\/"},{"@type":"ListItem","position":4,"name":"Camara De Videovigilancia","item":"https:\/\/compuviper.mx\/tienda\/categoria-producto\/camaras-2\/camara-de-videovigilancia\/"},{"@type":"ListItem","position":5,"name":"Dahua Dh-hac-hfw1209tlmn-led-s3 Camara Analoga\/ \/ Dh-hac-hfw1209tlmn-led-0280b-s3\/bullet De 2mp Full Color En 1080p Lente De 2.8mm, Angulo De 108? Y Alcance De Iluminacion De 40m, Dwdr, Ip67 Compatible Con Cvi\/cvbs\/ahd\/tvi."}]},{"@type":"WebSite","@id":"https:\/\/compuviper.mx\/tienda\/#website","url":"https:\/\/compuviper.mx\/tienda\/","name":"Compuviper","description":"Proveedor de Computadoras, Laptops, Servidores, Monitores, Puntos de Venta, Teclados,   Impresoras, T\u00f3ner, C\u00e1maras de Seguridad y m\u00e1s en tu tienda en l\u00ednea","publisher":{"@id":"https:\/\/compuviper.mx\/tienda\/#organization"},"potentialAction":[{"@type":"SearchAction","target":{"@type":"EntryPoint","urlTemplate":"https:\/\/compuviper.mx\/tienda\/?s={search_term_string}"},"query-input":"required name=search_term_string"}],"inLanguage":"es-MX"},{"@type":"Organization","@id":"https:\/\/compuviper.mx\/tienda\/#organization","name":"Compuviper","url":"https:\/\/compuviper.mx\/tienda\/","logo":{"@type":"ImageObject","inLanguage":"es-MX","@id":"https:\/\/compuviper.mx\/tienda\/#\/schema\/logo\/image\/","url":"https:\/\/compuviper.mx\/tienda\/wp-content\/uploads\/2021\/08\/Logo-Compuviper-10.png","contentUrl":"https:\/\/compuviper.mx\/tienda\/wp-content\/uploads\/2021\/08\/Logo-Compuviper-10.png","width":1000,"height":500,"caption":"Compuviper"},"image":{"@id":"https:\/\/compuviper.mx\/tienda\/#\/schema\/logo\/image\/"},"sameAs":["https:\/\/www.facebook.com\/compuviper","https:\/\/www.youtube.com\/channel\/UCf73dERp9Y3cfOq7q8BhLjA?view_as=subscriber"]}]},"product_brand":"DAHUA","product_price_amount":"490","product_price_currency":"MXN","og_availability":"instock","product_availability":"instock","product_retailer_item_id":"DH-HAC-HFW1209TLMN-LED-S3","product_condition":"new"},"_links":{"self":[{"href":"https:\/\/compuviper.mx\/tienda\/wp-json\/wp\/v2\/product\/257606"}],"collection":[{"href":"https:\/\/compuviper.mx\/tienda\/wp-json\/wp\/v2\/product"}],"about":[{"href":"https:\/\/compuviper.mx\/tienda\/wp-json\/wp\/v2\/types\/product"}],"replies":[{"embeddable":true,"href":"https:\/\/compuviper.mx\/tienda\/wp-json\/wp\/v2\/comments?post=257606"}],"wp:featuredmedia":[{"embeddable":true,"href":"https:\/\/compuviper.mx\/tienda\/wp-json\/wp\/v2\/media\/259486"}],"wp:attachment":[{"href":"https:\/\/compuviper.mx\/tienda\/wp-json\/wp\/v2\/media?parent=257606"}],"wp:term":[{"taxonomy":"product_cat","embeddable":true,"href":"https:\/\/compuviper.mx\/tienda\/wp-json\/wp\/v2\/product_cat?post=257606"},{"taxonomy":"product_tag","embeddable":true,"href":"https:\/\/compuviper.mx\/tienda\/wp-json\/wp\/v2\/product_tag?post=257606"}],"curies":[{"name":"wp","href":"https:\/\/api.w.org\/{rel}","templated":true}]}}