{"id":257594,"date":"2026-04-10T23:18:16","date_gmt":"2026-04-11T05:18:16","guid":{"rendered":"https:\/\/compuviper.mx\/tienda\/producto\/dahua-dh-pfm325d-1210us-fuente-de-poder-regulada-de-12-vcc-1-amper-ideal-para-camaras-de-cctv-con-proteccion-trmica-avanzada-y-led-indicador-de-funcionamiento-garantiza-un-rendimiento-estable\/"},"modified":"2026-04-11T00:00:41","modified_gmt":"2026-04-11T06:00:41","slug":"dahua-dh-pfm325d-1210us-fuente-de-poder-regulada-de-12-vcc-1-amper-ideal-para-camaras-de-cctv-con-proteccion-trmica-avanzada-y-led-indicador-de-funcionamiento-garantiza-un-rendimiento-estable","status":"publish","type":"product","link":"https:\/\/compuviper.mx\/tienda\/producto\/dahua-dh-pfm325d-1210us-fuente-de-poder-regulada-de-12-vcc-1-amper-ideal-para-camaras-de-cctv-con-proteccion-trmica-avanzada-y-led-indicador-de-funcionamiento-garantiza-un-rendimiento-estable\/","title":{"rendered":"Dahua Dh-pfm325d-1210us Fuente De Poder\/ \/ \/regulada De 12 Vcc 1 Amper. Ideal Para Camaras De Cctv, Con Proteccion T?rmica Avanzada Y Led Indicador De Funcionamiento, Garantiza Un Rendimiento Estable Y"},"content":{"rendered":"<table class=\"descripcion\">\n<tr>\n<td>Caractersticas principales<\/td>\n<\/tr>\n<tr>\n<td>\u0095montaje: en escritorio, lo que lo hace muy comodo de usar.<\/td>\n<\/tr>\n<tr>\n<td>\u0095resistencia: a las llamas de la carcasa nivel v-0.<\/td>\n<\/tr>\n<tr>\n<td>\u0095proteccion: protege contra sobrecorriente, sobretension y cortocircuitos.<\/td>\n<\/tr>\n<tr>\n<td>\u0095nivel de eficiencia: vi<\/td>\n<\/tr>\n<tr>\n<td>Especificaciones tcnicas<\/td>\n<\/tr>\n<tr>\n<td>\u0095voltaje de entrada: 100\u0096240 vca<\/td>\n<\/tr>\n<tr>\n<td>\u0095voltaje de salida: 12 voltios\u00b15<\/td>\n<\/tr>\n<tr>\n<td>\u0095potencia nominal: 12w<\/td>\n<\/tr>\n<tr>\n<td>\u0095consumo de energa: en inactivo  and 8804;0,1w<\/td>\n<\/tr>\n<tr>\n<td>\u0095enchufe de salida:  and 934;5,5mm and 934;2,1 milmetros10,0 mm<\/td>\n<\/tr>\n<tr>\n<td>\u0095dimension del producto: 95,0 milmetros34,8 milmetros28,0 mm<\/td>\n<\/tr>\n<tr>\n<td>\u0095dimensiones del embalaje: 72,0 milmetros44,0 milmetros122,0 milmetros<\/td>\n<\/tr>\n<tr>\n<td>\u0095peso neto: 0.1kg<\/td>\n<\/tr>\n<tr>\n<td>\u0095longitud del cable de entrada: 350 milmetros 13,78<\/td>\n<\/tr>\n<tr>\n<td>\u0095longitud del cable de salida: 800 milmetros 31,50<\/td>\n<\/tr>\n<tr>\n<td>Incluye<\/td>\n<\/tr>\n<tr>\n<td>\u0095x1 fuente de poder<\/td>\n<\/tr>\n<tr>\n<td>\u0095x1 manual de usuario<\/td>\n<\/tr>\n<tr>\n<td>\u0095x1 poliza de garanta<\/td>\n<\/tr>\n<\/table>\n","protected":false},"excerpt":{"rendered":"<p>Informacion general. La dahua dh-pfm325d-1210us es una fuente de poder regulada disenada especialmente para camaras de seguridad cctv, proporcionando una salida constante de 12 vcc y 1 amperio. Con su funcion de proteccion trmica, la fuente evita el sobrecalentamiento y protege tanto el dispositivo como la camara conectada. Un led indicador permite verificar rapidamente el estado de funcionamiento, anadiendo una capa de conveniencia. Compacta y eficiente, es ideal para aplicaciones de seguridad en interiores o exteriores, proporcionando estabilidad en entornos de vigilancia que requieren una alimentacion continua y segura.<\/p>\n","protected":false},"featured_media":258958,"comment_status":"open","ping_status":"open","template":"","meta":[],"product_cat":[1485,1525],"product_tag":[1555],"acf":[],"yoast_head":"<!-- This site is optimized with the Yoast SEO plugin v21.7 - https:\/\/yoast.com\/wordpress\/plugins\/seo\/ -->\n<title>[ Dahua ] &#129351; Dh-pfm325d-1210us Fuente De Poder\/ \/ \/regulada De 12 Vcc 1 Amper. Ideal Para Camaras De Cctv, Con Proteccion T\u00e9rmica Avanzada Y Led Indicador De Funcionamiento, Garantiza Un Rendimiento Estable Y<\/title>\n<meta name=\"description\" content=\"Compra Dh-pfm325d-1210us Fuente De Poder\/ \/ \/regulada De 12 Vcc 1 Amper. Ideal Para Camaras De Cctv, Con Proteccion T\u00e9rmica Avanzada Y Led Indicador De Funcionamiento, Garantiza Un Rendimiento Estable Y + Env\u00edo a domicilio + Pago seguro + Garant\u00eda\" \/>\n<meta name=\"robots\" content=\"index, follow, max-snippet:-1, max-image-preview:large, max-video-preview:-1\" \/>\n<link rel=\"canonical\" href=\"https:\/\/compuviper.mx\/tienda\/producto\/dahua-dh-pfm325d-1210us-fuente-de-poder-regulada-de-12-vcc-1-amper-ideal-para-camaras-de-cctv-con-proteccion-trmica-avanzada-y-led-indicador-de-funcionamiento-garantiza-un-rendimiento-estable\/\" \/>\n<meta property=\"og:locale\" content=\"es_MX\" \/>\n<meta property=\"og:type\" content=\"article\" \/>\n<meta property=\"og:title\" content=\"[ Dahua ] &#129351; Dh-pfm325d-1210us Fuente De Poder\/ \/ \/regulada De 12 Vcc 1 Amper. Ideal Para Camaras De Cctv, Con Proteccion T\u00e9rmica Avanzada Y Led Indicador De Funcionamiento, Garantiza Un Rendimiento Estable Y\" \/>\n<meta property=\"og:description\" content=\"Compra Dh-pfm325d-1210us Fuente De Poder\/ \/ \/regulada De 12 Vcc 1 Amper. Ideal Para Camaras De Cctv, Con Proteccion T\u00e9rmica Avanzada Y Led Indicador De Funcionamiento, Garantiza Un Rendimiento Estable Y + Env\u00edo a domicilio + Pago seguro + Garant\u00eda\" \/>\n<meta property=\"og:url\" content=\"https:\/\/compuviper.mx\/tienda\/producto\/dahua-dh-pfm325d-1210us-fuente-de-poder-regulada-de-12-vcc-1-amper-ideal-para-camaras-de-cctv-con-proteccion-trmica-avanzada-y-led-indicador-de-funcionamiento-garantiza-un-rendimiento-estable\/\" \/>\n<meta property=\"og:site_name\" content=\"Compuviper\" \/>\n<meta property=\"article:publisher\" content=\"https:\/\/www.facebook.com\/compuviper\" \/>\n<meta property=\"article:modified_time\" content=\"2026-04-11T06:00:41+00:00\" \/>\n<meta property=\"og:image\" content=\"https:\/\/compuviper.mx\/tienda\/wp-content\/uploads\/2025\/10\/Fuente-de-poder-dahua-dh-pfm325d-1210usregulada-de-12-vcc-1-amper.-ideal-para-camaras-de-cctv-con-proteccion-termica-avanzada-y-led-indicador-de-funcionamiento-garantiza-un-rendimiento-estable-y.jpg\" \/>\n\t<meta property=\"og:image:width\" content=\"200\" \/>\n\t<meta property=\"og:image:height\" content=\"200\" \/>\n\t<meta property=\"og:image:type\" content=\"image\/jpeg\" \/>\n<meta name=\"twitter:card\" content=\"summary_large_image\" \/>\n<meta name=\"twitter:label1\" content=\"Precio\" \/>\n\t<meta name=\"twitter:data1\" content=\"&#36;81 con IVA\" \/>\n\t<meta name=\"twitter:label2\" content=\"Availability\" \/>\n\t<meta name=\"twitter:data2\" content=\"In stock\" \/>\n<script type=\"application\/ld+json\" class=\"yoast-schema-graph\">{\"@context\":\"https:\/\/schema.org\",\"@graph\":[{\"@type\":\"WebPage\",\"@id\":\"https:\/\/compuviper.mx\/tienda\/producto\/dahua-dh-pfm325d-1210us-fuente-de-poder-regulada-de-12-vcc-1-amper-ideal-para-camaras-de-cctv-con-proteccion-trmica-avanzada-y-led-indicador-de-funcionamiento-garantiza-un-rendimiento-estable\/\",\"url\":\"https:\/\/compuviper.mx\/tienda\/producto\/dahua-dh-pfm325d-1210us-fuente-de-poder-regulada-de-12-vcc-1-amper-ideal-para-camaras-de-cctv-con-proteccion-trmica-avanzada-y-led-indicador-de-funcionamiento-garantiza-un-rendimiento-estable\/\",\"name\":\"[ Dahua ] &#129351; Dh-pfm325d-1210us Fuente De Poder\/ \/ \/regulada De 12 Vcc 1 Amper. Ideal Para Camaras De Cctv, Con Proteccion T\u00e9rmica Avanzada Y Led Indicador De Funcionamiento, Garantiza Un Rendimiento Estable Y\",\"isPartOf\":{\"@id\":\"https:\/\/compuviper.mx\/tienda\/#website\"},\"datePublished\":\"2026-04-11T05:18:16+00:00\",\"dateModified\":\"2026-04-11T06:00:41+00:00\",\"description\":\"Compra Dh-pfm325d-1210us Fuente De Poder\/ \/ \/regulada De 12 Vcc 1 Amper. Ideal Para Camaras De Cctv, Con Proteccion T\u00e9rmica Avanzada Y Led Indicador De Funcionamiento, Garantiza Un Rendimiento Estable Y + Env\u00edo a domicilio + Pago seguro + Garant\u00eda\",\"breadcrumb\":{\"@id\":\"https:\/\/compuviper.mx\/tienda\/producto\/dahua-dh-pfm325d-1210us-fuente-de-poder-regulada-de-12-vcc-1-amper-ideal-para-camaras-de-cctv-con-proteccion-trmica-avanzada-y-led-indicador-de-funcionamiento-garantiza-un-rendimiento-estable\/#breadcrumb\"},\"inLanguage\":\"es-MX\",\"potentialAction\":[{\"@type\":\"ReadAction\",\"target\":[\"https:\/\/compuviper.mx\/tienda\/producto\/dahua-dh-pfm325d-1210us-fuente-de-poder-regulada-de-12-vcc-1-amper-ideal-para-camaras-de-cctv-con-proteccion-trmica-avanzada-y-led-indicador-de-funcionamiento-garantiza-un-rendimiento-estable\/\"]}]},{\"@type\":\"BreadcrumbList\",\"@id\":\"https:\/\/compuviper.mx\/tienda\/producto\/dahua-dh-pfm325d-1210us-fuente-de-poder-regulada-de-12-vcc-1-amper-ideal-para-camaras-de-cctv-con-proteccion-trmica-avanzada-y-led-indicador-de-funcionamiento-garantiza-un-rendimiento-estable\/#breadcrumb\",\"itemListElement\":[{\"@type\":\"ListItem\",\"position\":1,\"name\":\"Inicio\",\"item\":\"https:\/\/compuviper.mx\/tienda\/\"},{\"@type\":\"ListItem\",\"position\":2,\"name\":\"Productos\",\"item\":\"https:\/\/compuviper.mx\/tienda\/productos\/\"},{\"@type\":\"ListItem\",\"position\":3,\"name\":\"Accesorios\",\"item\":\"https:\/\/compuviper.mx\/tienda\/categoria-producto\/accesorios\/\"},{\"@type\":\"ListItem\",\"position\":4,\"name\":\"Camaras\",\"item\":\"https:\/\/compuviper.mx\/tienda\/categoria-producto\/accesorios\/camaras\/\"},{\"@type\":\"ListItem\",\"position\":5,\"name\":\"Dahua Dh-pfm325d-1210us Fuente De Poder\/ \/ \/regulada De 12 Vcc 1 Amper. Ideal Para Camaras De Cctv, Con Proteccion T?rmica Avanzada Y Led Indicador De Funcionamiento, Garantiza Un Rendimiento Estable Y\"}]},{\"@type\":\"WebSite\",\"@id\":\"https:\/\/compuviper.mx\/tienda\/#website\",\"url\":\"https:\/\/compuviper.mx\/tienda\/\",\"name\":\"Compuviper\",\"description\":\"Proveedor de Computadoras, Laptops, Servidores, Monitores, Puntos de Venta, Teclados,   Impresoras, T\u00f3ner, C\u00e1maras de Seguridad y m\u00e1s en tu tienda en l\u00ednea\",\"publisher\":{\"@id\":\"https:\/\/compuviper.mx\/tienda\/#organization\"},\"potentialAction\":[{\"@type\":\"SearchAction\",\"target\":{\"@type\":\"EntryPoint\",\"urlTemplate\":\"https:\/\/compuviper.mx\/tienda\/?s={search_term_string}\"},\"query-input\":\"required name=search_term_string\"}],\"inLanguage\":\"es-MX\"},{\"@type\":\"Organization\",\"@id\":\"https:\/\/compuviper.mx\/tienda\/#organization\",\"name\":\"Compuviper\",\"url\":\"https:\/\/compuviper.mx\/tienda\/\",\"logo\":{\"@type\":\"ImageObject\",\"inLanguage\":\"es-MX\",\"@id\":\"https:\/\/compuviper.mx\/tienda\/#\/schema\/logo\/image\/\",\"url\":\"https:\/\/compuviper.mx\/tienda\/wp-content\/uploads\/2021\/08\/Logo-Compuviper-10.png\",\"contentUrl\":\"https:\/\/compuviper.mx\/tienda\/wp-content\/uploads\/2021\/08\/Logo-Compuviper-10.png\",\"width\":1000,\"height\":500,\"caption\":\"Compuviper\"},\"image\":{\"@id\":\"https:\/\/compuviper.mx\/tienda\/#\/schema\/logo\/image\/\"},\"sameAs\":[\"https:\/\/www.facebook.com\/compuviper\",\"https:\/\/www.youtube.com\/channel\/UCf73dERp9Y3cfOq7q8BhLjA?view_as=subscriber\"]}]}<\/script>\n<meta property=\"product:brand\" content=\"DAHUA\" \/>\n<meta property=\"product:price:amount\" content=\"81\" \/>\n<meta property=\"product:price:currency\" content=\"MXN\" \/>\n<meta property=\"og:availability\" content=\"instock\" \/>\n<meta property=\"product:availability\" content=\"instock\" \/>\n<meta property=\"product:retailer_item_id\" content=\"DH-PFM325D-1210US\" \/>\n<meta property=\"product:condition\" content=\"new\" \/>\n<!-- \/ Yoast SEO plugin. -->","yoast_head_json":{"title":"[ Dahua ] &#129351; Dh-pfm325d-1210us Fuente De Poder\/ \/ \/regulada De 12 Vcc 1 Amper. Ideal Para Camaras De Cctv, Con Proteccion T\u00e9rmica Avanzada Y Led Indicador De Funcionamiento, Garantiza Un Rendimiento Estable Y","description":"Compra Dh-pfm325d-1210us Fuente De Poder\/ \/ \/regulada De 12 Vcc 1 Amper. Ideal Para Camaras De Cctv, Con Proteccion T\u00e9rmica Avanzada Y Led Indicador De Funcionamiento, Garantiza Un Rendimiento Estable Y + Env\u00edo a domicilio + Pago seguro + Garant\u00eda","robots":{"index":"index","follow":"follow","max-snippet":"max-snippet:-1","max-image-preview":"max-image-preview:large","max-video-preview":"max-video-preview:-1"},"canonical":"https:\/\/compuviper.mx\/tienda\/producto\/dahua-dh-pfm325d-1210us-fuente-de-poder-regulada-de-12-vcc-1-amper-ideal-para-camaras-de-cctv-con-proteccion-trmica-avanzada-y-led-indicador-de-funcionamiento-garantiza-un-rendimiento-estable\/","og_locale":"es_MX","og_type":"article","og_title":"[ Dahua ] &#129351; Dh-pfm325d-1210us Fuente De Poder\/ \/ \/regulada De 12 Vcc 1 Amper. Ideal Para Camaras De Cctv, Con Proteccion T\u00e9rmica Avanzada Y Led Indicador De Funcionamiento, Garantiza Un Rendimiento Estable Y","og_description":"Compra Dh-pfm325d-1210us Fuente De Poder\/ \/ \/regulada De 12 Vcc 1 Amper. Ideal Para Camaras De Cctv, Con Proteccion T\u00e9rmica Avanzada Y Led Indicador De Funcionamiento, Garantiza Un Rendimiento Estable Y + Env\u00edo a domicilio + Pago seguro + Garant\u00eda","og_url":"https:\/\/compuviper.mx\/tienda\/producto\/dahua-dh-pfm325d-1210us-fuente-de-poder-regulada-de-12-vcc-1-amper-ideal-para-camaras-de-cctv-con-proteccion-trmica-avanzada-y-led-indicador-de-funcionamiento-garantiza-un-rendimiento-estable\/","og_site_name":"Compuviper","article_publisher":"https:\/\/www.facebook.com\/compuviper","article_modified_time":"2026-04-11T06:00:41+00:00","og_image":[{"width":200,"height":200,"url":"https:\/\/compuviper.mx\/tienda\/wp-content\/uploads\/2025\/10\/Fuente-de-poder-dahua-dh-pfm325d-1210usregulada-de-12-vcc-1-amper.-ideal-para-camaras-de-cctv-con-proteccion-termica-avanzada-y-led-indicador-de-funcionamiento-garantiza-un-rendimiento-estable-y.jpg","type":"image\/jpeg"}],"twitter_card":"summary_large_image","twitter_misc":{"Precio":"&#36;81 con IVA","Availability":"In stock"},"schema":{"@context":"https:\/\/schema.org","@graph":[{"@type":"WebPage","@id":"https:\/\/compuviper.mx\/tienda\/producto\/dahua-dh-pfm325d-1210us-fuente-de-poder-regulada-de-12-vcc-1-amper-ideal-para-camaras-de-cctv-con-proteccion-trmica-avanzada-y-led-indicador-de-funcionamiento-garantiza-un-rendimiento-estable\/","url":"https:\/\/compuviper.mx\/tienda\/producto\/dahua-dh-pfm325d-1210us-fuente-de-poder-regulada-de-12-vcc-1-amper-ideal-para-camaras-de-cctv-con-proteccion-trmica-avanzada-y-led-indicador-de-funcionamiento-garantiza-un-rendimiento-estable\/","name":"[ Dahua ] &#129351; Dh-pfm325d-1210us Fuente De Poder\/ \/ \/regulada De 12 Vcc 1 Amper. Ideal Para Camaras De Cctv, Con Proteccion T\u00e9rmica Avanzada Y Led Indicador De Funcionamiento, Garantiza Un Rendimiento Estable Y","isPartOf":{"@id":"https:\/\/compuviper.mx\/tienda\/#website"},"datePublished":"2026-04-11T05:18:16+00:00","dateModified":"2026-04-11T06:00:41+00:00","description":"Compra Dh-pfm325d-1210us Fuente De Poder\/ \/ \/regulada De 12 Vcc 1 Amper. Ideal Para Camaras De Cctv, Con Proteccion T\u00e9rmica Avanzada Y Led Indicador De Funcionamiento, Garantiza Un Rendimiento Estable Y + Env\u00edo a domicilio + Pago seguro + Garant\u00eda","breadcrumb":{"@id":"https:\/\/compuviper.mx\/tienda\/producto\/dahua-dh-pfm325d-1210us-fuente-de-poder-regulada-de-12-vcc-1-amper-ideal-para-camaras-de-cctv-con-proteccion-trmica-avanzada-y-led-indicador-de-funcionamiento-garantiza-un-rendimiento-estable\/#breadcrumb"},"inLanguage":"es-MX","potentialAction":[{"@type":"ReadAction","target":["https:\/\/compuviper.mx\/tienda\/producto\/dahua-dh-pfm325d-1210us-fuente-de-poder-regulada-de-12-vcc-1-amper-ideal-para-camaras-de-cctv-con-proteccion-trmica-avanzada-y-led-indicador-de-funcionamiento-garantiza-un-rendimiento-estable\/"]}]},{"@type":"BreadcrumbList","@id":"https:\/\/compuviper.mx\/tienda\/producto\/dahua-dh-pfm325d-1210us-fuente-de-poder-regulada-de-12-vcc-1-amper-ideal-para-camaras-de-cctv-con-proteccion-trmica-avanzada-y-led-indicador-de-funcionamiento-garantiza-un-rendimiento-estable\/#breadcrumb","itemListElement":[{"@type":"ListItem","position":1,"name":"Inicio","item":"https:\/\/compuviper.mx\/tienda\/"},{"@type":"ListItem","position":2,"name":"Productos","item":"https:\/\/compuviper.mx\/tienda\/productos\/"},{"@type":"ListItem","position":3,"name":"Accesorios","item":"https:\/\/compuviper.mx\/tienda\/categoria-producto\/accesorios\/"},{"@type":"ListItem","position":4,"name":"Camaras","item":"https:\/\/compuviper.mx\/tienda\/categoria-producto\/accesorios\/camaras\/"},{"@type":"ListItem","position":5,"name":"Dahua Dh-pfm325d-1210us Fuente De Poder\/ \/ \/regulada De 12 Vcc 1 Amper. Ideal Para Camaras De Cctv, Con Proteccion T?rmica Avanzada Y Led Indicador De Funcionamiento, Garantiza Un Rendimiento Estable Y"}]},{"@type":"WebSite","@id":"https:\/\/compuviper.mx\/tienda\/#website","url":"https:\/\/compuviper.mx\/tienda\/","name":"Compuviper","description":"Proveedor de Computadoras, Laptops, Servidores, Monitores, Puntos de Venta, Teclados,   Impresoras, T\u00f3ner, C\u00e1maras de Seguridad y m\u00e1s en tu tienda en l\u00ednea","publisher":{"@id":"https:\/\/compuviper.mx\/tienda\/#organization"},"potentialAction":[{"@type":"SearchAction","target":{"@type":"EntryPoint","urlTemplate":"https:\/\/compuviper.mx\/tienda\/?s={search_term_string}"},"query-input":"required name=search_term_string"}],"inLanguage":"es-MX"},{"@type":"Organization","@id":"https:\/\/compuviper.mx\/tienda\/#organization","name":"Compuviper","url":"https:\/\/compuviper.mx\/tienda\/","logo":{"@type":"ImageObject","inLanguage":"es-MX","@id":"https:\/\/compuviper.mx\/tienda\/#\/schema\/logo\/image\/","url":"https:\/\/compuviper.mx\/tienda\/wp-content\/uploads\/2021\/08\/Logo-Compuviper-10.png","contentUrl":"https:\/\/compuviper.mx\/tienda\/wp-content\/uploads\/2021\/08\/Logo-Compuviper-10.png","width":1000,"height":500,"caption":"Compuviper"},"image":{"@id":"https:\/\/compuviper.mx\/tienda\/#\/schema\/logo\/image\/"},"sameAs":["https:\/\/www.facebook.com\/compuviper","https:\/\/www.youtube.com\/channel\/UCf73dERp9Y3cfOq7q8BhLjA?view_as=subscriber"]}]},"product_brand":"DAHUA","product_price_amount":"81","product_price_currency":"MXN","og_availability":"instock","product_availability":"instock","product_retailer_item_id":"DH-PFM325D-1210US","product_condition":"new"},"_links":{"self":[{"href":"https:\/\/compuviper.mx\/tienda\/wp-json\/wp\/v2\/product\/257594"}],"collection":[{"href":"https:\/\/compuviper.mx\/tienda\/wp-json\/wp\/v2\/product"}],"about":[{"href":"https:\/\/compuviper.mx\/tienda\/wp-json\/wp\/v2\/types\/product"}],"replies":[{"embeddable":true,"href":"https:\/\/compuviper.mx\/tienda\/wp-json\/wp\/v2\/comments?post=257594"}],"wp:featuredmedia":[{"embeddable":true,"href":"https:\/\/compuviper.mx\/tienda\/wp-json\/wp\/v2\/media\/258958"}],"wp:attachment":[{"href":"https:\/\/compuviper.mx\/tienda\/wp-json\/wp\/v2\/media?parent=257594"}],"wp:term":[{"taxonomy":"product_cat","embeddable":true,"href":"https:\/\/compuviper.mx\/tienda\/wp-json\/wp\/v2\/product_cat?post=257594"},{"taxonomy":"product_tag","embeddable":true,"href":"https:\/\/compuviper.mx\/tienda\/wp-json\/wp\/v2\/product_tag?post=257594"}],"curies":[{"name":"wp","href":"https:\/\/api.w.org\/{rel}","templated":true}]}}