{"id":257170,"date":"2026-04-18T02:09:17","date_gmt":"2026-04-18T08:09:17","guid":{"rendered":"https:\/\/compuviper.mx\/tienda\/producto\/mirati-mcp2-contacto-inteligente-de-pared-2-contactos-1-usb-a-1-usb-c-wifi-2-4ghz-bluetooth-4-2-compatible-con-android-e-ios-funciona-con-alexa-y-asistente-de-google\/"},"modified":"2026-04-18T02:09:18","modified_gmt":"2026-04-18T08:09:18","slug":"mirati-mcp2-contacto-inteligente-de-pared-2-contactos-1-usb-a-1-usb-c-wifi-2-4ghz-bluetooth-4-2-compatible-con-android-e-ios-funciona-con-alexa-y-asistente-de-google","status":"publish","type":"product","link":"https:\/\/compuviper.mx\/tienda\/producto\/mirati-mcp2-contacto-inteligente-de-pared-2-contactos-1-usb-a-1-usb-c-wifi-2-4ghz-bluetooth-4-2-compatible-con-android-e-ios-funciona-con-alexa-y-asistente-de-google\/","title":{"rendered":"Mirati Mcp2 Contacto Inteligente De Pared   \/ 2 Contactos, 1 Usb A, 1 Usb C \/ Wifi 2.4ghz, Bluetooth 4.2 \/ Compatible Con Android E Ios \/ Funciona Con Alexa Y Asistente De Google"},"content":{"rendered":"<table class=\"descripcion\">\n<tr>\n<td>Conexi\u00f3n wi-fi  y bluetooth<\/td>\n<\/tr>\n<tr>\n<td>Funci\u00f3n de timer desde la app<\/td>\n<\/tr>\n<tr>\n<td>App para android e ios<\/td>\n<\/tr>\n<tr>\n<td>Comparte el control con otro usuario<\/td>\n<\/tr>\n<tr>\n<td>Compatible con alexa y google assistant<\/td>\n<\/tr>\n<tr>\n<td>App: mirati home<\/td>\n<\/tr>\n<tr>\n<td>Entrada de alimentaci\u00f3n: 100v &#8211; 125v, 50\/60hz<\/td>\n<\/tr>\n<tr>\n<td>2 salida de usb: 1a y 1c<\/td>\n<\/tr>\n<tr>\n<td>2 contactos<\/td>\n<\/tr>\n<tr>\n<td>Capacidad de potencia: 1800w por contacto<\/td>\n<\/tr>\n<tr>\n<td>Wifi: ieee 802.11 b\/g\/n<\/td>\n<\/tr>\n<tr>\n<td>Frecuencia wifi: 2.4ghz<\/td>\n<\/tr>\n<tr>\n<td>Consumo en funcionamiento:  1.3w<\/td>\n<\/tr>\n<tr>\n<td>Modo de espera:  .7w<\/td>\n<\/tr>\n<\/table>\n","protected":false},"excerpt":{"rendered":"<p>* doble salida: toma de pared con puertos usb que garantiza que todos tus dispositivos se mantengan cargados mientras dejas espacio para otros dispositivos. Carga dos dispositivos usb simult\u00e1neamente sin adaptadores. * control remoto inteligente: el enchufe inteligente funciona con asistentes virtuales (google home y alexa) para administrar sus dispositivos dom\u00e9sticos a trav\u00e9s del control por voz. Puede controlar electrodom\u00e9sticos de forma remota e inteligente mediante su tel\u00e9fono o tableta utilizando la aplicaci\u00f3n mirati home. * carga r\u00e1pida: carga inteligente y segura con el chip integrado en los puertos usb. Reconoce la necesidad de energ\u00eda de los dispositivos conectados, a continuaci\u00f3n, ofrece la m\u00e1xima potencia que sus dispositivos permiten, hasta 2 ah por puerto. * ahorro de energ\u00eda y seguridad: con la conveniente funci\u00f3n del temporizador, el enchufe inteligente puede proteger la seguridad de los dispositivos, evitar la sobrecarga y el sobrecalentamiento, y reducir el uso de energ\u00eda. * garant\u00eda 12 meses.<\/p>\n","protected":false},"featured_media":260813,"comment_status":"open","ping_status":"open","template":"","meta":[],"product_cat":[1811,1812],"product_tag":[1684],"acf":[],"yoast_head":"<!-- This site is optimized with the Yoast SEO plugin v21.7 - https:\/\/yoast.com\/wordpress\/plugins\/seo\/ -->\n<title>[ Mirati ] &#129351; Mcp2 Contacto Inteligente De Pared \/ 2 Contactos, 1 Usb A, 1 Usb C \/ Wifi 2.4ghz, Bluetooth 4.2 \/ Compatible Con Android E Ios \/ Funciona Con Alexa Y Asistente De Google<\/title>\n<meta name=\"description\" content=\"Compra Mcp2 Contacto Inteligente De Pared \/ 2 Contactos, 1 Usb A, 1 Usb C \/ Wifi 2.4ghz, Bluetooth 4.2 \/ Compatible Con Android E Ios \/ Funciona Con Alexa Y Asistente De Google + Env\u00edo a domicilio + Pago seguro + Garant\u00eda\" \/>\n<meta name=\"robots\" content=\"index, follow, max-snippet:-1, max-image-preview:large, max-video-preview:-1\" \/>\n<link rel=\"canonical\" href=\"https:\/\/compuviper.mx\/tienda\/producto\/mirati-mcp2-contacto-inteligente-de-pared-2-contactos-1-usb-a-1-usb-c-wifi-2-4ghz-bluetooth-4-2-compatible-con-android-e-ios-funciona-con-alexa-y-asistente-de-google\/\" \/>\n<meta property=\"og:locale\" content=\"es_MX\" \/>\n<meta property=\"og:type\" content=\"article\" \/>\n<meta property=\"og:title\" content=\"[ Mirati ] &#129351; Mcp2 Contacto Inteligente De Pared \/ 2 Contactos, 1 Usb A, 1 Usb C \/ Wifi 2.4ghz, Bluetooth 4.2 \/ Compatible Con Android E Ios \/ Funciona Con Alexa Y Asistente De Google\" \/>\n<meta property=\"og:description\" content=\"Compra Mcp2 Contacto Inteligente De Pared \/ 2 Contactos, 1 Usb A, 1 Usb C \/ Wifi 2.4ghz, Bluetooth 4.2 \/ Compatible Con Android E Ios \/ Funciona Con Alexa Y Asistente De Google + Env\u00edo a domicilio + Pago seguro + Garant\u00eda\" \/>\n<meta property=\"og:url\" content=\"https:\/\/compuviper.mx\/tienda\/producto\/mirati-mcp2-contacto-inteligente-de-pared-2-contactos-1-usb-a-1-usb-c-wifi-2-4ghz-bluetooth-4-2-compatible-con-android-e-ios-funciona-con-alexa-y-asistente-de-google\/\" \/>\n<meta property=\"og:site_name\" content=\"Compuviper\" \/>\n<meta property=\"article:publisher\" content=\"https:\/\/www.facebook.com\/compuviper\" \/>\n<meta property=\"article:modified_time\" content=\"2026-04-18T08:09:18+00:00\" \/>\n<meta property=\"og:image\" content=\"https:\/\/compuviper.mx\/tienda\/wp-content\/uploads\/2025\/10\/Contacto-inteligente-de-pared-mirati-mcp2-2-contactos-1-usb-a-1-usb-c-wifi-2.4ghz-bluetooth-4.2-compatible-con-android-e-ios-funciona-con-alexa-y-asistente-de-google.jpg\" \/>\n\t<meta property=\"og:image:width\" content=\"200\" \/>\n\t<meta property=\"og:image:height\" content=\"200\" \/>\n\t<meta property=\"og:image:type\" content=\"image\/jpeg\" \/>\n<meta name=\"twitter:card\" content=\"summary_large_image\" \/>\n<meta name=\"twitter:label1\" content=\"Precio\" \/>\n\t<meta name=\"twitter:data1\" content=\"&#36;432 &#36;225 con IVA\" \/>\n\t<meta name=\"twitter:label2\" content=\"Availability\" \/>\n\t<meta name=\"twitter:data2\" content=\"In stock\" \/>\n<script type=\"application\/ld+json\" class=\"yoast-schema-graph\">{\"@context\":\"https:\/\/schema.org\",\"@graph\":[{\"@type\":\"WebPage\",\"@id\":\"https:\/\/compuviper.mx\/tienda\/producto\/mirati-mcp2-contacto-inteligente-de-pared-2-contactos-1-usb-a-1-usb-c-wifi-2-4ghz-bluetooth-4-2-compatible-con-android-e-ios-funciona-con-alexa-y-asistente-de-google\/\",\"url\":\"https:\/\/compuviper.mx\/tienda\/producto\/mirati-mcp2-contacto-inteligente-de-pared-2-contactos-1-usb-a-1-usb-c-wifi-2-4ghz-bluetooth-4-2-compatible-con-android-e-ios-funciona-con-alexa-y-asistente-de-google\/\",\"name\":\"[ Mirati ] &#129351; Mcp2 Contacto Inteligente De Pared \/ 2 Contactos, 1 Usb A, 1 Usb C \/ Wifi 2.4ghz, Bluetooth 4.2 \/ Compatible Con Android E Ios \/ Funciona Con Alexa Y Asistente De Google\",\"isPartOf\":{\"@id\":\"https:\/\/compuviper.mx\/tienda\/#website\"},\"datePublished\":\"2026-04-18T08:09:17+00:00\",\"dateModified\":\"2026-04-18T08:09:18+00:00\",\"description\":\"Compra Mcp2 Contacto Inteligente De Pared \/ 2 Contactos, 1 Usb A, 1 Usb C \/ Wifi 2.4ghz, Bluetooth 4.2 \/ Compatible Con Android E Ios \/ Funciona Con Alexa Y Asistente De Google + Env\u00edo a domicilio + Pago seguro + Garant\u00eda\",\"breadcrumb\":{\"@id\":\"https:\/\/compuviper.mx\/tienda\/producto\/mirati-mcp2-contacto-inteligente-de-pared-2-contactos-1-usb-a-1-usb-c-wifi-2-4ghz-bluetooth-4-2-compatible-con-android-e-ios-funciona-con-alexa-y-asistente-de-google\/#breadcrumb\"},\"inLanguage\":\"es-MX\",\"potentialAction\":[{\"@type\":\"ReadAction\",\"target\":[\"https:\/\/compuviper.mx\/tienda\/producto\/mirati-mcp2-contacto-inteligente-de-pared-2-contactos-1-usb-a-1-usb-c-wifi-2-4ghz-bluetooth-4-2-compatible-con-android-e-ios-funciona-con-alexa-y-asistente-de-google\/\"]}]},{\"@type\":\"BreadcrumbList\",\"@id\":\"https:\/\/compuviper.mx\/tienda\/producto\/mirati-mcp2-contacto-inteligente-de-pared-2-contactos-1-usb-a-1-usb-c-wifi-2-4ghz-bluetooth-4-2-compatible-con-android-e-ios-funciona-con-alexa-y-asistente-de-google\/#breadcrumb\",\"itemListElement\":[{\"@type\":\"ListItem\",\"position\":1,\"name\":\"Inicio\",\"item\":\"https:\/\/compuviper.mx\/tienda\/\"},{\"@type\":\"ListItem\",\"position\":2,\"name\":\"Productos\",\"item\":\"https:\/\/compuviper.mx\/tienda\/productos\/\"},{\"@type\":\"ListItem\",\"position\":3,\"name\":\"Smart Home\",\"item\":\"https:\/\/compuviper.mx\/tienda\/categoria-producto\/smart-home\/\"},{\"@type\":\"ListItem\",\"position\":4,\"name\":\"Contacto Inteligente\",\"item\":\"https:\/\/compuviper.mx\/tienda\/categoria-producto\/smart-home\/contacto-inteligente\/\"},{\"@type\":\"ListItem\",\"position\":5,\"name\":\"Mirati Mcp2 Contacto Inteligente De Pared \/ 2 Contactos, 1 Usb A, 1 Usb C \/ Wifi 2.4ghz, Bluetooth 4.2 \/ Compatible Con Android E Ios \/ Funciona Con Alexa Y Asistente De Google\"}]},{\"@type\":\"WebSite\",\"@id\":\"https:\/\/compuviper.mx\/tienda\/#website\",\"url\":\"https:\/\/compuviper.mx\/tienda\/\",\"name\":\"Compuviper\",\"description\":\"Proveedor de Computadoras, Laptops, Servidores, Monitores, Puntos de Venta, Teclados,   Impresoras, T\u00f3ner, C\u00e1maras de Seguridad y m\u00e1s en tu tienda en l\u00ednea\",\"publisher\":{\"@id\":\"https:\/\/compuviper.mx\/tienda\/#organization\"},\"potentialAction\":[{\"@type\":\"SearchAction\",\"target\":{\"@type\":\"EntryPoint\",\"urlTemplate\":\"https:\/\/compuviper.mx\/tienda\/?s={search_term_string}\"},\"query-input\":\"required name=search_term_string\"}],\"inLanguage\":\"es-MX\"},{\"@type\":\"Organization\",\"@id\":\"https:\/\/compuviper.mx\/tienda\/#organization\",\"name\":\"Compuviper\",\"url\":\"https:\/\/compuviper.mx\/tienda\/\",\"logo\":{\"@type\":\"ImageObject\",\"inLanguage\":\"es-MX\",\"@id\":\"https:\/\/compuviper.mx\/tienda\/#\/schema\/logo\/image\/\",\"url\":\"https:\/\/compuviper.mx\/tienda\/wp-content\/uploads\/2021\/08\/Logo-Compuviper-10.png\",\"contentUrl\":\"https:\/\/compuviper.mx\/tienda\/wp-content\/uploads\/2021\/08\/Logo-Compuviper-10.png\",\"width\":1000,\"height\":500,\"caption\":\"Compuviper\"},\"image\":{\"@id\":\"https:\/\/compuviper.mx\/tienda\/#\/schema\/logo\/image\/\"},\"sameAs\":[\"https:\/\/www.facebook.com\/compuviper\",\"https:\/\/www.youtube.com\/channel\/UCf73dERp9Y3cfOq7q8BhLjA?view_as=subscriber\"]}]}<\/script>\n<meta property=\"product:brand\" content=\"MIRATI\" \/>\n<meta property=\"product:price:amount\" content=\"225\" \/>\n<meta property=\"product:price:currency\" content=\"MXN\" \/>\n<meta property=\"og:availability\" content=\"instock\" \/>\n<meta property=\"product:availability\" content=\"instock\" \/>\n<meta property=\"product:retailer_item_id\" content=\"MCP2\" \/>\n<meta property=\"product:condition\" content=\"new\" \/>\n<!-- \/ Yoast SEO plugin. -->","yoast_head_json":{"title":"[ Mirati ] &#129351; Mcp2 Contacto Inteligente De Pared \/ 2 Contactos, 1 Usb A, 1 Usb C \/ Wifi 2.4ghz, Bluetooth 4.2 \/ Compatible Con Android E Ios \/ Funciona Con Alexa Y Asistente De Google","description":"Compra Mcp2 Contacto Inteligente De Pared \/ 2 Contactos, 1 Usb A, 1 Usb C \/ Wifi 2.4ghz, Bluetooth 4.2 \/ Compatible Con Android E Ios \/ Funciona Con Alexa Y Asistente De Google + Env\u00edo a domicilio + Pago seguro + Garant\u00eda","robots":{"index":"index","follow":"follow","max-snippet":"max-snippet:-1","max-image-preview":"max-image-preview:large","max-video-preview":"max-video-preview:-1"},"canonical":"https:\/\/compuviper.mx\/tienda\/producto\/mirati-mcp2-contacto-inteligente-de-pared-2-contactos-1-usb-a-1-usb-c-wifi-2-4ghz-bluetooth-4-2-compatible-con-android-e-ios-funciona-con-alexa-y-asistente-de-google\/","og_locale":"es_MX","og_type":"article","og_title":"[ Mirati ] &#129351; Mcp2 Contacto Inteligente De Pared \/ 2 Contactos, 1 Usb A, 1 Usb C \/ Wifi 2.4ghz, Bluetooth 4.2 \/ Compatible Con Android E Ios \/ Funciona Con Alexa Y Asistente De Google","og_description":"Compra Mcp2 Contacto Inteligente De Pared \/ 2 Contactos, 1 Usb A, 1 Usb C \/ Wifi 2.4ghz, Bluetooth 4.2 \/ Compatible Con Android E Ios \/ Funciona Con Alexa Y Asistente De Google + Env\u00edo a domicilio + Pago seguro + Garant\u00eda","og_url":"https:\/\/compuviper.mx\/tienda\/producto\/mirati-mcp2-contacto-inteligente-de-pared-2-contactos-1-usb-a-1-usb-c-wifi-2-4ghz-bluetooth-4-2-compatible-con-android-e-ios-funciona-con-alexa-y-asistente-de-google\/","og_site_name":"Compuviper","article_publisher":"https:\/\/www.facebook.com\/compuviper","article_modified_time":"2026-04-18T08:09:18+00:00","og_image":[{"width":200,"height":200,"url":"https:\/\/compuviper.mx\/tienda\/wp-content\/uploads\/2025\/10\/Contacto-inteligente-de-pared-mirati-mcp2-2-contactos-1-usb-a-1-usb-c-wifi-2.4ghz-bluetooth-4.2-compatible-con-android-e-ios-funciona-con-alexa-y-asistente-de-google.jpg","type":"image\/jpeg"}],"twitter_card":"summary_large_image","twitter_misc":{"Precio":"&#36;432 &#36;225 con IVA","Availability":"In stock"},"schema":{"@context":"https:\/\/schema.org","@graph":[{"@type":"WebPage","@id":"https:\/\/compuviper.mx\/tienda\/producto\/mirati-mcp2-contacto-inteligente-de-pared-2-contactos-1-usb-a-1-usb-c-wifi-2-4ghz-bluetooth-4-2-compatible-con-android-e-ios-funciona-con-alexa-y-asistente-de-google\/","url":"https:\/\/compuviper.mx\/tienda\/producto\/mirati-mcp2-contacto-inteligente-de-pared-2-contactos-1-usb-a-1-usb-c-wifi-2-4ghz-bluetooth-4-2-compatible-con-android-e-ios-funciona-con-alexa-y-asistente-de-google\/","name":"[ Mirati ] &#129351; Mcp2 Contacto Inteligente De Pared \/ 2 Contactos, 1 Usb A, 1 Usb C \/ Wifi 2.4ghz, Bluetooth 4.2 \/ Compatible Con Android E Ios \/ Funciona Con Alexa Y Asistente De Google","isPartOf":{"@id":"https:\/\/compuviper.mx\/tienda\/#website"},"datePublished":"2026-04-18T08:09:17+00:00","dateModified":"2026-04-18T08:09:18+00:00","description":"Compra Mcp2 Contacto Inteligente De Pared \/ 2 Contactos, 1 Usb A, 1 Usb C \/ Wifi 2.4ghz, Bluetooth 4.2 \/ Compatible Con Android E Ios \/ Funciona Con Alexa Y Asistente De Google + Env\u00edo a domicilio + Pago seguro + Garant\u00eda","breadcrumb":{"@id":"https:\/\/compuviper.mx\/tienda\/producto\/mirati-mcp2-contacto-inteligente-de-pared-2-contactos-1-usb-a-1-usb-c-wifi-2-4ghz-bluetooth-4-2-compatible-con-android-e-ios-funciona-con-alexa-y-asistente-de-google\/#breadcrumb"},"inLanguage":"es-MX","potentialAction":[{"@type":"ReadAction","target":["https:\/\/compuviper.mx\/tienda\/producto\/mirati-mcp2-contacto-inteligente-de-pared-2-contactos-1-usb-a-1-usb-c-wifi-2-4ghz-bluetooth-4-2-compatible-con-android-e-ios-funciona-con-alexa-y-asistente-de-google\/"]}]},{"@type":"BreadcrumbList","@id":"https:\/\/compuviper.mx\/tienda\/producto\/mirati-mcp2-contacto-inteligente-de-pared-2-contactos-1-usb-a-1-usb-c-wifi-2-4ghz-bluetooth-4-2-compatible-con-android-e-ios-funciona-con-alexa-y-asistente-de-google\/#breadcrumb","itemListElement":[{"@type":"ListItem","position":1,"name":"Inicio","item":"https:\/\/compuviper.mx\/tienda\/"},{"@type":"ListItem","position":2,"name":"Productos","item":"https:\/\/compuviper.mx\/tienda\/productos\/"},{"@type":"ListItem","position":3,"name":"Smart Home","item":"https:\/\/compuviper.mx\/tienda\/categoria-producto\/smart-home\/"},{"@type":"ListItem","position":4,"name":"Contacto Inteligente","item":"https:\/\/compuviper.mx\/tienda\/categoria-producto\/smart-home\/contacto-inteligente\/"},{"@type":"ListItem","position":5,"name":"Mirati Mcp2 Contacto Inteligente De Pared \/ 2 Contactos, 1 Usb A, 1 Usb C \/ Wifi 2.4ghz, Bluetooth 4.2 \/ Compatible Con Android E Ios \/ Funciona Con Alexa Y Asistente De Google"}]},{"@type":"WebSite","@id":"https:\/\/compuviper.mx\/tienda\/#website","url":"https:\/\/compuviper.mx\/tienda\/","name":"Compuviper","description":"Proveedor de Computadoras, Laptops, Servidores, Monitores, Puntos de Venta, Teclados,   Impresoras, T\u00f3ner, C\u00e1maras de Seguridad y m\u00e1s en tu tienda en l\u00ednea","publisher":{"@id":"https:\/\/compuviper.mx\/tienda\/#organization"},"potentialAction":[{"@type":"SearchAction","target":{"@type":"EntryPoint","urlTemplate":"https:\/\/compuviper.mx\/tienda\/?s={search_term_string}"},"query-input":"required name=search_term_string"}],"inLanguage":"es-MX"},{"@type":"Organization","@id":"https:\/\/compuviper.mx\/tienda\/#organization","name":"Compuviper","url":"https:\/\/compuviper.mx\/tienda\/","logo":{"@type":"ImageObject","inLanguage":"es-MX","@id":"https:\/\/compuviper.mx\/tienda\/#\/schema\/logo\/image\/","url":"https:\/\/compuviper.mx\/tienda\/wp-content\/uploads\/2021\/08\/Logo-Compuviper-10.png","contentUrl":"https:\/\/compuviper.mx\/tienda\/wp-content\/uploads\/2021\/08\/Logo-Compuviper-10.png","width":1000,"height":500,"caption":"Compuviper"},"image":{"@id":"https:\/\/compuviper.mx\/tienda\/#\/schema\/logo\/image\/"},"sameAs":["https:\/\/www.facebook.com\/compuviper","https:\/\/www.youtube.com\/channel\/UCf73dERp9Y3cfOq7q8BhLjA?view_as=subscriber"]}]},"product_brand":"MIRATI","product_price_amount":"225","product_price_currency":"MXN","og_availability":"instock","product_availability":"instock","product_retailer_item_id":"MCP2","product_condition":"new"},"_links":{"self":[{"href":"https:\/\/compuviper.mx\/tienda\/wp-json\/wp\/v2\/product\/257170"}],"collection":[{"href":"https:\/\/compuviper.mx\/tienda\/wp-json\/wp\/v2\/product"}],"about":[{"href":"https:\/\/compuviper.mx\/tienda\/wp-json\/wp\/v2\/types\/product"}],"replies":[{"embeddable":true,"href":"https:\/\/compuviper.mx\/tienda\/wp-json\/wp\/v2\/comments?post=257170"}],"wp:featuredmedia":[{"embeddable":true,"href":"https:\/\/compuviper.mx\/tienda\/wp-json\/wp\/v2\/media\/260813"}],"wp:attachment":[{"href":"https:\/\/compuviper.mx\/tienda\/wp-json\/wp\/v2\/media?parent=257170"}],"wp:term":[{"taxonomy":"product_cat","embeddable":true,"href":"https:\/\/compuviper.mx\/tienda\/wp-json\/wp\/v2\/product_cat?post=257170"},{"taxonomy":"product_tag","embeddable":true,"href":"https:\/\/compuviper.mx\/tienda\/wp-json\/wp\/v2\/product_tag?post=257170"}],"curies":[{"name":"wp","href":"https:\/\/api.w.org\/{rel}","templated":true}]}}