{"id":257166,"date":"2026-04-18T02:09:13","date_gmt":"2026-04-18T08:09:13","guid":{"rendered":"https:\/\/compuviper.mx\/tienda\/producto\/mirati-m1si2-apagador-inteligente-de-pared-de-1-apagador-touch-wifi-2-4hz-bluetooth-compatible-con-android-e-ios-funciona-con-alexa-y-asistente-de-google\/"},"modified":"2026-04-18T02:09:13","modified_gmt":"2026-04-18T08:09:13","slug":"mirati-m1si2-apagador-inteligente-de-pared-de-1-apagador-touch-wifi-2-4hz-bluetooth-compatible-con-android-e-ios-funciona-con-alexa-y-asistente-de-google","status":"publish","type":"product","link":"https:\/\/compuviper.mx\/tienda\/producto\/mirati-m1si2-apagador-inteligente-de-pared-de-1-apagador-touch-wifi-2-4hz-bluetooth-compatible-con-android-e-ios-funciona-con-alexa-y-asistente-de-google\/","title":{"rendered":"Mirati M1si2 Apagador Inteligente De Pared  De 1 Apagador Touch Wifi 2.4hz Bluetooth \/\/ Compatible Con Android E Ios \/\/ Funciona Con Alexa Y Asistente De Google"},"content":{"rendered":"<table class=\"descripcion\">\n<tr>\n<td>Conexi\u00f3n wi-fi \/\/ conexi\u00f3n bluetooth<\/td>\n<\/tr>\n<tr>\n<td>Funci\u00f3n de timer desde la app<\/td>\n<\/tr>\n<tr>\n<td>App para android e ios<\/td>\n<\/tr>\n<tr>\n<td>Compatible con alexa y google assistant<\/td>\n<\/tr>\n<tr>\n<td>App: mirati home<\/td>\n<\/tr>\n<tr>\n<td>Funcionamiento manual<\/td>\n<\/tr>\n<tr>\n<td>1 apagador touch max 1000w por apagador<\/td>\n<\/tr>\n<tr>\n<td>100-120v 50hz-60hz<\/td>\n<\/tr>\n<tr>\n<td>Wifi: ieee 802.11 b\/g\/n<\/td>\n<\/tr>\n<tr>\n<td>Frecuencia wfi: 2.4ghz<\/td>\n<\/tr>\n<tr>\n<td>Consumo en funcionamiento:  1.3w<\/td>\n<\/tr>\n<tr>\n<td>Modo de espera  0.7w<\/td>\n<\/tr>\n<\/table>\n","protected":false},"excerpt":{"rendered":"<p>* interruptor de luz wifi\/ bluetooth inteligente: este interruptor de luz inteligente wifi utiliza la red wifi del hogar para proporcionar un control inal\u00e1mbrico de sus luces desde dondequiera, sin necesidad de hub, se puede reemplazar f\u00e1cilmente los interruptores tradicionales directamente, luego puede empezar controlar sus luces de su tel\u00e9fono m\u00f3vil por la app mirati home disponible en ios o android. El interruptor inteligente de luz tambi\u00e9n es un interruptor normal, simplemente toque el interruptor para encender\/apagar sus luces. * s\u00faper elegante: dise\u00f1o ingenio apariencia hermosa, textura excelente. * control de luces desde dondequiera: cuando se est\u00e1 fuera. Este interruptor de luz le permite un control remoto de luces en su casa por su tel\u00e9fono m\u00f3vil en cualquier momento o cualquier lugar que quiere. Nota: este interruptor inteligente necesita un cable neutro en su caja de interruptor para operar correctamente, se requiere una conexi\u00f3n de red wifi de 2.4ghz.<\/p>\n","protected":false},"featured_media":257167,"comment_status":"open","ping_status":"open","template":"","meta":[],"product_cat":[1811,1814],"product_tag":[1684],"acf":[],"yoast_head":"<!-- This site is optimized with the Yoast SEO plugin v21.7 - https:\/\/yoast.com\/wordpress\/plugins\/seo\/ -->\n<title>[ Mirati ] &#129351; M1si2 Apagador Inteligente De Pared De 1 Apagador Touch Wifi 2.4hz Bluetooth \/\/ Compatible Con Android E Ios \/\/ Funciona Con Alexa Y Asistente De Google<\/title>\n<meta name=\"description\" content=\"Compra M1si2 Apagador Inteligente De Pared De 1 Apagador Touch Wifi 2.4hz Bluetooth \/\/ Compatible Con Android E Ios \/\/ Funciona Con Alexa Y Asistente De Google + Env\u00edo a domicilio + Pago seguro + Garant\u00eda\" \/>\n<meta name=\"robots\" content=\"index, follow, max-snippet:-1, max-image-preview:large, max-video-preview:-1\" \/>\n<link rel=\"canonical\" href=\"https:\/\/compuviper.mx\/tienda\/producto\/mirati-m1si2-apagador-inteligente-de-pared-de-1-apagador-touch-wifi-2-4hz-bluetooth-compatible-con-android-e-ios-funciona-con-alexa-y-asistente-de-google\/\" \/>\n<meta property=\"og:locale\" content=\"es_MX\" \/>\n<meta property=\"og:type\" content=\"article\" \/>\n<meta property=\"og:title\" content=\"[ Mirati ] &#129351; M1si2 Apagador Inteligente De Pared De 1 Apagador Touch Wifi 2.4hz Bluetooth \/\/ Compatible Con Android E Ios \/\/ Funciona Con Alexa Y Asistente De Google\" \/>\n<meta property=\"og:description\" content=\"Compra M1si2 Apagador Inteligente De Pared De 1 Apagador Touch Wifi 2.4hz Bluetooth \/\/ Compatible Con Android E Ios \/\/ Funciona Con Alexa Y Asistente De Google + Env\u00edo a domicilio + Pago seguro + Garant\u00eda\" \/>\n<meta property=\"og:url\" content=\"https:\/\/compuviper.mx\/tienda\/producto\/mirati-m1si2-apagador-inteligente-de-pared-de-1-apagador-touch-wifi-2-4hz-bluetooth-compatible-con-android-e-ios-funciona-con-alexa-y-asistente-de-google\/\" \/>\n<meta property=\"og:site_name\" content=\"Compuviper\" \/>\n<meta property=\"article:publisher\" content=\"https:\/\/www.facebook.com\/compuviper\" \/>\n<meta property=\"og:image\" content=\"https:\/\/compuviper.mx\/tienda\/wp-content\/uploads\/2025\/09\/Apagador-inteligente-de-pared-mirati-de-1-apagador-touch-wifi-2.4hz-bluetooth-compatible-con-android-e-ios-funciona-con-alexa-y-asistente-de-google.jpg\" \/>\n\t<meta property=\"og:image:width\" content=\"200\" \/>\n\t<meta property=\"og:image:height\" content=\"200\" \/>\n\t<meta property=\"og:image:type\" content=\"image\/jpeg\" \/>\n<meta name=\"twitter:card\" content=\"summary_large_image\" \/>\n<meta name=\"twitter:label1\" content=\"Precio\" \/>\n\t<meta name=\"twitter:data1\" content=\"&#36;145 &#36;99 con IVA\" \/>\n\t<meta name=\"twitter:label2\" content=\"Availability\" \/>\n\t<meta name=\"twitter:data2\" content=\"In stock\" \/>\n<script type=\"application\/ld+json\" class=\"yoast-schema-graph\">{\"@context\":\"https:\/\/schema.org\",\"@graph\":[{\"@type\":\"WebPage\",\"@id\":\"https:\/\/compuviper.mx\/tienda\/producto\/mirati-m1si2-apagador-inteligente-de-pared-de-1-apagador-touch-wifi-2-4hz-bluetooth-compatible-con-android-e-ios-funciona-con-alexa-y-asistente-de-google\/\",\"url\":\"https:\/\/compuviper.mx\/tienda\/producto\/mirati-m1si2-apagador-inteligente-de-pared-de-1-apagador-touch-wifi-2-4hz-bluetooth-compatible-con-android-e-ios-funciona-con-alexa-y-asistente-de-google\/\",\"name\":\"[ Mirati ] &#129351; M1si2 Apagador Inteligente De Pared De 1 Apagador Touch Wifi 2.4hz Bluetooth \/\/ Compatible Con Android E Ios \/\/ Funciona Con Alexa Y Asistente De Google\",\"isPartOf\":{\"@id\":\"https:\/\/compuviper.mx\/tienda\/#website\"},\"datePublished\":\"2026-04-18T08:09:13+00:00\",\"dateModified\":\"2026-04-18T08:09:13+00:00\",\"description\":\"Compra M1si2 Apagador Inteligente De Pared De 1 Apagador Touch Wifi 2.4hz Bluetooth \/\/ Compatible Con Android E Ios \/\/ Funciona Con Alexa Y Asistente De Google + Env\u00edo a domicilio + Pago seguro + Garant\u00eda\",\"breadcrumb\":{\"@id\":\"https:\/\/compuviper.mx\/tienda\/producto\/mirati-m1si2-apagador-inteligente-de-pared-de-1-apagador-touch-wifi-2-4hz-bluetooth-compatible-con-android-e-ios-funciona-con-alexa-y-asistente-de-google\/#breadcrumb\"},\"inLanguage\":\"es-MX\",\"potentialAction\":[{\"@type\":\"ReadAction\",\"target\":[\"https:\/\/compuviper.mx\/tienda\/producto\/mirati-m1si2-apagador-inteligente-de-pared-de-1-apagador-touch-wifi-2-4hz-bluetooth-compatible-con-android-e-ios-funciona-con-alexa-y-asistente-de-google\/\"]}]},{\"@type\":\"BreadcrumbList\",\"@id\":\"https:\/\/compuviper.mx\/tienda\/producto\/mirati-m1si2-apagador-inteligente-de-pared-de-1-apagador-touch-wifi-2-4hz-bluetooth-compatible-con-android-e-ios-funciona-con-alexa-y-asistente-de-google\/#breadcrumb\",\"itemListElement\":[{\"@type\":\"ListItem\",\"position\":1,\"name\":\"Inicio\",\"item\":\"https:\/\/compuviper.mx\/tienda\/\"},{\"@type\":\"ListItem\",\"position\":2,\"name\":\"Productos\",\"item\":\"https:\/\/compuviper.mx\/tienda\/productos\/\"},{\"@type\":\"ListItem\",\"position\":3,\"name\":\"Smart Home\",\"item\":\"https:\/\/compuviper.mx\/tienda\/categoria-producto\/smart-home\/\"},{\"@type\":\"ListItem\",\"position\":4,\"name\":\"Apagador Inteligente\",\"item\":\"https:\/\/compuviper.mx\/tienda\/categoria-producto\/smart-home\/apagador-inteligente\/\"},{\"@type\":\"ListItem\",\"position\":5,\"name\":\"Mirati M1si2 Apagador Inteligente De Pared De 1 Apagador Touch Wifi 2.4hz Bluetooth \/\/ Compatible Con Android E Ios \/\/ Funciona Con Alexa Y Asistente De Google\"}]},{\"@type\":\"WebSite\",\"@id\":\"https:\/\/compuviper.mx\/tienda\/#website\",\"url\":\"https:\/\/compuviper.mx\/tienda\/\",\"name\":\"Compuviper\",\"description\":\"Proveedor de Computadoras, Laptops, Servidores, Monitores, Puntos de Venta, Teclados,   Impresoras, T\u00f3ner, C\u00e1maras de Seguridad y m\u00e1s en tu tienda en l\u00ednea\",\"publisher\":{\"@id\":\"https:\/\/compuviper.mx\/tienda\/#organization\"},\"potentialAction\":[{\"@type\":\"SearchAction\",\"target\":{\"@type\":\"EntryPoint\",\"urlTemplate\":\"https:\/\/compuviper.mx\/tienda\/?s={search_term_string}\"},\"query-input\":\"required name=search_term_string\"}],\"inLanguage\":\"es-MX\"},{\"@type\":\"Organization\",\"@id\":\"https:\/\/compuviper.mx\/tienda\/#organization\",\"name\":\"Compuviper\",\"url\":\"https:\/\/compuviper.mx\/tienda\/\",\"logo\":{\"@type\":\"ImageObject\",\"inLanguage\":\"es-MX\",\"@id\":\"https:\/\/compuviper.mx\/tienda\/#\/schema\/logo\/image\/\",\"url\":\"https:\/\/compuviper.mx\/tienda\/wp-content\/uploads\/2021\/08\/Logo-Compuviper-10.png\",\"contentUrl\":\"https:\/\/compuviper.mx\/tienda\/wp-content\/uploads\/2021\/08\/Logo-Compuviper-10.png\",\"width\":1000,\"height\":500,\"caption\":\"Compuviper\"},\"image\":{\"@id\":\"https:\/\/compuviper.mx\/tienda\/#\/schema\/logo\/image\/\"},\"sameAs\":[\"https:\/\/www.facebook.com\/compuviper\",\"https:\/\/www.youtube.com\/channel\/UCf73dERp9Y3cfOq7q8BhLjA?view_as=subscriber\"]}]}<\/script>\n<meta property=\"product:brand\" content=\"MIRATI\" \/>\n<meta property=\"product:price:amount\" content=\"99\" \/>\n<meta property=\"product:price:currency\" content=\"MXN\" \/>\n<meta property=\"og:availability\" content=\"instock\" \/>\n<meta property=\"product:availability\" content=\"instock\" \/>\n<meta property=\"product:retailer_item_id\" content=\"M1SI2\" \/>\n<meta property=\"product:condition\" content=\"new\" \/>\n<!-- \/ Yoast SEO plugin. -->","yoast_head_json":{"title":"[ Mirati ] &#129351; M1si2 Apagador Inteligente De Pared De 1 Apagador Touch Wifi 2.4hz Bluetooth \/\/ Compatible Con Android E Ios \/\/ Funciona Con Alexa Y Asistente De Google","description":"Compra M1si2 Apagador Inteligente De Pared De 1 Apagador Touch Wifi 2.4hz Bluetooth \/\/ Compatible Con Android E Ios \/\/ Funciona Con Alexa Y Asistente De Google + Env\u00edo a domicilio + Pago seguro + Garant\u00eda","robots":{"index":"index","follow":"follow","max-snippet":"max-snippet:-1","max-image-preview":"max-image-preview:large","max-video-preview":"max-video-preview:-1"},"canonical":"https:\/\/compuviper.mx\/tienda\/producto\/mirati-m1si2-apagador-inteligente-de-pared-de-1-apagador-touch-wifi-2-4hz-bluetooth-compatible-con-android-e-ios-funciona-con-alexa-y-asistente-de-google\/","og_locale":"es_MX","og_type":"article","og_title":"[ Mirati ] &#129351; M1si2 Apagador Inteligente De Pared De 1 Apagador Touch Wifi 2.4hz Bluetooth \/\/ Compatible Con Android E Ios \/\/ Funciona Con Alexa Y Asistente De Google","og_description":"Compra M1si2 Apagador Inteligente De Pared De 1 Apagador Touch Wifi 2.4hz Bluetooth \/\/ Compatible Con Android E Ios \/\/ Funciona Con Alexa Y Asistente De Google + Env\u00edo a domicilio + Pago seguro + Garant\u00eda","og_url":"https:\/\/compuviper.mx\/tienda\/producto\/mirati-m1si2-apagador-inteligente-de-pared-de-1-apagador-touch-wifi-2-4hz-bluetooth-compatible-con-android-e-ios-funciona-con-alexa-y-asistente-de-google\/","og_site_name":"Compuviper","article_publisher":"https:\/\/www.facebook.com\/compuviper","og_image":[{"width":200,"height":200,"url":"https:\/\/compuviper.mx\/tienda\/wp-content\/uploads\/2025\/09\/Apagador-inteligente-de-pared-mirati-de-1-apagador-touch-wifi-2.4hz-bluetooth-compatible-con-android-e-ios-funciona-con-alexa-y-asistente-de-google.jpg","type":"image\/jpeg"}],"twitter_card":"summary_large_image","twitter_misc":{"Precio":"&#36;145 &#36;99 con IVA","Availability":"In stock"},"schema":{"@context":"https:\/\/schema.org","@graph":[{"@type":"WebPage","@id":"https:\/\/compuviper.mx\/tienda\/producto\/mirati-m1si2-apagador-inteligente-de-pared-de-1-apagador-touch-wifi-2-4hz-bluetooth-compatible-con-android-e-ios-funciona-con-alexa-y-asistente-de-google\/","url":"https:\/\/compuviper.mx\/tienda\/producto\/mirati-m1si2-apagador-inteligente-de-pared-de-1-apagador-touch-wifi-2-4hz-bluetooth-compatible-con-android-e-ios-funciona-con-alexa-y-asistente-de-google\/","name":"[ Mirati ] &#129351; M1si2 Apagador Inteligente De Pared De 1 Apagador Touch Wifi 2.4hz Bluetooth \/\/ Compatible Con Android E Ios \/\/ Funciona Con Alexa Y Asistente De Google","isPartOf":{"@id":"https:\/\/compuviper.mx\/tienda\/#website"},"datePublished":"2026-04-18T08:09:13+00:00","dateModified":"2026-04-18T08:09:13+00:00","description":"Compra M1si2 Apagador Inteligente De Pared De 1 Apagador Touch Wifi 2.4hz Bluetooth \/\/ Compatible Con Android E Ios \/\/ Funciona Con Alexa Y Asistente De Google + Env\u00edo a domicilio + Pago seguro + Garant\u00eda","breadcrumb":{"@id":"https:\/\/compuviper.mx\/tienda\/producto\/mirati-m1si2-apagador-inteligente-de-pared-de-1-apagador-touch-wifi-2-4hz-bluetooth-compatible-con-android-e-ios-funciona-con-alexa-y-asistente-de-google\/#breadcrumb"},"inLanguage":"es-MX","potentialAction":[{"@type":"ReadAction","target":["https:\/\/compuviper.mx\/tienda\/producto\/mirati-m1si2-apagador-inteligente-de-pared-de-1-apagador-touch-wifi-2-4hz-bluetooth-compatible-con-android-e-ios-funciona-con-alexa-y-asistente-de-google\/"]}]},{"@type":"BreadcrumbList","@id":"https:\/\/compuviper.mx\/tienda\/producto\/mirati-m1si2-apagador-inteligente-de-pared-de-1-apagador-touch-wifi-2-4hz-bluetooth-compatible-con-android-e-ios-funciona-con-alexa-y-asistente-de-google\/#breadcrumb","itemListElement":[{"@type":"ListItem","position":1,"name":"Inicio","item":"https:\/\/compuviper.mx\/tienda\/"},{"@type":"ListItem","position":2,"name":"Productos","item":"https:\/\/compuviper.mx\/tienda\/productos\/"},{"@type":"ListItem","position":3,"name":"Smart Home","item":"https:\/\/compuviper.mx\/tienda\/categoria-producto\/smart-home\/"},{"@type":"ListItem","position":4,"name":"Apagador Inteligente","item":"https:\/\/compuviper.mx\/tienda\/categoria-producto\/smart-home\/apagador-inteligente\/"},{"@type":"ListItem","position":5,"name":"Mirati M1si2 Apagador Inteligente De Pared De 1 Apagador Touch Wifi 2.4hz Bluetooth \/\/ Compatible Con Android E Ios \/\/ Funciona Con Alexa Y Asistente De Google"}]},{"@type":"WebSite","@id":"https:\/\/compuviper.mx\/tienda\/#website","url":"https:\/\/compuviper.mx\/tienda\/","name":"Compuviper","description":"Proveedor de Computadoras, Laptops, Servidores, Monitores, Puntos de Venta, Teclados,   Impresoras, T\u00f3ner, C\u00e1maras de Seguridad y m\u00e1s en tu tienda en l\u00ednea","publisher":{"@id":"https:\/\/compuviper.mx\/tienda\/#organization"},"potentialAction":[{"@type":"SearchAction","target":{"@type":"EntryPoint","urlTemplate":"https:\/\/compuviper.mx\/tienda\/?s={search_term_string}"},"query-input":"required name=search_term_string"}],"inLanguage":"es-MX"},{"@type":"Organization","@id":"https:\/\/compuviper.mx\/tienda\/#organization","name":"Compuviper","url":"https:\/\/compuviper.mx\/tienda\/","logo":{"@type":"ImageObject","inLanguage":"es-MX","@id":"https:\/\/compuviper.mx\/tienda\/#\/schema\/logo\/image\/","url":"https:\/\/compuviper.mx\/tienda\/wp-content\/uploads\/2021\/08\/Logo-Compuviper-10.png","contentUrl":"https:\/\/compuviper.mx\/tienda\/wp-content\/uploads\/2021\/08\/Logo-Compuviper-10.png","width":1000,"height":500,"caption":"Compuviper"},"image":{"@id":"https:\/\/compuviper.mx\/tienda\/#\/schema\/logo\/image\/"},"sameAs":["https:\/\/www.facebook.com\/compuviper","https:\/\/www.youtube.com\/channel\/UCf73dERp9Y3cfOq7q8BhLjA?view_as=subscriber"]}]},"product_brand":"MIRATI","product_price_amount":"99","product_price_currency":"MXN","og_availability":"instock","product_availability":"instock","product_retailer_item_id":"M1SI2","product_condition":"new"},"_links":{"self":[{"href":"https:\/\/compuviper.mx\/tienda\/wp-json\/wp\/v2\/product\/257166"}],"collection":[{"href":"https:\/\/compuviper.mx\/tienda\/wp-json\/wp\/v2\/product"}],"about":[{"href":"https:\/\/compuviper.mx\/tienda\/wp-json\/wp\/v2\/types\/product"}],"replies":[{"embeddable":true,"href":"https:\/\/compuviper.mx\/tienda\/wp-json\/wp\/v2\/comments?post=257166"}],"wp:featuredmedia":[{"embeddable":true,"href":"https:\/\/compuviper.mx\/tienda\/wp-json\/wp\/v2\/media\/257167"}],"wp:attachment":[{"href":"https:\/\/compuviper.mx\/tienda\/wp-json\/wp\/v2\/media?parent=257166"}],"wp:term":[{"taxonomy":"product_cat","embeddable":true,"href":"https:\/\/compuviper.mx\/tienda\/wp-json\/wp\/v2\/product_cat?post=257166"},{"taxonomy":"product_tag","embeddable":true,"href":"https:\/\/compuviper.mx\/tienda\/wp-json\/wp\/v2\/product_tag?post=257166"}],"curies":[{"name":"wp","href":"https:\/\/api.w.org\/{rel}","templated":true}]}}