{"id":257051,"date":"2026-04-02T00:39:38","date_gmt":"2026-04-02T06:39:38","guid":{"rendered":"https:\/\/compuviper.mx\/tienda\/producto\/synology-hat3320-8t-disco-duro-interno-serie-plus-3-5-8tb-sata-6gb-s-7200-rpm-512-mb-compatible-solo-para-equipos\/"},"modified":"2026-04-02T00:39:38","modified_gmt":"2026-04-02T06:39:38","slug":"synology-hat3320-8t-disco-duro-interno-serie-plus-3-5-8tb-sata-6gb-s-7200-rpm-512-mb-compatible-solo-para-equipos","status":"publish","type":"product","link":"https:\/\/compuviper.mx\/tienda\/producto\/synology-hat3320-8t-disco-duro-interno-serie-plus-3-5-8tb-sata-6gb-s-7200-rpm-512-mb-compatible-solo-para-equipos\/","title":{"rendered":"Synology Hat3320-8t Disco Duro Interno   Serie Plus 3.5 8tb Sata 6gb\/s 7200 Rpm 512 Mb Compatible Solo Para Equipos"},"content":{"rendered":"<table class=\"descripcion\">\n<tr>\n<td>Hardware<\/td>\n<\/tr>\n<tr>\n<td>Capacidad 8 tb<\/td>\n<\/tr>\n<tr>\n<td>N\u00famero de modelo hat3320-8t<\/td>\n<\/tr>\n<tr>\n<td>Factor de forma 3,5<\/td>\n<\/tr>\n<tr>\n<td>Interfaz sata<\/td>\n<\/tr>\n<tr>\n<td>Tama\u00f1o del sector 512e<\/td>\n<\/tr>\n<tr>\n<td>Dise\u00f1o de la unidad aire<\/td>\n<\/tr>\n<tr>\n<td>Rendimiento<\/td>\n<\/tr>\n<tr>\n<td>Velocidad de rotaci\u00f3n 7200 rpm<\/td>\n<\/tr>\n<tr>\n<td>Velocidad de interfaz 6 gb\/s<\/td>\n<\/tr>\n<tr>\n<td>Cach\u00e9 512 mb<\/td>\n<\/tr>\n<tr>\n<td>Velocidad m\u00e1xima de transferencia de datos sostenida<\/td>\n<\/tr>\n<tr>\n<td>281 mb\/s<\/td>\n<\/tr>\n<tr>\n<td>Fiabilidad<\/td>\n<\/tr>\n<tr>\n<td>Mtbf1 200 000 horas<\/td>\n<\/tr>\n<tr>\n<td>Clasificaci\u00f3n de carga de trabajo<\/td>\n<\/tr>\n<tr>\n<td>300 tb\/a\u00f1o de escritura\/ lectura de datos<\/td>\n<\/tr>\n<tr>\n<td>Consumo el\u00e9ctrico<\/td>\n<\/tr>\n<tr>\n<td>Tensi\u00f3n de alimentaci\u00f3n 12 v (\u00b110 %)\/5 v (+10\/-7 %)<\/td>\n<\/tr>\n<tr>\n<td>Consumo medio en reposo 5,74 w<\/td>\n<\/tr>\n<tr>\n<td>Consumo medio en funcionamiento<\/td>\n<\/tr>\n<tr>\n<td>9,07 w<\/td>\n<\/tr>\n<tr>\n<td>Otros<\/td>\n<\/tr>\n<tr>\n<td>Tama\u00f1o (al. x an. x pr.)<\/td>\n<\/tr>\n<tr>\n<td>26,11 mm x 101,85 mm x 147 mm<\/td>\n<\/tr>\n<tr>\n<td>Peso 755 g<\/td>\n<\/tr>\n<tr>\n<td>Certificaci\u00f3n ce, rcm, bsmi, kc, ukca, ul, tuv, rohs ce, rcm, bsmi, kc, ukca, ul, tuv, ices, rohs<\/td>\n<\/tr>\n<\/table>\n","protected":false},"excerpt":{"rendered":"<p>Unidades fiables para sistemas dom\u00e9sticos y oficinas peque\u00f1as. Los discos duros sata de la serie plus de synology est\u00e1n dise\u00f1ados para cumplir los requisitos de fiabilidad, resistencia y rendimiento de las soluciones de almacenamiento ininterrumpido que ofrecen los sistemas de almacenamiento para peque\u00f1as y medianas empresas de synology. Modelos compatibles. Dp series:dp340, dp320. 25 series:rs2825rp+, ds1825+, ds1525+, ds925+, ds725+, ds425+, ds225. 24 series:ds224+, ds124. 23 series:rs2423rp+, rs2423+, ds1823xs+, ds923+, ds723+, ds423+, ds423, ds223, ds223j. 22 series:rs822rp+, rs822+, rs422+, ds3622xs+, ds2422+, ds1522+, dva1622. 21 series:rs2821rp+, rs2421rp+, rs2421+, rs1221rp+, rs1221+, ds1821+, ds1621xs+, ds1621+, dva3221. 20 series:rs820rp+, rs820+, ds1520+, ds920+, ds720+, ds420+, ds420j, ds220+, ds220j, ds120j. 19 series:rs1219+, rs819, ds2419+ii, ds2419+, ds1819+, ds1019+, ds119j, dva3219. 18 series:rs2818rp+, rs2418rp+, rs2418+, rs818rp+, rs818+, ds3018xs, ds1618+, ds918+, ds718+, ds418, ds418play, ds418j, ds218+, ds218, ds218play, ds218j, ds118, nvr1218<\/p>\n","protected":false},"featured_media":259718,"comment_status":"open","ping_status":"open","template":"","meta":[],"product_cat":[1706,1703],"product_tag":[1561],"acf":[],"yoast_head":"<!-- This site is optimized with the Yoast SEO plugin v21.7 - https:\/\/yoast.com\/wordpress\/plugins\/seo\/ -->\n<title>[ Synology ] &#129351; Hat3320-8t Disco Duro Interno Serie Plus 3.5 8tb Sata 6gb\/s 7200 Rpm 512 Mb Compatible Solo Para Equipos<\/title>\n<meta name=\"description\" content=\"Compra Hat3320-8t Disco Duro Interno Serie Plus 3.5 8tb Sata 6gb\/s 7200 Rpm 512 Mb Compatible Solo Para Equipos + Env\u00edo a domicilio + Pago seguro + Garant\u00eda\" \/>\n<meta name=\"robots\" content=\"index, follow, max-snippet:-1, max-image-preview:large, max-video-preview:-1\" \/>\n<link rel=\"canonical\" href=\"https:\/\/compuviper.mx\/tienda\/producto\/synology-hat3320-8t-disco-duro-interno-serie-plus-3-5-8tb-sata-6gb-s-7200-rpm-512-mb-compatible-solo-para-equipos\/\" \/>\n<meta property=\"og:locale\" content=\"es_MX\" \/>\n<meta property=\"og:type\" content=\"article\" \/>\n<meta property=\"og:title\" content=\"[ Synology ] &#129351; Hat3320-8t Disco Duro Interno Serie Plus 3.5 8tb Sata 6gb\/s 7200 Rpm 512 Mb Compatible Solo Para Equipos\" \/>\n<meta property=\"og:description\" content=\"Compra Hat3320-8t Disco Duro Interno Serie Plus 3.5 8tb Sata 6gb\/s 7200 Rpm 512 Mb Compatible Solo Para Equipos + Env\u00edo a domicilio + Pago seguro + Garant\u00eda\" \/>\n<meta property=\"og:url\" content=\"https:\/\/compuviper.mx\/tienda\/producto\/synology-hat3320-8t-disco-duro-interno-serie-plus-3-5-8tb-sata-6gb-s-7200-rpm-512-mb-compatible-solo-para-equipos\/\" \/>\n<meta property=\"og:site_name\" content=\"Compuviper\" \/>\n<meta property=\"article:publisher\" content=\"https:\/\/www.facebook.com\/compuviper\" \/>\n<meta property=\"og:image\" content=\"https:\/\/compuviper.mx\/tienda\/wp-content\/uploads\/2025\/10\/Disco-duro-interno-synology-hat3320-8t-serie-plus-3.5-8tb-sata-6gbs-7200-rpm-512-mb-compatible-solo-para-equipos-synology.jpg\" \/>\n\t<meta property=\"og:image:width\" content=\"200\" \/>\n\t<meta property=\"og:image:height\" content=\"200\" \/>\n\t<meta property=\"og:image:type\" content=\"image\/jpeg\" \/>\n<meta name=\"twitter:card\" content=\"summary_large_image\" \/>\n<meta name=\"twitter:label1\" content=\"Precio\" \/>\n\t<meta name=\"twitter:data1\" content=\"&#36;6,879 con IVA\" \/>\n\t<meta name=\"twitter:label2\" content=\"Availability\" \/>\n\t<meta name=\"twitter:data2\" content=\"Out of stock\" \/>\n<script type=\"application\/ld+json\" class=\"yoast-schema-graph\">{\"@context\":\"https:\/\/schema.org\",\"@graph\":[{\"@type\":\"WebPage\",\"@id\":\"https:\/\/compuviper.mx\/tienda\/producto\/synology-hat3320-8t-disco-duro-interno-serie-plus-3-5-8tb-sata-6gb-s-7200-rpm-512-mb-compatible-solo-para-equipos\/\",\"url\":\"https:\/\/compuviper.mx\/tienda\/producto\/synology-hat3320-8t-disco-duro-interno-serie-plus-3-5-8tb-sata-6gb-s-7200-rpm-512-mb-compatible-solo-para-equipos\/\",\"name\":\"[ Synology ] &#129351; Hat3320-8t Disco Duro Interno Serie Plus 3.5 8tb Sata 6gb\/s 7200 Rpm 512 Mb Compatible Solo Para Equipos\",\"isPartOf\":{\"@id\":\"https:\/\/compuviper.mx\/tienda\/#website\"},\"datePublished\":\"2026-04-02T06:39:38+00:00\",\"dateModified\":\"2026-04-02T06:39:38+00:00\",\"description\":\"Compra Hat3320-8t Disco Duro Interno Serie Plus 3.5 8tb Sata 6gb\/s 7200 Rpm 512 Mb Compatible Solo Para Equipos + Env\u00edo a domicilio + Pago seguro + Garant\u00eda\",\"breadcrumb\":{\"@id\":\"https:\/\/compuviper.mx\/tienda\/producto\/synology-hat3320-8t-disco-duro-interno-serie-plus-3-5-8tb-sata-6gb-s-7200-rpm-512-mb-compatible-solo-para-equipos\/#breadcrumb\"},\"inLanguage\":\"es-MX\",\"potentialAction\":[{\"@type\":\"ReadAction\",\"target\":[\"https:\/\/compuviper.mx\/tienda\/producto\/synology-hat3320-8t-disco-duro-interno-serie-plus-3-5-8tb-sata-6gb-s-7200-rpm-512-mb-compatible-solo-para-equipos\/\"]}]},{\"@type\":\"BreadcrumbList\",\"@id\":\"https:\/\/compuviper.mx\/tienda\/producto\/synology-hat3320-8t-disco-duro-interno-serie-plus-3-5-8tb-sata-6gb-s-7200-rpm-512-mb-compatible-solo-para-equipos\/#breadcrumb\",\"itemListElement\":[{\"@type\":\"ListItem\",\"position\":1,\"name\":\"Inicio\",\"item\":\"https:\/\/compuviper.mx\/tienda\/\"},{\"@type\":\"ListItem\",\"position\":2,\"name\":\"Productos\",\"item\":\"https:\/\/compuviper.mx\/tienda\/productos\/\"},{\"@type\":\"ListItem\",\"position\":3,\"name\":\"Discos Duros\",\"item\":\"https:\/\/compuviper.mx\/tienda\/categoria-producto\/discos-duros\/\"},{\"@type\":\"ListItem\",\"position\":4,\"name\":\"Disco Duro\",\"item\":\"https:\/\/compuviper.mx\/tienda\/categoria-producto\/discos-duros\/disco-duro\/\"},{\"@type\":\"ListItem\",\"position\":5,\"name\":\"Synology Hat3320-8t Disco Duro Interno Serie Plus 3.5 8tb Sata 6gb\/s 7200 Rpm 512 Mb Compatible Solo Para Equipos\"}]},{\"@type\":\"WebSite\",\"@id\":\"https:\/\/compuviper.mx\/tienda\/#website\",\"url\":\"https:\/\/compuviper.mx\/tienda\/\",\"name\":\"Compuviper\",\"description\":\"Proveedor de Computadoras, Laptops, Servidores, Monitores, Puntos de Venta, Teclados,   Impresoras, T\u00f3ner, C\u00e1maras de Seguridad y m\u00e1s en tu tienda en l\u00ednea\",\"publisher\":{\"@id\":\"https:\/\/compuviper.mx\/tienda\/#organization\"},\"potentialAction\":[{\"@type\":\"SearchAction\",\"target\":{\"@type\":\"EntryPoint\",\"urlTemplate\":\"https:\/\/compuviper.mx\/tienda\/?s={search_term_string}\"},\"query-input\":\"required name=search_term_string\"}],\"inLanguage\":\"es-MX\"},{\"@type\":\"Organization\",\"@id\":\"https:\/\/compuviper.mx\/tienda\/#organization\",\"name\":\"Compuviper\",\"url\":\"https:\/\/compuviper.mx\/tienda\/\",\"logo\":{\"@type\":\"ImageObject\",\"inLanguage\":\"es-MX\",\"@id\":\"https:\/\/compuviper.mx\/tienda\/#\/schema\/logo\/image\/\",\"url\":\"https:\/\/compuviper.mx\/tienda\/wp-content\/uploads\/2021\/08\/Logo-Compuviper-10.png\",\"contentUrl\":\"https:\/\/compuviper.mx\/tienda\/wp-content\/uploads\/2021\/08\/Logo-Compuviper-10.png\",\"width\":1000,\"height\":500,\"caption\":\"Compuviper\"},\"image\":{\"@id\":\"https:\/\/compuviper.mx\/tienda\/#\/schema\/logo\/image\/\"},\"sameAs\":[\"https:\/\/www.facebook.com\/compuviper\",\"https:\/\/www.youtube.com\/channel\/UCf73dERp9Y3cfOq7q8BhLjA?view_as=subscriber\"]}]}<\/script>\n<meta property=\"product:brand\" content=\"SYNOLOGY\" \/>\n<meta property=\"product:price:amount\" content=\"6879\" \/>\n<meta property=\"product:price:currency\" content=\"MXN\" \/>\n<meta property=\"og:availability\" content=\"out of stock\" \/>\n<meta property=\"product:availability\" content=\"out of stock\" \/>\n<meta property=\"product:retailer_item_id\" content=\"HAT3320-8T\" \/>\n<meta property=\"product:condition\" content=\"new\" \/>\n<!-- \/ Yoast SEO plugin. -->","yoast_head_json":{"title":"[ Synology ] &#129351; Hat3320-8t Disco Duro Interno Serie Plus 3.5 8tb Sata 6gb\/s 7200 Rpm 512 Mb Compatible Solo Para Equipos","description":"Compra Hat3320-8t Disco Duro Interno Serie Plus 3.5 8tb Sata 6gb\/s 7200 Rpm 512 Mb Compatible Solo Para Equipos + Env\u00edo a domicilio + Pago seguro + Garant\u00eda","robots":{"index":"index","follow":"follow","max-snippet":"max-snippet:-1","max-image-preview":"max-image-preview:large","max-video-preview":"max-video-preview:-1"},"canonical":"https:\/\/compuviper.mx\/tienda\/producto\/synology-hat3320-8t-disco-duro-interno-serie-plus-3-5-8tb-sata-6gb-s-7200-rpm-512-mb-compatible-solo-para-equipos\/","og_locale":"es_MX","og_type":"article","og_title":"[ Synology ] &#129351; Hat3320-8t Disco Duro Interno Serie Plus 3.5 8tb Sata 6gb\/s 7200 Rpm 512 Mb Compatible Solo Para Equipos","og_description":"Compra Hat3320-8t Disco Duro Interno Serie Plus 3.5 8tb Sata 6gb\/s 7200 Rpm 512 Mb Compatible Solo Para Equipos + Env\u00edo a domicilio + Pago seguro + Garant\u00eda","og_url":"https:\/\/compuviper.mx\/tienda\/producto\/synology-hat3320-8t-disco-duro-interno-serie-plus-3-5-8tb-sata-6gb-s-7200-rpm-512-mb-compatible-solo-para-equipos\/","og_site_name":"Compuviper","article_publisher":"https:\/\/www.facebook.com\/compuviper","og_image":[{"width":200,"height":200,"url":"https:\/\/compuviper.mx\/tienda\/wp-content\/uploads\/2025\/10\/Disco-duro-interno-synology-hat3320-8t-serie-plus-3.5-8tb-sata-6gbs-7200-rpm-512-mb-compatible-solo-para-equipos-synology.jpg","type":"image\/jpeg"}],"twitter_card":"summary_large_image","twitter_misc":{"Precio":"&#36;6,879 con IVA","Availability":"Out of stock"},"schema":{"@context":"https:\/\/schema.org","@graph":[{"@type":"WebPage","@id":"https:\/\/compuviper.mx\/tienda\/producto\/synology-hat3320-8t-disco-duro-interno-serie-plus-3-5-8tb-sata-6gb-s-7200-rpm-512-mb-compatible-solo-para-equipos\/","url":"https:\/\/compuviper.mx\/tienda\/producto\/synology-hat3320-8t-disco-duro-interno-serie-plus-3-5-8tb-sata-6gb-s-7200-rpm-512-mb-compatible-solo-para-equipos\/","name":"[ Synology ] &#129351; Hat3320-8t Disco Duro Interno Serie Plus 3.5 8tb Sata 6gb\/s 7200 Rpm 512 Mb Compatible Solo Para Equipos","isPartOf":{"@id":"https:\/\/compuviper.mx\/tienda\/#website"},"datePublished":"2026-04-02T06:39:38+00:00","dateModified":"2026-04-02T06:39:38+00:00","description":"Compra Hat3320-8t Disco Duro Interno Serie Plus 3.5 8tb Sata 6gb\/s 7200 Rpm 512 Mb Compatible Solo Para Equipos + Env\u00edo a domicilio + Pago seguro + Garant\u00eda","breadcrumb":{"@id":"https:\/\/compuviper.mx\/tienda\/producto\/synology-hat3320-8t-disco-duro-interno-serie-plus-3-5-8tb-sata-6gb-s-7200-rpm-512-mb-compatible-solo-para-equipos\/#breadcrumb"},"inLanguage":"es-MX","potentialAction":[{"@type":"ReadAction","target":["https:\/\/compuviper.mx\/tienda\/producto\/synology-hat3320-8t-disco-duro-interno-serie-plus-3-5-8tb-sata-6gb-s-7200-rpm-512-mb-compatible-solo-para-equipos\/"]}]},{"@type":"BreadcrumbList","@id":"https:\/\/compuviper.mx\/tienda\/producto\/synology-hat3320-8t-disco-duro-interno-serie-plus-3-5-8tb-sata-6gb-s-7200-rpm-512-mb-compatible-solo-para-equipos\/#breadcrumb","itemListElement":[{"@type":"ListItem","position":1,"name":"Inicio","item":"https:\/\/compuviper.mx\/tienda\/"},{"@type":"ListItem","position":2,"name":"Productos","item":"https:\/\/compuviper.mx\/tienda\/productos\/"},{"@type":"ListItem","position":3,"name":"Discos Duros","item":"https:\/\/compuviper.mx\/tienda\/categoria-producto\/discos-duros\/"},{"@type":"ListItem","position":4,"name":"Disco Duro","item":"https:\/\/compuviper.mx\/tienda\/categoria-producto\/discos-duros\/disco-duro\/"},{"@type":"ListItem","position":5,"name":"Synology Hat3320-8t Disco Duro Interno Serie Plus 3.5 8tb Sata 6gb\/s 7200 Rpm 512 Mb Compatible Solo Para Equipos"}]},{"@type":"WebSite","@id":"https:\/\/compuviper.mx\/tienda\/#website","url":"https:\/\/compuviper.mx\/tienda\/","name":"Compuviper","description":"Proveedor de Computadoras, Laptops, Servidores, Monitores, Puntos de Venta, Teclados,   Impresoras, T\u00f3ner, C\u00e1maras de Seguridad y m\u00e1s en tu tienda en l\u00ednea","publisher":{"@id":"https:\/\/compuviper.mx\/tienda\/#organization"},"potentialAction":[{"@type":"SearchAction","target":{"@type":"EntryPoint","urlTemplate":"https:\/\/compuviper.mx\/tienda\/?s={search_term_string}"},"query-input":"required name=search_term_string"}],"inLanguage":"es-MX"},{"@type":"Organization","@id":"https:\/\/compuviper.mx\/tienda\/#organization","name":"Compuviper","url":"https:\/\/compuviper.mx\/tienda\/","logo":{"@type":"ImageObject","inLanguage":"es-MX","@id":"https:\/\/compuviper.mx\/tienda\/#\/schema\/logo\/image\/","url":"https:\/\/compuviper.mx\/tienda\/wp-content\/uploads\/2021\/08\/Logo-Compuviper-10.png","contentUrl":"https:\/\/compuviper.mx\/tienda\/wp-content\/uploads\/2021\/08\/Logo-Compuviper-10.png","width":1000,"height":500,"caption":"Compuviper"},"image":{"@id":"https:\/\/compuviper.mx\/tienda\/#\/schema\/logo\/image\/"},"sameAs":["https:\/\/www.facebook.com\/compuviper","https:\/\/www.youtube.com\/channel\/UCf73dERp9Y3cfOq7q8BhLjA?view_as=subscriber"]}]},"product_brand":"SYNOLOGY","product_price_amount":"6879","product_price_currency":"MXN","og_availability":"out of stock","product_availability":"out of stock","product_retailer_item_id":"HAT3320-8T","product_condition":"new"},"_links":{"self":[{"href":"https:\/\/compuviper.mx\/tienda\/wp-json\/wp\/v2\/product\/257051"}],"collection":[{"href":"https:\/\/compuviper.mx\/tienda\/wp-json\/wp\/v2\/product"}],"about":[{"href":"https:\/\/compuviper.mx\/tienda\/wp-json\/wp\/v2\/types\/product"}],"replies":[{"embeddable":true,"href":"https:\/\/compuviper.mx\/tienda\/wp-json\/wp\/v2\/comments?post=257051"}],"wp:featuredmedia":[{"embeddable":true,"href":"https:\/\/compuviper.mx\/tienda\/wp-json\/wp\/v2\/media\/259718"}],"wp:attachment":[{"href":"https:\/\/compuviper.mx\/tienda\/wp-json\/wp\/v2\/media?parent=257051"}],"wp:term":[{"taxonomy":"product_cat","embeddable":true,"href":"https:\/\/compuviper.mx\/tienda\/wp-json\/wp\/v2\/product_cat?post=257051"},{"taxonomy":"product_tag","embeddable":true,"href":"https:\/\/compuviper.mx\/tienda\/wp-json\/wp\/v2\/product_tag?post=257051"}],"curies":[{"name":"wp","href":"https:\/\/api.w.org\/{rel}","templated":true}]}}