{"id":256817,"date":"2026-04-02T01:14:49","date_gmt":"2026-04-02T07:14:49","guid":{"rendered":"https:\/\/compuviper.mx\/tienda\/producto\/ghia-gk133s24-tablet-kids-a133-quadcore-7-pulg-ips-4gb-ram-64gb-usb-c-2cam-wifi-bluetooth-2500mah-android-14-go-edition-web\/"},"modified":"2026-04-02T01:14:49","modified_gmt":"2026-04-02T07:14:49","slug":"ghia-gk133s24-tablet-kids-a133-quadcore-7-pulg-ips-4gb-ram-64gb-usb-c-2cam-wifi-bluetooth-2500mah-android-14-go-edition-web","status":"publish","type":"product","link":"https:\/\/compuviper.mx\/tienda\/producto\/ghia-gk133s24-tablet-kids-a133-quadcore-7-pulg-ips-4gb-ram-64gb-usb-c-2cam-wifi-bluetooth-2500mah-android-14-go-edition-web\/","title":{"rendered":"Ghia Gk133s24 Tablet Kids \/a133 Quadcore\/ 7 Pulg Ips \/4gb Ram\/64gb \/usb C\/2cam\/wifi\/bluetooth\/2500mah\/android 14 Go Edition \/web"},"content":{"rendered":"<table class=\"descripcion\">\n<tr>\n<td>Procesador a133  quad core hasta 1.5 ghz<\/td>\n<\/tr>\n<tr>\n<td>Sistema operativo android 14 go<\/td>\n<\/tr>\n<tr>\n<td>Memoria ram de 4gb<\/td>\n<\/tr>\n<tr>\n<td>Memoria rom de 64 gb<\/td>\n<\/tr>\n<tr>\n<td>Expandible hasta 128 gb<\/td>\n<\/tr>\n<tr>\n<td>Display 7 ips<\/td>\n<\/tr>\n<tr>\n<td>Multitouch de 5 puntos<\/td>\n<\/tr>\n<tr>\n<td>Resolucion 1024 x 600<\/td>\n<\/tr>\n<tr>\n<td>Camara frontal 0.3 megapixeles<\/td>\n<\/tr>\n<tr>\n<td>Camara trasera 2.0 megapixeles<\/td>\n<\/tr>\n<tr>\n<td>1 usb c<\/td>\n<\/tr>\n<tr>\n<td>1 audio jack<\/td>\n<\/tr>\n<tr>\n<td>G sensor<\/td>\n<\/tr>\n<tr>\n<td>Wifi b\/g\/n<\/td>\n<\/tr>\n<tr>\n<td>1 cable usb c<\/td>\n<\/tr>\n<tr>\n<td>Bateria de 3.7v 2500ma<\/td>\n<\/tr>\n<\/table>\n","protected":false},"excerpt":{"rendered":"<p>Diversion y aprendizaje en un solo dispositivo, ayuda a tu ni\u00f1o a desarrollar sus conocimientos y llevar sus clases a distancia, a su vez sera su equipo de entretenimiento con el que podra descargar sus juegos favoritos, disfrutando de una gran variedad de dise\u00f1os. El procesador a133 de 4 nucleos cuenta con el desempe\u00f1o necesario para juegos, apps de streaming y las apps de video llamadas. Con su camara trasera de 2mp podra tomar fotos a sus tareas y actividades. Este dispositivo cuenta con certificacion gms android 14 go, google mobile services otorgada por google, que segura su total compatibilidad con las aplicaciones del ecosistema google: google play, youtube, gmail, hangouts, google fotos y mas.<\/p>\n","protected":false},"featured_media":256818,"comment_status":"open","ping_status":"open","template":"","meta":[],"product_cat":[1759,1758],"product_tag":[1548],"acf":[],"yoast_head":"<!-- This site is optimized with the Yoast SEO plugin v21.7 - https:\/\/yoast.com\/wordpress\/plugins\/seo\/ -->\n<title>[ Ghia ] &#129351; Gk133s24 Tablet Kids \/a133 Quadcore\/ 7 Pulg Ips \/4gb Ram\/64gb \/usb C\/2cam\/wifi\/bluetooth\/2500mah\/android 14 Go Edition \/web<\/title>\n<meta name=\"description\" content=\"Compra Gk133s24 Tablet Kids \/a133 Quadcore\/ 7 Pulg Ips \/4gb Ram\/64gb \/usb C\/2cam\/wifi\/bluetooth\/2500mah\/android 14 Go Edition \/web + Env\u00edo a domicilio + Pago seguro + Garant\u00eda\" \/>\n<meta name=\"robots\" content=\"index, follow, max-snippet:-1, max-image-preview:large, max-video-preview:-1\" \/>\n<link rel=\"canonical\" href=\"https:\/\/compuviper.mx\/tienda\/producto\/ghia-gk133s24-tablet-kids-a133-quadcore-7-pulg-ips-4gb-ram-64gb-usb-c-2cam-wifi-bluetooth-2500mah-android-14-go-edition-web\/\" \/>\n<meta property=\"og:locale\" content=\"es_MX\" \/>\n<meta property=\"og:type\" content=\"article\" \/>\n<meta property=\"og:title\" content=\"[ Ghia ] &#129351; Gk133s24 Tablet Kids \/a133 Quadcore\/ 7 Pulg Ips \/4gb Ram\/64gb \/usb C\/2cam\/wifi\/bluetooth\/2500mah\/android 14 Go Edition \/web\" \/>\n<meta property=\"og:description\" content=\"Compra Gk133s24 Tablet Kids \/a133 Quadcore\/ 7 Pulg Ips \/4gb Ram\/64gb \/usb C\/2cam\/wifi\/bluetooth\/2500mah\/android 14 Go Edition \/web + Env\u00edo a domicilio + Pago seguro + Garant\u00eda\" \/>\n<meta property=\"og:url\" content=\"https:\/\/compuviper.mx\/tienda\/producto\/ghia-gk133s24-tablet-kids-a133-quadcore-7-pulg-ips-4gb-ram-64gb-usb-c-2cam-wifi-bluetooth-2500mah-android-14-go-edition-web\/\" \/>\n<meta property=\"og:site_name\" content=\"Compuviper\" \/>\n<meta property=\"article:publisher\" content=\"https:\/\/www.facebook.com\/compuviper\" \/>\n<meta property=\"og:image\" content=\"https:\/\/compuviper.mx\/tienda\/wp-content\/uploads\/2025\/08\/Tablet-kids-a133-quadcore-7-pulg-ips-4gb-ram64gb-usb-c2camwifibluetooth2500mahandroid-14-go-edition-web.jpg\" \/>\n\t<meta property=\"og:image:width\" content=\"200\" \/>\n\t<meta property=\"og:image:height\" content=\"200\" \/>\n\t<meta property=\"og:image:type\" content=\"image\/jpeg\" \/>\n<meta name=\"twitter:card\" content=\"summary_large_image\" \/>\n<meta name=\"twitter:label1\" content=\"Precio\" \/>\n\t<meta name=\"twitter:data1\" content=\"&#36;923 con IVA\" \/>\n\t<meta name=\"twitter:label2\" content=\"Availability\" \/>\n\t<meta name=\"twitter:data2\" content=\"Out of stock\" \/>\n<script type=\"application\/ld+json\" class=\"yoast-schema-graph\">{\"@context\":\"https:\/\/schema.org\",\"@graph\":[{\"@type\":\"WebPage\",\"@id\":\"https:\/\/compuviper.mx\/tienda\/producto\/ghia-gk133s24-tablet-kids-a133-quadcore-7-pulg-ips-4gb-ram-64gb-usb-c-2cam-wifi-bluetooth-2500mah-android-14-go-edition-web\/\",\"url\":\"https:\/\/compuviper.mx\/tienda\/producto\/ghia-gk133s24-tablet-kids-a133-quadcore-7-pulg-ips-4gb-ram-64gb-usb-c-2cam-wifi-bluetooth-2500mah-android-14-go-edition-web\/\",\"name\":\"[ Ghia ] &#129351; Gk133s24 Tablet Kids \/a133 Quadcore\/ 7 Pulg Ips \/4gb Ram\/64gb \/usb C\/2cam\/wifi\/bluetooth\/2500mah\/android 14 Go Edition \/web\",\"isPartOf\":{\"@id\":\"https:\/\/compuviper.mx\/tienda\/#website\"},\"datePublished\":\"2026-04-02T07:14:49+00:00\",\"dateModified\":\"2026-04-02T07:14:49+00:00\",\"description\":\"Compra Gk133s24 Tablet Kids \/a133 Quadcore\/ 7 Pulg Ips \/4gb Ram\/64gb \/usb C\/2cam\/wifi\/bluetooth\/2500mah\/android 14 Go Edition \/web + Env\u00edo a domicilio + Pago seguro + Garant\u00eda\",\"breadcrumb\":{\"@id\":\"https:\/\/compuviper.mx\/tienda\/producto\/ghia-gk133s24-tablet-kids-a133-quadcore-7-pulg-ips-4gb-ram-64gb-usb-c-2cam-wifi-bluetooth-2500mah-android-14-go-edition-web\/#breadcrumb\"},\"inLanguage\":\"es-MX\",\"potentialAction\":[{\"@type\":\"ReadAction\",\"target\":[\"https:\/\/compuviper.mx\/tienda\/producto\/ghia-gk133s24-tablet-kids-a133-quadcore-7-pulg-ips-4gb-ram-64gb-usb-c-2cam-wifi-bluetooth-2500mah-android-14-go-edition-web\/\"]}]},{\"@type\":\"BreadcrumbList\",\"@id\":\"https:\/\/compuviper.mx\/tienda\/producto\/ghia-gk133s24-tablet-kids-a133-quadcore-7-pulg-ips-4gb-ram-64gb-usb-c-2cam-wifi-bluetooth-2500mah-android-14-go-edition-web\/#breadcrumb\",\"itemListElement\":[{\"@type\":\"ListItem\",\"position\":1,\"name\":\"Inicio\",\"item\":\"https:\/\/compuviper.mx\/tienda\/\"},{\"@type\":\"ListItem\",\"position\":2,\"name\":\"Productos\",\"item\":\"https:\/\/compuviper.mx\/tienda\/productos\/\"},{\"@type\":\"ListItem\",\"position\":3,\"name\":\"Tabletas\",\"item\":\"https:\/\/compuviper.mx\/tienda\/categoria-producto\/tabletas\/\"},{\"@type\":\"ListItem\",\"position\":4,\"name\":\"Arm Quad Core\",\"item\":\"https:\/\/compuviper.mx\/tienda\/categoria-producto\/tabletas\/arm-quad-core\/\"},{\"@type\":\"ListItem\",\"position\":5,\"name\":\"Ghia Gk133s24 Tablet Kids \/a133 Quadcore\/ 7 Pulg Ips \/4gb Ram\/64gb \/usb C\/2cam\/wifi\/bluetooth\/2500mah\/android 14 Go Edition \/web\"}]},{\"@type\":\"WebSite\",\"@id\":\"https:\/\/compuviper.mx\/tienda\/#website\",\"url\":\"https:\/\/compuviper.mx\/tienda\/\",\"name\":\"Compuviper\",\"description\":\"Proveedor de Computadoras, Laptops, Servidores, Monitores, Puntos de Venta, Teclados,   Impresoras, T\u00f3ner, C\u00e1maras de Seguridad y m\u00e1s en tu tienda en l\u00ednea\",\"publisher\":{\"@id\":\"https:\/\/compuviper.mx\/tienda\/#organization\"},\"potentialAction\":[{\"@type\":\"SearchAction\",\"target\":{\"@type\":\"EntryPoint\",\"urlTemplate\":\"https:\/\/compuviper.mx\/tienda\/?s={search_term_string}\"},\"query-input\":\"required name=search_term_string\"}],\"inLanguage\":\"es-MX\"},{\"@type\":\"Organization\",\"@id\":\"https:\/\/compuviper.mx\/tienda\/#organization\",\"name\":\"Compuviper\",\"url\":\"https:\/\/compuviper.mx\/tienda\/\",\"logo\":{\"@type\":\"ImageObject\",\"inLanguage\":\"es-MX\",\"@id\":\"https:\/\/compuviper.mx\/tienda\/#\/schema\/logo\/image\/\",\"url\":\"https:\/\/compuviper.mx\/tienda\/wp-content\/uploads\/2021\/08\/Logo-Compuviper-10.png\",\"contentUrl\":\"https:\/\/compuviper.mx\/tienda\/wp-content\/uploads\/2021\/08\/Logo-Compuviper-10.png\",\"width\":1000,\"height\":500,\"caption\":\"Compuviper\"},\"image\":{\"@id\":\"https:\/\/compuviper.mx\/tienda\/#\/schema\/logo\/image\/\"},\"sameAs\":[\"https:\/\/www.facebook.com\/compuviper\",\"https:\/\/www.youtube.com\/channel\/UCf73dERp9Y3cfOq7q8BhLjA?view_as=subscriber\"]}]}<\/script>\n<meta property=\"product:brand\" content=\"GHIA\" \/>\n<meta property=\"product:price:amount\" content=\"923\" \/>\n<meta property=\"product:price:currency\" content=\"MXN\" \/>\n<meta property=\"og:availability\" content=\"out of stock\" \/>\n<meta property=\"product:availability\" content=\"out of stock\" \/>\n<meta property=\"product:retailer_item_id\" content=\"GK133S24\" \/>\n<meta property=\"product:condition\" content=\"new\" \/>\n<!-- \/ Yoast SEO plugin. -->","yoast_head_json":{"title":"[ Ghia ] &#129351; Gk133s24 Tablet Kids \/a133 Quadcore\/ 7 Pulg Ips \/4gb Ram\/64gb \/usb C\/2cam\/wifi\/bluetooth\/2500mah\/android 14 Go Edition \/web","description":"Compra Gk133s24 Tablet Kids \/a133 Quadcore\/ 7 Pulg Ips \/4gb Ram\/64gb \/usb C\/2cam\/wifi\/bluetooth\/2500mah\/android 14 Go Edition \/web + Env\u00edo a domicilio + Pago seguro + Garant\u00eda","robots":{"index":"index","follow":"follow","max-snippet":"max-snippet:-1","max-image-preview":"max-image-preview:large","max-video-preview":"max-video-preview:-1"},"canonical":"https:\/\/compuviper.mx\/tienda\/producto\/ghia-gk133s24-tablet-kids-a133-quadcore-7-pulg-ips-4gb-ram-64gb-usb-c-2cam-wifi-bluetooth-2500mah-android-14-go-edition-web\/","og_locale":"es_MX","og_type":"article","og_title":"[ Ghia ] &#129351; Gk133s24 Tablet Kids \/a133 Quadcore\/ 7 Pulg Ips \/4gb Ram\/64gb \/usb C\/2cam\/wifi\/bluetooth\/2500mah\/android 14 Go Edition \/web","og_description":"Compra Gk133s24 Tablet Kids \/a133 Quadcore\/ 7 Pulg Ips \/4gb Ram\/64gb \/usb C\/2cam\/wifi\/bluetooth\/2500mah\/android 14 Go Edition \/web + Env\u00edo a domicilio + Pago seguro + Garant\u00eda","og_url":"https:\/\/compuviper.mx\/tienda\/producto\/ghia-gk133s24-tablet-kids-a133-quadcore-7-pulg-ips-4gb-ram-64gb-usb-c-2cam-wifi-bluetooth-2500mah-android-14-go-edition-web\/","og_site_name":"Compuviper","article_publisher":"https:\/\/www.facebook.com\/compuviper","og_image":[{"width":200,"height":200,"url":"https:\/\/compuviper.mx\/tienda\/wp-content\/uploads\/2025\/08\/Tablet-kids-a133-quadcore-7-pulg-ips-4gb-ram64gb-usb-c2camwifibluetooth2500mahandroid-14-go-edition-web.jpg","type":"image\/jpeg"}],"twitter_card":"summary_large_image","twitter_misc":{"Precio":"&#36;923 con IVA","Availability":"Out of stock"},"schema":{"@context":"https:\/\/schema.org","@graph":[{"@type":"WebPage","@id":"https:\/\/compuviper.mx\/tienda\/producto\/ghia-gk133s24-tablet-kids-a133-quadcore-7-pulg-ips-4gb-ram-64gb-usb-c-2cam-wifi-bluetooth-2500mah-android-14-go-edition-web\/","url":"https:\/\/compuviper.mx\/tienda\/producto\/ghia-gk133s24-tablet-kids-a133-quadcore-7-pulg-ips-4gb-ram-64gb-usb-c-2cam-wifi-bluetooth-2500mah-android-14-go-edition-web\/","name":"[ Ghia ] &#129351; Gk133s24 Tablet Kids \/a133 Quadcore\/ 7 Pulg Ips \/4gb Ram\/64gb \/usb C\/2cam\/wifi\/bluetooth\/2500mah\/android 14 Go Edition \/web","isPartOf":{"@id":"https:\/\/compuviper.mx\/tienda\/#website"},"datePublished":"2026-04-02T07:14:49+00:00","dateModified":"2026-04-02T07:14:49+00:00","description":"Compra Gk133s24 Tablet Kids \/a133 Quadcore\/ 7 Pulg Ips \/4gb Ram\/64gb \/usb C\/2cam\/wifi\/bluetooth\/2500mah\/android 14 Go Edition \/web + Env\u00edo a domicilio + Pago seguro + Garant\u00eda","breadcrumb":{"@id":"https:\/\/compuviper.mx\/tienda\/producto\/ghia-gk133s24-tablet-kids-a133-quadcore-7-pulg-ips-4gb-ram-64gb-usb-c-2cam-wifi-bluetooth-2500mah-android-14-go-edition-web\/#breadcrumb"},"inLanguage":"es-MX","potentialAction":[{"@type":"ReadAction","target":["https:\/\/compuviper.mx\/tienda\/producto\/ghia-gk133s24-tablet-kids-a133-quadcore-7-pulg-ips-4gb-ram-64gb-usb-c-2cam-wifi-bluetooth-2500mah-android-14-go-edition-web\/"]}]},{"@type":"BreadcrumbList","@id":"https:\/\/compuviper.mx\/tienda\/producto\/ghia-gk133s24-tablet-kids-a133-quadcore-7-pulg-ips-4gb-ram-64gb-usb-c-2cam-wifi-bluetooth-2500mah-android-14-go-edition-web\/#breadcrumb","itemListElement":[{"@type":"ListItem","position":1,"name":"Inicio","item":"https:\/\/compuviper.mx\/tienda\/"},{"@type":"ListItem","position":2,"name":"Productos","item":"https:\/\/compuviper.mx\/tienda\/productos\/"},{"@type":"ListItem","position":3,"name":"Tabletas","item":"https:\/\/compuviper.mx\/tienda\/categoria-producto\/tabletas\/"},{"@type":"ListItem","position":4,"name":"Arm Quad Core","item":"https:\/\/compuviper.mx\/tienda\/categoria-producto\/tabletas\/arm-quad-core\/"},{"@type":"ListItem","position":5,"name":"Ghia Gk133s24 Tablet Kids \/a133 Quadcore\/ 7 Pulg Ips \/4gb Ram\/64gb \/usb C\/2cam\/wifi\/bluetooth\/2500mah\/android 14 Go Edition \/web"}]},{"@type":"WebSite","@id":"https:\/\/compuviper.mx\/tienda\/#website","url":"https:\/\/compuviper.mx\/tienda\/","name":"Compuviper","description":"Proveedor de Computadoras, Laptops, Servidores, Monitores, Puntos de Venta, Teclados,   Impresoras, T\u00f3ner, C\u00e1maras de Seguridad y m\u00e1s en tu tienda en l\u00ednea","publisher":{"@id":"https:\/\/compuviper.mx\/tienda\/#organization"},"potentialAction":[{"@type":"SearchAction","target":{"@type":"EntryPoint","urlTemplate":"https:\/\/compuviper.mx\/tienda\/?s={search_term_string}"},"query-input":"required name=search_term_string"}],"inLanguage":"es-MX"},{"@type":"Organization","@id":"https:\/\/compuviper.mx\/tienda\/#organization","name":"Compuviper","url":"https:\/\/compuviper.mx\/tienda\/","logo":{"@type":"ImageObject","inLanguage":"es-MX","@id":"https:\/\/compuviper.mx\/tienda\/#\/schema\/logo\/image\/","url":"https:\/\/compuviper.mx\/tienda\/wp-content\/uploads\/2021\/08\/Logo-Compuviper-10.png","contentUrl":"https:\/\/compuviper.mx\/tienda\/wp-content\/uploads\/2021\/08\/Logo-Compuviper-10.png","width":1000,"height":500,"caption":"Compuviper"},"image":{"@id":"https:\/\/compuviper.mx\/tienda\/#\/schema\/logo\/image\/"},"sameAs":["https:\/\/www.facebook.com\/compuviper","https:\/\/www.youtube.com\/channel\/UCf73dERp9Y3cfOq7q8BhLjA?view_as=subscriber"]}]},"product_brand":"GHIA","product_price_amount":"923","product_price_currency":"MXN","og_availability":"out of stock","product_availability":"out of stock","product_retailer_item_id":"GK133S24","product_condition":"new"},"_links":{"self":[{"href":"https:\/\/compuviper.mx\/tienda\/wp-json\/wp\/v2\/product\/256817"}],"collection":[{"href":"https:\/\/compuviper.mx\/tienda\/wp-json\/wp\/v2\/product"}],"about":[{"href":"https:\/\/compuviper.mx\/tienda\/wp-json\/wp\/v2\/types\/product"}],"replies":[{"embeddable":true,"href":"https:\/\/compuviper.mx\/tienda\/wp-json\/wp\/v2\/comments?post=256817"}],"wp:featuredmedia":[{"embeddable":true,"href":"https:\/\/compuviper.mx\/tienda\/wp-json\/wp\/v2\/media\/256818"}],"wp:attachment":[{"href":"https:\/\/compuviper.mx\/tienda\/wp-json\/wp\/v2\/media?parent=256817"}],"wp:term":[{"taxonomy":"product_cat","embeddable":true,"href":"https:\/\/compuviper.mx\/tienda\/wp-json\/wp\/v2\/product_cat?post=256817"},{"taxonomy":"product_tag","embeddable":true,"href":"https:\/\/compuviper.mx\/tienda\/wp-json\/wp\/v2\/product_tag?post=256817"}],"curies":[{"name":"wp","href":"https:\/\/api.w.org\/{rel}","templated":true}]}}