{"id":256741,"date":"2026-04-02T02:07:31","date_gmt":"2026-04-02T08:07:31","guid":{"rendered":"https:\/\/compuviper.mx\/tienda\/producto\/poly-av4p5aaac3-manos-libres-hp-voyager-legend-30-inalmbrico-cancelacin-de-ruido-in-ear-negro\/"},"modified":"2026-04-02T02:07:31","modified_gmt":"2026-04-02T08:07:31","slug":"poly-av4p5aaac3-manos-libres-hp-av4p5aaac3-voyager-legend-30-inalambrico-bluetooth-cancelacin-de-ruido-hasta-10-horas-de-conversacion","status":"publish","type":"product","link":"https:\/\/compuviper.mx\/tienda\/producto\/poly-av4p5aaac3-manos-libres-hp-av4p5aaac3-voyager-legend-30-inalambrico-bluetooth-cancelacin-de-ruido-hasta-10-horas-de-conversacion\/","title":{"rendered":"Poly Av4p5aa#ac3 Manos Libres Hp  Av4p5aaac3 Voyager Legend 30\/ Inalambrico\/ Bluetooth\/ Cancelacin De Ruido\/ Hasta 10 Horas De Conversacion."},"content":{"rendered":"<table class=\"descripcion\">\n<tr>\n<td>Especificaciones<\/td>\n<\/tr>\n<tr>\n<td>-compatible con<\/td>\n<\/tr>\n<tr>\n<td>Sistemas operativos compatibles:   windows 11; macos;<\/td>\n<\/tr>\n<tr>\n<td>Androidtm; ios.<\/td>\n<\/tr>\n<tr>\n<td>-conectividad y comunicaciones.<\/td>\n<\/tr>\n<tr>\n<td>Rango de la red inal\u00e1mbrica:   hasta 30 m.<\/td>\n<\/tr>\n<tr>\n<td>Dispositivos vinculados:   hasta 8.<\/td>\n<\/tr>\n<tr>\n<td>Tecnolog\u00eda multipunto:   s\u00ed, se conecta con dos dispositivos al mismo tiempo.<\/td>\n<\/tr>\n<tr>\n<td>Versi\u00f3n bluetooth:   bluetooth\u00ae core 5.4<\/td>\n<\/tr>\n<tr>\n<td>Perfiles bluetooth compatibles:   a2dp 1.3; did 1.3; hsp 1.2; bas 0.0; avrcp 1.5; hfp 1.6<\/td>\n<\/tr>\n<tr>\n<td>Tipo de conexi\u00f3n:   conexi\u00f3n inal\u00e1mbrica: bluetooth.<\/td>\n<\/tr>\n<tr>\n<td>Almohadillas para los o\u00eddos:   silicona (material de<\/td>\n<\/tr>\n<tr>\n<td>Superficie).<\/td>\n<\/tr>\n<tr>\n<td>Tipo de auriculares:   intraural (monoaural)<\/td>\n<\/tr>\n<tr>\n<td>Alertas de voz:   silenciado; llamada entrante; estado de la bater\u00eda<\/td>\n<\/tr>\n<tr>\n<td>Comandos de voz:   respuesta; ignorar<\/td>\n<\/tr>\n<tr>\n<td>-caracter\u00edsticas de la interfaz de usuario.<\/td>\n<\/tr>\n<tr>\n<td>Controles del usuario con botones: encendido\/apagado; silenciar; subir\/bajar volumen; emparejamiento; responder\/ignorar\/finalizarllamada; asistente de voz<\/td>\n<\/tr>\n<tr>\n<td>-sonido.<\/td>\n<\/tr>\n<tr>\n<td>Caracter\u00edsticas de audio:  windsmart technology.<\/td>\n<\/tr>\n<tr>\n<td>Tecnolog\u00eda de protecci\u00f3n ac\u00fastica:   soundguard.<\/td>\n<\/tr>\n<tr>\n<td>Tipo de micr\u00f3fono:   cancelaci\u00f3n de ruido.<\/td>\n<\/tr>\n<tr>\n<td>Ancho de banda del micr\u00f3fono:   de 100 hz a 8 khz.<\/td>\n<\/tr>\n<tr>\n<td>Ancho de banda del altavoz:   de 100 hz a 20 khz.<\/td>\n<\/tr>\n<tr>\n<td>Tama\u00f1o del altavoz:   13,6 mm<\/td>\n<\/tr>\n<tr>\n<td>Tiempo de carga:    1.5 hours<\/td>\n<\/tr>\n<tr>\n<td>Proporci\u00f3n se\u00f1al-ruido:     68 db<\/td>\n<\/tr>\n<tr>\n<td>Respuesta frecuencial (micr\u00f3fono):   100 hz a 8 khz<\/td>\n<\/tr>\n<tr>\n<td>Sensibilidad (micr\u00f3fono):   -37 db fs\/pa<\/td>\n<\/tr>\n<tr>\n<td>Sensibilidad (altavoz):   95,5 db spl a 1 khz con entrada de 200 mv<\/td>\n<\/tr>\n<tr>\n<td>-otras funciones.<\/td>\n<\/tr>\n<tr>\n<td>Caracter\u00edsticas especiales:   tecnolog\u00eda de sensores<\/td>\n<\/tr>\n<tr>\n<td>Inteligentes<\/td>\n<\/tr>\n<tr>\n<td>-fuente de alimentaci\u00f3n.<\/td>\n<\/tr>\n<tr>\n<td>Duraci\u00f3n de bater\u00eda:   dura hasta 10 horas<\/td>\n<\/tr>\n<tr>\n<td>Descripci\u00f3n de la bater\u00eda:   bater\u00eda de iones de litio<\/td>\n<\/tr>\n<tr>\n<td>Recargable<\/td>\n<\/tr>\n<tr>\n<td>Capacidad de la bater\u00eda:   130 mah<\/td>\n<\/tr>\n<tr>\n<td>Tipo de recarga:<\/td>\n<\/tr>\n<tr>\n<td>Impedancia:   16 ohmios<\/td>\n<\/tr>\n<tr>\n<td>-certificados<\/td>\n<\/tr>\n<tr>\n<td>Etiquetas ecol\u00f3gicas:   certificado para tco<\/td>\n<\/tr>\n<\/table>\n","protected":false},"excerpt":{"rendered":"<p>Disfruta de llamadas claras en cualquier lugar. Estos. Auriculares combinan una claridad de voz excepcional con. Un dise\u00f1o ergon\u00f3mico para llevarlos durante todo el d\u00eda. Simplemente conectalos a tu dispositivo preferido y. Disfruta de la tecnolog\u00eda de reducci\u00f3n de ruido donde. Quiera que vayas.<\/p>\n","protected":false},"featured_media":260939,"comment_status":"open","ping_status":"open","template":"","meta":[],"product_cat":[1816,1552],"product_tag":[2035],"acf":[],"yoast_head":"<!-- This site is optimized with the Yoast SEO plugin v21.7 - https:\/\/yoast.com\/wordpress\/plugins\/seo\/ -->\n<title>[ Poly ] &#129351; Av4p5aa#ac3 Manos Libres Hp Av4p5aaac3 Voyager Legend 30\/ Inalambrico\/ Bluetooth\/ Cancelacin De Ruido\/ Hasta 10 Horas De Conversacion.<\/title>\n<meta name=\"description\" content=\"Compra Av4p5aa#ac3 Manos Libres Hp Av4p5aaac3 Voyager Legend 30\/ Inalambrico\/ Bluetooth\/ Cancelacin De Ruido\/ Hasta 10 Horas De Conversacion. + Env\u00edo a domicilio + Pago seguro + Garant\u00eda\" \/>\n<meta name=\"robots\" content=\"index, follow, max-snippet:-1, max-image-preview:large, max-video-preview:-1\" \/>\n<link rel=\"canonical\" href=\"https:\/\/compuviper.mx\/tienda\/producto\/poly-av4p5aaac3-manos-libres-hp-av4p5aaac3-voyager-legend-30-inalambrico-bluetooth-cancelacin-de-ruido-hasta-10-horas-de-conversacion\/\" \/>\n<meta property=\"og:locale\" content=\"es_MX\" \/>\n<meta property=\"og:type\" content=\"article\" \/>\n<meta property=\"og:title\" content=\"[ Poly ] &#129351; Av4p5aa#ac3 Manos Libres Hp Av4p5aaac3 Voyager Legend 30\/ Inalambrico\/ Bluetooth\/ Cancelacin De Ruido\/ Hasta 10 Horas De Conversacion.\" \/>\n<meta property=\"og:description\" content=\"Compra Av4p5aa#ac3 Manos Libres Hp Av4p5aaac3 Voyager Legend 30\/ Inalambrico\/ Bluetooth\/ Cancelacin De Ruido\/ Hasta 10 Horas De Conversacion. + Env\u00edo a domicilio + Pago seguro + Garant\u00eda\" \/>\n<meta property=\"og:url\" content=\"https:\/\/compuviper.mx\/tienda\/producto\/poly-av4p5aaac3-manos-libres-hp-av4p5aaac3-voyager-legend-30-inalambrico-bluetooth-cancelacin-de-ruido-hasta-10-horas-de-conversacion\/\" \/>\n<meta property=\"og:site_name\" content=\"Compuviper\" \/>\n<meta property=\"article:publisher\" content=\"https:\/\/www.facebook.com\/compuviper\" \/>\n<meta property=\"og:image\" content=\"https:\/\/compuviper.mx\/tienda\/wp-content\/uploads\/2025\/10\/Manos-libres-hp-poly-av4p5aaac3-voyager-legend-30-inalambrico-cancelacion-de-ruido-in-ear-negro.jpg\" \/>\n\t<meta property=\"og:image:width\" content=\"200\" \/>\n\t<meta property=\"og:image:height\" content=\"200\" \/>\n\t<meta property=\"og:image:type\" content=\"image\/jpeg\" \/>\n<meta name=\"twitter:card\" content=\"summary_large_image\" \/>\n<meta name=\"twitter:label1\" content=\"Precio\" \/>\n\t<meta name=\"twitter:data1\" content=\"&#36;2,304 &#36;1,624 con IVA\" \/>\n\t<meta name=\"twitter:label2\" content=\"Availability\" \/>\n\t<meta name=\"twitter:data2\" content=\"Out of stock\" \/>\n<script type=\"application\/ld+json\" class=\"yoast-schema-graph\">{\"@context\":\"https:\/\/schema.org\",\"@graph\":[{\"@type\":\"WebPage\",\"@id\":\"https:\/\/compuviper.mx\/tienda\/producto\/poly-av4p5aaac3-manos-libres-hp-av4p5aaac3-voyager-legend-30-inalambrico-bluetooth-cancelacin-de-ruido-hasta-10-horas-de-conversacion\/\",\"url\":\"https:\/\/compuviper.mx\/tienda\/producto\/poly-av4p5aaac3-manos-libres-hp-av4p5aaac3-voyager-legend-30-inalambrico-bluetooth-cancelacin-de-ruido-hasta-10-horas-de-conversacion\/\",\"name\":\"[ Poly ] &#129351; Av4p5aa#ac3 Manos Libres Hp Av4p5aaac3 Voyager Legend 30\/ Inalambrico\/ Bluetooth\/ Cancelacin De Ruido\/ Hasta 10 Horas De Conversacion.\",\"isPartOf\":{\"@id\":\"https:\/\/compuviper.mx\/tienda\/#website\"},\"datePublished\":\"2026-04-02T08:07:31+00:00\",\"dateModified\":\"2026-04-02T08:07:31+00:00\",\"description\":\"Compra Av4p5aa#ac3 Manos Libres Hp Av4p5aaac3 Voyager Legend 30\/ Inalambrico\/ Bluetooth\/ Cancelacin De Ruido\/ Hasta 10 Horas De Conversacion. + Env\u00edo a domicilio + Pago seguro + Garant\u00eda\",\"breadcrumb\":{\"@id\":\"https:\/\/compuviper.mx\/tienda\/producto\/poly-av4p5aaac3-manos-libres-hp-av4p5aaac3-voyager-legend-30-inalambrico-bluetooth-cancelacin-de-ruido-hasta-10-horas-de-conversacion\/#breadcrumb\"},\"inLanguage\":\"es-MX\",\"potentialAction\":[{\"@type\":\"ReadAction\",\"target\":[\"https:\/\/compuviper.mx\/tienda\/producto\/poly-av4p5aaac3-manos-libres-hp-av4p5aaac3-voyager-legend-30-inalambrico-bluetooth-cancelacin-de-ruido-hasta-10-horas-de-conversacion\/\"]}]},{\"@type\":\"BreadcrumbList\",\"@id\":\"https:\/\/compuviper.mx\/tienda\/producto\/poly-av4p5aaac3-manos-libres-hp-av4p5aaac3-voyager-legend-30-inalambrico-bluetooth-cancelacin-de-ruido-hasta-10-horas-de-conversacion\/#breadcrumb\",\"itemListElement\":[{\"@type\":\"ListItem\",\"position\":1,\"name\":\"Inicio\",\"item\":\"https:\/\/compuviper.mx\/tienda\/\"},{\"@type\":\"ListItem\",\"position\":2,\"name\":\"Productos\",\"item\":\"https:\/\/compuviper.mx\/tienda\/productos\/\"},{\"@type\":\"ListItem\",\"position\":3,\"name\":\"Audifonos Y Micro\",\"item\":\"https:\/\/compuviper.mx\/tienda\/categoria-producto\/audifonos-y-micro\/\"},{\"@type\":\"ListItem\",\"position\":4,\"name\":\"Audifono Con Microfono\",\"item\":\"https:\/\/compuviper.mx\/tienda\/categoria-producto\/audifonos-y-micro\/audifono-con-microfono\/\"},{\"@type\":\"ListItem\",\"position\":5,\"name\":\"Poly Av4p5aa#ac3 Manos Libres Hp Av4p5aaac3 Voyager Legend 30\/ Inalambrico\/ Bluetooth\/ Cancelacin De Ruido\/ Hasta 10 Horas De Conversacion.\"}]},{\"@type\":\"WebSite\",\"@id\":\"https:\/\/compuviper.mx\/tienda\/#website\",\"url\":\"https:\/\/compuviper.mx\/tienda\/\",\"name\":\"Compuviper\",\"description\":\"Proveedor de Computadoras, Laptops, Servidores, Monitores, Puntos de Venta, Teclados,   Impresoras, T\u00f3ner, C\u00e1maras de Seguridad y m\u00e1s en tu tienda en l\u00ednea\",\"publisher\":{\"@id\":\"https:\/\/compuviper.mx\/tienda\/#organization\"},\"potentialAction\":[{\"@type\":\"SearchAction\",\"target\":{\"@type\":\"EntryPoint\",\"urlTemplate\":\"https:\/\/compuviper.mx\/tienda\/?s={search_term_string}\"},\"query-input\":\"required name=search_term_string\"}],\"inLanguage\":\"es-MX\"},{\"@type\":\"Organization\",\"@id\":\"https:\/\/compuviper.mx\/tienda\/#organization\",\"name\":\"Compuviper\",\"url\":\"https:\/\/compuviper.mx\/tienda\/\",\"logo\":{\"@type\":\"ImageObject\",\"inLanguage\":\"es-MX\",\"@id\":\"https:\/\/compuviper.mx\/tienda\/#\/schema\/logo\/image\/\",\"url\":\"https:\/\/compuviper.mx\/tienda\/wp-content\/uploads\/2021\/08\/Logo-Compuviper-10.png\",\"contentUrl\":\"https:\/\/compuviper.mx\/tienda\/wp-content\/uploads\/2021\/08\/Logo-Compuviper-10.png\",\"width\":1000,\"height\":500,\"caption\":\"Compuviper\"},\"image\":{\"@id\":\"https:\/\/compuviper.mx\/tienda\/#\/schema\/logo\/image\/\"},\"sameAs\":[\"https:\/\/www.facebook.com\/compuviper\",\"https:\/\/www.youtube.com\/channel\/UCf73dERp9Y3cfOq7q8BhLjA?view_as=subscriber\"]}]}<\/script>\n<meta property=\"product:brand\" content=\"POLY\" \/>\n<meta property=\"product:price:amount\" content=\"1624\" \/>\n<meta property=\"product:price:currency\" content=\"MXN\" \/>\n<meta property=\"og:availability\" content=\"out of stock\" \/>\n<meta property=\"product:availability\" content=\"out of stock\" \/>\n<meta property=\"product:retailer_item_id\" content=\"AV4P5AA#AC3\" \/>\n<meta property=\"product:condition\" content=\"new\" \/>\n<!-- \/ Yoast SEO plugin. -->","yoast_head_json":{"title":"[ Poly ] &#129351; Av4p5aa#ac3 Manos Libres Hp Av4p5aaac3 Voyager Legend 30\/ Inalambrico\/ Bluetooth\/ Cancelacin De Ruido\/ Hasta 10 Horas De Conversacion.","description":"Compra Av4p5aa#ac3 Manos Libres Hp Av4p5aaac3 Voyager Legend 30\/ Inalambrico\/ Bluetooth\/ Cancelacin De Ruido\/ Hasta 10 Horas De Conversacion. + Env\u00edo a domicilio + Pago seguro + Garant\u00eda","robots":{"index":"index","follow":"follow","max-snippet":"max-snippet:-1","max-image-preview":"max-image-preview:large","max-video-preview":"max-video-preview:-1"},"canonical":"https:\/\/compuviper.mx\/tienda\/producto\/poly-av4p5aaac3-manos-libres-hp-av4p5aaac3-voyager-legend-30-inalambrico-bluetooth-cancelacin-de-ruido-hasta-10-horas-de-conversacion\/","og_locale":"es_MX","og_type":"article","og_title":"[ Poly ] &#129351; Av4p5aa#ac3 Manos Libres Hp Av4p5aaac3 Voyager Legend 30\/ Inalambrico\/ Bluetooth\/ Cancelacin De Ruido\/ Hasta 10 Horas De Conversacion.","og_description":"Compra Av4p5aa#ac3 Manos Libres Hp Av4p5aaac3 Voyager Legend 30\/ Inalambrico\/ Bluetooth\/ Cancelacin De Ruido\/ Hasta 10 Horas De Conversacion. + Env\u00edo a domicilio + Pago seguro + Garant\u00eda","og_url":"https:\/\/compuviper.mx\/tienda\/producto\/poly-av4p5aaac3-manos-libres-hp-av4p5aaac3-voyager-legend-30-inalambrico-bluetooth-cancelacin-de-ruido-hasta-10-horas-de-conversacion\/","og_site_name":"Compuviper","article_publisher":"https:\/\/www.facebook.com\/compuviper","og_image":[{"width":200,"height":200,"url":"https:\/\/compuviper.mx\/tienda\/wp-content\/uploads\/2025\/10\/Manos-libres-hp-poly-av4p5aaac3-voyager-legend-30-inalambrico-cancelacion-de-ruido-in-ear-negro.jpg","type":"image\/jpeg"}],"twitter_card":"summary_large_image","twitter_misc":{"Precio":"&#36;2,304 &#36;1,624 con IVA","Availability":"Out of stock"},"schema":{"@context":"https:\/\/schema.org","@graph":[{"@type":"WebPage","@id":"https:\/\/compuviper.mx\/tienda\/producto\/poly-av4p5aaac3-manos-libres-hp-av4p5aaac3-voyager-legend-30-inalambrico-bluetooth-cancelacin-de-ruido-hasta-10-horas-de-conversacion\/","url":"https:\/\/compuviper.mx\/tienda\/producto\/poly-av4p5aaac3-manos-libres-hp-av4p5aaac3-voyager-legend-30-inalambrico-bluetooth-cancelacin-de-ruido-hasta-10-horas-de-conversacion\/","name":"[ Poly ] &#129351; Av4p5aa#ac3 Manos Libres Hp Av4p5aaac3 Voyager Legend 30\/ Inalambrico\/ Bluetooth\/ Cancelacin De Ruido\/ Hasta 10 Horas De Conversacion.","isPartOf":{"@id":"https:\/\/compuviper.mx\/tienda\/#website"},"datePublished":"2026-04-02T08:07:31+00:00","dateModified":"2026-04-02T08:07:31+00:00","description":"Compra Av4p5aa#ac3 Manos Libres Hp Av4p5aaac3 Voyager Legend 30\/ Inalambrico\/ Bluetooth\/ Cancelacin De Ruido\/ Hasta 10 Horas De Conversacion. + Env\u00edo a domicilio + Pago seguro + Garant\u00eda","breadcrumb":{"@id":"https:\/\/compuviper.mx\/tienda\/producto\/poly-av4p5aaac3-manos-libres-hp-av4p5aaac3-voyager-legend-30-inalambrico-bluetooth-cancelacin-de-ruido-hasta-10-horas-de-conversacion\/#breadcrumb"},"inLanguage":"es-MX","potentialAction":[{"@type":"ReadAction","target":["https:\/\/compuviper.mx\/tienda\/producto\/poly-av4p5aaac3-manos-libres-hp-av4p5aaac3-voyager-legend-30-inalambrico-bluetooth-cancelacin-de-ruido-hasta-10-horas-de-conversacion\/"]}]},{"@type":"BreadcrumbList","@id":"https:\/\/compuviper.mx\/tienda\/producto\/poly-av4p5aaac3-manos-libres-hp-av4p5aaac3-voyager-legend-30-inalambrico-bluetooth-cancelacin-de-ruido-hasta-10-horas-de-conversacion\/#breadcrumb","itemListElement":[{"@type":"ListItem","position":1,"name":"Inicio","item":"https:\/\/compuviper.mx\/tienda\/"},{"@type":"ListItem","position":2,"name":"Productos","item":"https:\/\/compuviper.mx\/tienda\/productos\/"},{"@type":"ListItem","position":3,"name":"Audifonos Y Micro","item":"https:\/\/compuviper.mx\/tienda\/categoria-producto\/audifonos-y-micro\/"},{"@type":"ListItem","position":4,"name":"Audifono Con Microfono","item":"https:\/\/compuviper.mx\/tienda\/categoria-producto\/audifonos-y-micro\/audifono-con-microfono\/"},{"@type":"ListItem","position":5,"name":"Poly Av4p5aa#ac3 Manos Libres Hp Av4p5aaac3 Voyager Legend 30\/ Inalambrico\/ Bluetooth\/ Cancelacin De Ruido\/ Hasta 10 Horas De Conversacion."}]},{"@type":"WebSite","@id":"https:\/\/compuviper.mx\/tienda\/#website","url":"https:\/\/compuviper.mx\/tienda\/","name":"Compuviper","description":"Proveedor de Computadoras, Laptops, Servidores, Monitores, Puntos de Venta, Teclados,   Impresoras, T\u00f3ner, C\u00e1maras de Seguridad y m\u00e1s en tu tienda en l\u00ednea","publisher":{"@id":"https:\/\/compuviper.mx\/tienda\/#organization"},"potentialAction":[{"@type":"SearchAction","target":{"@type":"EntryPoint","urlTemplate":"https:\/\/compuviper.mx\/tienda\/?s={search_term_string}"},"query-input":"required name=search_term_string"}],"inLanguage":"es-MX"},{"@type":"Organization","@id":"https:\/\/compuviper.mx\/tienda\/#organization","name":"Compuviper","url":"https:\/\/compuviper.mx\/tienda\/","logo":{"@type":"ImageObject","inLanguage":"es-MX","@id":"https:\/\/compuviper.mx\/tienda\/#\/schema\/logo\/image\/","url":"https:\/\/compuviper.mx\/tienda\/wp-content\/uploads\/2021\/08\/Logo-Compuviper-10.png","contentUrl":"https:\/\/compuviper.mx\/tienda\/wp-content\/uploads\/2021\/08\/Logo-Compuviper-10.png","width":1000,"height":500,"caption":"Compuviper"},"image":{"@id":"https:\/\/compuviper.mx\/tienda\/#\/schema\/logo\/image\/"},"sameAs":["https:\/\/www.facebook.com\/compuviper","https:\/\/www.youtube.com\/channel\/UCf73dERp9Y3cfOq7q8BhLjA?view_as=subscriber"]}]},"product_brand":"POLY","product_price_amount":"1624","product_price_currency":"MXN","og_availability":"out of stock","product_availability":"out of stock","product_retailer_item_id":"AV4P5AA#AC3","product_condition":"new"},"_links":{"self":[{"href":"https:\/\/compuviper.mx\/tienda\/wp-json\/wp\/v2\/product\/256741"}],"collection":[{"href":"https:\/\/compuviper.mx\/tienda\/wp-json\/wp\/v2\/product"}],"about":[{"href":"https:\/\/compuviper.mx\/tienda\/wp-json\/wp\/v2\/types\/product"}],"replies":[{"embeddable":true,"href":"https:\/\/compuviper.mx\/tienda\/wp-json\/wp\/v2\/comments?post=256741"}],"wp:featuredmedia":[{"embeddable":true,"href":"https:\/\/compuviper.mx\/tienda\/wp-json\/wp\/v2\/media\/260939"}],"wp:attachment":[{"href":"https:\/\/compuviper.mx\/tienda\/wp-json\/wp\/v2\/media?parent=256741"}],"wp:term":[{"taxonomy":"product_cat","embeddable":true,"href":"https:\/\/compuviper.mx\/tienda\/wp-json\/wp\/v2\/product_cat?post=256741"},{"taxonomy":"product_tag","embeddable":true,"href":"https:\/\/compuviper.mx\/tienda\/wp-json\/wp\/v2\/product_tag?post=256741"}],"curies":[{"name":"wp","href":"https:\/\/api.w.org\/{rel}","templated":true}]}}