{"id":256680,"date":"2026-04-10T00:47:04","date_gmt":"2026-04-10T06:47:04","guid":{"rendered":"https:\/\/compuviper.mx\/tienda\/producto\/samsung-lh65wafwlgcxzx-monitor-interactivo-sealizacion-digital-65-android-os-wa65f-uhd-wifi-16-7-touch\/"},"modified":"2026-04-10T00:47:04","modified_gmt":"2026-04-10T06:47:04","slug":"samsung-lh65wafwlgcxzx-8806097611004-monitor-interactivo-sealizacion-digital-65-android-os-wa65f-uhd-wifi-16-7-touch","status":"publish","type":"product","link":"https:\/\/compuviper.mx\/tienda\/producto\/samsung-lh65wafwlgcxzx-8806097611004-monitor-interactivo-sealizacion-digital-65-android-os-wa65f-uhd-wifi-16-7-touch\/","title":{"rendered":"Samsung Lh65wafwlgcxzx ,8806097611004 Monitor Interactivo Se?alizacion Digital  65 Android Os, Wa65f Uhd, Wifi 16\/7, Touch"},"content":{"rendered":"<table class=\"descripcion\">\n<tr>\n<td>Tama\u00f1o diagonal del panel 65<\/td>\n<\/tr>\n<tr>\n<td>Tipo directo, 60 hz<\/td>\n<\/tr>\n<tr>\n<td>Resoluci\u00f3n 3.840 x 2.160 (paisaje)<\/td>\n<\/tr>\n<tr>\n<td>Brillo (t\u00edpico) 400 cd\/m\u00b2<\/td>\n<\/tr>\n<tr>\n<td>Relaci\u00f3n de contraste (t\u00edp.) 1200: 1<\/td>\n<\/tr>\n<tr>\n<td>\u00e1ngulo de visi\u00f3n (h\/v) 178 : 178<\/td>\n<\/tr>\n<tr>\n<td>Neblina 25%<\/td>\n<\/tr>\n<tr>\n<td>Tiempo de respuesta (g a g) 8 ms<\/td>\n<\/tr>\n<tr>\n<td>Pantalla c\/r din\u00e1mica 4.000: 1<\/td>\n<\/tr>\n<tr>\n<td>Sonido tipo de altavoz altavoz integrado (15 w x 2 canales)<\/td>\n<\/tr>\n<tr>\n<td>Conectividad entrada rgb n\/a<\/td>\n<\/tr>\n<tr>\n<td>V\u00eddeo hdmi 2 (trasero 1, frontal 1) usb c (frontal), ops<\/td>\n<\/tr>\n<tr>\n<td>Audio 1 (miniconector est\u00e9reo)<\/td>\n<\/tr>\n<tr>\n<td>Usb 4 (2,0 x 2, 3,0 x 2)<\/td>\n<\/tr>\n<tr>\n<td>Salida rgb n\/a<\/td>\n<\/tr>\n<tr>\n<td>V\u00eddeo salida hdmi (trasera)<\/td>\n<\/tr>\n<tr>\n<td>Audio 1 (miniconector est\u00e9reo)<\/td>\n<\/tr>\n<tr>\n<td>Touch out touch out 2 (delantero1, trasero1)<\/td>\n<\/tr>\n<tr>\n<td>Sensor interno sensor ecol\u00f3gico<\/td>\n<\/tr>\n<tr>\n<td>Control externo entrada t\u00e1ctil entrada rs232c, entrada rj45<\/td>\n<\/tr>\n<tr>\n<td>Bt\/wifi s\u00ed (teclado\/rat\u00f3n)<\/td>\n<\/tr>\n<tr>\n<td>Protocolo wifi wi-fi 5 (802.11ac)<\/td>\n<\/tr>\n<tr>\n<td>Velocidad de ethernet 1 gbps<\/td>\n<\/tr>\n<tr>\n<td>Tipo t\u00e1ctil ir<\/td>\n<\/tr>\n<tr>\n<td># de toque 40 puntos<\/td>\n<\/tr>\n<tr>\n<td>Tipo de l\u00e1piz t\u00e1ctil l\u00e1piz pasivo<\/td>\n<\/tr>\n<tr>\n<td>Rango de reconocimiento de objetos bol\u00edgrafo frontal: 3 mm bol\u00edgrafo trasero: 8 mm borrador:  and #8805;9 cm\u00b2<\/td>\n<\/tr>\n<tr>\n<td>Rango de reconocimiento de objetos (m\u00ednimo) 2 mm<\/td>\n<\/tr>\n<tr>\n<td>Tiempo de respuesta t\u00e1ctil  and #8804;5 ms<\/td>\n<\/tr>\n<tr>\n<td>Velocidad de dibujo (latencia t\u00e1ctil)  and #8804;45 ms<\/td>\n<\/tr>\n<tr>\n<td>Grosor 3,2 t<\/td>\n<\/tr>\n<tr>\n<td>Tipo de energ\u00eda interna<\/td>\n<\/tr>\n<tr>\n<td>Fuente de alimentaci\u00f3n ac100-240v 50\/60hz<\/td>\n<\/tr>\n<tr>\n<td>Consumo de energ\u00eda m\u00e1x. [w\/h] 409 w\/h<\/td>\n<\/tr>\n<tr>\n<td>T\u00edpico [w\/h] 172 w\/h (iec62087 \/ energystar: 137 w\/h)<\/td>\n<\/tr>\n<tr>\n<td>Clasificaci\u00f3n [w\/h] 371 w\/h<\/td>\n<\/tr>\n<tr>\n<td>En espera [w\/h] 0,5 w\/h<\/td>\n<\/tr>\n<tr>\n<td>Btu 388<\/td>\n<\/tr>\n<tr>\n<td>Juego de dimensiones mec\u00e1nicas (mm) 1.482,1 x 891,4 x 87,7 mm<\/td>\n<\/tr>\n<tr>\n<td>Paquete 1.640 x 1.010 x 185 mm<\/td>\n<\/tr>\n<tr>\n<td>Peso (kg) juego 36,2 kg<\/td>\n<\/tr>\n<tr>\n<td>Paquete 44,5 kg<\/td>\n<\/tr>\n<tr>\n<td>Soporte vesa 600 x 400<\/td>\n<\/tr>\n<tr>\n<td>Vidrio de protecci\u00f3n s\u00ed<\/td>\n<\/tr>\n<tr>\n<td>Tipo de soporte montaje en pared vesa<\/td>\n<\/tr>\n<tr>\n<td>Tipo de opci\u00f3n de reproductor multimedia ranura ops<\/td>\n<\/tr>\n<tr>\n<td>Rotaci\u00f3n horizontal \u00fanicamente<\/td>\n<\/tr>\n<tr>\n<td>Longitud del cable de alimentaci\u00f3n 3 m<\/td>\n<\/tr>\n<tr>\n<td>Dise\u00f1o color del bisel negro<\/td>\n<\/tr>\n<tr>\n<td>Operaci\u00f3n temperatura de funcionamiento 0  and #8451; ~ 40  and #8451;<\/td>\n<\/tr>\n<tr>\n<td>Humedad 10~80%<\/td>\n<\/tr>\n<tr>\n<td>Tecla de funci\u00f3n del sistema operativo android 14 con certificaci\u00f3n edla<\/td>\n<\/tr>\n<tr>\n<td>Orientaci\u00f3n paisaje<\/td>\n<\/tr>\n<tr>\n<td>Superposici\u00f3n t\u00e1ctil h\/w (ir), conectividad frontal, compatibilidad con ops i\/f, sensor ecol\u00f3gico, wifi\/bt integrado<\/td>\n<\/tr>\n<tr>\n<td>S\/w primera pantalla iniciador de inicio de android<\/td>\n<\/tr>\n<tr>\n<td>Aplicaciones playstore, chrome, youtube, google drive, aplicaci\u00f3n note, screenshare, finder, etc.<\/td>\n<\/tr>\n<tr>\n<td>Webrtc s\u00ed<\/td>\n<\/tr>\n<tr>\n<td>Compartir pantalla s\u00ed<\/td>\n<\/tr>\n<tr>\n<td>Reproductor interno (h\/w integrado) procesador octacore (a73 x 4 + a53 x 4)<\/td>\n<\/tr>\n<tr>\n<td>Ram 8gb<\/td>\n<\/tr>\n<tr>\n<td>Almacenamiento 64gb<\/td>\n<\/tr>\n<tr>\n<td>Operante<\/td>\n<\/tr>\n<tr>\n<td>Sistema android 14<\/td>\n<\/tr>\n<tr>\n<td>Safety iec62368-1 \/ ul62368-1 \/ iec60950-1 \/ is13252<\/td>\n<\/tr>\n<tr>\n<td>Emc fcc cfr title 47, part 15, subpart b \/ en55032:2015+a11:2020<\/td>\n<\/tr>\n<tr>\n<td>Environment energy star<\/td>\n<\/tr>\n<tr>\n<td>Security wfa \/ wpa \/ wpa2 \/ wpa3 personal \/ wps2.0<\/td>\n<\/tr>\n<tr>\n<td>Accessories included power cord, remote controller, hdmi cable, touch pen (2ea, black), usb cable, warranty \/ qsg<\/td>\n<\/tr>\n<tr>\n<td>Optional stand n \/ a<\/td>\n<\/tr>\n<tr>\n<td>(3rd party company stand \/ mount can be supported through vesa)<\/td>\n<\/tr>\n<tr>\n<td>Mount<\/td>\n<\/tr>\n<\/table>\n","protected":false},"excerpt":{"rendered":"<p>Tama\u00f1o diagonal del panel 65 Tipo directo, 60 hz Resoluci\u00f3n 3.840 x 2.160 (paisaje) Brillo (t\u00edpico) 400 cd\/m\u00b2 Relaci\u00f3n de contraste (t\u00edp.) 1200: 1 \u00e1ngulo de visi\u00f3n (h\/v) 178 : 178 Neblina 25% Tiempo de respuesta (g a g) 8 ms Pantalla c\/r din\u00e1mica 4.000: 1 Sonido tipo de altavoz altavoz integrado (15 w x [&hellip;]<\/p>\n","protected":false},"featured_media":260002,"comment_status":"open","ping_status":"open","template":"","meta":[],"product_cat":[1740,1742],"product_tag":[1743],"acf":[],"yoast_head":"<!-- This site is optimized with the Yoast SEO plugin v21.7 - https:\/\/yoast.com\/wordpress\/plugins\/seo\/ -->\n<title>[ Samsung ] &#129351; Lh65wafwlgcxzx ,8806097611004 Monitor Interactivo Se\u00f1alizacion Digital 65 Android Os, Wa65f Uhd, Wifi 16\/7, Touch<\/title>\n<meta name=\"description\" content=\"Compra Lh65wafwlgcxzx ,8806097611004 Monitor Interactivo Se\u00f1alizacion Digital 65 Android Os, Wa65f Uhd, Wifi 16\/7, Touch + Env\u00edo a domicilio + Pago seguro + Garant\u00eda\" \/>\n<meta name=\"robots\" content=\"index, follow, max-snippet:-1, max-image-preview:large, max-video-preview:-1\" \/>\n<link rel=\"canonical\" href=\"https:\/\/compuviper.mx\/tienda\/producto\/samsung-lh65wafwlgcxzx-8806097611004-monitor-interactivo-sealizacion-digital-65-android-os-wa65f-uhd-wifi-16-7-touch\/\" \/>\n<meta property=\"og:locale\" content=\"es_MX\" \/>\n<meta property=\"og:type\" content=\"article\" \/>\n<meta property=\"og:title\" content=\"[ Samsung ] &#129351; Lh65wafwlgcxzx ,8806097611004 Monitor Interactivo Se\u00f1alizacion Digital 65 Android Os, Wa65f Uhd, Wifi 16\/7, Touch\" \/>\n<meta property=\"og:description\" content=\"Compra Lh65wafwlgcxzx ,8806097611004 Monitor Interactivo Se\u00f1alizacion Digital 65 Android Os, Wa65f Uhd, Wifi 16\/7, Touch + Env\u00edo a domicilio + Pago seguro + Garant\u00eda\" \/>\n<meta property=\"og:url\" content=\"https:\/\/compuviper.mx\/tienda\/producto\/samsung-lh65wafwlgcxzx-8806097611004-monitor-interactivo-sealizacion-digital-65-android-os-wa65f-uhd-wifi-16-7-touch\/\" \/>\n<meta property=\"og:site_name\" content=\"Compuviper\" \/>\n<meta property=\"article:publisher\" content=\"https:\/\/www.facebook.com\/compuviper\" \/>\n<meta property=\"og:image\" content=\"https:\/\/compuviper.mx\/tienda\/wp-content\/uploads\/2025\/10\/Monitor-interactivo-senalizacion-digital-samsung-65-android-os-wa65f-uhd-wifi-167-touch.jpg\" \/>\n\t<meta property=\"og:image:width\" content=\"200\" \/>\n\t<meta property=\"og:image:height\" content=\"200\" \/>\n\t<meta property=\"og:image:type\" content=\"image\/jpeg\" \/>\n<meta name=\"twitter:card\" content=\"summary_large_image\" \/>\n<meta name=\"twitter:label1\" content=\"Precio\" \/>\n\t<meta name=\"twitter:data1\" content=\"&#36;21,612 con IVA\" \/>\n\t<meta name=\"twitter:label2\" content=\"Availability\" \/>\n\t<meta name=\"twitter:data2\" content=\"Out of stock\" \/>\n<script type=\"application\/ld+json\" class=\"yoast-schema-graph\">{\"@context\":\"https:\/\/schema.org\",\"@graph\":[{\"@type\":\"WebPage\",\"@id\":\"https:\/\/compuviper.mx\/tienda\/producto\/samsung-lh65wafwlgcxzx-8806097611004-monitor-interactivo-sealizacion-digital-65-android-os-wa65f-uhd-wifi-16-7-touch\/\",\"url\":\"https:\/\/compuviper.mx\/tienda\/producto\/samsung-lh65wafwlgcxzx-8806097611004-monitor-interactivo-sealizacion-digital-65-android-os-wa65f-uhd-wifi-16-7-touch\/\",\"name\":\"[ Samsung ] &#129351; Lh65wafwlgcxzx ,8806097611004 Monitor Interactivo Se\u00f1alizacion Digital 65 Android Os, Wa65f Uhd, Wifi 16\/7, Touch\",\"isPartOf\":{\"@id\":\"https:\/\/compuviper.mx\/tienda\/#website\"},\"datePublished\":\"2026-04-10T06:47:04+00:00\",\"dateModified\":\"2026-04-10T06:47:04+00:00\",\"description\":\"Compra Lh65wafwlgcxzx ,8806097611004 Monitor Interactivo Se\u00f1alizacion Digital 65 Android Os, Wa65f Uhd, Wifi 16\/7, Touch + Env\u00edo a domicilio + Pago seguro + Garant\u00eda\",\"breadcrumb\":{\"@id\":\"https:\/\/compuviper.mx\/tienda\/producto\/samsung-lh65wafwlgcxzx-8806097611004-monitor-interactivo-sealizacion-digital-65-android-os-wa65f-uhd-wifi-16-7-touch\/#breadcrumb\"},\"inLanguage\":\"es-MX\",\"potentialAction\":[{\"@type\":\"ReadAction\",\"target\":[\"https:\/\/compuviper.mx\/tienda\/producto\/samsung-lh65wafwlgcxzx-8806097611004-monitor-interactivo-sealizacion-digital-65-android-os-wa65f-uhd-wifi-16-7-touch\/\"]}]},{\"@type\":\"BreadcrumbList\",\"@id\":\"https:\/\/compuviper.mx\/tienda\/producto\/samsung-lh65wafwlgcxzx-8806097611004-monitor-interactivo-sealizacion-digital-65-android-os-wa65f-uhd-wifi-16-7-touch\/#breadcrumb\",\"itemListElement\":[{\"@type\":\"ListItem\",\"position\":1,\"name\":\"Inicio\",\"item\":\"https:\/\/compuviper.mx\/tienda\/\"},{\"@type\":\"ListItem\",\"position\":2,\"name\":\"Productos\",\"item\":\"https:\/\/compuviper.mx\/tienda\/productos\/\"},{\"@type\":\"ListItem\",\"position\":3,\"name\":\"Monitores\",\"item\":\"https:\/\/compuviper.mx\/tienda\/categoria-producto\/monitores\/\"},{\"@type\":\"ListItem\",\"position\":4,\"name\":\"Touch Screen\",\"item\":\"https:\/\/compuviper.mx\/tienda\/categoria-producto\/monitores\/touch-screen\/\"},{\"@type\":\"ListItem\",\"position\":5,\"name\":\"Samsung Lh65wafwlgcxzx ,8806097611004 Monitor Interactivo Se?alizacion Digital 65 Android Os, Wa65f Uhd, Wifi 16\/7, Touch\"}]},{\"@type\":\"WebSite\",\"@id\":\"https:\/\/compuviper.mx\/tienda\/#website\",\"url\":\"https:\/\/compuviper.mx\/tienda\/\",\"name\":\"Compuviper\",\"description\":\"Proveedor de Computadoras, Laptops, Servidores, Monitores, Puntos de Venta, Teclados,   Impresoras, T\u00f3ner, C\u00e1maras de Seguridad y m\u00e1s en tu tienda en l\u00ednea\",\"publisher\":{\"@id\":\"https:\/\/compuviper.mx\/tienda\/#organization\"},\"potentialAction\":[{\"@type\":\"SearchAction\",\"target\":{\"@type\":\"EntryPoint\",\"urlTemplate\":\"https:\/\/compuviper.mx\/tienda\/?s={search_term_string}\"},\"query-input\":\"required name=search_term_string\"}],\"inLanguage\":\"es-MX\"},{\"@type\":\"Organization\",\"@id\":\"https:\/\/compuviper.mx\/tienda\/#organization\",\"name\":\"Compuviper\",\"url\":\"https:\/\/compuviper.mx\/tienda\/\",\"logo\":{\"@type\":\"ImageObject\",\"inLanguage\":\"es-MX\",\"@id\":\"https:\/\/compuviper.mx\/tienda\/#\/schema\/logo\/image\/\",\"url\":\"https:\/\/compuviper.mx\/tienda\/wp-content\/uploads\/2021\/08\/Logo-Compuviper-10.png\",\"contentUrl\":\"https:\/\/compuviper.mx\/tienda\/wp-content\/uploads\/2021\/08\/Logo-Compuviper-10.png\",\"width\":1000,\"height\":500,\"caption\":\"Compuviper\"},\"image\":{\"@id\":\"https:\/\/compuviper.mx\/tienda\/#\/schema\/logo\/image\/\"},\"sameAs\":[\"https:\/\/www.facebook.com\/compuviper\",\"https:\/\/www.youtube.com\/channel\/UCf73dERp9Y3cfOq7q8BhLjA?view_as=subscriber\"]}]}<\/script>\n<meta property=\"product:brand\" content=\"SAMSUNG\" \/>\n<meta property=\"product:price:amount\" content=\"21612\" \/>\n<meta property=\"product:price:currency\" content=\"MXN\" \/>\n<meta property=\"og:availability\" content=\"out of stock\" \/>\n<meta property=\"product:availability\" content=\"out of stock\" \/>\n<meta property=\"product:retailer_item_id\" content=\"LH65WAFWLGCXZX ,8806097611004\" \/>\n<meta property=\"product:condition\" content=\"new\" \/>\n<!-- \/ Yoast SEO plugin. -->","yoast_head_json":{"title":"[ Samsung ] &#129351; Lh65wafwlgcxzx ,8806097611004 Monitor Interactivo Se\u00f1alizacion Digital 65 Android Os, Wa65f Uhd, Wifi 16\/7, Touch","description":"Compra Lh65wafwlgcxzx ,8806097611004 Monitor Interactivo Se\u00f1alizacion Digital 65 Android Os, Wa65f Uhd, Wifi 16\/7, Touch + Env\u00edo a domicilio + Pago seguro + Garant\u00eda","robots":{"index":"index","follow":"follow","max-snippet":"max-snippet:-1","max-image-preview":"max-image-preview:large","max-video-preview":"max-video-preview:-1"},"canonical":"https:\/\/compuviper.mx\/tienda\/producto\/samsung-lh65wafwlgcxzx-8806097611004-monitor-interactivo-sealizacion-digital-65-android-os-wa65f-uhd-wifi-16-7-touch\/","og_locale":"es_MX","og_type":"article","og_title":"[ Samsung ] &#129351; Lh65wafwlgcxzx ,8806097611004 Monitor Interactivo Se\u00f1alizacion Digital 65 Android Os, Wa65f Uhd, Wifi 16\/7, Touch","og_description":"Compra Lh65wafwlgcxzx ,8806097611004 Monitor Interactivo Se\u00f1alizacion Digital 65 Android Os, Wa65f Uhd, Wifi 16\/7, Touch + Env\u00edo a domicilio + Pago seguro + Garant\u00eda","og_url":"https:\/\/compuviper.mx\/tienda\/producto\/samsung-lh65wafwlgcxzx-8806097611004-monitor-interactivo-sealizacion-digital-65-android-os-wa65f-uhd-wifi-16-7-touch\/","og_site_name":"Compuviper","article_publisher":"https:\/\/www.facebook.com\/compuviper","og_image":[{"width":200,"height":200,"url":"https:\/\/compuviper.mx\/tienda\/wp-content\/uploads\/2025\/10\/Monitor-interactivo-senalizacion-digital-samsung-65-android-os-wa65f-uhd-wifi-167-touch.jpg","type":"image\/jpeg"}],"twitter_card":"summary_large_image","twitter_misc":{"Precio":"&#36;21,612 con IVA","Availability":"Out of stock"},"schema":{"@context":"https:\/\/schema.org","@graph":[{"@type":"WebPage","@id":"https:\/\/compuviper.mx\/tienda\/producto\/samsung-lh65wafwlgcxzx-8806097611004-monitor-interactivo-sealizacion-digital-65-android-os-wa65f-uhd-wifi-16-7-touch\/","url":"https:\/\/compuviper.mx\/tienda\/producto\/samsung-lh65wafwlgcxzx-8806097611004-monitor-interactivo-sealizacion-digital-65-android-os-wa65f-uhd-wifi-16-7-touch\/","name":"[ Samsung ] &#129351; Lh65wafwlgcxzx ,8806097611004 Monitor Interactivo Se\u00f1alizacion Digital 65 Android Os, Wa65f Uhd, Wifi 16\/7, Touch","isPartOf":{"@id":"https:\/\/compuviper.mx\/tienda\/#website"},"datePublished":"2026-04-10T06:47:04+00:00","dateModified":"2026-04-10T06:47:04+00:00","description":"Compra Lh65wafwlgcxzx ,8806097611004 Monitor Interactivo Se\u00f1alizacion Digital 65 Android Os, Wa65f Uhd, Wifi 16\/7, Touch + Env\u00edo a domicilio + Pago seguro + Garant\u00eda","breadcrumb":{"@id":"https:\/\/compuviper.mx\/tienda\/producto\/samsung-lh65wafwlgcxzx-8806097611004-monitor-interactivo-sealizacion-digital-65-android-os-wa65f-uhd-wifi-16-7-touch\/#breadcrumb"},"inLanguage":"es-MX","potentialAction":[{"@type":"ReadAction","target":["https:\/\/compuviper.mx\/tienda\/producto\/samsung-lh65wafwlgcxzx-8806097611004-monitor-interactivo-sealizacion-digital-65-android-os-wa65f-uhd-wifi-16-7-touch\/"]}]},{"@type":"BreadcrumbList","@id":"https:\/\/compuviper.mx\/tienda\/producto\/samsung-lh65wafwlgcxzx-8806097611004-monitor-interactivo-sealizacion-digital-65-android-os-wa65f-uhd-wifi-16-7-touch\/#breadcrumb","itemListElement":[{"@type":"ListItem","position":1,"name":"Inicio","item":"https:\/\/compuviper.mx\/tienda\/"},{"@type":"ListItem","position":2,"name":"Productos","item":"https:\/\/compuviper.mx\/tienda\/productos\/"},{"@type":"ListItem","position":3,"name":"Monitores","item":"https:\/\/compuviper.mx\/tienda\/categoria-producto\/monitores\/"},{"@type":"ListItem","position":4,"name":"Touch Screen","item":"https:\/\/compuviper.mx\/tienda\/categoria-producto\/monitores\/touch-screen\/"},{"@type":"ListItem","position":5,"name":"Samsung Lh65wafwlgcxzx ,8806097611004 Monitor Interactivo Se?alizacion Digital 65 Android Os, Wa65f Uhd, Wifi 16\/7, Touch"}]},{"@type":"WebSite","@id":"https:\/\/compuviper.mx\/tienda\/#website","url":"https:\/\/compuviper.mx\/tienda\/","name":"Compuviper","description":"Proveedor de Computadoras, Laptops, Servidores, Monitores, Puntos de Venta, Teclados,   Impresoras, T\u00f3ner, C\u00e1maras de Seguridad y m\u00e1s en tu tienda en l\u00ednea","publisher":{"@id":"https:\/\/compuviper.mx\/tienda\/#organization"},"potentialAction":[{"@type":"SearchAction","target":{"@type":"EntryPoint","urlTemplate":"https:\/\/compuviper.mx\/tienda\/?s={search_term_string}"},"query-input":"required name=search_term_string"}],"inLanguage":"es-MX"},{"@type":"Organization","@id":"https:\/\/compuviper.mx\/tienda\/#organization","name":"Compuviper","url":"https:\/\/compuviper.mx\/tienda\/","logo":{"@type":"ImageObject","inLanguage":"es-MX","@id":"https:\/\/compuviper.mx\/tienda\/#\/schema\/logo\/image\/","url":"https:\/\/compuviper.mx\/tienda\/wp-content\/uploads\/2021\/08\/Logo-Compuviper-10.png","contentUrl":"https:\/\/compuviper.mx\/tienda\/wp-content\/uploads\/2021\/08\/Logo-Compuviper-10.png","width":1000,"height":500,"caption":"Compuviper"},"image":{"@id":"https:\/\/compuviper.mx\/tienda\/#\/schema\/logo\/image\/"},"sameAs":["https:\/\/www.facebook.com\/compuviper","https:\/\/www.youtube.com\/channel\/UCf73dERp9Y3cfOq7q8BhLjA?view_as=subscriber"]}]},"product_brand":"SAMSUNG","product_price_amount":"21612","product_price_currency":"MXN","og_availability":"out of stock","product_availability":"out of stock","product_retailer_item_id":"LH65WAFWLGCXZX ,8806097611004","product_condition":"new"},"_links":{"self":[{"href":"https:\/\/compuviper.mx\/tienda\/wp-json\/wp\/v2\/product\/256680"}],"collection":[{"href":"https:\/\/compuviper.mx\/tienda\/wp-json\/wp\/v2\/product"}],"about":[{"href":"https:\/\/compuviper.mx\/tienda\/wp-json\/wp\/v2\/types\/product"}],"replies":[{"embeddable":true,"href":"https:\/\/compuviper.mx\/tienda\/wp-json\/wp\/v2\/comments?post=256680"}],"wp:featuredmedia":[{"embeddable":true,"href":"https:\/\/compuviper.mx\/tienda\/wp-json\/wp\/v2\/media\/260002"}],"wp:attachment":[{"href":"https:\/\/compuviper.mx\/tienda\/wp-json\/wp\/v2\/media?parent=256680"}],"wp:term":[{"taxonomy":"product_cat","embeddable":true,"href":"https:\/\/compuviper.mx\/tienda\/wp-json\/wp\/v2\/product_cat?post=256680"},{"taxonomy":"product_tag","embeddable":true,"href":"https:\/\/compuviper.mx\/tienda\/wp-json\/wp\/v2\/product_tag?post=256680"}],"curies":[{"name":"wp","href":"https:\/\/api.w.org\/{rel}","templated":true}]}}