{"id":256546,"date":"2026-04-23T00:18:03","date_gmt":"2026-04-23T06:18:03","guid":{"rendered":"https:\/\/compuviper.mx\/tienda\/producto\/dahua-dh-hac-hfw1200tlmn-il-t-camara-hdcvi-plus-hac-hfw1200tlm-il-t-bullet-de-2-mp-lente-de-2-8-mm-apertura-de-hasta-111-audio-bidireccional-iluminador-dual-inteligente-hasta-40m-metal-plas\/"},"modified":"2026-04-23T00:18:03","modified_gmt":"2026-04-23T06:18:03","slug":"dahua-dh-hac-hfw1200tlmn-il-t-camara-hdcvi-plus-hac-hfw1200tlm-il-t-bullet-de-2-mp-lente-de-2-8-mm-apertura-de-hasta-111-audio-bidireccional-iluminador-dual-inteligente-hasta-40m-metal-plas","status":"publish","type":"product","link":"https:\/\/compuviper.mx\/tienda\/producto\/dahua-dh-hac-hfw1200tlmn-il-t-camara-hdcvi-plus-hac-hfw1200tlm-il-t-bullet-de-2-mp-lente-de-2-8-mm-apertura-de-hasta-111-audio-bidireccional-iluminador-dual-inteligente-hasta-40m-metal-plas\/","title":{"rendered":"Dahua Dh-hac-hfw1200tlmn-il-t Camara Hdcvi Plus\/ \/ Hac-hfw1200tlm-il-t\/ Bullet De 2 Mp\/ Lente De 2.8 Mm Apertura De Hasta 111?\/ Audio Bidireccional\/ Iluminador Dual Inteligente Hasta 40m\/ Metal + Plastico"},"content":{"rendered":"<table class=\"descripcion\">\n<tr>\n<td>Especificaciones tecnicas<\/td>\n<\/tr>\n<tr>\n<td>\u0095 sensor de imagen: cmos de 2 mp<\/td>\n<\/tr>\n<tr>\n<td>\u0095 resolucion maxima: 1920 (alto) \u00d7 1080 (vertical)<\/td>\n<\/tr>\n<tr>\n<td>\u0095 sistema de escaneo: progresivo<\/td>\n<\/tr>\n<tr>\n<td>\u0095 velocidad de obturacion electronica: pal: 1\/25 s\u00961\/100 000 s; ntsc: 1\/30 s\u00961\/100 000 s<\/td>\n<\/tr>\n<tr>\n<td>\u0095 iluminacion minima: 0,01 lux (color); 0,001 lux (blanco y negro); 0 lux (ir activado)<\/td>\n<\/tr>\n<tr>\n<td>\u0095 relacion senal\/ruido:   65 db<\/td>\n<\/tr>\n<tr>\n<td>\u0095 modo de iluminacion: ir inteligente y luz blanca (wl); solo ir; solo wl<\/td>\n<\/tr>\n<tr>\n<td>\u0095 distancia de iluminacion: 40 m<\/td>\n<\/tr>\n<tr>\n<td>\u0095 numero de iluminadores: 4 (multinucleo)<\/td>\n<\/tr>\n<tr>\n<td>\u0095 control de iluminador: automatico \/ manual<\/td>\n<\/tr>\n<tr>\n<td>\u0095 longitud focal: 2,8 mm \/ 3,6 mm<\/td>\n<\/tr>\n<tr>\n<td>\u0095 apertura maxima: f2.0<\/td>\n<\/tr>\n<tr>\n<td>\u0095 montura de lente: m12<\/td>\n<\/tr>\n<tr>\n<td>\u0095 nivel anticorrosion: proteccion basica<\/td>\n<\/tr>\n<tr>\n<td>\u0095 material del cuerpo: frontal de metal, barril trasero de plastico, soporte metalico<\/td>\n<\/tr>\n<tr>\n<td>\u0095 dimensiones del producto: 198,4 mm \u00d7 80,2 mm \u00d7 76,2 mm<\/td>\n<\/tr>\n<tr>\n<td>\u0095 peso neto: 0,34 k<\/td>\n<\/tr>\n<tr>\n<td>\u0095 certificaciones: ce-lvd: en 62368-1; ce-emc: en 55032; en 55035<\/td>\n<\/tr>\n<tr>\n<td>Incluye<\/td>\n<\/tr>\n<tr>\n<td>\u0095 1x camara tipo bullet 2mp dh-hac-hfw1200tlm-il-t<\/td>\n<\/tr>\n<tr>\n<td>\u0095 1x manual de usuario<\/td>\n<\/tr>\n<tr>\n<td>\u0095 1x poliza de garantia<\/td>\n<\/tr>\n<\/table>\n","protected":false},"excerpt":{"rendered":"<p>Informacion general. La dahua dh-hac-hfw1200tlm-il-t es una camara tipo bullet hdcvi de 2 megapixeles, disenada para brindar imagenes en alta definicion 1080p tanto de dia como de noche, gracias a su iluminador dual inteligente que combina luz blanca e infrarroja. Con un lente fijo de 2.8 mm, ofrece una amplia cobertura con angulo de vision de hasta 100\u00b0. Su microfono integrado permite grabar audio ambiente y su estructura metalica garantiza resistencia a condiciones exteriores. Compatible con formatos cvi, ahd, tvi y cvbs, es una solucion ideal para sistemas de videovigilancia hibridos, manteniendo alta calidad y eficiencia energetica con hdcvi. Importante: en los equipos dahua de la serie xplus, el audio bidireccional solo es funcional cuando se utiliza cable coaxial directo (no es compatible con baluns de video ni transceptores), y su distancia maxima depende del tipo de cable: hasta 100 metros con rg58 bnc y hasta 200 metros con rg59 bnc, es compatible unicamente con grabadores xvr de la misma serie xplus, su uso con modelos distintos podria resultar en perdida de funcionalidad de audio bidireccional. Caracteristicas principales. \u0095 iluminador dual inteligente (ir + luz blanca) para vision nocturna adaptativa. \u0095 compatible con cvi, ahd, tvi y cvbs. \u0095 carcasa metalica resistente para exteriores. \u0095 alta fidelidad de imagen en resolucion full hd. \u0095 facil instalacion y operacion.<\/p>\n","protected":false},"featured_media":259470,"comment_status":"open","ping_status":"open","template":"","meta":[],"product_cat":[1608,1681],"product_tag":[1555],"acf":[],"yoast_head":"<!-- This site is optimized with the Yoast SEO plugin v21.7 - https:\/\/yoast.com\/wordpress\/plugins\/seo\/ -->\n<title>[ Dahua ] &#129351; Dh-hac-hfw1200tlmn-il-t Camara Hdcvi Plus\/ \/ Hac-hfw1200tlm-il-t\/ Bullet De 2 Mp\/ Lente De 2.8 Mm Apertura De Hasta 111\u00b0\/ Audio Bidireccional\/ Iluminador Dual Inteligente Hasta 40m\/ Metal + Plastico<\/title>\n<meta name=\"description\" content=\"Compra Dh-hac-hfw1200tlmn-il-t Camara Hdcvi Plus\/ \/ Hac-hfw1200tlm-il-t\/ Bullet De 2 Mp\/ Lente De 2.8 Mm Apertura De Hasta 111\u00b0\/ Audio Bidireccional\/ Iluminador Dual Inteligente Hasta 40m\/ Metal + Plastico + Env\u00edo a domicilio + Pago seguro + Garant\u00eda\" \/>\n<meta name=\"robots\" content=\"index, follow, max-snippet:-1, max-image-preview:large, max-video-preview:-1\" \/>\n<link rel=\"canonical\" href=\"https:\/\/compuviper.mx\/tienda\/producto\/dahua-dh-hac-hfw1200tlmn-il-t-camara-hdcvi-plus-hac-hfw1200tlm-il-t-bullet-de-2-mp-lente-de-2-8-mm-apertura-de-hasta-111-audio-bidireccional-iluminador-dual-inteligente-hasta-40m-metal-plas\/\" \/>\n<meta property=\"og:locale\" content=\"es_MX\" \/>\n<meta property=\"og:type\" content=\"article\" \/>\n<meta property=\"og:title\" content=\"[ Dahua ] &#129351; Dh-hac-hfw1200tlmn-il-t Camara Hdcvi Plus\/ \/ Hac-hfw1200tlm-il-t\/ Bullet De 2 Mp\/ Lente De 2.8 Mm Apertura De Hasta 111\u00b0\/ Audio Bidireccional\/ Iluminador Dual Inteligente Hasta 40m\/ Metal + Plastico\" \/>\n<meta property=\"og:description\" content=\"Compra Dh-hac-hfw1200tlmn-il-t Camara Hdcvi Plus\/ \/ Hac-hfw1200tlm-il-t\/ Bullet De 2 Mp\/ Lente De 2.8 Mm Apertura De Hasta 111\u00b0\/ Audio Bidireccional\/ Iluminador Dual Inteligente Hasta 40m\/ Metal + Plastico + Env\u00edo a domicilio + Pago seguro + Garant\u00eda\" \/>\n<meta property=\"og:url\" content=\"https:\/\/compuviper.mx\/tienda\/producto\/dahua-dh-hac-hfw1200tlmn-il-t-camara-hdcvi-plus-hac-hfw1200tlm-il-t-bullet-de-2-mp-lente-de-2-8-mm-apertura-de-hasta-111-audio-bidireccional-iluminador-dual-inteligente-hasta-40m-metal-plas\/\" \/>\n<meta property=\"og:site_name\" content=\"Compuviper\" \/>\n<meta property=\"article:publisher\" content=\"https:\/\/www.facebook.com\/compuviper\" \/>\n<meta property=\"og:image\" content=\"https:\/\/compuviper.mx\/tienda\/wp-content\/uploads\/2025\/10\/Camara-hdcvi-plus-dahua-hac-hfw1200tlm-il-t-bullet-de-2-mp-lente-de-2.8-mm-apertura-de-hasta-111\u00b0-audio-bidireccional-iluminador-dual-inteligente-hasta-40m-metal-plastico.jpg\" \/>\n\t<meta property=\"og:image:width\" content=\"200\" \/>\n\t<meta property=\"og:image:height\" content=\"200\" \/>\n\t<meta property=\"og:image:type\" content=\"image\/jpeg\" \/>\n<meta name=\"twitter:card\" content=\"summary_large_image\" \/>\n<meta name=\"twitter:label1\" content=\"Precio\" \/>\n\t<meta name=\"twitter:data1\" content=\"&#36;558 con IVA\" \/>\n\t<meta name=\"twitter:label2\" content=\"Availability\" \/>\n\t<meta name=\"twitter:data2\" content=\"In stock\" \/>\n<script type=\"application\/ld+json\" class=\"yoast-schema-graph\">{\"@context\":\"https:\/\/schema.org\",\"@graph\":[{\"@type\":\"WebPage\",\"@id\":\"https:\/\/compuviper.mx\/tienda\/producto\/dahua-dh-hac-hfw1200tlmn-il-t-camara-hdcvi-plus-hac-hfw1200tlm-il-t-bullet-de-2-mp-lente-de-2-8-mm-apertura-de-hasta-111-audio-bidireccional-iluminador-dual-inteligente-hasta-40m-metal-plas\/\",\"url\":\"https:\/\/compuviper.mx\/tienda\/producto\/dahua-dh-hac-hfw1200tlmn-il-t-camara-hdcvi-plus-hac-hfw1200tlm-il-t-bullet-de-2-mp-lente-de-2-8-mm-apertura-de-hasta-111-audio-bidireccional-iluminador-dual-inteligente-hasta-40m-metal-plas\/\",\"name\":\"[ Dahua ] &#129351; Dh-hac-hfw1200tlmn-il-t Camara Hdcvi Plus\/ \/ Hac-hfw1200tlm-il-t\/ Bullet De 2 Mp\/ Lente De 2.8 Mm Apertura De Hasta 111\u00b0\/ Audio Bidireccional\/ Iluminador Dual Inteligente Hasta 40m\/ Metal + Plastico\",\"isPartOf\":{\"@id\":\"https:\/\/compuviper.mx\/tienda\/#website\"},\"datePublished\":\"2026-04-23T06:18:03+00:00\",\"dateModified\":\"2026-04-23T06:18:03+00:00\",\"description\":\"Compra Dh-hac-hfw1200tlmn-il-t Camara Hdcvi Plus\/ \/ Hac-hfw1200tlm-il-t\/ Bullet De 2 Mp\/ Lente De 2.8 Mm Apertura De Hasta 111\u00b0\/ Audio Bidireccional\/ Iluminador Dual Inteligente Hasta 40m\/ Metal + Plastico + Env\u00edo a domicilio + Pago seguro + Garant\u00eda\",\"breadcrumb\":{\"@id\":\"https:\/\/compuviper.mx\/tienda\/producto\/dahua-dh-hac-hfw1200tlmn-il-t-camara-hdcvi-plus-hac-hfw1200tlm-il-t-bullet-de-2-mp-lente-de-2-8-mm-apertura-de-hasta-111-audio-bidireccional-iluminador-dual-inteligente-hasta-40m-metal-plas\/#breadcrumb\"},\"inLanguage\":\"es-MX\",\"potentialAction\":[{\"@type\":\"ReadAction\",\"target\":[\"https:\/\/compuviper.mx\/tienda\/producto\/dahua-dh-hac-hfw1200tlmn-il-t-camara-hdcvi-plus-hac-hfw1200tlm-il-t-bullet-de-2-mp-lente-de-2-8-mm-apertura-de-hasta-111-audio-bidireccional-iluminador-dual-inteligente-hasta-40m-metal-plas\/\"]}]},{\"@type\":\"BreadcrumbList\",\"@id\":\"https:\/\/compuviper.mx\/tienda\/producto\/dahua-dh-hac-hfw1200tlmn-il-t-camara-hdcvi-plus-hac-hfw1200tlm-il-t-bullet-de-2-mp-lente-de-2-8-mm-apertura-de-hasta-111-audio-bidireccional-iluminador-dual-inteligente-hasta-40m-metal-plas\/#breadcrumb\",\"itemListElement\":[{\"@type\":\"ListItem\",\"position\":1,\"name\":\"Inicio\",\"item\":\"https:\/\/compuviper.mx\/tienda\/\"},{\"@type\":\"ListItem\",\"position\":2,\"name\":\"Productos\",\"item\":\"https:\/\/compuviper.mx\/tienda\/productos\/\"},{\"@type\":\"ListItem\",\"position\":3,\"name\":\"Camaras\",\"item\":\"https:\/\/compuviper.mx\/tienda\/categoria-producto\/camaras-2\/\"},{\"@type\":\"ListItem\",\"position\":4,\"name\":\"Camara De Videovigilancia\",\"item\":\"https:\/\/compuviper.mx\/tienda\/categoria-producto\/camaras-2\/camara-de-videovigilancia\/\"},{\"@type\":\"ListItem\",\"position\":5,\"name\":\"Dahua Dh-hac-hfw1200tlmn-il-t Camara Hdcvi Plus\/ \/ Hac-hfw1200tlm-il-t\/ Bullet De 2 Mp\/ Lente De 2.8 Mm Apertura De Hasta 111?\/ Audio Bidireccional\/ Iluminador Dual Inteligente Hasta 40m\/ Metal + Plastico\"}]},{\"@type\":\"WebSite\",\"@id\":\"https:\/\/compuviper.mx\/tienda\/#website\",\"url\":\"https:\/\/compuviper.mx\/tienda\/\",\"name\":\"Compuviper\",\"description\":\"Proveedor de Computadoras, Laptops, Servidores, Monitores, Puntos de Venta, Teclados,   Impresoras, T\u00f3ner, C\u00e1maras de Seguridad y m\u00e1s en tu tienda en l\u00ednea\",\"publisher\":{\"@id\":\"https:\/\/compuviper.mx\/tienda\/#organization\"},\"potentialAction\":[{\"@type\":\"SearchAction\",\"target\":{\"@type\":\"EntryPoint\",\"urlTemplate\":\"https:\/\/compuviper.mx\/tienda\/?s={search_term_string}\"},\"query-input\":\"required name=search_term_string\"}],\"inLanguage\":\"es-MX\"},{\"@type\":\"Organization\",\"@id\":\"https:\/\/compuviper.mx\/tienda\/#organization\",\"name\":\"Compuviper\",\"url\":\"https:\/\/compuviper.mx\/tienda\/\",\"logo\":{\"@type\":\"ImageObject\",\"inLanguage\":\"es-MX\",\"@id\":\"https:\/\/compuviper.mx\/tienda\/#\/schema\/logo\/image\/\",\"url\":\"https:\/\/compuviper.mx\/tienda\/wp-content\/uploads\/2021\/08\/Logo-Compuviper-10.png\",\"contentUrl\":\"https:\/\/compuviper.mx\/tienda\/wp-content\/uploads\/2021\/08\/Logo-Compuviper-10.png\",\"width\":1000,\"height\":500,\"caption\":\"Compuviper\"},\"image\":{\"@id\":\"https:\/\/compuviper.mx\/tienda\/#\/schema\/logo\/image\/\"},\"sameAs\":[\"https:\/\/www.facebook.com\/compuviper\",\"https:\/\/www.youtube.com\/channel\/UCf73dERp9Y3cfOq7q8BhLjA?view_as=subscriber\"]}]}<\/script>\n<meta property=\"product:brand\" content=\"DAHUA\" \/>\n<meta property=\"product:price:amount\" content=\"558\" \/>\n<meta property=\"product:price:currency\" content=\"MXN\" \/>\n<meta property=\"og:availability\" content=\"instock\" \/>\n<meta property=\"product:availability\" content=\"instock\" \/>\n<meta property=\"product:retailer_item_id\" content=\"DH-HAC-HFW1200TLMN-IL-T\" \/>\n<meta property=\"product:condition\" content=\"new\" \/>\n<!-- \/ Yoast SEO plugin. -->","yoast_head_json":{"title":"[ Dahua ] &#129351; Dh-hac-hfw1200tlmn-il-t Camara Hdcvi Plus\/ \/ Hac-hfw1200tlm-il-t\/ Bullet De 2 Mp\/ Lente De 2.8 Mm Apertura De Hasta 111\u00b0\/ Audio Bidireccional\/ Iluminador Dual Inteligente Hasta 40m\/ Metal + Plastico","description":"Compra Dh-hac-hfw1200tlmn-il-t Camara Hdcvi Plus\/ \/ Hac-hfw1200tlm-il-t\/ Bullet De 2 Mp\/ Lente De 2.8 Mm Apertura De Hasta 111\u00b0\/ Audio Bidireccional\/ Iluminador Dual Inteligente Hasta 40m\/ Metal + Plastico + Env\u00edo a domicilio + Pago seguro + Garant\u00eda","robots":{"index":"index","follow":"follow","max-snippet":"max-snippet:-1","max-image-preview":"max-image-preview:large","max-video-preview":"max-video-preview:-1"},"canonical":"https:\/\/compuviper.mx\/tienda\/producto\/dahua-dh-hac-hfw1200tlmn-il-t-camara-hdcvi-plus-hac-hfw1200tlm-il-t-bullet-de-2-mp-lente-de-2-8-mm-apertura-de-hasta-111-audio-bidireccional-iluminador-dual-inteligente-hasta-40m-metal-plas\/","og_locale":"es_MX","og_type":"article","og_title":"[ Dahua ] &#129351; Dh-hac-hfw1200tlmn-il-t Camara Hdcvi Plus\/ \/ Hac-hfw1200tlm-il-t\/ Bullet De 2 Mp\/ Lente De 2.8 Mm Apertura De Hasta 111\u00b0\/ Audio Bidireccional\/ Iluminador Dual Inteligente Hasta 40m\/ Metal + Plastico","og_description":"Compra Dh-hac-hfw1200tlmn-il-t Camara Hdcvi Plus\/ \/ Hac-hfw1200tlm-il-t\/ Bullet De 2 Mp\/ Lente De 2.8 Mm Apertura De Hasta 111\u00b0\/ Audio Bidireccional\/ Iluminador Dual Inteligente Hasta 40m\/ Metal + Plastico + Env\u00edo a domicilio + Pago seguro + Garant\u00eda","og_url":"https:\/\/compuviper.mx\/tienda\/producto\/dahua-dh-hac-hfw1200tlmn-il-t-camara-hdcvi-plus-hac-hfw1200tlm-il-t-bullet-de-2-mp-lente-de-2-8-mm-apertura-de-hasta-111-audio-bidireccional-iluminador-dual-inteligente-hasta-40m-metal-plas\/","og_site_name":"Compuviper","article_publisher":"https:\/\/www.facebook.com\/compuviper","og_image":[{"width":200,"height":200,"url":"https:\/\/compuviper.mx\/tienda\/wp-content\/uploads\/2025\/10\/Camara-hdcvi-plus-dahua-hac-hfw1200tlm-il-t-bullet-de-2-mp-lente-de-2.8-mm-apertura-de-hasta-111\u00b0-audio-bidireccional-iluminador-dual-inteligente-hasta-40m-metal-plastico.jpg","type":"image\/jpeg"}],"twitter_card":"summary_large_image","twitter_misc":{"Precio":"&#36;558 con IVA","Availability":"In stock"},"schema":{"@context":"https:\/\/schema.org","@graph":[{"@type":"WebPage","@id":"https:\/\/compuviper.mx\/tienda\/producto\/dahua-dh-hac-hfw1200tlmn-il-t-camara-hdcvi-plus-hac-hfw1200tlm-il-t-bullet-de-2-mp-lente-de-2-8-mm-apertura-de-hasta-111-audio-bidireccional-iluminador-dual-inteligente-hasta-40m-metal-plas\/","url":"https:\/\/compuviper.mx\/tienda\/producto\/dahua-dh-hac-hfw1200tlmn-il-t-camara-hdcvi-plus-hac-hfw1200tlm-il-t-bullet-de-2-mp-lente-de-2-8-mm-apertura-de-hasta-111-audio-bidireccional-iluminador-dual-inteligente-hasta-40m-metal-plas\/","name":"[ Dahua ] &#129351; Dh-hac-hfw1200tlmn-il-t Camara Hdcvi Plus\/ \/ Hac-hfw1200tlm-il-t\/ Bullet De 2 Mp\/ Lente De 2.8 Mm Apertura De Hasta 111\u00b0\/ Audio Bidireccional\/ Iluminador Dual Inteligente Hasta 40m\/ Metal + Plastico","isPartOf":{"@id":"https:\/\/compuviper.mx\/tienda\/#website"},"datePublished":"2026-04-23T06:18:03+00:00","dateModified":"2026-04-23T06:18:03+00:00","description":"Compra Dh-hac-hfw1200tlmn-il-t Camara Hdcvi Plus\/ \/ Hac-hfw1200tlm-il-t\/ Bullet De 2 Mp\/ Lente De 2.8 Mm Apertura De Hasta 111\u00b0\/ Audio Bidireccional\/ Iluminador Dual Inteligente Hasta 40m\/ Metal + Plastico + Env\u00edo a domicilio + Pago seguro + Garant\u00eda","breadcrumb":{"@id":"https:\/\/compuviper.mx\/tienda\/producto\/dahua-dh-hac-hfw1200tlmn-il-t-camara-hdcvi-plus-hac-hfw1200tlm-il-t-bullet-de-2-mp-lente-de-2-8-mm-apertura-de-hasta-111-audio-bidireccional-iluminador-dual-inteligente-hasta-40m-metal-plas\/#breadcrumb"},"inLanguage":"es-MX","potentialAction":[{"@type":"ReadAction","target":["https:\/\/compuviper.mx\/tienda\/producto\/dahua-dh-hac-hfw1200tlmn-il-t-camara-hdcvi-plus-hac-hfw1200tlm-il-t-bullet-de-2-mp-lente-de-2-8-mm-apertura-de-hasta-111-audio-bidireccional-iluminador-dual-inteligente-hasta-40m-metal-plas\/"]}]},{"@type":"BreadcrumbList","@id":"https:\/\/compuviper.mx\/tienda\/producto\/dahua-dh-hac-hfw1200tlmn-il-t-camara-hdcvi-plus-hac-hfw1200tlm-il-t-bullet-de-2-mp-lente-de-2-8-mm-apertura-de-hasta-111-audio-bidireccional-iluminador-dual-inteligente-hasta-40m-metal-plas\/#breadcrumb","itemListElement":[{"@type":"ListItem","position":1,"name":"Inicio","item":"https:\/\/compuviper.mx\/tienda\/"},{"@type":"ListItem","position":2,"name":"Productos","item":"https:\/\/compuviper.mx\/tienda\/productos\/"},{"@type":"ListItem","position":3,"name":"Camaras","item":"https:\/\/compuviper.mx\/tienda\/categoria-producto\/camaras-2\/"},{"@type":"ListItem","position":4,"name":"Camara De Videovigilancia","item":"https:\/\/compuviper.mx\/tienda\/categoria-producto\/camaras-2\/camara-de-videovigilancia\/"},{"@type":"ListItem","position":5,"name":"Dahua Dh-hac-hfw1200tlmn-il-t Camara Hdcvi Plus\/ \/ Hac-hfw1200tlm-il-t\/ Bullet De 2 Mp\/ Lente De 2.8 Mm Apertura De Hasta 111?\/ Audio Bidireccional\/ Iluminador Dual Inteligente Hasta 40m\/ Metal + Plastico"}]},{"@type":"WebSite","@id":"https:\/\/compuviper.mx\/tienda\/#website","url":"https:\/\/compuviper.mx\/tienda\/","name":"Compuviper","description":"Proveedor de Computadoras, Laptops, Servidores, Monitores, Puntos de Venta, Teclados,   Impresoras, T\u00f3ner, C\u00e1maras de Seguridad y m\u00e1s en tu tienda en l\u00ednea","publisher":{"@id":"https:\/\/compuviper.mx\/tienda\/#organization"},"potentialAction":[{"@type":"SearchAction","target":{"@type":"EntryPoint","urlTemplate":"https:\/\/compuviper.mx\/tienda\/?s={search_term_string}"},"query-input":"required name=search_term_string"}],"inLanguage":"es-MX"},{"@type":"Organization","@id":"https:\/\/compuviper.mx\/tienda\/#organization","name":"Compuviper","url":"https:\/\/compuviper.mx\/tienda\/","logo":{"@type":"ImageObject","inLanguage":"es-MX","@id":"https:\/\/compuviper.mx\/tienda\/#\/schema\/logo\/image\/","url":"https:\/\/compuviper.mx\/tienda\/wp-content\/uploads\/2021\/08\/Logo-Compuviper-10.png","contentUrl":"https:\/\/compuviper.mx\/tienda\/wp-content\/uploads\/2021\/08\/Logo-Compuviper-10.png","width":1000,"height":500,"caption":"Compuviper"},"image":{"@id":"https:\/\/compuviper.mx\/tienda\/#\/schema\/logo\/image\/"},"sameAs":["https:\/\/www.facebook.com\/compuviper","https:\/\/www.youtube.com\/channel\/UCf73dERp9Y3cfOq7q8BhLjA?view_as=subscriber"]}]},"product_brand":"DAHUA","product_price_amount":"558","product_price_currency":"MXN","og_availability":"instock","product_availability":"instock","product_retailer_item_id":"DH-HAC-HFW1200TLMN-IL-T","product_condition":"new"},"_links":{"self":[{"href":"https:\/\/compuviper.mx\/tienda\/wp-json\/wp\/v2\/product\/256546"}],"collection":[{"href":"https:\/\/compuviper.mx\/tienda\/wp-json\/wp\/v2\/product"}],"about":[{"href":"https:\/\/compuviper.mx\/tienda\/wp-json\/wp\/v2\/types\/product"}],"replies":[{"embeddable":true,"href":"https:\/\/compuviper.mx\/tienda\/wp-json\/wp\/v2\/comments?post=256546"}],"wp:featuredmedia":[{"embeddable":true,"href":"https:\/\/compuviper.mx\/tienda\/wp-json\/wp\/v2\/media\/259470"}],"wp:attachment":[{"href":"https:\/\/compuviper.mx\/tienda\/wp-json\/wp\/v2\/media?parent=256546"}],"wp:term":[{"taxonomy":"product_cat","embeddable":true,"href":"https:\/\/compuviper.mx\/tienda\/wp-json\/wp\/v2\/product_cat?post=256546"},{"taxonomy":"product_tag","embeddable":true,"href":"https:\/\/compuviper.mx\/tienda\/wp-json\/wp\/v2\/product_tag?post=256546"}],"curies":[{"name":"wp","href":"https:\/\/api.w.org\/{rel}","templated":true}]}}