{"id":256531,"date":"2026-04-17T02:01:47","date_gmt":"2026-04-17T08:01:47","guid":{"rendered":"https:\/\/compuviper.mx\/tienda\/producto\/qnap-ts-873aeu-rp-4g-amd-ryzen-v1000-series-v1500b-4c-8t-2-2ghz-4gb-ddr4-ram-2-x-udimm-slots-max-64gb-optional-ecc-ram-support-m-2-2280-nvme-sata-ssd-pcie-gen3x1-2-x-2-5gbe-lan-optional-10g\/"},"modified":"2026-04-17T02:01:47","modified_gmt":"2026-04-17T08:01:47","slug":"qnap-ts-873aeu-rp-4g-amd-ryzen-v1000-series-v1500b-4c-8t-2-2ghz-4gb-ddr4-ram-2-x-udimm-slots-max-64gb-optional-ecc-ram-support-m-2-2280-nvme-sata-ssd-pcie-gen3x1-2-x-2-5gbe-lan-optional-10g","status":"publish","type":"product","link":"https:\/\/compuviper.mx\/tienda\/producto\/qnap-ts-873aeu-rp-4g-amd-ryzen-v1000-series-v1500b-4c-8t-2-2ghz-4gb-ddr4-ram-2-x-udimm-slots-max-64gb-optional-ecc-ram-support-m-2-2280-nvme-sata-ssd-pcie-gen3x1-2-x-2-5gbe-lan-optional-10g\/","title":{"rendered":"Qnap Ts-873aeu-rp-4g Amd Ryzen V1000 Series V1500b 4c\/8t 2.2ghz, 4gb Ddr4 Ram (2 X Udimm Slots, Max. 64gb, Optional Ecc Ram Support), M.2 2280 Nvme\/sata Ssd( Pcie Gen3x1), 2 X 2.5gbe Lan, Optional 10gbe Expansion Via Pci"},"content":{"rendered":"<table class=\"descripcion\">\n<tr>\n<td>Cpu procesador amd ryzen\u0099 v1500b integrado de cuatro n\u00facleos y ocho hilos a 2,2 ghz<\/td>\n<\/tr>\n<tr>\n<td>Arquitectura de cpu x86 de 64 bits<\/td>\n<\/tr>\n<tr>\n<td>Unidad de coma flotante<\/td>\n<\/tr>\n<tr>\n<td>Motor de cifrado  (aes-ni)<\/td>\n<\/tr>\n<tr>\n<td>Transcodificaci\u00f3n acelerada de hardware opcional a trav\u00e9s de la tarjeta gr\u00e1fica pcie<\/td>\n<\/tr>\n<tr>\n<td>Memoria del sistema 4 gb de memoria ddr4 sodimm (1 m\u00f3dulo de 4 gb)<\/td>\n<\/tr>\n<tr>\n<td>Memoria m\u00e1xima 64 gb (2 m\u00f3dulos de 32 gb)<\/td>\n<\/tr>\n<tr>\n<td>Ranura para memoria 2 m\u00f3dulos de memoria ddr4 sodimm<\/td>\n<\/tr>\n<tr>\n<td>Compatibilidad con memoria ecc<\/td>\n<\/tr>\n<tr>\n<td>Para configuraciones dimm dobles, debe usar un par de m\u00f3dulos ddr4 id\u00e9nticos.<\/td>\n<\/tr>\n<tr>\n<td>Memoria flash 5 gb (protecci\u00f3n del sistema operativo de doble arranque)<\/td>\n<\/tr>\n<tr>\n<td>Bah\u00eda de unidades 8 unidades sata de 3,5 a 6gb\/s, 3gb\/s<\/td>\n<\/tr>\n<tr>\n<td>El sistema se env\u00eda sin unidad de disco duro.<\/td>\n<\/tr>\n<tr>\n<td>Para ver la lista de compatibilidad de discos duros, visite https:\/\/www.qnap.com\/compatibility\/<\/td>\n<\/tr>\n<tr>\n<td>Compatibilidad de unidades 3.5 pulgadas sata discos duros 2.5 pulgadas sata estado s\u00f3lido discos duros<\/td>\n<\/tr>\n<tr>\n<td>Intercambiable en caliente  (no compatible con ssd m.2)<\/td>\n<\/tr>\n<tr>\n<td>Ranura m.2 2 ranuras para m.2 2280 (pcie gen3 x1)<\/td>\n<\/tr>\n<tr>\n<td>Compatible con ssd nvme pcie gen 3 y gen 4. consulte la compatibilidad en https:\/\/www.qnap.com\/compatibility\/.<\/td>\n<\/tr>\n<tr>\n<td>Compatibilidad con aceleraci\u00f3n de cach\u00e9 ssd<\/td>\n<\/tr>\n<tr>\n<td>Puerto 2,5 gbe (2,5g\/1g\/100m) 2 (2,5g\/1g\/100m\/10m)<\/td>\n<\/tr>\n<tr>\n<td>Puerto 5 gbe (5g\/2,5g\/1g\/100m) opcional a trav\u00e9s de un adaptador de red<\/td>\n<\/tr>\n<tr>\n<td>Puerto 10 gbe opcional a trav\u00e9s de un adaptador de red<\/td>\n<\/tr>\n<tr>\n<td>Wake-on-lan (wol)<\/td>\n<\/tr>\n<tr>\n<td>Solo el puerto 2,5gbe<\/td>\n<\/tr>\n<tr>\n<td>Jumbo frame<\/td>\n<\/tr>\n<tr>\n<td>Ranura pcie 1 pcie gen3 x8<\/td>\n<\/tr>\n<tr>\n<td>Dimensiones de la tarjeta para la ranura pcie: 210 x 68,9 x 18,76 mm \/ 8,27 x 2,71 x 0,74 pulgadas.<\/td>\n<\/tr>\n<tr>\n<td>Puerto usb 3.2 gen 2 (10 gbps) 4 puertos (2 tipo-a y 2 tipo-c)<\/td>\n<\/tr>\n<tr>\n<td>Salida hdmi\u0099 opcional a trav\u00e9s de la tarjeta gr\u00e1fica pcie<\/td>\n<\/tr>\n<tr>\n<td>Factor de forma montaje en rack de poca profundidad 2u<\/td>\n<\/tr>\n<tr>\n<td>Indicadores led unidad de disco duro 1-8, estado, lan, usb, alimentaci\u00f3n<\/td>\n<\/tr>\n<tr>\n<td>Botones encendido, reinicio<\/td>\n<\/tr>\n<tr>\n<td>Dimensiones (altura x anchura x profundidad) 88.6 \u00d7 432 \u00d7 297.4 mm<\/td>\n<\/tr>\n<tr>\n<td>Excluye el gancho de oreja y la parte que sobresale de la unidad de fuente de alimentaci\u00f3n.<\/td>\n<\/tr>\n<tr>\n<td>Peso (neto) 9.2 kg<\/td>\n<\/tr>\n<tr>\n<td>Peso (bruto) 10.7 kg<\/td>\n<\/tr>\n<tr>\n<td>Temperatura operativa 0 &#8211; 40 \u00b0c (32 \u00b0f &#8211; 104 \u00b0f)<\/td>\n<\/tr>\n<tr>\n<td>Temperatura de almacenamiento -20 &#8211; 70\u00b0c (-4\u00b0f &#8211; 158\u00b0f)<\/td>\n<\/tr>\n<tr>\n<td>Humedad relativa 5 ~ 95 % de humedad relativa sin condensaci\u00f3n, bulbo h\u00famedo: 27  and #730;c (80,6  and #730;f)<\/td>\n<\/tr>\n<tr>\n<td>Unidad de alimentaci\u00f3n el\u00e9ctrica fuente de alimentaci\u00f3n m\u00ednima de 300w (x2), 100 &#8211; 240v<\/td>\n<\/tr>\n<tr>\n<td>Power consumption: disk standby mode 32.19<\/td>\n<\/tr>\n<tr>\n<td>Consumo de energ\u00eda: modo de funcionamiento, t\u00edpico 58.14 w<\/td>\n<\/tr>\n<tr>\n<td>Probado lleno de unidades con unidades de disco duro wd10efrx<\/td>\n<\/tr>\n<tr>\n<td>Ventilador 3 de 60 mm, 12 v de cc<\/td>\n<\/tr>\n<tr>\n<td>Advertencia del sistema timbre<\/td>\n<\/tr>\n<tr>\n<td>Garant\u00eda est\u00e1ndar 3<\/td>\n<\/tr>\n<tr>\n<td>N.\u00ba m\u00e1x. de conexiones simult\u00e1neas (cifs): con memoria m\u00e1x. 2000<\/td>\n<\/tr>\n<\/table>\n","protected":false},"excerpt":{"rendered":"<p>El ts-873aeu-rp compacto de montaje en rack de 2u combina un procesador amd ryzen\u0099 v1000 serie v1500b de cuatro n\u00facleos\/ocho subprocesos a 2,2 ghz y doble conectividad 2,5gbe en un chasis. En comparaci\u00f3n con la generaci\u00f3n anterior, el ts-873aeu-rp se ha mejorado con dos puertos m.2 pcie gen3 x 1 para la aceleraci\u00f3n de la cach\u00e9 ssd nvme o el reconocimiento de im\u00e1genes con motor equipado con ia y edge tpu. El hardware de \u00faltima generaci\u00f3n integrado con completas soluciones de software hace que el ts-873aeu-rp sea la opci\u00f3n predominante para hacer frente a aplicaciones y tareas que requieren muchos recursos, como m\u00e1quinas virtuales o acceso intensivo de m\u00faltiples usuarios. El dise\u00f1o compacto y de poca profundidad de solo 297,4 mm (11,7 pulgadas) facilita la instalaci\u00f3n en armarios multimedia peque\u00f1os o en lugares con una gran cantidad de cableado. El ts-873aeu-rp tambi\u00e9n cuenta con dos fuentes de alimentaci\u00f3n redundante para garantizar el m\u00e1ximo tiempo de actividad del sistema.<\/p>\n","protected":false},"featured_media":260768,"comment_status":"open","ping_status":"open","template":"","meta":[],"product_cat":[1803,1804],"product_tag":[2110],"acf":[],"yoast_head":"<!-- This site is optimized with the Yoast SEO plugin v21.7 - https:\/\/yoast.com\/wordpress\/plugins\/seo\/ -->\n<title>[ Qnap ] &#129351; Ts-873aeu-rp-4g Amd Ryzen V1000 Series V1500b 4c\/8t 2.2ghz, 4gb Ddr4 Ram (2 X Udimm Slots, Max. 64gb, Optional Ecc Ram Support), M.2 2280 Nvme\/sata Ssd( Pcie Gen3x1), 2 X 2.5gbe Lan, Optional 10gbe Expansion Via Pci<\/title>\n<meta name=\"description\" content=\"Compra Ts-873aeu-rp-4g Amd Ryzen V1000 Series V1500b 4c\/8t 2.2ghz, 4gb Ddr4 Ram (2 X Udimm Slots, Max. 64gb, Optional Ecc Ram Support), M.2 2280 Nvme\/sata Ssd( Pcie Gen3x1), 2 X 2.5gbe Lan, Optional 10gbe Expansion Via Pci + Env\u00edo a domicilio + Pago seguro + Garant\u00eda\" \/>\n<meta name=\"robots\" content=\"index, follow, max-snippet:-1, max-image-preview:large, max-video-preview:-1\" \/>\n<link rel=\"canonical\" href=\"https:\/\/compuviper.mx\/tienda\/producto\/qnap-ts-873aeu-rp-4g-amd-ryzen-v1000-series-v1500b-4c-8t-2-2ghz-4gb-ddr4-ram-2-x-udimm-slots-max-64gb-optional-ecc-ram-support-m-2-2280-nvme-sata-ssd-pcie-gen3x1-2-x-2-5gbe-lan-optional-10g\/\" \/>\n<meta property=\"og:locale\" content=\"es_MX\" \/>\n<meta property=\"og:type\" content=\"article\" \/>\n<meta property=\"og:title\" content=\"[ Qnap ] &#129351; Ts-873aeu-rp-4g Amd Ryzen V1000 Series V1500b 4c\/8t 2.2ghz, 4gb Ddr4 Ram (2 X Udimm Slots, Max. 64gb, Optional Ecc Ram Support), M.2 2280 Nvme\/sata Ssd( Pcie Gen3x1), 2 X 2.5gbe Lan, Optional 10gbe Expansion Via Pci\" \/>\n<meta property=\"og:description\" content=\"Compra Ts-873aeu-rp-4g Amd Ryzen V1000 Series V1500b 4c\/8t 2.2ghz, 4gb Ddr4 Ram (2 X Udimm Slots, Max. 64gb, Optional Ecc Ram Support), M.2 2280 Nvme\/sata Ssd( Pcie Gen3x1), 2 X 2.5gbe Lan, Optional 10gbe Expansion Via Pci + Env\u00edo a domicilio + Pago seguro + Garant\u00eda\" \/>\n<meta property=\"og:url\" content=\"https:\/\/compuviper.mx\/tienda\/producto\/qnap-ts-873aeu-rp-4g-amd-ryzen-v1000-series-v1500b-4c-8t-2-2ghz-4gb-ddr4-ram-2-x-udimm-slots-max-64gb-optional-ecc-ram-support-m-2-2280-nvme-sata-ssd-pcie-gen3x1-2-x-2-5gbe-lan-optional-10g\/\" \/>\n<meta property=\"og:site_name\" content=\"Compuviper\" \/>\n<meta property=\"article:publisher\" content=\"https:\/\/www.facebook.com\/compuviper\" \/>\n<meta property=\"og:image\" content=\"https:\/\/compuviper.mx\/tienda\/wp-content\/uploads\/2025\/10\/Amd-ryzen-v1000-series-v1500b-4c8t-2.2ghz-4gb-ddr4-ram-2-x-udimm-slots-max.-64gb-optional-ecc-ram-support-m.2-2280-nvmesata-ssd-pcie-gen3x1-2-x-2.5gbe-lan-optional-10gbe-expansion-via-pci.jpg\" \/>\n\t<meta property=\"og:image:width\" content=\"200\" \/>\n\t<meta property=\"og:image:height\" content=\"200\" \/>\n\t<meta property=\"og:image:type\" content=\"image\/jpeg\" \/>\n<meta name=\"twitter:card\" content=\"summary_large_image\" \/>\n<meta name=\"twitter:label1\" content=\"Precio\" \/>\n\t<meta name=\"twitter:data1\" content=\"&#36;40,284 con IVA\" \/>\n\t<meta name=\"twitter:label2\" content=\"Availability\" \/>\n\t<meta name=\"twitter:data2\" content=\"On backorder\" \/>\n<script type=\"application\/ld+json\" class=\"yoast-schema-graph\">{\"@context\":\"https:\/\/schema.org\",\"@graph\":[{\"@type\":\"WebPage\",\"@id\":\"https:\/\/compuviper.mx\/tienda\/producto\/qnap-ts-873aeu-rp-4g-amd-ryzen-v1000-series-v1500b-4c-8t-2-2ghz-4gb-ddr4-ram-2-x-udimm-slots-max-64gb-optional-ecc-ram-support-m-2-2280-nvme-sata-ssd-pcie-gen3x1-2-x-2-5gbe-lan-optional-10g\/\",\"url\":\"https:\/\/compuviper.mx\/tienda\/producto\/qnap-ts-873aeu-rp-4g-amd-ryzen-v1000-series-v1500b-4c-8t-2-2ghz-4gb-ddr4-ram-2-x-udimm-slots-max-64gb-optional-ecc-ram-support-m-2-2280-nvme-sata-ssd-pcie-gen3x1-2-x-2-5gbe-lan-optional-10g\/\",\"name\":\"[ Qnap ] &#129351; Ts-873aeu-rp-4g Amd Ryzen V1000 Series V1500b 4c\/8t 2.2ghz, 4gb Ddr4 Ram (2 X Udimm Slots, Max. 64gb, Optional Ecc Ram Support), M.2 2280 Nvme\/sata Ssd( Pcie Gen3x1), 2 X 2.5gbe Lan, Optional 10gbe Expansion Via Pci\",\"isPartOf\":{\"@id\":\"https:\/\/compuviper.mx\/tienda\/#website\"},\"datePublished\":\"2026-04-17T08:01:47+00:00\",\"dateModified\":\"2026-04-17T08:01:47+00:00\",\"description\":\"Compra Ts-873aeu-rp-4g Amd Ryzen V1000 Series V1500b 4c\/8t 2.2ghz, 4gb Ddr4 Ram (2 X Udimm Slots, Max. 64gb, Optional Ecc Ram Support), M.2 2280 Nvme\/sata Ssd( Pcie Gen3x1), 2 X 2.5gbe Lan, Optional 10gbe Expansion Via Pci + Env\u00edo a domicilio + Pago seguro + Garant\u00eda\",\"breadcrumb\":{\"@id\":\"https:\/\/compuviper.mx\/tienda\/producto\/qnap-ts-873aeu-rp-4g-amd-ryzen-v1000-series-v1500b-4c-8t-2-2ghz-4gb-ddr4-ram-2-x-udimm-slots-max-64gb-optional-ecc-ram-support-m-2-2280-nvme-sata-ssd-pcie-gen3x1-2-x-2-5gbe-lan-optional-10g\/#breadcrumb\"},\"inLanguage\":\"es-MX\",\"potentialAction\":[{\"@type\":\"ReadAction\",\"target\":[\"https:\/\/compuviper.mx\/tienda\/producto\/qnap-ts-873aeu-rp-4g-amd-ryzen-v1000-series-v1500b-4c-8t-2-2ghz-4gb-ddr4-ram-2-x-udimm-slots-max-64gb-optional-ecc-ram-support-m-2-2280-nvme-sata-ssd-pcie-gen3x1-2-x-2-5gbe-lan-optional-10g\/\"]}]},{\"@type\":\"BreadcrumbList\",\"@id\":\"https:\/\/compuviper.mx\/tienda\/producto\/qnap-ts-873aeu-rp-4g-amd-ryzen-v1000-series-v1500b-4c-8t-2-2ghz-4gb-ddr4-ram-2-x-udimm-slots-max-64gb-optional-ecc-ram-support-m-2-2280-nvme-sata-ssd-pcie-gen3x1-2-x-2-5gbe-lan-optional-10g\/#breadcrumb\",\"itemListElement\":[{\"@type\":\"ListItem\",\"position\":1,\"name\":\"Inicio\",\"item\":\"https:\/\/compuviper.mx\/tienda\/\"},{\"@type\":\"ListItem\",\"position\":2,\"name\":\"Productos\",\"item\":\"https:\/\/compuviper.mx\/tienda\/productos\/\"},{\"@type\":\"ListItem\",\"position\":3,\"name\":\"Almacenamiento\",\"item\":\"https:\/\/compuviper.mx\/tienda\/categoria-producto\/almacenamiento\/\"},{\"@type\":\"ListItem\",\"position\":4,\"name\":\"Sistema De Almacenamiento\",\"item\":\"https:\/\/compuviper.mx\/tienda\/categoria-producto\/almacenamiento\/sistema-de-almacenamiento\/\"},{\"@type\":\"ListItem\",\"position\":5,\"name\":\"Qnap Ts-873aeu-rp-4g Amd Ryzen V1000 Series V1500b 4c\/8t 2.2ghz, 4gb Ddr4 Ram (2 X Udimm Slots, Max. 64gb, Optional Ecc Ram Support), M.2 2280 Nvme\/sata Ssd( Pcie Gen3x1), 2 X 2.5gbe Lan, Optional 10gbe Expansion Via Pci\"}]},{\"@type\":\"WebSite\",\"@id\":\"https:\/\/compuviper.mx\/tienda\/#website\",\"url\":\"https:\/\/compuviper.mx\/tienda\/\",\"name\":\"Compuviper\",\"description\":\"Proveedor de Computadoras, Laptops, Servidores, Monitores, Puntos de Venta, Teclados,   Impresoras, T\u00f3ner, C\u00e1maras de Seguridad y m\u00e1s en tu tienda en l\u00ednea\",\"publisher\":{\"@id\":\"https:\/\/compuviper.mx\/tienda\/#organization\"},\"potentialAction\":[{\"@type\":\"SearchAction\",\"target\":{\"@type\":\"EntryPoint\",\"urlTemplate\":\"https:\/\/compuviper.mx\/tienda\/?s={search_term_string}\"},\"query-input\":\"required name=search_term_string\"}],\"inLanguage\":\"es-MX\"},{\"@type\":\"Organization\",\"@id\":\"https:\/\/compuviper.mx\/tienda\/#organization\",\"name\":\"Compuviper\",\"url\":\"https:\/\/compuviper.mx\/tienda\/\",\"logo\":{\"@type\":\"ImageObject\",\"inLanguage\":\"es-MX\",\"@id\":\"https:\/\/compuviper.mx\/tienda\/#\/schema\/logo\/image\/\",\"url\":\"https:\/\/compuviper.mx\/tienda\/wp-content\/uploads\/2021\/08\/Logo-Compuviper-10.png\",\"contentUrl\":\"https:\/\/compuviper.mx\/tienda\/wp-content\/uploads\/2021\/08\/Logo-Compuviper-10.png\",\"width\":1000,\"height\":500,\"caption\":\"Compuviper\"},\"image\":{\"@id\":\"https:\/\/compuviper.mx\/tienda\/#\/schema\/logo\/image\/\"},\"sameAs\":[\"https:\/\/www.facebook.com\/compuviper\",\"https:\/\/www.youtube.com\/channel\/UCf73dERp9Y3cfOq7q8BhLjA?view_as=subscriber\"]}]}<\/script>\n<meta property=\"product:brand\" content=\"Qnap\" \/>\n<meta property=\"product:price:amount\" content=\"40284\" \/>\n<meta property=\"product:price:currency\" content=\"MXN\" \/>\n<meta property=\"og:availability\" content=\"backorder\" \/>\n<meta property=\"product:availability\" content=\"available for order\" \/>\n<meta property=\"product:retailer_item_id\" content=\"TS-873AEU-RP-4G\" \/>\n<meta property=\"product:condition\" content=\"new\" \/>\n<!-- \/ Yoast SEO plugin. -->","yoast_head_json":{"title":"[ Qnap ] &#129351; Ts-873aeu-rp-4g Amd Ryzen V1000 Series V1500b 4c\/8t 2.2ghz, 4gb Ddr4 Ram (2 X Udimm Slots, Max. 64gb, Optional Ecc Ram Support), M.2 2280 Nvme\/sata Ssd( Pcie Gen3x1), 2 X 2.5gbe Lan, Optional 10gbe Expansion Via Pci","description":"Compra Ts-873aeu-rp-4g Amd Ryzen V1000 Series V1500b 4c\/8t 2.2ghz, 4gb Ddr4 Ram (2 X Udimm Slots, Max. 64gb, Optional Ecc Ram Support), M.2 2280 Nvme\/sata Ssd( Pcie Gen3x1), 2 X 2.5gbe Lan, Optional 10gbe Expansion Via Pci + Env\u00edo a domicilio + Pago seguro + Garant\u00eda","robots":{"index":"index","follow":"follow","max-snippet":"max-snippet:-1","max-image-preview":"max-image-preview:large","max-video-preview":"max-video-preview:-1"},"canonical":"https:\/\/compuviper.mx\/tienda\/producto\/qnap-ts-873aeu-rp-4g-amd-ryzen-v1000-series-v1500b-4c-8t-2-2ghz-4gb-ddr4-ram-2-x-udimm-slots-max-64gb-optional-ecc-ram-support-m-2-2280-nvme-sata-ssd-pcie-gen3x1-2-x-2-5gbe-lan-optional-10g\/","og_locale":"es_MX","og_type":"article","og_title":"[ Qnap ] &#129351; Ts-873aeu-rp-4g Amd Ryzen V1000 Series V1500b 4c\/8t 2.2ghz, 4gb Ddr4 Ram (2 X Udimm Slots, Max. 64gb, Optional Ecc Ram Support), M.2 2280 Nvme\/sata Ssd( Pcie Gen3x1), 2 X 2.5gbe Lan, Optional 10gbe Expansion Via Pci","og_description":"Compra Ts-873aeu-rp-4g Amd Ryzen V1000 Series V1500b 4c\/8t 2.2ghz, 4gb Ddr4 Ram (2 X Udimm Slots, Max. 64gb, Optional Ecc Ram Support), M.2 2280 Nvme\/sata Ssd( Pcie Gen3x1), 2 X 2.5gbe Lan, Optional 10gbe Expansion Via Pci + Env\u00edo a domicilio + Pago seguro + Garant\u00eda","og_url":"https:\/\/compuviper.mx\/tienda\/producto\/qnap-ts-873aeu-rp-4g-amd-ryzen-v1000-series-v1500b-4c-8t-2-2ghz-4gb-ddr4-ram-2-x-udimm-slots-max-64gb-optional-ecc-ram-support-m-2-2280-nvme-sata-ssd-pcie-gen3x1-2-x-2-5gbe-lan-optional-10g\/","og_site_name":"Compuviper","article_publisher":"https:\/\/www.facebook.com\/compuviper","og_image":[{"width":200,"height":200,"url":"https:\/\/compuviper.mx\/tienda\/wp-content\/uploads\/2025\/10\/Amd-ryzen-v1000-series-v1500b-4c8t-2.2ghz-4gb-ddr4-ram-2-x-udimm-slots-max.-64gb-optional-ecc-ram-support-m.2-2280-nvmesata-ssd-pcie-gen3x1-2-x-2.5gbe-lan-optional-10gbe-expansion-via-pci.jpg","type":"image\/jpeg"}],"twitter_card":"summary_large_image","twitter_misc":{"Precio":"&#36;40,284 con IVA","Availability":"On backorder"},"schema":{"@context":"https:\/\/schema.org","@graph":[{"@type":"WebPage","@id":"https:\/\/compuviper.mx\/tienda\/producto\/qnap-ts-873aeu-rp-4g-amd-ryzen-v1000-series-v1500b-4c-8t-2-2ghz-4gb-ddr4-ram-2-x-udimm-slots-max-64gb-optional-ecc-ram-support-m-2-2280-nvme-sata-ssd-pcie-gen3x1-2-x-2-5gbe-lan-optional-10g\/","url":"https:\/\/compuviper.mx\/tienda\/producto\/qnap-ts-873aeu-rp-4g-amd-ryzen-v1000-series-v1500b-4c-8t-2-2ghz-4gb-ddr4-ram-2-x-udimm-slots-max-64gb-optional-ecc-ram-support-m-2-2280-nvme-sata-ssd-pcie-gen3x1-2-x-2-5gbe-lan-optional-10g\/","name":"[ Qnap ] &#129351; Ts-873aeu-rp-4g Amd Ryzen V1000 Series V1500b 4c\/8t 2.2ghz, 4gb Ddr4 Ram (2 X Udimm Slots, Max. 64gb, Optional Ecc Ram Support), M.2 2280 Nvme\/sata Ssd( Pcie Gen3x1), 2 X 2.5gbe Lan, Optional 10gbe Expansion Via Pci","isPartOf":{"@id":"https:\/\/compuviper.mx\/tienda\/#website"},"datePublished":"2026-04-17T08:01:47+00:00","dateModified":"2026-04-17T08:01:47+00:00","description":"Compra Ts-873aeu-rp-4g Amd Ryzen V1000 Series V1500b 4c\/8t 2.2ghz, 4gb Ddr4 Ram (2 X Udimm Slots, Max. 64gb, Optional Ecc Ram Support), M.2 2280 Nvme\/sata Ssd( Pcie Gen3x1), 2 X 2.5gbe Lan, Optional 10gbe Expansion Via Pci + Env\u00edo a domicilio + Pago seguro + Garant\u00eda","breadcrumb":{"@id":"https:\/\/compuviper.mx\/tienda\/producto\/qnap-ts-873aeu-rp-4g-amd-ryzen-v1000-series-v1500b-4c-8t-2-2ghz-4gb-ddr4-ram-2-x-udimm-slots-max-64gb-optional-ecc-ram-support-m-2-2280-nvme-sata-ssd-pcie-gen3x1-2-x-2-5gbe-lan-optional-10g\/#breadcrumb"},"inLanguage":"es-MX","potentialAction":[{"@type":"ReadAction","target":["https:\/\/compuviper.mx\/tienda\/producto\/qnap-ts-873aeu-rp-4g-amd-ryzen-v1000-series-v1500b-4c-8t-2-2ghz-4gb-ddr4-ram-2-x-udimm-slots-max-64gb-optional-ecc-ram-support-m-2-2280-nvme-sata-ssd-pcie-gen3x1-2-x-2-5gbe-lan-optional-10g\/"]}]},{"@type":"BreadcrumbList","@id":"https:\/\/compuviper.mx\/tienda\/producto\/qnap-ts-873aeu-rp-4g-amd-ryzen-v1000-series-v1500b-4c-8t-2-2ghz-4gb-ddr4-ram-2-x-udimm-slots-max-64gb-optional-ecc-ram-support-m-2-2280-nvme-sata-ssd-pcie-gen3x1-2-x-2-5gbe-lan-optional-10g\/#breadcrumb","itemListElement":[{"@type":"ListItem","position":1,"name":"Inicio","item":"https:\/\/compuviper.mx\/tienda\/"},{"@type":"ListItem","position":2,"name":"Productos","item":"https:\/\/compuviper.mx\/tienda\/productos\/"},{"@type":"ListItem","position":3,"name":"Almacenamiento","item":"https:\/\/compuviper.mx\/tienda\/categoria-producto\/almacenamiento\/"},{"@type":"ListItem","position":4,"name":"Sistema De Almacenamiento","item":"https:\/\/compuviper.mx\/tienda\/categoria-producto\/almacenamiento\/sistema-de-almacenamiento\/"},{"@type":"ListItem","position":5,"name":"Qnap Ts-873aeu-rp-4g Amd Ryzen V1000 Series V1500b 4c\/8t 2.2ghz, 4gb Ddr4 Ram (2 X Udimm Slots, Max. 64gb, Optional Ecc Ram Support), M.2 2280 Nvme\/sata Ssd( Pcie Gen3x1), 2 X 2.5gbe Lan, Optional 10gbe Expansion Via Pci"}]},{"@type":"WebSite","@id":"https:\/\/compuviper.mx\/tienda\/#website","url":"https:\/\/compuviper.mx\/tienda\/","name":"Compuviper","description":"Proveedor de Computadoras, Laptops, Servidores, Monitores, Puntos de Venta, Teclados,   Impresoras, T\u00f3ner, C\u00e1maras de Seguridad y m\u00e1s en tu tienda en l\u00ednea","publisher":{"@id":"https:\/\/compuviper.mx\/tienda\/#organization"},"potentialAction":[{"@type":"SearchAction","target":{"@type":"EntryPoint","urlTemplate":"https:\/\/compuviper.mx\/tienda\/?s={search_term_string}"},"query-input":"required name=search_term_string"}],"inLanguage":"es-MX"},{"@type":"Organization","@id":"https:\/\/compuviper.mx\/tienda\/#organization","name":"Compuviper","url":"https:\/\/compuviper.mx\/tienda\/","logo":{"@type":"ImageObject","inLanguage":"es-MX","@id":"https:\/\/compuviper.mx\/tienda\/#\/schema\/logo\/image\/","url":"https:\/\/compuviper.mx\/tienda\/wp-content\/uploads\/2021\/08\/Logo-Compuviper-10.png","contentUrl":"https:\/\/compuviper.mx\/tienda\/wp-content\/uploads\/2021\/08\/Logo-Compuviper-10.png","width":1000,"height":500,"caption":"Compuviper"},"image":{"@id":"https:\/\/compuviper.mx\/tienda\/#\/schema\/logo\/image\/"},"sameAs":["https:\/\/www.facebook.com\/compuviper","https:\/\/www.youtube.com\/channel\/UCf73dERp9Y3cfOq7q8BhLjA?view_as=subscriber"]}]},"product_brand":"Qnap","product_price_amount":"40284","product_price_currency":"MXN","og_availability":"backorder","product_availability":"available for order","product_retailer_item_id":"TS-873AEU-RP-4G","product_condition":"new"},"_links":{"self":[{"href":"https:\/\/compuviper.mx\/tienda\/wp-json\/wp\/v2\/product\/256531"}],"collection":[{"href":"https:\/\/compuviper.mx\/tienda\/wp-json\/wp\/v2\/product"}],"about":[{"href":"https:\/\/compuviper.mx\/tienda\/wp-json\/wp\/v2\/types\/product"}],"replies":[{"embeddable":true,"href":"https:\/\/compuviper.mx\/tienda\/wp-json\/wp\/v2\/comments?post=256531"}],"wp:featuredmedia":[{"embeddable":true,"href":"https:\/\/compuviper.mx\/tienda\/wp-json\/wp\/v2\/media\/260768"}],"wp:attachment":[{"href":"https:\/\/compuviper.mx\/tienda\/wp-json\/wp\/v2\/media?parent=256531"}],"wp:term":[{"taxonomy":"product_cat","embeddable":true,"href":"https:\/\/compuviper.mx\/tienda\/wp-json\/wp\/v2\/product_cat?post=256531"},{"taxonomy":"product_tag","embeddable":true,"href":"https:\/\/compuviper.mx\/tienda\/wp-json\/wp\/v2\/product_tag?post=256531"}],"curies":[{"name":"wp","href":"https:\/\/api.w.org\/{rel}","templated":true}]}}