{"id":256482,"date":"2026-04-02T01:42:33","date_gmt":"2026-04-02T07:42:33","guid":{"rendered":"https:\/\/compuviper.mx\/tienda\/producto\/tech-zone-pos-tzpoaioi303-terminal-punto-de-venta-techzone-multi-touch-capacitivo-fhd-10-puntos-15-6-pulgadas-intel-core-i3-1215u-ram-8gb-almacenamiento-256gb\/"},"modified":"2026-04-02T01:42:34","modified_gmt":"2026-04-02T07:42:34","slug":"tech-zone-pos-tzpoaioi303-terminal-punto-de-venta-techzone-multi-touch-capacitivo-fhd-10-puntos-15-6-pulgadas-intel-core-i3-1215u-ram-8gb-almacenamiento-256gb-no-incluye-licencia","status":"publish","type":"product","link":"https:\/\/compuviper.mx\/tienda\/producto\/tech-zone-pos-tzpoaioi303-terminal-punto-de-venta-techzone-multi-touch-capacitivo-fhd-10-puntos-15-6-pulgadas-intel-core-i3-1215u-ram-8gb-almacenamiento-256gb-no-incluye-licencia\/","title":{"rendered":"Tech Zone Pos Tzpoaioi303 Terminal Punto De Venta Techzone , Multi Touch Capacitivo, Fhd 10 Puntos, 15.6 Pulgadas, Intel Core I3 1215u Ram 8gb Almacenamiento 256gb. No Incluye Licencia."},"content":{"rendered":"<table class=\"descripcion\">\n<tr>\n<td>Pantalla t\u00e1ctil:<\/td>\n<\/tr>\n<tr>\n<td>Monitor: capacitivo fhd multi touch 10 puntos<\/td>\n<\/tr>\n<tr>\n<td>Tama\u00f1o de pantalla: 15.6\u0094 con formato 16:9<\/td>\n<\/tr>\n<tr>\n<td>Resoluci\u00f3n: 1920 x 1080 px<\/td>\n<\/tr>\n<tr>\n<td>Pantalla de servicio (opcional): 10.1\u0094, resoluci\u00f3n 1024 x 600 px<\/td>\n<\/tr>\n<tr>\n<td>Procesador y conectividad:<\/td>\n<\/tr>\n<tr>\n<td>Procesador: intel core i3 1215u<\/td>\n<\/tr>\n<tr>\n<td>Memoria ram: 8 gb<\/td>\n<\/tr>\n<tr>\n<td>Almacenamiento: 256 gb<\/td>\n<\/tr>\n<tr>\n<td>Puertos:<\/td>\n<\/tr>\n<tr>\n<td>2 x hdmi<\/td>\n<\/tr>\n<tr>\n<td>1 x vga<\/td>\n<\/tr>\n<tr>\n<td>1 x rj45<\/td>\n<\/tr>\n<tr>\n<td>4 x usb 3.0 + 2 x usb 2.0<\/td>\n<\/tr>\n<tr>\n<td>1 x audio jack 3.5 mm<\/td>\n<\/tr>\n<tr>\n<td>1 x micr\u00f3fono jack 3.5 mm<\/td>\n<\/tr>\n<tr>\n<td>1 x puerto serial db9<\/td>\n<\/tr>\n<tr>\n<td>2 x altavoz<\/td>\n<\/tr>\n<tr>\n<td>1 x entrada dc<\/td>\n<\/tr>\n<tr>\n<td>Interfaz de comunicaci\u00f3n:<\/td>\n<\/tr>\n<tr>\n<td>Wifi dual band 2.4ghz + 5ghz ieee 802.11 a\/b\/g\/n\/ac<\/td>\n<\/tr>\n<tr>\n<td>Ethernet tcp\/ip 100m \/ 1000m<\/td>\n<\/tr>\n<tr>\n<td>Bluetooth 4.2 + ble<\/td>\n<\/tr>\n<tr>\n<td>Compatibilidad: windows 11 (licencia no incluida) y linux<\/td>\n<\/tr>\n<tr>\n<td>Terminado: aluminio<\/td>\n<\/tr>\n<tr>\n<td>Caracter\u00edsticas el\u00e9ctricas:<\/td>\n<\/tr>\n<tr>\n<td>Alimentaci\u00f3n:<\/td>\n<\/tr>\n<tr>\n<td>Entrada: 100\u0096240v, 50 \/ 60 hz, 1.5 a<\/td>\n<\/tr>\n<tr>\n<td>Salida: 12v, 4 a, 48 w<\/td>\n<\/tr>\n<tr>\n<td>Condiciones ambientales:<\/td>\n<\/tr>\n<tr>\n<td>Temperatura de trabajo: 0\u00b0 \u0096 40\u00b0c<\/td>\n<\/tr>\n<tr>\n<td>Temperatura de almacenamiento: -20\u00b0c \u0096 60\u00b0c<\/td>\n<\/tr>\n<tr>\n<td>Humedad: 5% \u0096 95% (sin condensaci\u00f3n)<\/td>\n<\/tr>\n<tr>\n<td>Caracter\u00edsticas f\u00edsicas:<\/td>\n<\/tr>\n<tr>\n<td>Medidas del producto: 38 cm (ancho) x 18.6 cm (profundo) x 28.8 cm (alto)<\/td>\n<\/tr>\n<tr>\n<td>Peso: 8 kg<\/td>\n<\/tr>\n<tr>\n<td>Garant\u00eda: 1 a\u00f1o por defectos de f\u00e1brica<\/td>\n<\/tr>\n<\/table>\n","protected":false},"excerpt":{"rendered":"<p>Terminal t\u00e1ctil fhd con procesador i3, ideal para puntos de venta y atenci\u00f3n.<\/p>\n","protected":false},"featured_media":260602,"comment_status":"open","ping_status":"open","template":"","meta":[],"product_cat":[1533,1532],"product_tag":[2234],"acf":[],"yoast_head":"<!-- This site is optimized with the Yoast SEO plugin v21.7 - https:\/\/yoast.com\/wordpress\/plugins\/seo\/ -->\n<title>[ Tech Zone Pos ] &#129351; Tzpoaioi303 Terminal Punto De Venta Techzone , Multi Touch Capacitivo, Fhd 10 Puntos, 15.6 Pulgadas, Intel Core I3 1215u Ram 8gb Almacenamiento 256gb. No Incluye Licencia.<\/title>\n<meta name=\"description\" content=\"Compra Tzpoaioi303 Terminal Punto De Venta Techzone , Multi Touch Capacitivo, Fhd 10 Puntos, 15.6 Pulgadas, Intel Core I3 1215u Ram 8gb Almacenamiento 256gb. No Incluye Licencia. + Env\u00edo a domicilio + Pago seguro + Garant\u00eda\" \/>\n<meta name=\"robots\" content=\"index, follow, max-snippet:-1, max-image-preview:large, max-video-preview:-1\" \/>\n<link rel=\"canonical\" href=\"https:\/\/compuviper.mx\/tienda\/producto\/tech-zone-pos-tzpoaioi303-terminal-punto-de-venta-techzone-multi-touch-capacitivo-fhd-10-puntos-15-6-pulgadas-intel-core-i3-1215u-ram-8gb-almacenamiento-256gb-no-incluye-licencia\/\" \/>\n<meta property=\"og:locale\" content=\"es_MX\" \/>\n<meta property=\"og:type\" content=\"article\" \/>\n<meta property=\"og:title\" content=\"[ Tech Zone Pos ] &#129351; Tzpoaioi303 Terminal Punto De Venta Techzone , Multi Touch Capacitivo, Fhd 10 Puntos, 15.6 Pulgadas, Intel Core I3 1215u Ram 8gb Almacenamiento 256gb. No Incluye Licencia.\" \/>\n<meta property=\"og:description\" content=\"Compra Tzpoaioi303 Terminal Punto De Venta Techzone , Multi Touch Capacitivo, Fhd 10 Puntos, 15.6 Pulgadas, Intel Core I3 1215u Ram 8gb Almacenamiento 256gb. No Incluye Licencia. + Env\u00edo a domicilio + Pago seguro + Garant\u00eda\" \/>\n<meta property=\"og:url\" content=\"https:\/\/compuviper.mx\/tienda\/producto\/tech-zone-pos-tzpoaioi303-terminal-punto-de-venta-techzone-multi-touch-capacitivo-fhd-10-puntos-15-6-pulgadas-intel-core-i3-1215u-ram-8gb-almacenamiento-256gb-no-incluye-licencia\/\" \/>\n<meta property=\"og:site_name\" content=\"Compuviper\" \/>\n<meta property=\"article:publisher\" content=\"https:\/\/www.facebook.com\/compuviper\" \/>\n<meta property=\"article:modified_time\" content=\"2026-04-02T07:42:34+00:00\" \/>\n<meta property=\"og:image\" content=\"https:\/\/compuviper.mx\/tienda\/wp-content\/uploads\/2025\/10\/Terminal-punto-de-venta-techzone-tzpoaioi303-multi-touch-capacitivo-fhd-10-puntos-15.6-pulgadas-intel-core-i3-1215u-ram-8gb-almacenamiento-256gb.jpg\" \/>\n\t<meta property=\"og:image:width\" content=\"200\" \/>\n\t<meta property=\"og:image:height\" content=\"200\" \/>\n\t<meta property=\"og:image:type\" content=\"image\/jpeg\" \/>\n<meta name=\"twitter:card\" content=\"summary_large_image\" \/>\n<meta name=\"twitter:label1\" content=\"Precio\" \/>\n\t<meta name=\"twitter:data1\" content=\"&#36;17,179 con IVA\" \/>\n\t<meta name=\"twitter:label2\" content=\"Availability\" \/>\n\t<meta name=\"twitter:data2\" content=\"In stock\" \/>\n<script type=\"application\/ld+json\" class=\"yoast-schema-graph\">{\"@context\":\"https:\/\/schema.org\",\"@graph\":[{\"@type\":\"WebPage\",\"@id\":\"https:\/\/compuviper.mx\/tienda\/producto\/tech-zone-pos-tzpoaioi303-terminal-punto-de-venta-techzone-multi-touch-capacitivo-fhd-10-puntos-15-6-pulgadas-intel-core-i3-1215u-ram-8gb-almacenamiento-256gb-no-incluye-licencia\/\",\"url\":\"https:\/\/compuviper.mx\/tienda\/producto\/tech-zone-pos-tzpoaioi303-terminal-punto-de-venta-techzone-multi-touch-capacitivo-fhd-10-puntos-15-6-pulgadas-intel-core-i3-1215u-ram-8gb-almacenamiento-256gb-no-incluye-licencia\/\",\"name\":\"[ Tech Zone Pos ] &#129351; Tzpoaioi303 Terminal Punto De Venta Techzone , Multi Touch Capacitivo, Fhd 10 Puntos, 15.6 Pulgadas, Intel Core I3 1215u Ram 8gb Almacenamiento 256gb. No Incluye Licencia.\",\"isPartOf\":{\"@id\":\"https:\/\/compuviper.mx\/tienda\/#website\"},\"datePublished\":\"2026-04-02T07:42:33+00:00\",\"dateModified\":\"2026-04-02T07:42:34+00:00\",\"description\":\"Compra Tzpoaioi303 Terminal Punto De Venta Techzone , Multi Touch Capacitivo, Fhd 10 Puntos, 15.6 Pulgadas, Intel Core I3 1215u Ram 8gb Almacenamiento 256gb. No Incluye Licencia. + Env\u00edo a domicilio + Pago seguro + Garant\u00eda\",\"breadcrumb\":{\"@id\":\"https:\/\/compuviper.mx\/tienda\/producto\/tech-zone-pos-tzpoaioi303-terminal-punto-de-venta-techzone-multi-touch-capacitivo-fhd-10-puntos-15-6-pulgadas-intel-core-i3-1215u-ram-8gb-almacenamiento-256gb-no-incluye-licencia\/#breadcrumb\"},\"inLanguage\":\"es-MX\",\"potentialAction\":[{\"@type\":\"ReadAction\",\"target\":[\"https:\/\/compuviper.mx\/tienda\/producto\/tech-zone-pos-tzpoaioi303-terminal-punto-de-venta-techzone-multi-touch-capacitivo-fhd-10-puntos-15-6-pulgadas-intel-core-i3-1215u-ram-8gb-almacenamiento-256gb-no-incluye-licencia\/\"]}]},{\"@type\":\"BreadcrumbList\",\"@id\":\"https:\/\/compuviper.mx\/tienda\/producto\/tech-zone-pos-tzpoaioi303-terminal-punto-de-venta-techzone-multi-touch-capacitivo-fhd-10-puntos-15-6-pulgadas-intel-core-i3-1215u-ram-8gb-almacenamiento-256gb-no-incluye-licencia\/#breadcrumb\",\"itemListElement\":[{\"@type\":\"ListItem\",\"position\":1,\"name\":\"Inicio\",\"item\":\"https:\/\/compuviper.mx\/tienda\/\"},{\"@type\":\"ListItem\",\"position\":2,\"name\":\"Productos\",\"item\":\"https:\/\/compuviper.mx\/tienda\/productos\/\"},{\"@type\":\"ListItem\",\"position\":3,\"name\":\"Terminal Pos\",\"item\":\"https:\/\/compuviper.mx\/tienda\/categoria-producto\/terminal-pos\/\"},{\"@type\":\"ListItem\",\"position\":4,\"name\":\"Sin Categor\u00eda\",\"item\":\"https:\/\/compuviper.mx\/tienda\/categoria-producto\/terminal-pos\/sin-categoria-terminal-pos\/\"},{\"@type\":\"ListItem\",\"position\":5,\"name\":\"Tech Zone Pos Tzpoaioi303 Terminal Punto De Venta Techzone , Multi Touch Capacitivo, Fhd 10 Puntos, 15.6 Pulgadas, Intel Core I3 1215u Ram 8gb Almacenamiento 256gb. No Incluye Licencia.\"}]},{\"@type\":\"WebSite\",\"@id\":\"https:\/\/compuviper.mx\/tienda\/#website\",\"url\":\"https:\/\/compuviper.mx\/tienda\/\",\"name\":\"Compuviper\",\"description\":\"Proveedor de Computadoras, Laptops, Servidores, Monitores, Puntos de Venta, Teclados,   Impresoras, T\u00f3ner, C\u00e1maras de Seguridad y m\u00e1s en tu tienda en l\u00ednea\",\"publisher\":{\"@id\":\"https:\/\/compuviper.mx\/tienda\/#organization\"},\"potentialAction\":[{\"@type\":\"SearchAction\",\"target\":{\"@type\":\"EntryPoint\",\"urlTemplate\":\"https:\/\/compuviper.mx\/tienda\/?s={search_term_string}\"},\"query-input\":\"required name=search_term_string\"}],\"inLanguage\":\"es-MX\"},{\"@type\":\"Organization\",\"@id\":\"https:\/\/compuviper.mx\/tienda\/#organization\",\"name\":\"Compuviper\",\"url\":\"https:\/\/compuviper.mx\/tienda\/\",\"logo\":{\"@type\":\"ImageObject\",\"inLanguage\":\"es-MX\",\"@id\":\"https:\/\/compuviper.mx\/tienda\/#\/schema\/logo\/image\/\",\"url\":\"https:\/\/compuviper.mx\/tienda\/wp-content\/uploads\/2021\/08\/Logo-Compuviper-10.png\",\"contentUrl\":\"https:\/\/compuviper.mx\/tienda\/wp-content\/uploads\/2021\/08\/Logo-Compuviper-10.png\",\"width\":1000,\"height\":500,\"caption\":\"Compuviper\"},\"image\":{\"@id\":\"https:\/\/compuviper.mx\/tienda\/#\/schema\/logo\/image\/\"},\"sameAs\":[\"https:\/\/www.facebook.com\/compuviper\",\"https:\/\/www.youtube.com\/channel\/UCf73dERp9Y3cfOq7q8BhLjA?view_as=subscriber\"]}]}<\/script>\n<meta property=\"product:brand\" content=\"Tech Zone Pos\" \/>\n<meta property=\"product:price:amount\" content=\"17179\" \/>\n<meta property=\"product:price:currency\" content=\"MXN\" \/>\n<meta property=\"og:availability\" content=\"instock\" \/>\n<meta property=\"product:availability\" content=\"instock\" \/>\n<meta property=\"product:retailer_item_id\" content=\"TZPOAIOI303\" \/>\n<meta property=\"product:condition\" content=\"new\" \/>\n<!-- \/ Yoast SEO plugin. -->","yoast_head_json":{"title":"[ Tech Zone Pos ] &#129351; Tzpoaioi303 Terminal Punto De Venta Techzone , Multi Touch Capacitivo, Fhd 10 Puntos, 15.6 Pulgadas, Intel Core I3 1215u Ram 8gb Almacenamiento 256gb. No Incluye Licencia.","description":"Compra Tzpoaioi303 Terminal Punto De Venta Techzone , Multi Touch Capacitivo, Fhd 10 Puntos, 15.6 Pulgadas, Intel Core I3 1215u Ram 8gb Almacenamiento 256gb. No Incluye Licencia. + Env\u00edo a domicilio + Pago seguro + Garant\u00eda","robots":{"index":"index","follow":"follow","max-snippet":"max-snippet:-1","max-image-preview":"max-image-preview:large","max-video-preview":"max-video-preview:-1"},"canonical":"https:\/\/compuviper.mx\/tienda\/producto\/tech-zone-pos-tzpoaioi303-terminal-punto-de-venta-techzone-multi-touch-capacitivo-fhd-10-puntos-15-6-pulgadas-intel-core-i3-1215u-ram-8gb-almacenamiento-256gb-no-incluye-licencia\/","og_locale":"es_MX","og_type":"article","og_title":"[ Tech Zone Pos ] &#129351; Tzpoaioi303 Terminal Punto De Venta Techzone , Multi Touch Capacitivo, Fhd 10 Puntos, 15.6 Pulgadas, Intel Core I3 1215u Ram 8gb Almacenamiento 256gb. No Incluye Licencia.","og_description":"Compra Tzpoaioi303 Terminal Punto De Venta Techzone , Multi Touch Capacitivo, Fhd 10 Puntos, 15.6 Pulgadas, Intel Core I3 1215u Ram 8gb Almacenamiento 256gb. No Incluye Licencia. + Env\u00edo a domicilio + Pago seguro + Garant\u00eda","og_url":"https:\/\/compuviper.mx\/tienda\/producto\/tech-zone-pos-tzpoaioi303-terminal-punto-de-venta-techzone-multi-touch-capacitivo-fhd-10-puntos-15-6-pulgadas-intel-core-i3-1215u-ram-8gb-almacenamiento-256gb-no-incluye-licencia\/","og_site_name":"Compuviper","article_publisher":"https:\/\/www.facebook.com\/compuviper","article_modified_time":"2026-04-02T07:42:34+00:00","og_image":[{"width":200,"height":200,"url":"https:\/\/compuviper.mx\/tienda\/wp-content\/uploads\/2025\/10\/Terminal-punto-de-venta-techzone-tzpoaioi303-multi-touch-capacitivo-fhd-10-puntos-15.6-pulgadas-intel-core-i3-1215u-ram-8gb-almacenamiento-256gb.jpg","type":"image\/jpeg"}],"twitter_card":"summary_large_image","twitter_misc":{"Precio":"&#36;17,179 con IVA","Availability":"In stock"},"schema":{"@context":"https:\/\/schema.org","@graph":[{"@type":"WebPage","@id":"https:\/\/compuviper.mx\/tienda\/producto\/tech-zone-pos-tzpoaioi303-terminal-punto-de-venta-techzone-multi-touch-capacitivo-fhd-10-puntos-15-6-pulgadas-intel-core-i3-1215u-ram-8gb-almacenamiento-256gb-no-incluye-licencia\/","url":"https:\/\/compuviper.mx\/tienda\/producto\/tech-zone-pos-tzpoaioi303-terminal-punto-de-venta-techzone-multi-touch-capacitivo-fhd-10-puntos-15-6-pulgadas-intel-core-i3-1215u-ram-8gb-almacenamiento-256gb-no-incluye-licencia\/","name":"[ Tech Zone Pos ] &#129351; Tzpoaioi303 Terminal Punto De Venta Techzone , Multi Touch Capacitivo, Fhd 10 Puntos, 15.6 Pulgadas, Intel Core I3 1215u Ram 8gb Almacenamiento 256gb. No Incluye Licencia.","isPartOf":{"@id":"https:\/\/compuviper.mx\/tienda\/#website"},"datePublished":"2026-04-02T07:42:33+00:00","dateModified":"2026-04-02T07:42:34+00:00","description":"Compra Tzpoaioi303 Terminal Punto De Venta Techzone , Multi Touch Capacitivo, Fhd 10 Puntos, 15.6 Pulgadas, Intel Core I3 1215u Ram 8gb Almacenamiento 256gb. No Incluye Licencia. + Env\u00edo a domicilio + Pago seguro + Garant\u00eda","breadcrumb":{"@id":"https:\/\/compuviper.mx\/tienda\/producto\/tech-zone-pos-tzpoaioi303-terminal-punto-de-venta-techzone-multi-touch-capacitivo-fhd-10-puntos-15-6-pulgadas-intel-core-i3-1215u-ram-8gb-almacenamiento-256gb-no-incluye-licencia\/#breadcrumb"},"inLanguage":"es-MX","potentialAction":[{"@type":"ReadAction","target":["https:\/\/compuviper.mx\/tienda\/producto\/tech-zone-pos-tzpoaioi303-terminal-punto-de-venta-techzone-multi-touch-capacitivo-fhd-10-puntos-15-6-pulgadas-intel-core-i3-1215u-ram-8gb-almacenamiento-256gb-no-incluye-licencia\/"]}]},{"@type":"BreadcrumbList","@id":"https:\/\/compuviper.mx\/tienda\/producto\/tech-zone-pos-tzpoaioi303-terminal-punto-de-venta-techzone-multi-touch-capacitivo-fhd-10-puntos-15-6-pulgadas-intel-core-i3-1215u-ram-8gb-almacenamiento-256gb-no-incluye-licencia\/#breadcrumb","itemListElement":[{"@type":"ListItem","position":1,"name":"Inicio","item":"https:\/\/compuviper.mx\/tienda\/"},{"@type":"ListItem","position":2,"name":"Productos","item":"https:\/\/compuviper.mx\/tienda\/productos\/"},{"@type":"ListItem","position":3,"name":"Terminal Pos","item":"https:\/\/compuviper.mx\/tienda\/categoria-producto\/terminal-pos\/"},{"@type":"ListItem","position":4,"name":"Sin Categor\u00eda","item":"https:\/\/compuviper.mx\/tienda\/categoria-producto\/terminal-pos\/sin-categoria-terminal-pos\/"},{"@type":"ListItem","position":5,"name":"Tech Zone Pos Tzpoaioi303 Terminal Punto De Venta Techzone , Multi Touch Capacitivo, Fhd 10 Puntos, 15.6 Pulgadas, Intel Core I3 1215u Ram 8gb Almacenamiento 256gb. No Incluye Licencia."}]},{"@type":"WebSite","@id":"https:\/\/compuviper.mx\/tienda\/#website","url":"https:\/\/compuviper.mx\/tienda\/","name":"Compuviper","description":"Proveedor de Computadoras, Laptops, Servidores, Monitores, Puntos de Venta, Teclados,   Impresoras, T\u00f3ner, C\u00e1maras de Seguridad y m\u00e1s en tu tienda en l\u00ednea","publisher":{"@id":"https:\/\/compuviper.mx\/tienda\/#organization"},"potentialAction":[{"@type":"SearchAction","target":{"@type":"EntryPoint","urlTemplate":"https:\/\/compuviper.mx\/tienda\/?s={search_term_string}"},"query-input":"required name=search_term_string"}],"inLanguage":"es-MX"},{"@type":"Organization","@id":"https:\/\/compuviper.mx\/tienda\/#organization","name":"Compuviper","url":"https:\/\/compuviper.mx\/tienda\/","logo":{"@type":"ImageObject","inLanguage":"es-MX","@id":"https:\/\/compuviper.mx\/tienda\/#\/schema\/logo\/image\/","url":"https:\/\/compuviper.mx\/tienda\/wp-content\/uploads\/2021\/08\/Logo-Compuviper-10.png","contentUrl":"https:\/\/compuviper.mx\/tienda\/wp-content\/uploads\/2021\/08\/Logo-Compuviper-10.png","width":1000,"height":500,"caption":"Compuviper"},"image":{"@id":"https:\/\/compuviper.mx\/tienda\/#\/schema\/logo\/image\/"},"sameAs":["https:\/\/www.facebook.com\/compuviper","https:\/\/www.youtube.com\/channel\/UCf73dERp9Y3cfOq7q8BhLjA?view_as=subscriber"]}]},"product_brand":"Tech Zone Pos","product_price_amount":"17179","product_price_currency":"MXN","og_availability":"instock","product_availability":"instock","product_retailer_item_id":"TZPOAIOI303","product_condition":"new"},"_links":{"self":[{"href":"https:\/\/compuviper.mx\/tienda\/wp-json\/wp\/v2\/product\/256482"}],"collection":[{"href":"https:\/\/compuviper.mx\/tienda\/wp-json\/wp\/v2\/product"}],"about":[{"href":"https:\/\/compuviper.mx\/tienda\/wp-json\/wp\/v2\/types\/product"}],"replies":[{"embeddable":true,"href":"https:\/\/compuviper.mx\/tienda\/wp-json\/wp\/v2\/comments?post=256482"}],"wp:featuredmedia":[{"embeddable":true,"href":"https:\/\/compuviper.mx\/tienda\/wp-json\/wp\/v2\/media\/260602"}],"wp:attachment":[{"href":"https:\/\/compuviper.mx\/tienda\/wp-json\/wp\/v2\/media?parent=256482"}],"wp:term":[{"taxonomy":"product_cat","embeddable":true,"href":"https:\/\/compuviper.mx\/tienda\/wp-json\/wp\/v2\/product_cat?post=256482"},{"taxonomy":"product_tag","embeddable":true,"href":"https:\/\/compuviper.mx\/tienda\/wp-json\/wp\/v2\/product_tag?post=256482"}],"curies":[{"name":"wp","href":"https:\/\/api.w.org\/{rel}","templated":true}]}}