{"id":256409,"date":"2026-04-21T02:11:20","date_gmt":"2026-04-21T08:11:20","guid":{"rendered":"https:\/\/compuviper.mx\/tienda\/producto\/tp-link-tapo-rv30-max-plus-robot-vacuums-robot-aspirador-y-trapeador-5300pa-con-doble-sistema-de-navegacin-base-de-autovaciado\/"},"modified":"2026-04-21T02:11:21","modified_gmt":"2026-04-21T08:11:21","slug":"tp-link-tapo-rv30-max-plus-robot-vacuums-robot-aspirador-y-trapeador-5300pa-con-doble-sistema-de-navegacin-base-de-autovaciado","status":"publish","type":"product","link":"https:\/\/compuviper.mx\/tienda\/producto\/tp-link-tapo-rv30-max-plus-robot-vacuums-robot-aspirador-y-trapeador-5300pa-con-doble-sistema-de-navegacin-base-de-autovaciado\/","title":{"rendered":"Tp Link Tapo Rv30 Max Plus Robot Vacuums |  |  | Robot Aspirador Y Trapeador 5300pa Con Doble Sistema De Navegaci?n + Base De Autovaciado"},"content":{"rendered":"<table class=\"descripcion\">\n<tr>\n<td>-batera<\/td>\n<\/tr>\n<tr>\n<td>Capacidad de batera2600 mah<\/td>\n<\/tr>\n<tr>\n<td>Tiempo de carga4 horas<\/td>\n<\/tr>\n<tr>\n<td>Recargar y reanudars<\/td>\n<\/tr>\n<tr>\n<td>Funciones de mapas y navegacin<\/td>\n<\/tr>\n<tr>\n<td>Mapeo\/planificacin de rutaslidar  imu<\/td>\n<\/tr>\n<tr>\n<td>Mapa de alta precisins<\/td>\n<\/tr>\n<tr>\n<td>Evitacin de obst\u00e1culoslidar<\/td>\n<\/tr>\n<tr>\n<td>Altura de la barrera cruzada 22 milmetros<\/td>\n<\/tr>\n<tr>\n<td>Proteccin anticadass<\/td>\n<\/tr>\n<tr>\n<td>-caractersticas del dock<\/td>\n<\/tr>\n<tr>\n<td>Recoleccin de polvo de automviless<\/td>\n<\/tr>\n<tr>\n<td>Potencia de succin del muelle de vaciado autom\u00e1tico17000 pa<\/td>\n<\/tr>\n<tr>\n<td>Capacidad de la bolsa para polvo3 litros<\/td>\n<\/tr>\n<tr>\n<td>-funciones de aspiracin<\/td>\n<\/tr>\n<tr>\n<td>M\u00e1xima potencia de succin5300 pa<\/td>\n<\/tr>\n<tr>\n<td>Ajuste del nivel de succin5 niveles<\/td>\n<\/tr>\n<tr>\n<td>Capacidad del cubo de basura300 ml<\/td>\n<\/tr>\n<tr>\n<td>Deteccin de cubos de basuras<\/td>\n<\/tr>\n<tr>\n<td>Filtro hepah11<\/td>\n<\/tr>\n<tr>\n<td>Ruido52 db modo silencioso<\/td>\n<\/tr>\n<tr>\n<td>55 db predeterminado\/est\u00e1ndar<\/td>\n<\/tr>\n<tr>\n<td>Impulso de alfombras s<\/td>\n<\/tr>\n<\/table>\n","protected":false},"excerpt":{"rendered":"<p>-potencia de succin de 5300pa. Aspira todo tipo de suciedad. -depstito de 3 litros con vaciado autom\u00e1tico. El robot vaca su depsito tras cada limpieza. La bolsa de la base de carga dura 2 meses. -doble sistema de navegacin lidarimu. Mapea con precisin tu hogar en pocos minutos y funciona en la oscuridad. -limpieza a fondo. Utiliza mesh grid\u0099 para una limpieza m\u00e1s completa y minuciosa. -evita mojar las alfombras. No utiliza la mopa en tus zonas configuradas. -tapo iq smart cleaning\u0099. Acta como cerebro del robot. Gracias a sus mltiples sensores y algoritmos avanzados, puedes dejar tu casa en sus manos. -limpieza personalizada. Une y separa \u00e1reas, configura el programa de limpieza y adapta los modos de limpieza para cada habitacin. -multiples mapas. Detecta con precisin los diferentes pisos y crea mapas almacenados localmente. -carga autom\u00e1tica. Va solo a la base de carga cuando la batera est\u00e1 baja y reanuda la limpieza donde lo dej. -control por voz y app. Compatible con asistentes de voz y aplicacin mvil.<\/p>\n","protected":false},"featured_media":260817,"comment_status":"open","ping_status":"open","template":"","meta":[],"product_cat":[2301,1811],"product_tag":[1562],"acf":[],"yoast_head":"<!-- This site is optimized with the Yoast SEO plugin v21.7 - https:\/\/yoast.com\/wordpress\/plugins\/seo\/ -->\n<title>[ Tp Link ] &#129351; Tapo Rv30 Max Plus Robot Vacuums | | | Robot Aspirador Y Trapeador 5300pa Con Doble Sistema De Navegaci\u00f3n + Base De Autovaciado<\/title>\n<meta name=\"description\" content=\"Compra Tapo Rv30 Max Plus Robot Vacuums | | | Robot Aspirador Y Trapeador 5300pa Con Doble Sistema De Navegaci\u00f3n + Base De Autovaciado + Env\u00edo a domicilio + Pago seguro + Garant\u00eda\" \/>\n<meta name=\"robots\" content=\"index, follow, max-snippet:-1, max-image-preview:large, max-video-preview:-1\" \/>\n<link rel=\"canonical\" href=\"https:\/\/compuviper.mx\/tienda\/producto\/tp-link-tapo-rv30-max-plus-robot-vacuums-robot-aspirador-y-trapeador-5300pa-con-doble-sistema-de-navegacin-base-de-autovaciado\/\" \/>\n<meta property=\"og:locale\" content=\"es_MX\" \/>\n<meta property=\"og:type\" content=\"article\" \/>\n<meta property=\"og:title\" content=\"[ Tp Link ] &#129351; Tapo Rv30 Max Plus Robot Vacuums | | | Robot Aspirador Y Trapeador 5300pa Con Doble Sistema De Navegaci\u00f3n + Base De Autovaciado\" \/>\n<meta property=\"og:description\" content=\"Compra Tapo Rv30 Max Plus Robot Vacuums | | | Robot Aspirador Y Trapeador 5300pa Con Doble Sistema De Navegaci\u00f3n + Base De Autovaciado + Env\u00edo a domicilio + Pago seguro + Garant\u00eda\" \/>\n<meta property=\"og:url\" content=\"https:\/\/compuviper.mx\/tienda\/producto\/tp-link-tapo-rv30-max-plus-robot-vacuums-robot-aspirador-y-trapeador-5300pa-con-doble-sistema-de-navegacin-base-de-autovaciado\/\" \/>\n<meta property=\"og:site_name\" content=\"Compuviper\" \/>\n<meta property=\"article:publisher\" content=\"https:\/\/www.facebook.com\/compuviper\" \/>\n<meta property=\"article:modified_time\" content=\"2026-04-21T08:11:21+00:00\" \/>\n<meta property=\"og:image\" content=\"https:\/\/compuviper.mx\/tienda\/wp-content\/uploads\/2025\/10\/Robot-vacuums-tp-link-tapo-rv30-max-plus-robot-aspirador-y-trapeador-5300pa-con-doble-sistema-de-navegacion-base-de-autovaciado.jpg\" \/>\n\t<meta property=\"og:image:width\" content=\"200\" \/>\n\t<meta property=\"og:image:height\" content=\"200\" \/>\n\t<meta property=\"og:image:type\" content=\"image\/jpeg\" \/>\n<meta name=\"twitter:card\" content=\"summary_large_image\" \/>\n<meta name=\"twitter:label1\" content=\"Precio\" \/>\n\t<meta name=\"twitter:data1\" content=\"&#36;6,601 con IVA\" \/>\n\t<meta name=\"twitter:label2\" content=\"Availability\" \/>\n\t<meta name=\"twitter:data2\" content=\"On backorder\" \/>\n<script type=\"application\/ld+json\" class=\"yoast-schema-graph\">{\"@context\":\"https:\/\/schema.org\",\"@graph\":[{\"@type\":\"WebPage\",\"@id\":\"https:\/\/compuviper.mx\/tienda\/producto\/tp-link-tapo-rv30-max-plus-robot-vacuums-robot-aspirador-y-trapeador-5300pa-con-doble-sistema-de-navegacin-base-de-autovaciado\/\",\"url\":\"https:\/\/compuviper.mx\/tienda\/producto\/tp-link-tapo-rv30-max-plus-robot-vacuums-robot-aspirador-y-trapeador-5300pa-con-doble-sistema-de-navegacin-base-de-autovaciado\/\",\"name\":\"[ Tp Link ] &#129351; Tapo Rv30 Max Plus Robot Vacuums | | | Robot Aspirador Y Trapeador 5300pa Con Doble Sistema De Navegaci\u00f3n + Base De Autovaciado\",\"isPartOf\":{\"@id\":\"https:\/\/compuviper.mx\/tienda\/#website\"},\"datePublished\":\"2026-04-21T08:11:20+00:00\",\"dateModified\":\"2026-04-21T08:11:21+00:00\",\"description\":\"Compra Tapo Rv30 Max Plus Robot Vacuums | | | Robot Aspirador Y Trapeador 5300pa Con Doble Sistema De Navegaci\u00f3n + Base De Autovaciado + Env\u00edo a domicilio + Pago seguro + Garant\u00eda\",\"breadcrumb\":{\"@id\":\"https:\/\/compuviper.mx\/tienda\/producto\/tp-link-tapo-rv30-max-plus-robot-vacuums-robot-aspirador-y-trapeador-5300pa-con-doble-sistema-de-navegacin-base-de-autovaciado\/#breadcrumb\"},\"inLanguage\":\"es-MX\",\"potentialAction\":[{\"@type\":\"ReadAction\",\"target\":[\"https:\/\/compuviper.mx\/tienda\/producto\/tp-link-tapo-rv30-max-plus-robot-vacuums-robot-aspirador-y-trapeador-5300pa-con-doble-sistema-de-navegacin-base-de-autovaciado\/\"]}]},{\"@type\":\"BreadcrumbList\",\"@id\":\"https:\/\/compuviper.mx\/tienda\/producto\/tp-link-tapo-rv30-max-plus-robot-vacuums-robot-aspirador-y-trapeador-5300pa-con-doble-sistema-de-navegacin-base-de-autovaciado\/#breadcrumb\",\"itemListElement\":[{\"@type\":\"ListItem\",\"position\":1,\"name\":\"Inicio\",\"item\":\"https:\/\/compuviper.mx\/tienda\/\"},{\"@type\":\"ListItem\",\"position\":2,\"name\":\"Productos\",\"item\":\"https:\/\/compuviper.mx\/tienda\/productos\/\"},{\"@type\":\"ListItem\",\"position\":3,\"name\":\"Smart Home\",\"item\":\"https:\/\/compuviper.mx\/tienda\/categoria-producto\/smart-home\/\"},{\"@type\":\"ListItem\",\"position\":4,\"name\":\"Aspiradora Inteligente\",\"item\":\"https:\/\/compuviper.mx\/tienda\/categoria-producto\/smart-home\/aspiradora-inteligente\/\"},{\"@type\":\"ListItem\",\"position\":5,\"name\":\"Tp Link Tapo Rv30 Max Plus Robot Vacuums | | | Robot Aspirador Y Trapeador 5300pa Con Doble Sistema De Navegaci?n + Base De Autovaciado\"}]},{\"@type\":\"WebSite\",\"@id\":\"https:\/\/compuviper.mx\/tienda\/#website\",\"url\":\"https:\/\/compuviper.mx\/tienda\/\",\"name\":\"Compuviper\",\"description\":\"Proveedor de Computadoras, Laptops, Servidores, Monitores, Puntos de Venta, Teclados,   Impresoras, T\u00f3ner, C\u00e1maras de Seguridad y m\u00e1s en tu tienda en l\u00ednea\",\"publisher\":{\"@id\":\"https:\/\/compuviper.mx\/tienda\/#organization\"},\"potentialAction\":[{\"@type\":\"SearchAction\",\"target\":{\"@type\":\"EntryPoint\",\"urlTemplate\":\"https:\/\/compuviper.mx\/tienda\/?s={search_term_string}\"},\"query-input\":\"required name=search_term_string\"}],\"inLanguage\":\"es-MX\"},{\"@type\":\"Organization\",\"@id\":\"https:\/\/compuviper.mx\/tienda\/#organization\",\"name\":\"Compuviper\",\"url\":\"https:\/\/compuviper.mx\/tienda\/\",\"logo\":{\"@type\":\"ImageObject\",\"inLanguage\":\"es-MX\",\"@id\":\"https:\/\/compuviper.mx\/tienda\/#\/schema\/logo\/image\/\",\"url\":\"https:\/\/compuviper.mx\/tienda\/wp-content\/uploads\/2021\/08\/Logo-Compuviper-10.png\",\"contentUrl\":\"https:\/\/compuviper.mx\/tienda\/wp-content\/uploads\/2021\/08\/Logo-Compuviper-10.png\",\"width\":1000,\"height\":500,\"caption\":\"Compuviper\"},\"image\":{\"@id\":\"https:\/\/compuviper.mx\/tienda\/#\/schema\/logo\/image\/\"},\"sameAs\":[\"https:\/\/www.facebook.com\/compuviper\",\"https:\/\/www.youtube.com\/channel\/UCf73dERp9Y3cfOq7q8BhLjA?view_as=subscriber\"]}]}<\/script>\n<meta property=\"product:brand\" content=\"TP LINK\" \/>\n<meta property=\"product:price:amount\" content=\"6601\" \/>\n<meta property=\"product:price:currency\" content=\"MXN\" \/>\n<meta property=\"og:availability\" content=\"backorder\" \/>\n<meta property=\"product:availability\" content=\"available for order\" \/>\n<meta property=\"product:retailer_item_id\" content=\"TAPO RV30 MAX PLUS\" \/>\n<meta property=\"product:condition\" content=\"new\" \/>\n<!-- \/ Yoast SEO plugin. -->","yoast_head_json":{"title":"[ Tp Link ] &#129351; Tapo Rv30 Max Plus Robot Vacuums | | | Robot Aspirador Y Trapeador 5300pa Con Doble Sistema De Navegaci\u00f3n + Base De Autovaciado","description":"Compra Tapo Rv30 Max Plus Robot Vacuums | | | Robot Aspirador Y Trapeador 5300pa Con Doble Sistema De Navegaci\u00f3n + Base De Autovaciado + Env\u00edo a domicilio + Pago seguro + Garant\u00eda","robots":{"index":"index","follow":"follow","max-snippet":"max-snippet:-1","max-image-preview":"max-image-preview:large","max-video-preview":"max-video-preview:-1"},"canonical":"https:\/\/compuviper.mx\/tienda\/producto\/tp-link-tapo-rv30-max-plus-robot-vacuums-robot-aspirador-y-trapeador-5300pa-con-doble-sistema-de-navegacin-base-de-autovaciado\/","og_locale":"es_MX","og_type":"article","og_title":"[ Tp Link ] &#129351; Tapo Rv30 Max Plus Robot Vacuums | | | Robot Aspirador Y Trapeador 5300pa Con Doble Sistema De Navegaci\u00f3n + Base De Autovaciado","og_description":"Compra Tapo Rv30 Max Plus Robot Vacuums | | | Robot Aspirador Y Trapeador 5300pa Con Doble Sistema De Navegaci\u00f3n + Base De Autovaciado + Env\u00edo a domicilio + Pago seguro + Garant\u00eda","og_url":"https:\/\/compuviper.mx\/tienda\/producto\/tp-link-tapo-rv30-max-plus-robot-vacuums-robot-aspirador-y-trapeador-5300pa-con-doble-sistema-de-navegacin-base-de-autovaciado\/","og_site_name":"Compuviper","article_publisher":"https:\/\/www.facebook.com\/compuviper","article_modified_time":"2026-04-21T08:11:21+00:00","og_image":[{"width":200,"height":200,"url":"https:\/\/compuviper.mx\/tienda\/wp-content\/uploads\/2025\/10\/Robot-vacuums-tp-link-tapo-rv30-max-plus-robot-aspirador-y-trapeador-5300pa-con-doble-sistema-de-navegacion-base-de-autovaciado.jpg","type":"image\/jpeg"}],"twitter_card":"summary_large_image","twitter_misc":{"Precio":"&#36;6,601 con IVA","Availability":"On backorder"},"schema":{"@context":"https:\/\/schema.org","@graph":[{"@type":"WebPage","@id":"https:\/\/compuviper.mx\/tienda\/producto\/tp-link-tapo-rv30-max-plus-robot-vacuums-robot-aspirador-y-trapeador-5300pa-con-doble-sistema-de-navegacin-base-de-autovaciado\/","url":"https:\/\/compuviper.mx\/tienda\/producto\/tp-link-tapo-rv30-max-plus-robot-vacuums-robot-aspirador-y-trapeador-5300pa-con-doble-sistema-de-navegacin-base-de-autovaciado\/","name":"[ Tp Link ] &#129351; Tapo Rv30 Max Plus Robot Vacuums | | | Robot Aspirador Y Trapeador 5300pa Con Doble Sistema De Navegaci\u00f3n + Base De Autovaciado","isPartOf":{"@id":"https:\/\/compuviper.mx\/tienda\/#website"},"datePublished":"2026-04-21T08:11:20+00:00","dateModified":"2026-04-21T08:11:21+00:00","description":"Compra Tapo Rv30 Max Plus Robot Vacuums | | | Robot Aspirador Y Trapeador 5300pa Con Doble Sistema De Navegaci\u00f3n + Base De Autovaciado + Env\u00edo a domicilio + Pago seguro + Garant\u00eda","breadcrumb":{"@id":"https:\/\/compuviper.mx\/tienda\/producto\/tp-link-tapo-rv30-max-plus-robot-vacuums-robot-aspirador-y-trapeador-5300pa-con-doble-sistema-de-navegacin-base-de-autovaciado\/#breadcrumb"},"inLanguage":"es-MX","potentialAction":[{"@type":"ReadAction","target":["https:\/\/compuviper.mx\/tienda\/producto\/tp-link-tapo-rv30-max-plus-robot-vacuums-robot-aspirador-y-trapeador-5300pa-con-doble-sistema-de-navegacin-base-de-autovaciado\/"]}]},{"@type":"BreadcrumbList","@id":"https:\/\/compuviper.mx\/tienda\/producto\/tp-link-tapo-rv30-max-plus-robot-vacuums-robot-aspirador-y-trapeador-5300pa-con-doble-sistema-de-navegacin-base-de-autovaciado\/#breadcrumb","itemListElement":[{"@type":"ListItem","position":1,"name":"Inicio","item":"https:\/\/compuviper.mx\/tienda\/"},{"@type":"ListItem","position":2,"name":"Productos","item":"https:\/\/compuviper.mx\/tienda\/productos\/"},{"@type":"ListItem","position":3,"name":"Smart Home","item":"https:\/\/compuviper.mx\/tienda\/categoria-producto\/smart-home\/"},{"@type":"ListItem","position":4,"name":"Aspiradora Inteligente","item":"https:\/\/compuviper.mx\/tienda\/categoria-producto\/smart-home\/aspiradora-inteligente\/"},{"@type":"ListItem","position":5,"name":"Tp Link Tapo Rv30 Max Plus Robot Vacuums | | | Robot Aspirador Y Trapeador 5300pa Con Doble Sistema De Navegaci?n + Base De Autovaciado"}]},{"@type":"WebSite","@id":"https:\/\/compuviper.mx\/tienda\/#website","url":"https:\/\/compuviper.mx\/tienda\/","name":"Compuviper","description":"Proveedor de Computadoras, Laptops, Servidores, Monitores, Puntos de Venta, Teclados,   Impresoras, T\u00f3ner, C\u00e1maras de Seguridad y m\u00e1s en tu tienda en l\u00ednea","publisher":{"@id":"https:\/\/compuviper.mx\/tienda\/#organization"},"potentialAction":[{"@type":"SearchAction","target":{"@type":"EntryPoint","urlTemplate":"https:\/\/compuviper.mx\/tienda\/?s={search_term_string}"},"query-input":"required name=search_term_string"}],"inLanguage":"es-MX"},{"@type":"Organization","@id":"https:\/\/compuviper.mx\/tienda\/#organization","name":"Compuviper","url":"https:\/\/compuviper.mx\/tienda\/","logo":{"@type":"ImageObject","inLanguage":"es-MX","@id":"https:\/\/compuviper.mx\/tienda\/#\/schema\/logo\/image\/","url":"https:\/\/compuviper.mx\/tienda\/wp-content\/uploads\/2021\/08\/Logo-Compuviper-10.png","contentUrl":"https:\/\/compuviper.mx\/tienda\/wp-content\/uploads\/2021\/08\/Logo-Compuviper-10.png","width":1000,"height":500,"caption":"Compuviper"},"image":{"@id":"https:\/\/compuviper.mx\/tienda\/#\/schema\/logo\/image\/"},"sameAs":["https:\/\/www.facebook.com\/compuviper","https:\/\/www.youtube.com\/channel\/UCf73dERp9Y3cfOq7q8BhLjA?view_as=subscriber"]}]},"product_brand":"TP LINK","product_price_amount":"6601","product_price_currency":"MXN","og_availability":"backorder","product_availability":"available for order","product_retailer_item_id":"TAPO RV30 MAX PLUS","product_condition":"new"},"_links":{"self":[{"href":"https:\/\/compuviper.mx\/tienda\/wp-json\/wp\/v2\/product\/256409"}],"collection":[{"href":"https:\/\/compuviper.mx\/tienda\/wp-json\/wp\/v2\/product"}],"about":[{"href":"https:\/\/compuviper.mx\/tienda\/wp-json\/wp\/v2\/types\/product"}],"replies":[{"embeddable":true,"href":"https:\/\/compuviper.mx\/tienda\/wp-json\/wp\/v2\/comments?post=256409"}],"wp:featuredmedia":[{"embeddable":true,"href":"https:\/\/compuviper.mx\/tienda\/wp-json\/wp\/v2\/media\/260817"}],"wp:attachment":[{"href":"https:\/\/compuviper.mx\/tienda\/wp-json\/wp\/v2\/media?parent=256409"}],"wp:term":[{"taxonomy":"product_cat","embeddable":true,"href":"https:\/\/compuviper.mx\/tienda\/wp-json\/wp\/v2\/product_cat?post=256409"},{"taxonomy":"product_tag","embeddable":true,"href":"https:\/\/compuviper.mx\/tienda\/wp-json\/wp\/v2\/product_tag?post=256409"}],"curies":[{"name":"wp","href":"https:\/\/api.w.org\/{rel}","templated":true}]}}