{"id":256407,"date":"2026-04-21T02:11:19","date_gmt":"2026-04-21T08:11:19","guid":{"rendered":"https:\/\/compuviper.mx\/tienda\/producto\/tp-link-tapo-d210-timbre-inteligente-timbre-inteligente-ip65-con-cmara-3mp-y-visin-nocturna-a-color\/"},"modified":"2026-04-21T02:11:20","modified_gmt":"2026-04-21T08:11:20","slug":"tp-link-tapo-d210-timbre-inteligente-timbre-inteligente-ip65-con-cmara-3mp-y-visin-nocturna-a-color","status":"publish","type":"product","link":"https:\/\/compuviper.mx\/tienda\/producto\/tp-link-tapo-d210-timbre-inteligente-timbre-inteligente-ip65-con-cmara-3mp-y-visin-nocturna-a-color\/","title":{"rendered":"Tp Link Tapo D210 Timbre Inteligente |  |  | Timbre Inteligente Ip65 Con C?mara 3mp Y Visi?n Nocturna A Color"},"content":{"rendered":"<table class=\"descripcion\">\n<tr>\n<td>-c\u00e1mara<\/td>\n<\/tr>\n<tr>\n<td>Sensor de imagensensor cmos de escaneo progresivo de 1\/3\u0094<\/td>\n<\/tr>\n<tr>\n<td>Lentesdistancia focal: 1,18 mm<\/td>\n<\/tr>\n<tr>\n<td>Apertura: f1.8<\/td>\n<\/tr>\n<tr>\n<td>Campo de visin: 160\u00b0 diagonal, 135\u00b0 horizontal, 109\u00b0 vertical<\/td>\n<\/tr>\n<tr>\n<td>Visin nocturnaled ir de 850 nm 25 pies\/7,6 m<\/td>\n<\/tr>\n<tr>\n<td>Visin nocturna a todo color<\/td>\n<\/tr>\n<tr>\n<td>Iluminacinfocos incorporados<\/td>\n<\/tr>\n<tr>\n<td>Interfaz y botones1 botn reset<\/td>\n<\/tr>\n<tr>\n<td>1 botn de timbre<\/td>\n<\/tr>\n<tr>\n<td>1 botn antirrobo<\/td>\n<\/tr>\n<tr>\n<td>-vdeo y audio<\/td>\n<\/tr>\n<tr>\n<td>Resolucin m\u00e1xima2k 3mp 2304  1296px<\/td>\n<\/tr>\n<tr>\n<td>Velocidad de cuadros15 fps<\/td>\n<\/tr>\n<tr>\n<td>Zoom digital10x<\/td>\n<\/tr>\n<tr>\n<td>Compresin de vdeoh.264<\/td>\n<\/tr>\n<tr>\n<td>Vista en vivos<\/td>\n<\/tr>\n<tr>\n<td>Mejora de la imagen3dnr<\/td>\n<\/tr>\n<tr>\n<td>Wdr<\/td>\n<\/tr>\n<tr>\n<td>Entrada y salida de audiomicrfono y altavoz integrados<\/td>\n<\/tr>\n<tr>\n<td>Comunicacin de audioaudio bidireccional con cancelacin de ruido<\/td>\n<\/tr>\n<\/table>\n","protected":false},"excerpt":{"rendered":"<p>-6 meses de autonoma. Seguridad con menos cargas. -2k. No te pierdas ningn detalle. -visin ultra-amplia de 160\u00b0. Para ver de la cabeza a los pies. -visin nocturna a todo color con foco. Visin nocturna avanzada. -deteccin y notificaciones con ia. Alertas para personas, vehiculos, animales y paquetes. -sonido bidireccional. Audio de alta calidad con micrfono y altavoces. -respuesta r\u00e1pida. Ante cualquier situacin. -ip65. Proteccin contra el agua y el polvo. -almacenamiento local y en la nube. Compatible con tarjeta microsd hasta 512gb y servicio en la nube tapo care.<\/p>\n","protected":false},"featured_media":260815,"comment_status":"open","ping_status":"open","template":"","meta":[],"product_cat":[2302,1811],"product_tag":[1562],"acf":[],"yoast_head":"<!-- This site is optimized with the Yoast SEO plugin v21.7 - https:\/\/yoast.com\/wordpress\/plugins\/seo\/ -->\n<title>[ Tp Link ] &#129351; Tapo D210 Timbre Inteligente | | | Timbre Inteligente Ip65 Con C\u00e1mara 3mp Y Visi\u00f3n Nocturna A Color<\/title>\n<meta name=\"description\" content=\"Compra Tapo D210 Timbre Inteligente | | | Timbre Inteligente Ip65 Con C\u00e1mara 3mp Y Visi\u00f3n Nocturna A Color + Env\u00edo a domicilio + Pago seguro + Garant\u00eda\" \/>\n<meta name=\"robots\" content=\"index, follow, max-snippet:-1, max-image-preview:large, max-video-preview:-1\" \/>\n<link rel=\"canonical\" href=\"https:\/\/compuviper.mx\/tienda\/producto\/tp-link-tapo-d210-timbre-inteligente-timbre-inteligente-ip65-con-cmara-3mp-y-visin-nocturna-a-color\/\" \/>\n<meta property=\"og:locale\" content=\"es_MX\" \/>\n<meta property=\"og:type\" content=\"article\" \/>\n<meta property=\"og:title\" content=\"[ Tp Link ] &#129351; Tapo D210 Timbre Inteligente | | | Timbre Inteligente Ip65 Con C\u00e1mara 3mp Y Visi\u00f3n Nocturna A Color\" \/>\n<meta property=\"og:description\" content=\"Compra Tapo D210 Timbre Inteligente | | | Timbre Inteligente Ip65 Con C\u00e1mara 3mp Y Visi\u00f3n Nocturna A Color + Env\u00edo a domicilio + Pago seguro + Garant\u00eda\" \/>\n<meta property=\"og:url\" content=\"https:\/\/compuviper.mx\/tienda\/producto\/tp-link-tapo-d210-timbre-inteligente-timbre-inteligente-ip65-con-cmara-3mp-y-visin-nocturna-a-color\/\" \/>\n<meta property=\"og:site_name\" content=\"Compuviper\" \/>\n<meta property=\"article:publisher\" content=\"https:\/\/www.facebook.com\/compuviper\" \/>\n<meta property=\"article:modified_time\" content=\"2026-04-21T08:11:20+00:00\" \/>\n<meta property=\"og:image\" content=\"https:\/\/compuviper.mx\/tienda\/wp-content\/uploads\/2025\/10\/Timbre-inteligente-tp-link-tapo-d210-timbre-inteligente-ip65-con-camara-3mp-y-vision-nocturna-a-color.jpg\" \/>\n\t<meta property=\"og:image:width\" content=\"200\" \/>\n\t<meta property=\"og:image:height\" content=\"200\" \/>\n\t<meta property=\"og:image:type\" content=\"image\/jpeg\" \/>\n<meta name=\"twitter:card\" content=\"summary_large_image\" \/>\n<meta name=\"twitter:label1\" content=\"Precio\" \/>\n\t<meta name=\"twitter:data1\" content=\"&#36;1,058 con IVA\" \/>\n\t<meta name=\"twitter:label2\" content=\"Availability\" \/>\n\t<meta name=\"twitter:data2\" content=\"On backorder\" \/>\n<script type=\"application\/ld+json\" class=\"yoast-schema-graph\">{\"@context\":\"https:\/\/schema.org\",\"@graph\":[{\"@type\":\"WebPage\",\"@id\":\"https:\/\/compuviper.mx\/tienda\/producto\/tp-link-tapo-d210-timbre-inteligente-timbre-inteligente-ip65-con-cmara-3mp-y-visin-nocturna-a-color\/\",\"url\":\"https:\/\/compuviper.mx\/tienda\/producto\/tp-link-tapo-d210-timbre-inteligente-timbre-inteligente-ip65-con-cmara-3mp-y-visin-nocturna-a-color\/\",\"name\":\"[ Tp Link ] &#129351; Tapo D210 Timbre Inteligente | | | Timbre Inteligente Ip65 Con C\u00e1mara 3mp Y Visi\u00f3n Nocturna A Color\",\"isPartOf\":{\"@id\":\"https:\/\/compuviper.mx\/tienda\/#website\"},\"datePublished\":\"2026-04-21T08:11:19+00:00\",\"dateModified\":\"2026-04-21T08:11:20+00:00\",\"description\":\"Compra Tapo D210 Timbre Inteligente | | | Timbre Inteligente Ip65 Con C\u00e1mara 3mp Y Visi\u00f3n Nocturna A Color + Env\u00edo a domicilio + Pago seguro + Garant\u00eda\",\"breadcrumb\":{\"@id\":\"https:\/\/compuviper.mx\/tienda\/producto\/tp-link-tapo-d210-timbre-inteligente-timbre-inteligente-ip65-con-cmara-3mp-y-visin-nocturna-a-color\/#breadcrumb\"},\"inLanguage\":\"es-MX\",\"potentialAction\":[{\"@type\":\"ReadAction\",\"target\":[\"https:\/\/compuviper.mx\/tienda\/producto\/tp-link-tapo-d210-timbre-inteligente-timbre-inteligente-ip65-con-cmara-3mp-y-visin-nocturna-a-color\/\"]}]},{\"@type\":\"BreadcrumbList\",\"@id\":\"https:\/\/compuviper.mx\/tienda\/producto\/tp-link-tapo-d210-timbre-inteligente-timbre-inteligente-ip65-con-cmara-3mp-y-visin-nocturna-a-color\/#breadcrumb\",\"itemListElement\":[{\"@type\":\"ListItem\",\"position\":1,\"name\":\"Inicio\",\"item\":\"https:\/\/compuviper.mx\/tienda\/\"},{\"@type\":\"ListItem\",\"position\":2,\"name\":\"Productos\",\"item\":\"https:\/\/compuviper.mx\/tienda\/productos\/\"},{\"@type\":\"ListItem\",\"position\":3,\"name\":\"Smart Home\",\"item\":\"https:\/\/compuviper.mx\/tienda\/categoria-producto\/smart-home\/\"},{\"@type\":\"ListItem\",\"position\":4,\"name\":\"Timbre Inteligente\",\"item\":\"https:\/\/compuviper.mx\/tienda\/categoria-producto\/smart-home\/timbre-inteligente\/\"},{\"@type\":\"ListItem\",\"position\":5,\"name\":\"Tp Link Tapo D210 Timbre Inteligente | | | Timbre Inteligente Ip65 Con C?mara 3mp Y Visi?n Nocturna A Color\"}]},{\"@type\":\"WebSite\",\"@id\":\"https:\/\/compuviper.mx\/tienda\/#website\",\"url\":\"https:\/\/compuviper.mx\/tienda\/\",\"name\":\"Compuviper\",\"description\":\"Proveedor de Computadoras, Laptops, Servidores, Monitores, Puntos de Venta, Teclados,   Impresoras, T\u00f3ner, C\u00e1maras de Seguridad y m\u00e1s en tu tienda en l\u00ednea\",\"publisher\":{\"@id\":\"https:\/\/compuviper.mx\/tienda\/#organization\"},\"potentialAction\":[{\"@type\":\"SearchAction\",\"target\":{\"@type\":\"EntryPoint\",\"urlTemplate\":\"https:\/\/compuviper.mx\/tienda\/?s={search_term_string}\"},\"query-input\":\"required name=search_term_string\"}],\"inLanguage\":\"es-MX\"},{\"@type\":\"Organization\",\"@id\":\"https:\/\/compuviper.mx\/tienda\/#organization\",\"name\":\"Compuviper\",\"url\":\"https:\/\/compuviper.mx\/tienda\/\",\"logo\":{\"@type\":\"ImageObject\",\"inLanguage\":\"es-MX\",\"@id\":\"https:\/\/compuviper.mx\/tienda\/#\/schema\/logo\/image\/\",\"url\":\"https:\/\/compuviper.mx\/tienda\/wp-content\/uploads\/2021\/08\/Logo-Compuviper-10.png\",\"contentUrl\":\"https:\/\/compuviper.mx\/tienda\/wp-content\/uploads\/2021\/08\/Logo-Compuviper-10.png\",\"width\":1000,\"height\":500,\"caption\":\"Compuviper\"},\"image\":{\"@id\":\"https:\/\/compuviper.mx\/tienda\/#\/schema\/logo\/image\/\"},\"sameAs\":[\"https:\/\/www.facebook.com\/compuviper\",\"https:\/\/www.youtube.com\/channel\/UCf73dERp9Y3cfOq7q8BhLjA?view_as=subscriber\"]}]}<\/script>\n<meta property=\"product:brand\" content=\"TP LINK\" \/>\n<meta property=\"product:price:amount\" content=\"1058\" \/>\n<meta property=\"product:price:currency\" content=\"MXN\" \/>\n<meta property=\"og:availability\" content=\"backorder\" \/>\n<meta property=\"product:availability\" content=\"available for order\" \/>\n<meta property=\"product:retailer_item_id\" content=\"TAPO D210\" \/>\n<meta property=\"product:condition\" content=\"new\" \/>\n<!-- \/ Yoast SEO plugin. -->","yoast_head_json":{"title":"[ Tp Link ] &#129351; Tapo D210 Timbre Inteligente | | | Timbre Inteligente Ip65 Con C\u00e1mara 3mp Y Visi\u00f3n Nocturna A Color","description":"Compra Tapo D210 Timbre Inteligente | | | Timbre Inteligente Ip65 Con C\u00e1mara 3mp Y Visi\u00f3n Nocturna A Color + Env\u00edo a domicilio + Pago seguro + Garant\u00eda","robots":{"index":"index","follow":"follow","max-snippet":"max-snippet:-1","max-image-preview":"max-image-preview:large","max-video-preview":"max-video-preview:-1"},"canonical":"https:\/\/compuviper.mx\/tienda\/producto\/tp-link-tapo-d210-timbre-inteligente-timbre-inteligente-ip65-con-cmara-3mp-y-visin-nocturna-a-color\/","og_locale":"es_MX","og_type":"article","og_title":"[ Tp Link ] &#129351; Tapo D210 Timbre Inteligente | | | Timbre Inteligente Ip65 Con C\u00e1mara 3mp Y Visi\u00f3n Nocturna A Color","og_description":"Compra Tapo D210 Timbre Inteligente | | | Timbre Inteligente Ip65 Con C\u00e1mara 3mp Y Visi\u00f3n Nocturna A Color + Env\u00edo a domicilio + Pago seguro + Garant\u00eda","og_url":"https:\/\/compuviper.mx\/tienda\/producto\/tp-link-tapo-d210-timbre-inteligente-timbre-inteligente-ip65-con-cmara-3mp-y-visin-nocturna-a-color\/","og_site_name":"Compuviper","article_publisher":"https:\/\/www.facebook.com\/compuviper","article_modified_time":"2026-04-21T08:11:20+00:00","og_image":[{"width":200,"height":200,"url":"https:\/\/compuviper.mx\/tienda\/wp-content\/uploads\/2025\/10\/Timbre-inteligente-tp-link-tapo-d210-timbre-inteligente-ip65-con-camara-3mp-y-vision-nocturna-a-color.jpg","type":"image\/jpeg"}],"twitter_card":"summary_large_image","twitter_misc":{"Precio":"&#36;1,058 con IVA","Availability":"On backorder"},"schema":{"@context":"https:\/\/schema.org","@graph":[{"@type":"WebPage","@id":"https:\/\/compuviper.mx\/tienda\/producto\/tp-link-tapo-d210-timbre-inteligente-timbre-inteligente-ip65-con-cmara-3mp-y-visin-nocturna-a-color\/","url":"https:\/\/compuviper.mx\/tienda\/producto\/tp-link-tapo-d210-timbre-inteligente-timbre-inteligente-ip65-con-cmara-3mp-y-visin-nocturna-a-color\/","name":"[ Tp Link ] &#129351; Tapo D210 Timbre Inteligente | | | Timbre Inteligente Ip65 Con C\u00e1mara 3mp Y Visi\u00f3n Nocturna A Color","isPartOf":{"@id":"https:\/\/compuviper.mx\/tienda\/#website"},"datePublished":"2026-04-21T08:11:19+00:00","dateModified":"2026-04-21T08:11:20+00:00","description":"Compra Tapo D210 Timbre Inteligente | | | Timbre Inteligente Ip65 Con C\u00e1mara 3mp Y Visi\u00f3n Nocturna A Color + Env\u00edo a domicilio + Pago seguro + Garant\u00eda","breadcrumb":{"@id":"https:\/\/compuviper.mx\/tienda\/producto\/tp-link-tapo-d210-timbre-inteligente-timbre-inteligente-ip65-con-cmara-3mp-y-visin-nocturna-a-color\/#breadcrumb"},"inLanguage":"es-MX","potentialAction":[{"@type":"ReadAction","target":["https:\/\/compuviper.mx\/tienda\/producto\/tp-link-tapo-d210-timbre-inteligente-timbre-inteligente-ip65-con-cmara-3mp-y-visin-nocturna-a-color\/"]}]},{"@type":"BreadcrumbList","@id":"https:\/\/compuviper.mx\/tienda\/producto\/tp-link-tapo-d210-timbre-inteligente-timbre-inteligente-ip65-con-cmara-3mp-y-visin-nocturna-a-color\/#breadcrumb","itemListElement":[{"@type":"ListItem","position":1,"name":"Inicio","item":"https:\/\/compuviper.mx\/tienda\/"},{"@type":"ListItem","position":2,"name":"Productos","item":"https:\/\/compuviper.mx\/tienda\/productos\/"},{"@type":"ListItem","position":3,"name":"Smart Home","item":"https:\/\/compuviper.mx\/tienda\/categoria-producto\/smart-home\/"},{"@type":"ListItem","position":4,"name":"Timbre Inteligente","item":"https:\/\/compuviper.mx\/tienda\/categoria-producto\/smart-home\/timbre-inteligente\/"},{"@type":"ListItem","position":5,"name":"Tp Link Tapo D210 Timbre Inteligente | | | Timbre Inteligente Ip65 Con C?mara 3mp Y Visi?n Nocturna A Color"}]},{"@type":"WebSite","@id":"https:\/\/compuviper.mx\/tienda\/#website","url":"https:\/\/compuviper.mx\/tienda\/","name":"Compuviper","description":"Proveedor de Computadoras, Laptops, Servidores, Monitores, Puntos de Venta, Teclados,   Impresoras, T\u00f3ner, C\u00e1maras de Seguridad y m\u00e1s en tu tienda en l\u00ednea","publisher":{"@id":"https:\/\/compuviper.mx\/tienda\/#organization"},"potentialAction":[{"@type":"SearchAction","target":{"@type":"EntryPoint","urlTemplate":"https:\/\/compuviper.mx\/tienda\/?s={search_term_string}"},"query-input":"required name=search_term_string"}],"inLanguage":"es-MX"},{"@type":"Organization","@id":"https:\/\/compuviper.mx\/tienda\/#organization","name":"Compuviper","url":"https:\/\/compuviper.mx\/tienda\/","logo":{"@type":"ImageObject","inLanguage":"es-MX","@id":"https:\/\/compuviper.mx\/tienda\/#\/schema\/logo\/image\/","url":"https:\/\/compuviper.mx\/tienda\/wp-content\/uploads\/2021\/08\/Logo-Compuviper-10.png","contentUrl":"https:\/\/compuviper.mx\/tienda\/wp-content\/uploads\/2021\/08\/Logo-Compuviper-10.png","width":1000,"height":500,"caption":"Compuviper"},"image":{"@id":"https:\/\/compuviper.mx\/tienda\/#\/schema\/logo\/image\/"},"sameAs":["https:\/\/www.facebook.com\/compuviper","https:\/\/www.youtube.com\/channel\/UCf73dERp9Y3cfOq7q8BhLjA?view_as=subscriber"]}]},"product_brand":"TP LINK","product_price_amount":"1058","product_price_currency":"MXN","og_availability":"backorder","product_availability":"available for order","product_retailer_item_id":"TAPO D210","product_condition":"new"},"_links":{"self":[{"href":"https:\/\/compuviper.mx\/tienda\/wp-json\/wp\/v2\/product\/256407"}],"collection":[{"href":"https:\/\/compuviper.mx\/tienda\/wp-json\/wp\/v2\/product"}],"about":[{"href":"https:\/\/compuviper.mx\/tienda\/wp-json\/wp\/v2\/types\/product"}],"replies":[{"embeddable":true,"href":"https:\/\/compuviper.mx\/tienda\/wp-json\/wp\/v2\/comments?post=256407"}],"wp:featuredmedia":[{"embeddable":true,"href":"https:\/\/compuviper.mx\/tienda\/wp-json\/wp\/v2\/media\/260815"}],"wp:attachment":[{"href":"https:\/\/compuviper.mx\/tienda\/wp-json\/wp\/v2\/media?parent=256407"}],"wp:term":[{"taxonomy":"product_cat","embeddable":true,"href":"https:\/\/compuviper.mx\/tienda\/wp-json\/wp\/v2\/product_cat?post=256407"},{"taxonomy":"product_tag","embeddable":true,"href":"https:\/\/compuviper.mx\/tienda\/wp-json\/wp\/v2\/product_tag?post=256407"}],"curies":[{"name":"wp","href":"https:\/\/api.w.org\/{rel}","templated":true}]}}