{"id":256323,"date":"2026-04-01T23:17:20","date_gmt":"2026-04-02T05:17:20","guid":{"rendered":"https:\/\/compuviper.mx\/tienda\/producto\/tp-link-ma30h-adaptador-usb-inalmbrico-de-doble-banda-de-alta-ganancia-ac130\/"},"modified":"2026-04-01T23:17:21","modified_gmt":"2026-04-02T05:17:21","slug":"tp-link-ma30h-adaptador-usb-inalmbrico-de-doble-banda-de-alta-ganancia-ac130","status":"publish","type":"product","link":"https:\/\/compuviper.mx\/tienda\/producto\/tp-link-ma30h-adaptador-usb-inalmbrico-de-doble-banda-de-alta-ganancia-ac130\/","title":{"rendered":"Tp Link Ma30h Adaptador Usb |  |  | Inal?mbrico De Doble Banda De Alta Ganancia Ac130"},"content":{"rendered":"<table class=\"descripcion\">\n<tr>\n<td>-inal\u00e1mbrico<\/td>\n<\/tr>\n<tr>\n<td>Est\u00e1ndares inal\u00e1mbricos<\/td>\n<\/tr>\n<tr>\n<td>Ieee 802.11 a\/n\/ac 5 ghz<\/td>\n<\/tr>\n<tr>\n<td>Ieee 802.11 b\/g\/n 2.4 ghz<\/td>\n<\/tr>\n<tr>\n<td> velocidades de wifi<\/td>\n<\/tr>\n<tr>\n<td>867 mbps en 5 ghz<\/td>\n<\/tr>\n<tr>\n<td>400 mbps en 2,4 ghz<\/td>\n<\/tr>\n<tr>\n<td> sensibilidad de recepci\u00f3n<\/td>\n<\/tr>\n<tr>\n<td>5 ghz:<\/td>\n<\/tr>\n<tr>\n<td>11a 54 mbps -76 dbm<\/td>\n<\/tr>\n<tr>\n<td>11ac vht80 mcs0 -86 dbm<\/td>\n<\/tr>\n<tr>\n<td>11ac vht80 mcs9 -63<\/td>\n<\/tr>\n<tr>\n<td>Dbm 2,4 ghz:<\/td>\n<\/tr>\n<tr>\n<td>11g 54 mbps -75 dbm<\/td>\n<\/tr>\n<tr>\n<td>11n ht40 mcs7 -70 dbm<\/td>\n<\/tr>\n<tr>\n<td> seguridad inal\u00e1mbrica<\/td>\n<\/tr>\n<tr>\n<td>Wpa-psk\/wpa2-psk\/wpa3-sae<\/td>\n<\/tr>\n<tr>\n<td>-hardware<\/td>\n<\/tr>\n<tr>\n<td>Dimensiones<\/td>\n<\/tr>\n<tr>\n<td> 2,28 \u00d7 0,66 \u00d7 6,83 pulgadas<\/td>\n<\/tr>\n<tr>\n<td>(57,8 \u00d7 16,8 \u00d7 173,4 mm)<\/td>\n<\/tr>\n<tr>\n<td> interfaces<\/td>\n<\/tr>\n<tr>\n<td>Usb 2.0<\/td>\n<\/tr>\n<tr>\n<td> tipo de antena<\/td>\n<\/tr>\n<tr>\n<td>1 antena externa de alta ganancia de 5 dbi<\/td>\n<\/tr>\n<tr>\n<td> condujo<\/td>\n<\/tr>\n<tr>\n<td>Estado<\/td>\n<\/tr>\n<tr>\n<td>-otros<\/td>\n<\/tr>\n<tr>\n<td>Contenido del paquete<\/td>\n<\/tr>\n<tr>\n<td>Adaptador usb inal\u00e1mbrico de doble banda de alta ganancia ac1300 (ma30h)<\/td>\n<\/tr>\n<tr>\n<td>Gu\u00eda de instalaci\u00f3n r\u00e1pida<\/td>\n<\/tr>\n<tr>\n<td> requisitos del sistema<\/td>\n<\/tr>\n<tr>\n<td> windows 11\/10 (32\/64 bits)<\/td>\n<\/tr>\n<\/table>\n","protected":false},"excerpt":{"rendered":"<p>-fuerte velocidad de wi-fi de doble banda : velocidades de hasta 867 mbps (5 ghz) + 400 mbps (2,4 ghz. -cobertura de se\u00f1al  m\u00e1s amplia : una  antena de alto rendimiento. -plug and play:  con el controlador de bandeja de entrada incorporado en los sistemas operativos windows, solo necesita enchufarlo a  su computadora y jugar. -mu-mimo : sirve simult\u00e1neamente a varios dispositivos sin m\u00e1s latencia ni congesti\u00f3n del ancho de banda. -seguridad mejorada: la \u00faltima mejora de seguridad, wpa3, proporciona mayor protecci\u00f3n en la seguridad de las contrase\u00f1as personales. -compatibilidad con versiones anteriores : soporte completo para los est\u00e1ndares 802.11ac\/a\/b\/g\/n. -compatible con windows : sistema operativo compatible: windows 10, 11<\/p>\n","protected":false},"featured_media":258932,"comment_status":"open","ping_status":"open","template":"","meta":[],"product_cat":[1485,1492],"product_tag":[1562],"acf":[],"yoast_head":"<!-- This site is optimized with the Yoast SEO plugin v21.7 - https:\/\/yoast.com\/wordpress\/plugins\/seo\/ -->\n<title>[ Tp Link ] &#129351; Ma30h Adaptador Usb | | | Inal\u00e1mbrico De Doble Banda De Alta Ganancia Ac130<\/title>\n<meta name=\"description\" content=\"Compra Ma30h Adaptador Usb | | | Inal\u00e1mbrico De Doble Banda De Alta Ganancia Ac130 + Env\u00edo a domicilio + Pago seguro + Garant\u00eda\" \/>\n<meta name=\"robots\" content=\"index, follow, max-snippet:-1, max-image-preview:large, max-video-preview:-1\" \/>\n<link rel=\"canonical\" href=\"https:\/\/compuviper.mx\/tienda\/producto\/tp-link-ma30h-adaptador-usb-inalmbrico-de-doble-banda-de-alta-ganancia-ac130\/\" \/>\n<meta property=\"og:locale\" content=\"es_MX\" \/>\n<meta property=\"og:type\" content=\"article\" \/>\n<meta property=\"og:title\" content=\"[ Tp Link ] &#129351; Ma30h Adaptador Usb | | | Inal\u00e1mbrico De Doble Banda De Alta Ganancia Ac130\" \/>\n<meta property=\"og:description\" content=\"Compra Ma30h Adaptador Usb | | | Inal\u00e1mbrico De Doble Banda De Alta Ganancia Ac130 + Env\u00edo a domicilio + Pago seguro + Garant\u00eda\" \/>\n<meta property=\"og:url\" content=\"https:\/\/compuviper.mx\/tienda\/producto\/tp-link-ma30h-adaptador-usb-inalmbrico-de-doble-banda-de-alta-ganancia-ac130\/\" \/>\n<meta property=\"og:site_name\" content=\"Compuviper\" \/>\n<meta property=\"article:publisher\" content=\"https:\/\/www.facebook.com\/compuviper\" \/>\n<meta property=\"article:modified_time\" content=\"2026-04-02T05:17:21+00:00\" \/>\n<meta property=\"og:image\" content=\"https:\/\/compuviper.mx\/tienda\/wp-content\/uploads\/2025\/10\/Adaptador-usb-tp-link-ma30h-inalambrico-de-doble-banda-de-alta-ganancia-ac130.jpg\" \/>\n\t<meta property=\"og:image:width\" content=\"200\" \/>\n\t<meta property=\"og:image:height\" content=\"200\" \/>\n\t<meta property=\"og:image:type\" content=\"image\/jpeg\" \/>\n<meta name=\"twitter:card\" content=\"summary_large_image\" \/>\n<meta name=\"twitter:label1\" content=\"Precio\" \/>\n\t<meta name=\"twitter:data1\" content=\"&#36;244 con IVA\" \/>\n\t<meta name=\"twitter:label2\" content=\"Availability\" \/>\n\t<meta name=\"twitter:data2\" content=\"Out of stock\" \/>\n<script type=\"application\/ld+json\" class=\"yoast-schema-graph\">{\"@context\":\"https:\/\/schema.org\",\"@graph\":[{\"@type\":\"WebPage\",\"@id\":\"https:\/\/compuviper.mx\/tienda\/producto\/tp-link-ma30h-adaptador-usb-inalmbrico-de-doble-banda-de-alta-ganancia-ac130\/\",\"url\":\"https:\/\/compuviper.mx\/tienda\/producto\/tp-link-ma30h-adaptador-usb-inalmbrico-de-doble-banda-de-alta-ganancia-ac130\/\",\"name\":\"[ Tp Link ] &#129351; Ma30h Adaptador Usb | | | Inal\u00e1mbrico De Doble Banda De Alta Ganancia Ac130\",\"isPartOf\":{\"@id\":\"https:\/\/compuviper.mx\/tienda\/#website\"},\"datePublished\":\"2026-04-02T05:17:20+00:00\",\"dateModified\":\"2026-04-02T05:17:21+00:00\",\"description\":\"Compra Ma30h Adaptador Usb | | | Inal\u00e1mbrico De Doble Banda De Alta Ganancia Ac130 + Env\u00edo a domicilio + Pago seguro + Garant\u00eda\",\"breadcrumb\":{\"@id\":\"https:\/\/compuviper.mx\/tienda\/producto\/tp-link-ma30h-adaptador-usb-inalmbrico-de-doble-banda-de-alta-ganancia-ac130\/#breadcrumb\"},\"inLanguage\":\"es-MX\",\"potentialAction\":[{\"@type\":\"ReadAction\",\"target\":[\"https:\/\/compuviper.mx\/tienda\/producto\/tp-link-ma30h-adaptador-usb-inalmbrico-de-doble-banda-de-alta-ganancia-ac130\/\"]}]},{\"@type\":\"BreadcrumbList\",\"@id\":\"https:\/\/compuviper.mx\/tienda\/producto\/tp-link-ma30h-adaptador-usb-inalmbrico-de-doble-banda-de-alta-ganancia-ac130\/#breadcrumb\",\"itemListElement\":[{\"@type\":\"ListItem\",\"position\":1,\"name\":\"Inicio\",\"item\":\"https:\/\/compuviper.mx\/tienda\/\"},{\"@type\":\"ListItem\",\"position\":2,\"name\":\"Productos\",\"item\":\"https:\/\/compuviper.mx\/tienda\/productos\/\"},{\"@type\":\"ListItem\",\"position\":3,\"name\":\"Accesorios\",\"item\":\"https:\/\/compuviper.mx\/tienda\/categoria-producto\/accesorios\/\"},{\"@type\":\"ListItem\",\"position\":4,\"name\":\"Adaptadores\",\"item\":\"https:\/\/compuviper.mx\/tienda\/categoria-producto\/accesorios\/adaptadores\/\"},{\"@type\":\"ListItem\",\"position\":5,\"name\":\"Tp Link Ma30h Adaptador Usb | | | Inal?mbrico De Doble Banda De Alta Ganancia Ac130\"}]},{\"@type\":\"WebSite\",\"@id\":\"https:\/\/compuviper.mx\/tienda\/#website\",\"url\":\"https:\/\/compuviper.mx\/tienda\/\",\"name\":\"Compuviper\",\"description\":\"Proveedor de Computadoras, Laptops, Servidores, Monitores, Puntos de Venta, Teclados,   Impresoras, T\u00f3ner, C\u00e1maras de Seguridad y m\u00e1s en tu tienda en l\u00ednea\",\"publisher\":{\"@id\":\"https:\/\/compuviper.mx\/tienda\/#organization\"},\"potentialAction\":[{\"@type\":\"SearchAction\",\"target\":{\"@type\":\"EntryPoint\",\"urlTemplate\":\"https:\/\/compuviper.mx\/tienda\/?s={search_term_string}\"},\"query-input\":\"required name=search_term_string\"}],\"inLanguage\":\"es-MX\"},{\"@type\":\"Organization\",\"@id\":\"https:\/\/compuviper.mx\/tienda\/#organization\",\"name\":\"Compuviper\",\"url\":\"https:\/\/compuviper.mx\/tienda\/\",\"logo\":{\"@type\":\"ImageObject\",\"inLanguage\":\"es-MX\",\"@id\":\"https:\/\/compuviper.mx\/tienda\/#\/schema\/logo\/image\/\",\"url\":\"https:\/\/compuviper.mx\/tienda\/wp-content\/uploads\/2021\/08\/Logo-Compuviper-10.png\",\"contentUrl\":\"https:\/\/compuviper.mx\/tienda\/wp-content\/uploads\/2021\/08\/Logo-Compuviper-10.png\",\"width\":1000,\"height\":500,\"caption\":\"Compuviper\"},\"image\":{\"@id\":\"https:\/\/compuviper.mx\/tienda\/#\/schema\/logo\/image\/\"},\"sameAs\":[\"https:\/\/www.facebook.com\/compuviper\",\"https:\/\/www.youtube.com\/channel\/UCf73dERp9Y3cfOq7q8BhLjA?view_as=subscriber\"]}]}<\/script>\n<meta property=\"product:brand\" content=\"TP LINK\" \/>\n<meta property=\"product:price:amount\" content=\"244\" \/>\n<meta property=\"product:price:currency\" content=\"MXN\" \/>\n<meta property=\"og:availability\" content=\"out of stock\" \/>\n<meta property=\"product:availability\" content=\"out of stock\" \/>\n<meta property=\"product:retailer_item_id\" content=\"MA30H\" \/>\n<meta property=\"product:condition\" content=\"new\" \/>\n<!-- \/ Yoast SEO plugin. -->","yoast_head_json":{"title":"[ Tp Link ] &#129351; Ma30h Adaptador Usb | | | Inal\u00e1mbrico De Doble Banda De Alta Ganancia Ac130","description":"Compra Ma30h Adaptador Usb | | | Inal\u00e1mbrico De Doble Banda De Alta Ganancia Ac130 + Env\u00edo a domicilio + Pago seguro + Garant\u00eda","robots":{"index":"index","follow":"follow","max-snippet":"max-snippet:-1","max-image-preview":"max-image-preview:large","max-video-preview":"max-video-preview:-1"},"canonical":"https:\/\/compuviper.mx\/tienda\/producto\/tp-link-ma30h-adaptador-usb-inalmbrico-de-doble-banda-de-alta-ganancia-ac130\/","og_locale":"es_MX","og_type":"article","og_title":"[ Tp Link ] &#129351; Ma30h Adaptador Usb | | | Inal\u00e1mbrico De Doble Banda De Alta Ganancia Ac130","og_description":"Compra Ma30h Adaptador Usb | | | Inal\u00e1mbrico De Doble Banda De Alta Ganancia Ac130 + Env\u00edo a domicilio + Pago seguro + Garant\u00eda","og_url":"https:\/\/compuviper.mx\/tienda\/producto\/tp-link-ma30h-adaptador-usb-inalmbrico-de-doble-banda-de-alta-ganancia-ac130\/","og_site_name":"Compuviper","article_publisher":"https:\/\/www.facebook.com\/compuviper","article_modified_time":"2026-04-02T05:17:21+00:00","og_image":[{"width":200,"height":200,"url":"https:\/\/compuviper.mx\/tienda\/wp-content\/uploads\/2025\/10\/Adaptador-usb-tp-link-ma30h-inalambrico-de-doble-banda-de-alta-ganancia-ac130.jpg","type":"image\/jpeg"}],"twitter_card":"summary_large_image","twitter_misc":{"Precio":"&#36;244 con IVA","Availability":"Out of stock"},"schema":{"@context":"https:\/\/schema.org","@graph":[{"@type":"WebPage","@id":"https:\/\/compuviper.mx\/tienda\/producto\/tp-link-ma30h-adaptador-usb-inalmbrico-de-doble-banda-de-alta-ganancia-ac130\/","url":"https:\/\/compuviper.mx\/tienda\/producto\/tp-link-ma30h-adaptador-usb-inalmbrico-de-doble-banda-de-alta-ganancia-ac130\/","name":"[ Tp Link ] &#129351; Ma30h Adaptador Usb | | | Inal\u00e1mbrico De Doble Banda De Alta Ganancia Ac130","isPartOf":{"@id":"https:\/\/compuviper.mx\/tienda\/#website"},"datePublished":"2026-04-02T05:17:20+00:00","dateModified":"2026-04-02T05:17:21+00:00","description":"Compra Ma30h Adaptador Usb | | | Inal\u00e1mbrico De Doble Banda De Alta Ganancia Ac130 + Env\u00edo a domicilio + Pago seguro + Garant\u00eda","breadcrumb":{"@id":"https:\/\/compuviper.mx\/tienda\/producto\/tp-link-ma30h-adaptador-usb-inalmbrico-de-doble-banda-de-alta-ganancia-ac130\/#breadcrumb"},"inLanguage":"es-MX","potentialAction":[{"@type":"ReadAction","target":["https:\/\/compuviper.mx\/tienda\/producto\/tp-link-ma30h-adaptador-usb-inalmbrico-de-doble-banda-de-alta-ganancia-ac130\/"]}]},{"@type":"BreadcrumbList","@id":"https:\/\/compuviper.mx\/tienda\/producto\/tp-link-ma30h-adaptador-usb-inalmbrico-de-doble-banda-de-alta-ganancia-ac130\/#breadcrumb","itemListElement":[{"@type":"ListItem","position":1,"name":"Inicio","item":"https:\/\/compuviper.mx\/tienda\/"},{"@type":"ListItem","position":2,"name":"Productos","item":"https:\/\/compuviper.mx\/tienda\/productos\/"},{"@type":"ListItem","position":3,"name":"Accesorios","item":"https:\/\/compuviper.mx\/tienda\/categoria-producto\/accesorios\/"},{"@type":"ListItem","position":4,"name":"Adaptadores","item":"https:\/\/compuviper.mx\/tienda\/categoria-producto\/accesorios\/adaptadores\/"},{"@type":"ListItem","position":5,"name":"Tp Link Ma30h Adaptador Usb | | | Inal?mbrico De Doble Banda De Alta Ganancia Ac130"}]},{"@type":"WebSite","@id":"https:\/\/compuviper.mx\/tienda\/#website","url":"https:\/\/compuviper.mx\/tienda\/","name":"Compuviper","description":"Proveedor de Computadoras, Laptops, Servidores, Monitores, Puntos de Venta, Teclados,   Impresoras, T\u00f3ner, C\u00e1maras de Seguridad y m\u00e1s en tu tienda en l\u00ednea","publisher":{"@id":"https:\/\/compuviper.mx\/tienda\/#organization"},"potentialAction":[{"@type":"SearchAction","target":{"@type":"EntryPoint","urlTemplate":"https:\/\/compuviper.mx\/tienda\/?s={search_term_string}"},"query-input":"required name=search_term_string"}],"inLanguage":"es-MX"},{"@type":"Organization","@id":"https:\/\/compuviper.mx\/tienda\/#organization","name":"Compuviper","url":"https:\/\/compuviper.mx\/tienda\/","logo":{"@type":"ImageObject","inLanguage":"es-MX","@id":"https:\/\/compuviper.mx\/tienda\/#\/schema\/logo\/image\/","url":"https:\/\/compuviper.mx\/tienda\/wp-content\/uploads\/2021\/08\/Logo-Compuviper-10.png","contentUrl":"https:\/\/compuviper.mx\/tienda\/wp-content\/uploads\/2021\/08\/Logo-Compuviper-10.png","width":1000,"height":500,"caption":"Compuviper"},"image":{"@id":"https:\/\/compuviper.mx\/tienda\/#\/schema\/logo\/image\/"},"sameAs":["https:\/\/www.facebook.com\/compuviper","https:\/\/www.youtube.com\/channel\/UCf73dERp9Y3cfOq7q8BhLjA?view_as=subscriber"]}]},"product_brand":"TP LINK","product_price_amount":"244","product_price_currency":"MXN","og_availability":"out of stock","product_availability":"out of stock","product_retailer_item_id":"MA30H","product_condition":"new"},"_links":{"self":[{"href":"https:\/\/compuviper.mx\/tienda\/wp-json\/wp\/v2\/product\/256323"}],"collection":[{"href":"https:\/\/compuviper.mx\/tienda\/wp-json\/wp\/v2\/product"}],"about":[{"href":"https:\/\/compuviper.mx\/tienda\/wp-json\/wp\/v2\/types\/product"}],"replies":[{"embeddable":true,"href":"https:\/\/compuviper.mx\/tienda\/wp-json\/wp\/v2\/comments?post=256323"}],"wp:featuredmedia":[{"embeddable":true,"href":"https:\/\/compuviper.mx\/tienda\/wp-json\/wp\/v2\/media\/258932"}],"wp:attachment":[{"href":"https:\/\/compuviper.mx\/tienda\/wp-json\/wp\/v2\/media?parent=256323"}],"wp:term":[{"taxonomy":"product_cat","embeddable":true,"href":"https:\/\/compuviper.mx\/tienda\/wp-json\/wp\/v2\/product_cat?post=256323"},{"taxonomy":"product_tag","embeddable":true,"href":"https:\/\/compuviper.mx\/tienda\/wp-json\/wp\/v2\/product_tag?post=256323"}],"curies":[{"name":"wp","href":"https:\/\/api.w.org\/{rel}","templated":true}]}}