{"id":256224,"date":"2026-05-09T00:53:52","date_gmt":"2026-05-09T06:53:52","guid":{"rendered":"https:\/\/compuviper.mx\/tienda\/producto\/dell-aw320m-deam-mouse-gaming-alienware-aw320m-alambrico-usb-570-abmq\/"},"modified":"2026-05-09T00:53:52","modified_gmt":"2026-05-09T06:53:52","slug":"dell-aw320m-deam-mouse-gaming-alienware-aw320m-alambrico-usb-570-abmq","status":"publish","type":"product","link":"https:\/\/compuviper.mx\/tienda\/producto\/dell-aw320m-deam-mouse-gaming-alienware-aw320m-alambrico-usb-570-abmq\/","title":{"rendered":"Dell Aw320m &#8211; Deam Mouse Gaming  Alienware Aw320m Alambrico Usb 570-abmq"},"content":{"rendered":"<table class=\"descripcion\">\n<tr>\n<td>Tech specs<\/td>\n<\/tr>\n<tr>\n<td>General<\/td>\n<\/tr>\n<tr>\n<td>Tipo de dispositivo<\/td>\n<\/tr>\n<tr>\n<td>Rat\u00f3n<\/td>\n<\/tr>\n<tr>\n<td>Anchura<\/td>\n<\/tr>\n<tr>\n<td>6.24 cm<\/td>\n<\/tr>\n<tr>\n<td>Profundidad<\/td>\n<\/tr>\n<tr>\n<td>12.48 cm<\/td>\n<\/tr>\n<tr>\n<td>Altura<\/td>\n<\/tr>\n<tr>\n<td>3.8 cm<\/td>\n<\/tr>\n<tr>\n<td>Peso<\/td>\n<\/tr>\n<tr>\n<td>74 g<\/td>\n<\/tr>\n<tr>\n<td>Dispositivo de entrada<\/td>\n<\/tr>\n<tr>\n<td>Tecnolog\u00eda de conectividad<\/td>\n<\/tr>\n<tr>\n<td>Cableado<\/td>\n<\/tr>\n<tr>\n<td>Interfaz<\/td>\n<\/tr>\n<tr>\n<td>Usb<\/td>\n<\/tr>\n<tr>\n<td>Tecnolog\u00eda de detecci\u00f3n de movimiento<\/td>\n<\/tr>\n<tr>\n<td>\u00f3ptico<\/td>\n<\/tr>\n<tr>\n<td>N\u00b0 de botones<\/td>\n<\/tr>\n<tr>\n<td>6<\/td>\n<\/tr>\n<tr>\n<td>Resoluci\u00f3n de movimiento<\/td>\n<\/tr>\n<tr>\n<td>19000 ppp<\/td>\n<\/tr>\n<tr>\n<td>Rendimiento<\/td>\n<\/tr>\n<tr>\n<td>Aceleraci\u00f3n m\u00e1xima de 50 g, velocidad de respuesta: 1.000 hz, 400 pulgadas por segundo<\/td>\n<\/tr>\n<tr>\n<td>Longitud de cable<\/td>\n<\/tr>\n<tr>\n<td>2 m<\/td>\n<\/tr>\n<tr>\n<td>Caracter\u00edsticas<\/td>\n<\/tr>\n<tr>\n<td>Calibraci\u00f3n autom\u00e1tica, 6 botones programables, 5 configuraciones dpi sobre la marcha, luces alienfx de 16,8 millones de colores, 60 millones de clics<\/td>\n<\/tr>\n<tr>\n<td>Expansi\u00f3n \/ conectividad<\/td>\n<\/tr>\n<tr>\n<td>Interfaces<\/td>\n<\/tr>\n<tr>\n<td>1 x usb &#8211; usb de 4 clavijas tipo a<\/td>\n<\/tr>\n<tr>\n<td>Software \/ requisitos del sistema<\/td>\n<\/tr>\n<tr>\n<td>Software incluido<\/td>\n<\/tr>\n<tr>\n<td>Alienware command center<\/td>\n<\/tr>\n<tr>\n<td>Sistema operativo requerido<\/td>\n<\/tr>\n<tr>\n<td>Windows 10 o posterior<\/td>\n<\/tr>\n<tr>\n<td>Garant\u00eda del fabricante<\/td>\n<\/tr>\n<tr>\n<td>Servicio y mantenimiento<\/td>\n<\/tr>\n<tr>\n<td>Garant\u00eda limitada &#8211; 1 a\u00f1o<\/td>\n<\/tr>\n<tr>\n<td>Especificaciones generales<\/td>\n<\/tr>\n<tr>\n<td>Tipo de dispositivo<\/td>\n<\/tr>\n<tr>\n<td>Rat\u00f3n<\/td>\n<\/tr>\n<tr>\n<td>Tecnolog\u00eda de conectividad<\/td>\n<\/tr>\n<tr>\n<td>Cableado &#8211; usb<\/td>\n<\/tr>\n<tr>\n<td>Dimensiones (ancho x profundidad x altura)<\/td>\n<\/tr>\n<tr>\n<td>6.24 cm x 12.48 cm x 3.8 cm<\/td>\n<\/tr>\n<tr>\n<td>Peso<\/td>\n<\/tr>\n<tr>\n<td>74 g<\/td>\n<\/tr>\n<tr>\n<td>Tecnolog\u00eda de detecci\u00f3n de movimiento<\/td>\n<\/tr>\n<tr>\n<td>\u00f3ptico<\/td>\n<\/tr>\n<tr>\n<td>N\u00b0 de botones<\/td>\n<\/tr>\n<tr>\n<td>6<\/td>\n<\/tr>\n<tr>\n<td>Resoluci\u00f3n de movimiento<\/td>\n<\/tr>\n<tr>\n<td>19000 ppp<\/td>\n<\/tr>\n<tr>\n<td>Rendimiento<\/td>\n<\/tr>\n<tr>\n<td>Aceleraci\u00f3n m\u00e1xima de 50 g, velocidad de respuesta: 1.000 hz, 400 pulgadas por segundo<\/td>\n<\/tr>\n<tr>\n<td>Caracter\u00edsticas<\/td>\n<\/tr>\n<tr>\n<td>Calibraci\u00f3n autom\u00e1tica, 6 botones programables, 5 configuraciones dpi sobre la marcha, luces alienfx de 16,8 millones de colores, 60 millones de clics<\/td>\n<\/tr>\n<tr>\n<td>Longitud de cable<\/td>\n<\/tr>\n<tr>\n<td>2 m<\/td>\n<\/tr>\n<tr>\n<td>Sistema operativo requerido<\/td>\n<\/tr>\n<tr>\n<td>Windows 10 o posterior<\/td>\n<\/tr>\n<tr>\n<td>Garant\u00eda del fabricante<\/td>\n<\/tr>\n<tr>\n<td>1 a\u00f1o de garant\u00eda<\/td>\n<\/tr>\n<\/table>\n","protected":false},"excerpt":{"rendered":"<p>La velocidad, la comodidad y la potencia siempre est\u00e1n presentes en un mouse para juegos con cable delgado con 19 000 ppp nativos y un seguimiento de hasta 400 pulgadas por segundo.<\/p>\n","protected":false},"featured_media":257846,"comment_status":"open","ping_status":"open","template":"","meta":[],"product_cat":[1752,1748],"product_tag":[1537],"acf":[],"yoast_head":"<!-- This site is optimized with the Yoast SEO plugin v21.7 - https:\/\/yoast.com\/wordpress\/plugins\/seo\/ -->\n<title>[ Dell ] &#129351; Aw320m - Deam Mouse Gaming Alienware Aw320m Alambrico Usb 570-abmq<\/title>\n<meta name=\"description\" content=\"Compra Aw320m - Deam Mouse Gaming Alienware Aw320m Alambrico Usb 570-abmq + Env\u00edo a domicilio + Pago seguro + Garant\u00eda\" \/>\n<meta name=\"robots\" content=\"index, follow, max-snippet:-1, max-image-preview:large, max-video-preview:-1\" \/>\n<link rel=\"canonical\" href=\"https:\/\/compuviper.mx\/tienda\/producto\/dell-aw320m-deam-mouse-gaming-alienware-aw320m-alambrico-usb-570-abmq\/\" \/>\n<meta property=\"og:locale\" content=\"es_MX\" \/>\n<meta property=\"og:type\" content=\"article\" \/>\n<meta property=\"og:title\" content=\"[ Dell ] &#129351; Aw320m - Deam Mouse Gaming Alienware Aw320m Alambrico Usb 570-abmq\" \/>\n<meta property=\"og:description\" content=\"Compra Aw320m - Deam Mouse Gaming Alienware Aw320m Alambrico Usb 570-abmq + Env\u00edo a domicilio + Pago seguro + Garant\u00eda\" \/>\n<meta property=\"og:url\" content=\"https:\/\/compuviper.mx\/tienda\/producto\/dell-aw320m-deam-mouse-gaming-alienware-aw320m-alambrico-usb-570-abmq\/\" \/>\n<meta property=\"og:site_name\" content=\"Compuviper\" \/>\n<meta property=\"article:publisher\" content=\"https:\/\/www.facebook.com\/compuviper\" \/>\n<meta property=\"og:image\" content=\"https:\/\/compuviper.mx\/tienda\/wp-content\/uploads\/2025\/09\/Mouse-gaming-dell-alienware-aw320m-alambrico-usb-570-abmq.jpg\" \/>\n\t<meta property=\"og:image:width\" content=\"200\" \/>\n\t<meta property=\"og:image:height\" content=\"200\" \/>\n\t<meta property=\"og:image:type\" content=\"image\/jpeg\" \/>\n<meta name=\"twitter:card\" content=\"summary_large_image\" \/>\n<meta name=\"twitter:label1\" content=\"Precio\" \/>\n\t<meta name=\"twitter:data1\" content=\"&#36;1,112 con IVA\" \/>\n\t<meta name=\"twitter:label2\" content=\"Availability\" \/>\n\t<meta name=\"twitter:data2\" content=\"In stock\" \/>\n<script type=\"application\/ld+json\" class=\"yoast-schema-graph\">{\"@context\":\"https:\/\/schema.org\",\"@graph\":[{\"@type\":\"WebPage\",\"@id\":\"https:\/\/compuviper.mx\/tienda\/producto\/dell-aw320m-deam-mouse-gaming-alienware-aw320m-alambrico-usb-570-abmq\/\",\"url\":\"https:\/\/compuviper.mx\/tienda\/producto\/dell-aw320m-deam-mouse-gaming-alienware-aw320m-alambrico-usb-570-abmq\/\",\"name\":\"[ Dell ] &#129351; Aw320m - Deam Mouse Gaming Alienware Aw320m Alambrico Usb 570-abmq\",\"isPartOf\":{\"@id\":\"https:\/\/compuviper.mx\/tienda\/#website\"},\"datePublished\":\"2026-05-09T06:53:52+00:00\",\"dateModified\":\"2026-05-09T06:53:52+00:00\",\"description\":\"Compra Aw320m - Deam Mouse Gaming Alienware Aw320m Alambrico Usb 570-abmq + Env\u00edo a domicilio + Pago seguro + Garant\u00eda\",\"breadcrumb\":{\"@id\":\"https:\/\/compuviper.mx\/tienda\/producto\/dell-aw320m-deam-mouse-gaming-alienware-aw320m-alambrico-usb-570-abmq\/#breadcrumb\"},\"inLanguage\":\"es-MX\",\"potentialAction\":[{\"@type\":\"ReadAction\",\"target\":[\"https:\/\/compuviper.mx\/tienda\/producto\/dell-aw320m-deam-mouse-gaming-alienware-aw320m-alambrico-usb-570-abmq\/\"]}]},{\"@type\":\"BreadcrumbList\",\"@id\":\"https:\/\/compuviper.mx\/tienda\/producto\/dell-aw320m-deam-mouse-gaming-alienware-aw320m-alambrico-usb-570-abmq\/#breadcrumb\",\"itemListElement\":[{\"@type\":\"ListItem\",\"position\":1,\"name\":\"Inicio\",\"item\":\"https:\/\/compuviper.mx\/tienda\/\"},{\"@type\":\"ListItem\",\"position\":2,\"name\":\"Productos\",\"item\":\"https:\/\/compuviper.mx\/tienda\/productos\/\"},{\"@type\":\"ListItem\",\"position\":3,\"name\":\"Mouse\",\"item\":\"https:\/\/compuviper.mx\/tienda\/categoria-producto\/mouse\/\"},{\"@type\":\"ListItem\",\"position\":4,\"name\":\"Gamers\",\"item\":\"https:\/\/compuviper.mx\/tienda\/categoria-producto\/mouse\/gamers-mouse\/\"},{\"@type\":\"ListItem\",\"position\":5,\"name\":\"Dell Aw320m &#8211; Deam Mouse Gaming Alienware Aw320m Alambrico Usb 570-abmq\"}]},{\"@type\":\"WebSite\",\"@id\":\"https:\/\/compuviper.mx\/tienda\/#website\",\"url\":\"https:\/\/compuviper.mx\/tienda\/\",\"name\":\"Compuviper\",\"description\":\"Proveedor de Computadoras, Laptops, Servidores, Monitores, Puntos de Venta, Teclados,   Impresoras, T\u00f3ner, C\u00e1maras de Seguridad y m\u00e1s en tu tienda en l\u00ednea\",\"publisher\":{\"@id\":\"https:\/\/compuviper.mx\/tienda\/#organization\"},\"potentialAction\":[{\"@type\":\"SearchAction\",\"target\":{\"@type\":\"EntryPoint\",\"urlTemplate\":\"https:\/\/compuviper.mx\/tienda\/?s={search_term_string}\"},\"query-input\":\"required name=search_term_string\"}],\"inLanguage\":\"es-MX\"},{\"@type\":\"Organization\",\"@id\":\"https:\/\/compuviper.mx\/tienda\/#organization\",\"name\":\"Compuviper\",\"url\":\"https:\/\/compuviper.mx\/tienda\/\",\"logo\":{\"@type\":\"ImageObject\",\"inLanguage\":\"es-MX\",\"@id\":\"https:\/\/compuviper.mx\/tienda\/#\/schema\/logo\/image\/\",\"url\":\"https:\/\/compuviper.mx\/tienda\/wp-content\/uploads\/2021\/08\/Logo-Compuviper-10.png\",\"contentUrl\":\"https:\/\/compuviper.mx\/tienda\/wp-content\/uploads\/2021\/08\/Logo-Compuviper-10.png\",\"width\":1000,\"height\":500,\"caption\":\"Compuviper\"},\"image\":{\"@id\":\"https:\/\/compuviper.mx\/tienda\/#\/schema\/logo\/image\/\"},\"sameAs\":[\"https:\/\/www.facebook.com\/compuviper\",\"https:\/\/www.youtube.com\/channel\/UCf73dERp9Y3cfOq7q8BhLjA?view_as=subscriber\"]}]}<\/script>\n<meta property=\"product:brand\" content=\"DELL\" \/>\n<meta property=\"product:price:amount\" content=\"1112\" \/>\n<meta property=\"product:price:currency\" content=\"MXN\" \/>\n<meta property=\"og:availability\" content=\"instock\" \/>\n<meta property=\"product:availability\" content=\"instock\" \/>\n<meta property=\"product:retailer_item_id\" content=\"AW320M - DEAM\" \/>\n<meta property=\"product:condition\" content=\"new\" \/>\n<!-- \/ Yoast SEO plugin. -->","yoast_head_json":{"title":"[ Dell ] &#129351; Aw320m - Deam Mouse Gaming Alienware Aw320m Alambrico Usb 570-abmq","description":"Compra Aw320m - Deam Mouse Gaming Alienware Aw320m Alambrico Usb 570-abmq + Env\u00edo a domicilio + Pago seguro + Garant\u00eda","robots":{"index":"index","follow":"follow","max-snippet":"max-snippet:-1","max-image-preview":"max-image-preview:large","max-video-preview":"max-video-preview:-1"},"canonical":"https:\/\/compuviper.mx\/tienda\/producto\/dell-aw320m-deam-mouse-gaming-alienware-aw320m-alambrico-usb-570-abmq\/","og_locale":"es_MX","og_type":"article","og_title":"[ Dell ] &#129351; Aw320m - Deam Mouse Gaming Alienware Aw320m Alambrico Usb 570-abmq","og_description":"Compra Aw320m - Deam Mouse Gaming Alienware Aw320m Alambrico Usb 570-abmq + Env\u00edo a domicilio + Pago seguro + Garant\u00eda","og_url":"https:\/\/compuviper.mx\/tienda\/producto\/dell-aw320m-deam-mouse-gaming-alienware-aw320m-alambrico-usb-570-abmq\/","og_site_name":"Compuviper","article_publisher":"https:\/\/www.facebook.com\/compuviper","og_image":[{"width":200,"height":200,"url":"https:\/\/compuviper.mx\/tienda\/wp-content\/uploads\/2025\/09\/Mouse-gaming-dell-alienware-aw320m-alambrico-usb-570-abmq.jpg","type":"image\/jpeg"}],"twitter_card":"summary_large_image","twitter_misc":{"Precio":"&#36;1,112 con IVA","Availability":"In stock"},"schema":{"@context":"https:\/\/schema.org","@graph":[{"@type":"WebPage","@id":"https:\/\/compuviper.mx\/tienda\/producto\/dell-aw320m-deam-mouse-gaming-alienware-aw320m-alambrico-usb-570-abmq\/","url":"https:\/\/compuviper.mx\/tienda\/producto\/dell-aw320m-deam-mouse-gaming-alienware-aw320m-alambrico-usb-570-abmq\/","name":"[ Dell ] &#129351; Aw320m - Deam Mouse Gaming Alienware Aw320m Alambrico Usb 570-abmq","isPartOf":{"@id":"https:\/\/compuviper.mx\/tienda\/#website"},"datePublished":"2026-05-09T06:53:52+00:00","dateModified":"2026-05-09T06:53:52+00:00","description":"Compra Aw320m - Deam Mouse Gaming Alienware Aw320m Alambrico Usb 570-abmq + Env\u00edo a domicilio + Pago seguro + Garant\u00eda","breadcrumb":{"@id":"https:\/\/compuviper.mx\/tienda\/producto\/dell-aw320m-deam-mouse-gaming-alienware-aw320m-alambrico-usb-570-abmq\/#breadcrumb"},"inLanguage":"es-MX","potentialAction":[{"@type":"ReadAction","target":["https:\/\/compuviper.mx\/tienda\/producto\/dell-aw320m-deam-mouse-gaming-alienware-aw320m-alambrico-usb-570-abmq\/"]}]},{"@type":"BreadcrumbList","@id":"https:\/\/compuviper.mx\/tienda\/producto\/dell-aw320m-deam-mouse-gaming-alienware-aw320m-alambrico-usb-570-abmq\/#breadcrumb","itemListElement":[{"@type":"ListItem","position":1,"name":"Inicio","item":"https:\/\/compuviper.mx\/tienda\/"},{"@type":"ListItem","position":2,"name":"Productos","item":"https:\/\/compuviper.mx\/tienda\/productos\/"},{"@type":"ListItem","position":3,"name":"Mouse","item":"https:\/\/compuviper.mx\/tienda\/categoria-producto\/mouse\/"},{"@type":"ListItem","position":4,"name":"Gamers","item":"https:\/\/compuviper.mx\/tienda\/categoria-producto\/mouse\/gamers-mouse\/"},{"@type":"ListItem","position":5,"name":"Dell Aw320m &#8211; Deam Mouse Gaming Alienware Aw320m Alambrico Usb 570-abmq"}]},{"@type":"WebSite","@id":"https:\/\/compuviper.mx\/tienda\/#website","url":"https:\/\/compuviper.mx\/tienda\/","name":"Compuviper","description":"Proveedor de Computadoras, Laptops, Servidores, Monitores, Puntos de Venta, Teclados,   Impresoras, T\u00f3ner, C\u00e1maras de Seguridad y m\u00e1s en tu tienda en l\u00ednea","publisher":{"@id":"https:\/\/compuviper.mx\/tienda\/#organization"},"potentialAction":[{"@type":"SearchAction","target":{"@type":"EntryPoint","urlTemplate":"https:\/\/compuviper.mx\/tienda\/?s={search_term_string}"},"query-input":"required name=search_term_string"}],"inLanguage":"es-MX"},{"@type":"Organization","@id":"https:\/\/compuviper.mx\/tienda\/#organization","name":"Compuviper","url":"https:\/\/compuviper.mx\/tienda\/","logo":{"@type":"ImageObject","inLanguage":"es-MX","@id":"https:\/\/compuviper.mx\/tienda\/#\/schema\/logo\/image\/","url":"https:\/\/compuviper.mx\/tienda\/wp-content\/uploads\/2021\/08\/Logo-Compuviper-10.png","contentUrl":"https:\/\/compuviper.mx\/tienda\/wp-content\/uploads\/2021\/08\/Logo-Compuviper-10.png","width":1000,"height":500,"caption":"Compuviper"},"image":{"@id":"https:\/\/compuviper.mx\/tienda\/#\/schema\/logo\/image\/"},"sameAs":["https:\/\/www.facebook.com\/compuviper","https:\/\/www.youtube.com\/channel\/UCf73dERp9Y3cfOq7q8BhLjA?view_as=subscriber"]}]},"product_brand":"DELL","product_price_amount":"1112","product_price_currency":"MXN","og_availability":"instock","product_availability":"instock","product_retailer_item_id":"AW320M - DEAM","product_condition":"new"},"_links":{"self":[{"href":"https:\/\/compuviper.mx\/tienda\/wp-json\/wp\/v2\/product\/256224"}],"collection":[{"href":"https:\/\/compuviper.mx\/tienda\/wp-json\/wp\/v2\/product"}],"about":[{"href":"https:\/\/compuviper.mx\/tienda\/wp-json\/wp\/v2\/types\/product"}],"replies":[{"embeddable":true,"href":"https:\/\/compuviper.mx\/tienda\/wp-json\/wp\/v2\/comments?post=256224"}],"wp:featuredmedia":[{"embeddable":true,"href":"https:\/\/compuviper.mx\/tienda\/wp-json\/wp\/v2\/media\/257846"}],"wp:attachment":[{"href":"https:\/\/compuviper.mx\/tienda\/wp-json\/wp\/v2\/media?parent=256224"}],"wp:term":[{"taxonomy":"product_cat","embeddable":true,"href":"https:\/\/compuviper.mx\/tienda\/wp-json\/wp\/v2\/product_cat?post=256224"},{"taxonomy":"product_tag","embeddable":true,"href":"https:\/\/compuviper.mx\/tienda\/wp-json\/wp\/v2\/product_tag?post=256224"}],"curies":[{"name":"wp","href":"https:\/\/api.w.org\/{rel}","templated":true}]}}