{"id":256223,"date":"2026-04-02T00:51:28","date_gmt":"2026-04-02T06:51:28","guid":{"rendered":"https:\/\/compuviper.mx\/tienda\/producto\/dahua-display-dhi-lm27-b221s-monitor-led-dahua-27-fhd-1920x1080-250-cd-m2-cont-15001169-100-hz-tr-10-ms-panel-va-hdmi-1-y-dp-1\/"},"modified":"2026-04-02T00:51:28","modified_gmt":"2026-04-02T06:51:28","slug":"dahua-display-dhi-lm27-b221s-monitor-led-dahua-27-fhd-1920x1080-250-cd-m2-cont-30001169-144-hz-tr-1-ms-panel-ips-hdmi-1-y-dp-1","status":"publish","type":"product","link":"https:\/\/compuviper.mx\/tienda\/producto\/dahua-display-dhi-lm27-b221s-monitor-led-dahua-27-fhd-1920x1080-250-cd-m2-cont-30001169-144-hz-tr-1-ms-panel-ips-hdmi-1-y-dp-1\/","title":{"rendered":"Dahua Display Dhi-lm27-b221s Monitor Led Dahua  27? Fhd 1920&#215;1080, 250 Cd\/m2, Cont 3000:1,16:9, 144 Hz, Tr 1 Ms, Panel Ips, Hdmi (1) Y Dp (1)"},"content":{"rendered":"<table class=\"descripcion\">\n<tr>\n<td>Display<\/td>\n<\/tr>\n<tr>\n<td>Tama\u00f1o de pantalla 27<\/td>\n<\/tr>\n<tr>\n<td>Tipo de panel ips<\/td>\n<\/tr>\n<tr>\n<td>Realcion de aspecto 16 : 9<\/td>\n<\/tr>\n<tr>\n<td>Resoluci\u00f3n 1920 x 1080<\/td>\n<\/tr>\n<tr>\n<td>Retroiluminaci\u00f3n led<\/td>\n<\/tr>\n<tr>\n<td>Brillo m\u00e1ximo 250 nits<\/td>\n<\/tr>\n<tr>\n<td>Contraste 1500 : 1<\/td>\n<\/tr>\n<tr>\n<td>Gama de colores 16.7 m ( 8 bit )<\/td>\n<\/tr>\n<tr>\n<td>Angulo de visi\u00f3n v 178 \u00b0 \/ h 178 \u00b0<\/td>\n<\/tr>\n<tr>\n<td>Tiempo de respuesta mprt 1 ms<\/td>\n<\/tr>\n<tr>\n<td>Refresh rate ( max ) 144 hz<\/td>\n<\/tr>\n<tr>\n<td> entradas de se\u00f1al<\/td>\n<\/tr>\n<tr>\n<td>Conexi\u00f3n de entrada  hdmi \u00d7 1, dp\u00d7 1<\/td>\n<\/tr>\n<tr>\n<td>Salida audio out<\/td>\n<\/tr>\n<tr>\n<td>Bocina 1wx2<\/td>\n<\/tr>\n<tr>\n<td> general<\/td>\n<\/tr>\n<tr>\n<td>Fuente de alimentaci\u00f3n dc 12 v, 2.5 a<\/td>\n<\/tr>\n<tr>\n<td>Fuente de poder external<\/td>\n<\/tr>\n<tr>\n<td>Consumo std  and #8804; 36 w<\/td>\n<\/tr>\n<tr>\n<td>Consumo es espera  and #8804; 0.5 w<\/td>\n<\/tr>\n<tr>\n<td>Peso ( kg ) 3.84 kg<\/td>\n<\/tr>\n<tr>\n<td>Peso total 5.29 kg<\/td>\n<\/tr>\n<tr>\n<td>Angulo de inclinaci\u00f3n -5 \u00b0 \u00b1 2 \u00b0 \/ 15 \u00b0 \u00b1 2 \u00b0<\/td>\n<\/tr>\n<tr>\n<td>Vesa (mm ) 75 x 75<\/td>\n<\/tr>\n<tr>\n<td>Medidas sin base mm 614.1 ( w ) x 363 ( h ) x 51.1 ( d )<\/td>\n<\/tr>\n<tr>\n<td>Empaque (mm) 694 ( w ) x 114 ( d ) x 458 ( h )<\/td>\n<\/tr>\n<tr>\n<td>Standard cable hdmi, adaptador y base<\/td>\n<\/tr>\n<tr>\n<td>Certificaci\u00f3n tbd<\/td>\n<\/tr>\n<\/table>\n","protected":false},"excerpt":{"rendered":"<p>Carcasa de pl\u00e1stico liviana y rentable. Bisel ultradelgado, apariencia elegante, base de pl\u00e1stico. \u00e1ngulo de visi\u00f3n extra amplio de 178\u00b0h\/178\u00b0v para un rendimiento de visualizaci\u00f3n general. Procesamiento digital de alta fidelidad para un video brillante y v\u00edvido. Admite m\u00faltiples entradas de se\u00f1al como hdmi, dp. Modo de control de bot\u00f3n f\u00edsico. Bajo consumo de energ\u00eda, larga vida \u00fatil. Dise\u00f1o anti-luz azul, protector ocular. Admite luz azul baja basada en hardware<\/p>\n","protected":false},"featured_media":259991,"comment_status":"open","ping_status":"open","template":"","meta":[],"product_cat":[1741,1740],"product_tag":[2206],"acf":[],"yoast_head":"<!-- This site is optimized with the Yoast SEO plugin v21.7 - https:\/\/yoast.com\/wordpress\/plugins\/seo\/ -->\n<title>[ Dahua Display ] &#129351; Dhi-lm27-b221s Monitor Led Dahua 27\u0094 Fhd 1920x1080, 250 Cd\/m2, Cont 3000:1,16:9, 144 Hz, Tr 1 Ms, Panel Ips, Hdmi (1) Y Dp (1)<\/title>\n<meta name=\"description\" content=\"Compra Dhi-lm27-b221s Monitor Led Dahua 27\u0094 Fhd 1920x1080, 250 Cd\/m2, Cont 3000:1,16:9, 144 Hz, Tr 1 Ms, Panel Ips, Hdmi (1) Y Dp (1) + Env\u00edo a domicilio + Pago seguro + Garant\u00eda\" \/>\n<meta name=\"robots\" content=\"index, follow, max-snippet:-1, max-image-preview:large, max-video-preview:-1\" \/>\n<link rel=\"canonical\" href=\"https:\/\/compuviper.mx\/tienda\/producto\/dahua-display-dhi-lm27-b221s-monitor-led-dahua-27-fhd-1920x1080-250-cd-m2-cont-30001169-144-hz-tr-1-ms-panel-ips-hdmi-1-y-dp-1\/\" \/>\n<meta property=\"og:locale\" content=\"es_MX\" \/>\n<meta property=\"og:type\" content=\"article\" \/>\n<meta property=\"og:title\" content=\"[ Dahua Display ] &#129351; Dhi-lm27-b221s Monitor Led Dahua 27\u0094 Fhd 1920x1080, 250 Cd\/m2, Cont 3000:1,16:9, 144 Hz, Tr 1 Ms, Panel Ips, Hdmi (1) Y Dp (1)\" \/>\n<meta property=\"og:description\" content=\"Compra Dhi-lm27-b221s Monitor Led Dahua 27\u0094 Fhd 1920x1080, 250 Cd\/m2, Cont 3000:1,16:9, 144 Hz, Tr 1 Ms, Panel Ips, Hdmi (1) Y Dp (1) + Env\u00edo a domicilio + Pago seguro + Garant\u00eda\" \/>\n<meta property=\"og:url\" content=\"https:\/\/compuviper.mx\/tienda\/producto\/dahua-display-dhi-lm27-b221s-monitor-led-dahua-27-fhd-1920x1080-250-cd-m2-cont-30001169-144-hz-tr-1-ms-panel-ips-hdmi-1-y-dp-1\/\" \/>\n<meta property=\"og:site_name\" content=\"Compuviper\" \/>\n<meta property=\"article:publisher\" content=\"https:\/\/www.facebook.com\/compuviper\" \/>\n<meta property=\"og:image\" content=\"https:\/\/compuviper.mx\/tienda\/wp-content\/uploads\/2025\/10\/Monitor-led-dahua-dhi-lm27-b221s-27\u0094-fhd-1920x1080-250-cdm2-cont-30001169-144-hz-tr-1-ms-panel-ips-hdmi-1-y-dp-1.jpg\" \/>\n\t<meta property=\"og:image:width\" content=\"200\" \/>\n\t<meta property=\"og:image:height\" content=\"200\" \/>\n\t<meta property=\"og:image:type\" content=\"image\/jpeg\" \/>\n<meta name=\"twitter:card\" content=\"summary_large_image\" \/>\n<meta name=\"twitter:label1\" content=\"Precio\" \/>\n\t<meta name=\"twitter:data1\" content=\"&#36;2,004 &#36;1,730 con IVA\" \/>\n\t<meta name=\"twitter:label2\" content=\"Availability\" \/>\n\t<meta name=\"twitter:data2\" content=\"In stock\" \/>\n<script type=\"application\/ld+json\" class=\"yoast-schema-graph\">{\"@context\":\"https:\/\/schema.org\",\"@graph\":[{\"@type\":\"WebPage\",\"@id\":\"https:\/\/compuviper.mx\/tienda\/producto\/dahua-display-dhi-lm27-b221s-monitor-led-dahua-27-fhd-1920x1080-250-cd-m2-cont-30001169-144-hz-tr-1-ms-panel-ips-hdmi-1-y-dp-1\/\",\"url\":\"https:\/\/compuviper.mx\/tienda\/producto\/dahua-display-dhi-lm27-b221s-monitor-led-dahua-27-fhd-1920x1080-250-cd-m2-cont-30001169-144-hz-tr-1-ms-panel-ips-hdmi-1-y-dp-1\/\",\"name\":\"[ Dahua Display ] &#129351; Dhi-lm27-b221s Monitor Led Dahua 27\u0094 Fhd 1920x1080, 250 Cd\/m2, Cont 3000:1,16:9, 144 Hz, Tr 1 Ms, Panel Ips, Hdmi (1) Y Dp (1)\",\"isPartOf\":{\"@id\":\"https:\/\/compuviper.mx\/tienda\/#website\"},\"datePublished\":\"2026-04-02T06:51:28+00:00\",\"dateModified\":\"2026-04-02T06:51:28+00:00\",\"description\":\"Compra Dhi-lm27-b221s Monitor Led Dahua 27\u0094 Fhd 1920x1080, 250 Cd\/m2, Cont 3000:1,16:9, 144 Hz, Tr 1 Ms, Panel Ips, Hdmi (1) Y Dp (1) + Env\u00edo a domicilio + Pago seguro + Garant\u00eda\",\"breadcrumb\":{\"@id\":\"https:\/\/compuviper.mx\/tienda\/producto\/dahua-display-dhi-lm27-b221s-monitor-led-dahua-27-fhd-1920x1080-250-cd-m2-cont-30001169-144-hz-tr-1-ms-panel-ips-hdmi-1-y-dp-1\/#breadcrumb\"},\"inLanguage\":\"es-MX\",\"potentialAction\":[{\"@type\":\"ReadAction\",\"target\":[\"https:\/\/compuviper.mx\/tienda\/producto\/dahua-display-dhi-lm27-b221s-monitor-led-dahua-27-fhd-1920x1080-250-cd-m2-cont-30001169-144-hz-tr-1-ms-panel-ips-hdmi-1-y-dp-1\/\"]}]},{\"@type\":\"BreadcrumbList\",\"@id\":\"https:\/\/compuviper.mx\/tienda\/producto\/dahua-display-dhi-lm27-b221s-monitor-led-dahua-27-fhd-1920x1080-250-cd-m2-cont-30001169-144-hz-tr-1-ms-panel-ips-hdmi-1-y-dp-1\/#breadcrumb\",\"itemListElement\":[{\"@type\":\"ListItem\",\"position\":1,\"name\":\"Inicio\",\"item\":\"https:\/\/compuviper.mx\/tienda\/\"},{\"@type\":\"ListItem\",\"position\":2,\"name\":\"Productos\",\"item\":\"https:\/\/compuviper.mx\/tienda\/productos\/\"},{\"@type\":\"ListItem\",\"position\":3,\"name\":\"Monitores\",\"item\":\"https:\/\/compuviper.mx\/tienda\/categoria-producto\/monitores\/\"},{\"@type\":\"ListItem\",\"position\":4,\"name\":\"Led\",\"item\":\"https:\/\/compuviper.mx\/tienda\/categoria-producto\/monitores\/led\/\"},{\"@type\":\"ListItem\",\"position\":5,\"name\":\"Dahua Display Dhi-lm27-b221s Monitor Led Dahua 27? Fhd 1920&#215;1080, 250 Cd\/m2, Cont 3000:1,16:9, 144 Hz, Tr 1 Ms, Panel Ips, Hdmi (1) Y Dp (1)\"}]},{\"@type\":\"WebSite\",\"@id\":\"https:\/\/compuviper.mx\/tienda\/#website\",\"url\":\"https:\/\/compuviper.mx\/tienda\/\",\"name\":\"Compuviper\",\"description\":\"Proveedor de Computadoras, Laptops, Servidores, Monitores, Puntos de Venta, Teclados,   Impresoras, T\u00f3ner, C\u00e1maras de Seguridad y m\u00e1s en tu tienda en l\u00ednea\",\"publisher\":{\"@id\":\"https:\/\/compuviper.mx\/tienda\/#organization\"},\"potentialAction\":[{\"@type\":\"SearchAction\",\"target\":{\"@type\":\"EntryPoint\",\"urlTemplate\":\"https:\/\/compuviper.mx\/tienda\/?s={search_term_string}\"},\"query-input\":\"required name=search_term_string\"}],\"inLanguage\":\"es-MX\"},{\"@type\":\"Organization\",\"@id\":\"https:\/\/compuviper.mx\/tienda\/#organization\",\"name\":\"Compuviper\",\"url\":\"https:\/\/compuviper.mx\/tienda\/\",\"logo\":{\"@type\":\"ImageObject\",\"inLanguage\":\"es-MX\",\"@id\":\"https:\/\/compuviper.mx\/tienda\/#\/schema\/logo\/image\/\",\"url\":\"https:\/\/compuviper.mx\/tienda\/wp-content\/uploads\/2021\/08\/Logo-Compuviper-10.png\",\"contentUrl\":\"https:\/\/compuviper.mx\/tienda\/wp-content\/uploads\/2021\/08\/Logo-Compuviper-10.png\",\"width\":1000,\"height\":500,\"caption\":\"Compuviper\"},\"image\":{\"@id\":\"https:\/\/compuviper.mx\/tienda\/#\/schema\/logo\/image\/\"},\"sameAs\":[\"https:\/\/www.facebook.com\/compuviper\",\"https:\/\/www.youtube.com\/channel\/UCf73dERp9Y3cfOq7q8BhLjA?view_as=subscriber\"]}]}<\/script>\n<meta property=\"product:brand\" content=\"Dahua Display\" \/>\n<meta property=\"product:price:amount\" content=\"1730\" \/>\n<meta property=\"product:price:currency\" content=\"MXN\" \/>\n<meta property=\"og:availability\" content=\"instock\" \/>\n<meta property=\"product:availability\" content=\"instock\" \/>\n<meta property=\"product:retailer_item_id\" content=\"DHI-LM27-B221S\" \/>\n<meta property=\"product:condition\" content=\"new\" \/>\n<!-- \/ Yoast SEO plugin. -->","yoast_head_json":{"title":"[ Dahua Display ] &#129351; Dhi-lm27-b221s Monitor Led Dahua 27\u0094 Fhd 1920x1080, 250 Cd\/m2, Cont 3000:1,16:9, 144 Hz, Tr 1 Ms, Panel Ips, Hdmi (1) Y Dp (1)","description":"Compra Dhi-lm27-b221s Monitor Led Dahua 27\u0094 Fhd 1920x1080, 250 Cd\/m2, Cont 3000:1,16:9, 144 Hz, Tr 1 Ms, Panel Ips, Hdmi (1) Y Dp (1) + Env\u00edo a domicilio + Pago seguro + Garant\u00eda","robots":{"index":"index","follow":"follow","max-snippet":"max-snippet:-1","max-image-preview":"max-image-preview:large","max-video-preview":"max-video-preview:-1"},"canonical":"https:\/\/compuviper.mx\/tienda\/producto\/dahua-display-dhi-lm27-b221s-monitor-led-dahua-27-fhd-1920x1080-250-cd-m2-cont-30001169-144-hz-tr-1-ms-panel-ips-hdmi-1-y-dp-1\/","og_locale":"es_MX","og_type":"article","og_title":"[ Dahua Display ] &#129351; Dhi-lm27-b221s Monitor Led Dahua 27\u0094 Fhd 1920x1080, 250 Cd\/m2, Cont 3000:1,16:9, 144 Hz, Tr 1 Ms, Panel Ips, Hdmi (1) Y Dp (1)","og_description":"Compra Dhi-lm27-b221s Monitor Led Dahua 27\u0094 Fhd 1920x1080, 250 Cd\/m2, Cont 3000:1,16:9, 144 Hz, Tr 1 Ms, Panel Ips, Hdmi (1) Y Dp (1) + Env\u00edo a domicilio + Pago seguro + Garant\u00eda","og_url":"https:\/\/compuviper.mx\/tienda\/producto\/dahua-display-dhi-lm27-b221s-monitor-led-dahua-27-fhd-1920x1080-250-cd-m2-cont-30001169-144-hz-tr-1-ms-panel-ips-hdmi-1-y-dp-1\/","og_site_name":"Compuviper","article_publisher":"https:\/\/www.facebook.com\/compuviper","og_image":[{"width":200,"height":200,"url":"https:\/\/compuviper.mx\/tienda\/wp-content\/uploads\/2025\/10\/Monitor-led-dahua-dhi-lm27-b221s-27\u0094-fhd-1920x1080-250-cdm2-cont-30001169-144-hz-tr-1-ms-panel-ips-hdmi-1-y-dp-1.jpg","type":"image\/jpeg"}],"twitter_card":"summary_large_image","twitter_misc":{"Precio":"&#36;2,004 &#36;1,730 con IVA","Availability":"In stock"},"schema":{"@context":"https:\/\/schema.org","@graph":[{"@type":"WebPage","@id":"https:\/\/compuviper.mx\/tienda\/producto\/dahua-display-dhi-lm27-b221s-monitor-led-dahua-27-fhd-1920x1080-250-cd-m2-cont-30001169-144-hz-tr-1-ms-panel-ips-hdmi-1-y-dp-1\/","url":"https:\/\/compuviper.mx\/tienda\/producto\/dahua-display-dhi-lm27-b221s-monitor-led-dahua-27-fhd-1920x1080-250-cd-m2-cont-30001169-144-hz-tr-1-ms-panel-ips-hdmi-1-y-dp-1\/","name":"[ Dahua Display ] &#129351; Dhi-lm27-b221s Monitor Led Dahua 27\u0094 Fhd 1920x1080, 250 Cd\/m2, Cont 3000:1,16:9, 144 Hz, Tr 1 Ms, Panel Ips, Hdmi (1) Y Dp (1)","isPartOf":{"@id":"https:\/\/compuviper.mx\/tienda\/#website"},"datePublished":"2026-04-02T06:51:28+00:00","dateModified":"2026-04-02T06:51:28+00:00","description":"Compra Dhi-lm27-b221s Monitor Led Dahua 27\u0094 Fhd 1920x1080, 250 Cd\/m2, Cont 3000:1,16:9, 144 Hz, Tr 1 Ms, Panel Ips, Hdmi (1) Y Dp (1) + Env\u00edo a domicilio + Pago seguro + Garant\u00eda","breadcrumb":{"@id":"https:\/\/compuviper.mx\/tienda\/producto\/dahua-display-dhi-lm27-b221s-monitor-led-dahua-27-fhd-1920x1080-250-cd-m2-cont-30001169-144-hz-tr-1-ms-panel-ips-hdmi-1-y-dp-1\/#breadcrumb"},"inLanguage":"es-MX","potentialAction":[{"@type":"ReadAction","target":["https:\/\/compuviper.mx\/tienda\/producto\/dahua-display-dhi-lm27-b221s-monitor-led-dahua-27-fhd-1920x1080-250-cd-m2-cont-30001169-144-hz-tr-1-ms-panel-ips-hdmi-1-y-dp-1\/"]}]},{"@type":"BreadcrumbList","@id":"https:\/\/compuviper.mx\/tienda\/producto\/dahua-display-dhi-lm27-b221s-monitor-led-dahua-27-fhd-1920x1080-250-cd-m2-cont-30001169-144-hz-tr-1-ms-panel-ips-hdmi-1-y-dp-1\/#breadcrumb","itemListElement":[{"@type":"ListItem","position":1,"name":"Inicio","item":"https:\/\/compuviper.mx\/tienda\/"},{"@type":"ListItem","position":2,"name":"Productos","item":"https:\/\/compuviper.mx\/tienda\/productos\/"},{"@type":"ListItem","position":3,"name":"Monitores","item":"https:\/\/compuviper.mx\/tienda\/categoria-producto\/monitores\/"},{"@type":"ListItem","position":4,"name":"Led","item":"https:\/\/compuviper.mx\/tienda\/categoria-producto\/monitores\/led\/"},{"@type":"ListItem","position":5,"name":"Dahua Display Dhi-lm27-b221s Monitor Led Dahua 27? Fhd 1920&#215;1080, 250 Cd\/m2, Cont 3000:1,16:9, 144 Hz, Tr 1 Ms, Panel Ips, Hdmi (1) Y Dp (1)"}]},{"@type":"WebSite","@id":"https:\/\/compuviper.mx\/tienda\/#website","url":"https:\/\/compuviper.mx\/tienda\/","name":"Compuviper","description":"Proveedor de Computadoras, Laptops, Servidores, Monitores, Puntos de Venta, Teclados,   Impresoras, T\u00f3ner, C\u00e1maras de Seguridad y m\u00e1s en tu tienda en l\u00ednea","publisher":{"@id":"https:\/\/compuviper.mx\/tienda\/#organization"},"potentialAction":[{"@type":"SearchAction","target":{"@type":"EntryPoint","urlTemplate":"https:\/\/compuviper.mx\/tienda\/?s={search_term_string}"},"query-input":"required name=search_term_string"}],"inLanguage":"es-MX"},{"@type":"Organization","@id":"https:\/\/compuviper.mx\/tienda\/#organization","name":"Compuviper","url":"https:\/\/compuviper.mx\/tienda\/","logo":{"@type":"ImageObject","inLanguage":"es-MX","@id":"https:\/\/compuviper.mx\/tienda\/#\/schema\/logo\/image\/","url":"https:\/\/compuviper.mx\/tienda\/wp-content\/uploads\/2021\/08\/Logo-Compuviper-10.png","contentUrl":"https:\/\/compuviper.mx\/tienda\/wp-content\/uploads\/2021\/08\/Logo-Compuviper-10.png","width":1000,"height":500,"caption":"Compuviper"},"image":{"@id":"https:\/\/compuviper.mx\/tienda\/#\/schema\/logo\/image\/"},"sameAs":["https:\/\/www.facebook.com\/compuviper","https:\/\/www.youtube.com\/channel\/UCf73dERp9Y3cfOq7q8BhLjA?view_as=subscriber"]}]},"product_brand":"Dahua Display","product_price_amount":"1730","product_price_currency":"MXN","og_availability":"instock","product_availability":"instock","product_retailer_item_id":"DHI-LM27-B221S","product_condition":"new"},"_links":{"self":[{"href":"https:\/\/compuviper.mx\/tienda\/wp-json\/wp\/v2\/product\/256223"}],"collection":[{"href":"https:\/\/compuviper.mx\/tienda\/wp-json\/wp\/v2\/product"}],"about":[{"href":"https:\/\/compuviper.mx\/tienda\/wp-json\/wp\/v2\/types\/product"}],"replies":[{"embeddable":true,"href":"https:\/\/compuviper.mx\/tienda\/wp-json\/wp\/v2\/comments?post=256223"}],"wp:featuredmedia":[{"embeddable":true,"href":"https:\/\/compuviper.mx\/tienda\/wp-json\/wp\/v2\/media\/259991"}],"wp:attachment":[{"href":"https:\/\/compuviper.mx\/tienda\/wp-json\/wp\/v2\/media?parent=256223"}],"wp:term":[{"taxonomy":"product_cat","embeddable":true,"href":"https:\/\/compuviper.mx\/tienda\/wp-json\/wp\/v2\/product_cat?post=256223"},{"taxonomy":"product_tag","embeddable":true,"href":"https:\/\/compuviper.mx\/tienda\/wp-json\/wp\/v2\/product_tag?post=256223"}],"curies":[{"name":"wp","href":"https:\/\/api.w.org\/{rel}","templated":true}]}}