{"id":255827,"date":"2026-04-18T01:14:59","date_gmt":"2026-04-18T07:14:59","guid":{"rendered":"https:\/\/compuviper.mx\/tienda\/producto\/tp-link-eap610gp-desktop-access-point-gpon-wi-fi-6-ax1800-de-escritorio\/"},"modified":"2026-04-18T01:14:59","modified_gmt":"2026-04-18T07:14:59","slug":"tp-link-eap610gp-desktop-access-point-gpon-wi-fi-6-ax1800-de-escritorio","status":"publish","type":"product","link":"https:\/\/compuviper.mx\/tienda\/producto\/tp-link-eap610gp-desktop-access-point-gpon-wi-fi-6-ax1800-de-escritorio\/","title":{"rendered":"Tp Link Eap610gp-desktop Access Point |  |  | Gpon Wi-fi 6 Ax1800 De Escritorio"},"content":{"rendered":"<table class=\"descripcion\">\n<tr>\n<td>Caracter\u00edsticas de hardware<\/td>\n<\/tr>\n<tr>\n<td>Interfaz \u0095 1x gpon port<\/td>\n<\/tr>\n<tr>\n<td>\u0095 1x fxs port<\/td>\n<\/tr>\n<tr>\n<td>\u0095 4x gigabit rj45 ports (one supporting 802.3af poe out)<\/td>\n<\/tr>\n<tr>\n<td>Gpon interface \u0095 port type: sc-apc<\/td>\n<\/tr>\n<tr>\n<td>\u0095 standards and protocols: itu-984.x, g.988, class b+<\/td>\n<\/tr>\n<tr>\n<td>\u0095 data rate: 2.488 gbps (downstream); 1.244 gbps (upstream)<\/td>\n<\/tr>\n<tr>\n<td>\u0095 fiber type: 9\/125 um single mode<\/td>\n<\/tr>\n<tr>\n<td>\u0095 max. cable length: 20 km<\/td>\n<\/tr>\n<tr>\n<td>Botones \u0095 reset<\/td>\n<\/tr>\n<tr>\n<td>\u0095 led<\/td>\n<\/tr>\n<tr>\n<td>Fuente de alimentaci\u00f3n 53.5v\/0.81a dc<\/td>\n<\/tr>\n<tr>\n<td>Consumo de potencia 17.3w (poe out off)<\/td>\n<\/tr>\n<tr>\n<td>Peso 492g<\/td>\n<\/tr>\n<tr>\n<td>Dimensiones 6.9 \u00d7 5.5 \u00d7 1.3 in (175 \u00d7 140 \u00d7 33 mm)<\/td>\n<\/tr>\n<tr>\n<td>Antenas internal omni<\/td>\n<\/tr>\n<tr>\n<td>\u0095 2.4 ghz: 2\u00d7 5 dbi<\/td>\n<\/tr>\n<tr>\n<td>\u0095 5 ghz: 2\u00d7 4.5 dbi<\/td>\n<\/tr>\n<tr>\n<td>Montaje desktop \/ wall mouting (kits included)<\/td>\n<\/tr>\n<\/table>\n","protected":false},"excerpt":{"rendered":"<p>Velocidad ultrarr\u00e1pida wi-fi 6 ax1800. Velocidad de hasta 1201 mbps en la bande de 5ghz y 574 mbps en 2,4ghz. Tecnolog\u00eda avanzada y segura. Compatible con roaming (802.11 k\/v\/r), mesh, muti-ssid, tx beamforming, mu-mimo, dl\/ul ofdma, airtime fairness, guest network y seguridad wpa2-psk, wpa3-sae\/aes. Conectividad de alto rendimiento. 1 sc\/apc gpon port uplink y 4 puertos gigabit lan ethernet. (uno compatible con salida poe 802.3af. Compatibilidad voip. 1 puerto fxs (rj11), compatible con cuentas sip para recibir y realizar llamadas. F\u00e1cil instalaci\u00f3n. Sencillo montaje en la pared o sobremesa en poco minutos. Alimentaci\u00f3n el\u00e9ctrica dc. Cobertura y conexi\u00f3n wi-fi garantizada. Acceso a la red en todas las estancias. Wi-fi ia omada. Selecci\u00f3n autom\u00e1tica de canal y ajuste de potencia, ia roaming y antenas inteligentes de alta ganancia. Red de invitados segura. Protege la red principal dando un acceso distinto a visitas y hu\u00e9spedes con diferentes opciones de autentificaci\u00f3n como portal cautivo, 802.1x \/ radius \/ local database. Gesti\u00f3n centralizada. Acceso a trav\u00e9s de la nube con la aplicaci\u00f3n omada o en local, garantizando un control intuitivo y eficiente de la red y modo aut\u00f3nomo.<\/p>\n","protected":false},"featured_media":260208,"comment_status":"open","ping_status":"open","template":"","meta":[],"product_cat":[1563,1754],"product_tag":[1562],"acf":[],"yoast_head":"<!-- This site is optimized with the Yoast SEO plugin v21.7 - https:\/\/yoast.com\/wordpress\/plugins\/seo\/ -->\n<title>[ Tp Link ] &#129351; Eap610gp-desktop Access Point | | | Gpon Wi-fi 6 Ax1800 De Escritorio<\/title>\n<meta name=\"description\" content=\"Compra Eap610gp-desktop Access Point | | | Gpon Wi-fi 6 Ax1800 De Escritorio + Env\u00edo a domicilio + Pago seguro + Garant\u00eda\" \/>\n<meta name=\"robots\" content=\"index, follow, max-snippet:-1, max-image-preview:large, max-video-preview:-1\" \/>\n<link rel=\"canonical\" href=\"https:\/\/compuviper.mx\/tienda\/producto\/tp-link-eap610gp-desktop-access-point-gpon-wi-fi-6-ax1800-de-escritorio\/\" \/>\n<meta property=\"og:locale\" content=\"es_MX\" \/>\n<meta property=\"og:type\" content=\"article\" \/>\n<meta property=\"og:title\" content=\"[ Tp Link ] &#129351; Eap610gp-desktop Access Point | | | Gpon Wi-fi 6 Ax1800 De Escritorio\" \/>\n<meta property=\"og:description\" content=\"Compra Eap610gp-desktop Access Point | | | Gpon Wi-fi 6 Ax1800 De Escritorio + Env\u00edo a domicilio + Pago seguro + Garant\u00eda\" \/>\n<meta property=\"og:url\" content=\"https:\/\/compuviper.mx\/tienda\/producto\/tp-link-eap610gp-desktop-access-point-gpon-wi-fi-6-ax1800-de-escritorio\/\" \/>\n<meta property=\"og:site_name\" content=\"Compuviper\" \/>\n<meta property=\"article:publisher\" content=\"https:\/\/www.facebook.com\/compuviper\" \/>\n<meta property=\"og:image\" content=\"https:\/\/compuviper.mx\/tienda\/wp-content\/uploads\/2025\/10\/Access-point-tp-link-eap610gp-desktop-gpon-wi-fi-6-ax1800-de-escritorio.jpg\" \/>\n\t<meta property=\"og:image:width\" content=\"200\" \/>\n\t<meta property=\"og:image:height\" content=\"200\" \/>\n\t<meta property=\"og:image:type\" content=\"image\/jpeg\" \/>\n<meta name=\"twitter:card\" content=\"summary_large_image\" \/>\n<meta name=\"twitter:label1\" content=\"Precio\" \/>\n\t<meta name=\"twitter:data1\" content=\"&#36;2,132 con IVA\" \/>\n\t<meta name=\"twitter:label2\" content=\"Availability\" \/>\n\t<meta name=\"twitter:data2\" content=\"In stock\" \/>\n<script type=\"application\/ld+json\" class=\"yoast-schema-graph\">{\"@context\":\"https:\/\/schema.org\",\"@graph\":[{\"@type\":\"WebPage\",\"@id\":\"https:\/\/compuviper.mx\/tienda\/producto\/tp-link-eap610gp-desktop-access-point-gpon-wi-fi-6-ax1800-de-escritorio\/\",\"url\":\"https:\/\/compuviper.mx\/tienda\/producto\/tp-link-eap610gp-desktop-access-point-gpon-wi-fi-6-ax1800-de-escritorio\/\",\"name\":\"[ Tp Link ] &#129351; Eap610gp-desktop Access Point | | | Gpon Wi-fi 6 Ax1800 De Escritorio\",\"isPartOf\":{\"@id\":\"https:\/\/compuviper.mx\/tienda\/#website\"},\"datePublished\":\"2026-04-18T07:14:59+00:00\",\"dateModified\":\"2026-04-18T07:14:59+00:00\",\"description\":\"Compra Eap610gp-desktop Access Point | | | Gpon Wi-fi 6 Ax1800 De Escritorio + Env\u00edo a domicilio + Pago seguro + Garant\u00eda\",\"breadcrumb\":{\"@id\":\"https:\/\/compuviper.mx\/tienda\/producto\/tp-link-eap610gp-desktop-access-point-gpon-wi-fi-6-ax1800-de-escritorio\/#breadcrumb\"},\"inLanguage\":\"es-MX\",\"potentialAction\":[{\"@type\":\"ReadAction\",\"target\":[\"https:\/\/compuviper.mx\/tienda\/producto\/tp-link-eap610gp-desktop-access-point-gpon-wi-fi-6-ax1800-de-escritorio\/\"]}]},{\"@type\":\"BreadcrumbList\",\"@id\":\"https:\/\/compuviper.mx\/tienda\/producto\/tp-link-eap610gp-desktop-access-point-gpon-wi-fi-6-ax1800-de-escritorio\/#breadcrumb\",\"itemListElement\":[{\"@type\":\"ListItem\",\"position\":1,\"name\":\"Inicio\",\"item\":\"https:\/\/compuviper.mx\/tienda\/\"},{\"@type\":\"ListItem\",\"position\":2,\"name\":\"Productos\",\"item\":\"https:\/\/compuviper.mx\/tienda\/productos\/\"},{\"@type\":\"ListItem\",\"position\":3,\"name\":\"Redes\",\"item\":\"https:\/\/compuviper.mx\/tienda\/categoria-producto\/redes\/\"},{\"@type\":\"ListItem\",\"position\":4,\"name\":\"Access Point\",\"item\":\"https:\/\/compuviper.mx\/tienda\/categoria-producto\/redes\/access-point\/\"},{\"@type\":\"ListItem\",\"position\":5,\"name\":\"Tp Link Eap610gp-desktop Access Point | | | Gpon Wi-fi 6 Ax1800 De Escritorio\"}]},{\"@type\":\"WebSite\",\"@id\":\"https:\/\/compuviper.mx\/tienda\/#website\",\"url\":\"https:\/\/compuviper.mx\/tienda\/\",\"name\":\"Compuviper\",\"description\":\"Proveedor de Computadoras, Laptops, Servidores, Monitores, Puntos de Venta, Teclados,   Impresoras, T\u00f3ner, C\u00e1maras de Seguridad y m\u00e1s en tu tienda en l\u00ednea\",\"publisher\":{\"@id\":\"https:\/\/compuviper.mx\/tienda\/#organization\"},\"potentialAction\":[{\"@type\":\"SearchAction\",\"target\":{\"@type\":\"EntryPoint\",\"urlTemplate\":\"https:\/\/compuviper.mx\/tienda\/?s={search_term_string}\"},\"query-input\":\"required name=search_term_string\"}],\"inLanguage\":\"es-MX\"},{\"@type\":\"Organization\",\"@id\":\"https:\/\/compuviper.mx\/tienda\/#organization\",\"name\":\"Compuviper\",\"url\":\"https:\/\/compuviper.mx\/tienda\/\",\"logo\":{\"@type\":\"ImageObject\",\"inLanguage\":\"es-MX\",\"@id\":\"https:\/\/compuviper.mx\/tienda\/#\/schema\/logo\/image\/\",\"url\":\"https:\/\/compuviper.mx\/tienda\/wp-content\/uploads\/2021\/08\/Logo-Compuviper-10.png\",\"contentUrl\":\"https:\/\/compuviper.mx\/tienda\/wp-content\/uploads\/2021\/08\/Logo-Compuviper-10.png\",\"width\":1000,\"height\":500,\"caption\":\"Compuviper\"},\"image\":{\"@id\":\"https:\/\/compuviper.mx\/tienda\/#\/schema\/logo\/image\/\"},\"sameAs\":[\"https:\/\/www.facebook.com\/compuviper\",\"https:\/\/www.youtube.com\/channel\/UCf73dERp9Y3cfOq7q8BhLjA?view_as=subscriber\"]}]}<\/script>\n<meta property=\"product:brand\" content=\"TP LINK\" \/>\n<meta property=\"product:price:amount\" content=\"2132\" \/>\n<meta property=\"product:price:currency\" content=\"MXN\" \/>\n<meta property=\"og:availability\" content=\"instock\" \/>\n<meta property=\"product:availability\" content=\"instock\" \/>\n<meta property=\"product:retailer_item_id\" content=\"EAP610GP-DESKTOP\" \/>\n<meta property=\"product:condition\" content=\"new\" \/>\n<!-- \/ Yoast SEO plugin. -->","yoast_head_json":{"title":"[ Tp Link ] &#129351; Eap610gp-desktop Access Point | | | Gpon Wi-fi 6 Ax1800 De Escritorio","description":"Compra Eap610gp-desktop Access Point | | | Gpon Wi-fi 6 Ax1800 De Escritorio + Env\u00edo a domicilio + Pago seguro + Garant\u00eda","robots":{"index":"index","follow":"follow","max-snippet":"max-snippet:-1","max-image-preview":"max-image-preview:large","max-video-preview":"max-video-preview:-1"},"canonical":"https:\/\/compuviper.mx\/tienda\/producto\/tp-link-eap610gp-desktop-access-point-gpon-wi-fi-6-ax1800-de-escritorio\/","og_locale":"es_MX","og_type":"article","og_title":"[ Tp Link ] &#129351; Eap610gp-desktop Access Point | | | Gpon Wi-fi 6 Ax1800 De Escritorio","og_description":"Compra Eap610gp-desktop Access Point | | | Gpon Wi-fi 6 Ax1800 De Escritorio + Env\u00edo a domicilio + Pago seguro + Garant\u00eda","og_url":"https:\/\/compuviper.mx\/tienda\/producto\/tp-link-eap610gp-desktop-access-point-gpon-wi-fi-6-ax1800-de-escritorio\/","og_site_name":"Compuviper","article_publisher":"https:\/\/www.facebook.com\/compuviper","og_image":[{"width":200,"height":200,"url":"https:\/\/compuviper.mx\/tienda\/wp-content\/uploads\/2025\/10\/Access-point-tp-link-eap610gp-desktop-gpon-wi-fi-6-ax1800-de-escritorio.jpg","type":"image\/jpeg"}],"twitter_card":"summary_large_image","twitter_misc":{"Precio":"&#36;2,132 con IVA","Availability":"In stock"},"schema":{"@context":"https:\/\/schema.org","@graph":[{"@type":"WebPage","@id":"https:\/\/compuviper.mx\/tienda\/producto\/tp-link-eap610gp-desktop-access-point-gpon-wi-fi-6-ax1800-de-escritorio\/","url":"https:\/\/compuviper.mx\/tienda\/producto\/tp-link-eap610gp-desktop-access-point-gpon-wi-fi-6-ax1800-de-escritorio\/","name":"[ Tp Link ] &#129351; Eap610gp-desktop Access Point | | | Gpon Wi-fi 6 Ax1800 De Escritorio","isPartOf":{"@id":"https:\/\/compuviper.mx\/tienda\/#website"},"datePublished":"2026-04-18T07:14:59+00:00","dateModified":"2026-04-18T07:14:59+00:00","description":"Compra Eap610gp-desktop Access Point | | | Gpon Wi-fi 6 Ax1800 De Escritorio + Env\u00edo a domicilio + Pago seguro + Garant\u00eda","breadcrumb":{"@id":"https:\/\/compuviper.mx\/tienda\/producto\/tp-link-eap610gp-desktop-access-point-gpon-wi-fi-6-ax1800-de-escritorio\/#breadcrumb"},"inLanguage":"es-MX","potentialAction":[{"@type":"ReadAction","target":["https:\/\/compuviper.mx\/tienda\/producto\/tp-link-eap610gp-desktop-access-point-gpon-wi-fi-6-ax1800-de-escritorio\/"]}]},{"@type":"BreadcrumbList","@id":"https:\/\/compuviper.mx\/tienda\/producto\/tp-link-eap610gp-desktop-access-point-gpon-wi-fi-6-ax1800-de-escritorio\/#breadcrumb","itemListElement":[{"@type":"ListItem","position":1,"name":"Inicio","item":"https:\/\/compuviper.mx\/tienda\/"},{"@type":"ListItem","position":2,"name":"Productos","item":"https:\/\/compuviper.mx\/tienda\/productos\/"},{"@type":"ListItem","position":3,"name":"Redes","item":"https:\/\/compuviper.mx\/tienda\/categoria-producto\/redes\/"},{"@type":"ListItem","position":4,"name":"Access Point","item":"https:\/\/compuviper.mx\/tienda\/categoria-producto\/redes\/access-point\/"},{"@type":"ListItem","position":5,"name":"Tp Link Eap610gp-desktop Access Point | | | Gpon Wi-fi 6 Ax1800 De Escritorio"}]},{"@type":"WebSite","@id":"https:\/\/compuviper.mx\/tienda\/#website","url":"https:\/\/compuviper.mx\/tienda\/","name":"Compuviper","description":"Proveedor de Computadoras, Laptops, Servidores, Monitores, Puntos de Venta, Teclados,   Impresoras, T\u00f3ner, C\u00e1maras de Seguridad y m\u00e1s en tu tienda en l\u00ednea","publisher":{"@id":"https:\/\/compuviper.mx\/tienda\/#organization"},"potentialAction":[{"@type":"SearchAction","target":{"@type":"EntryPoint","urlTemplate":"https:\/\/compuviper.mx\/tienda\/?s={search_term_string}"},"query-input":"required name=search_term_string"}],"inLanguage":"es-MX"},{"@type":"Organization","@id":"https:\/\/compuviper.mx\/tienda\/#organization","name":"Compuviper","url":"https:\/\/compuviper.mx\/tienda\/","logo":{"@type":"ImageObject","inLanguage":"es-MX","@id":"https:\/\/compuviper.mx\/tienda\/#\/schema\/logo\/image\/","url":"https:\/\/compuviper.mx\/tienda\/wp-content\/uploads\/2021\/08\/Logo-Compuviper-10.png","contentUrl":"https:\/\/compuviper.mx\/tienda\/wp-content\/uploads\/2021\/08\/Logo-Compuviper-10.png","width":1000,"height":500,"caption":"Compuviper"},"image":{"@id":"https:\/\/compuviper.mx\/tienda\/#\/schema\/logo\/image\/"},"sameAs":["https:\/\/www.facebook.com\/compuviper","https:\/\/www.youtube.com\/channel\/UCf73dERp9Y3cfOq7q8BhLjA?view_as=subscriber"]}]},"product_brand":"TP LINK","product_price_amount":"2132","product_price_currency":"MXN","og_availability":"instock","product_availability":"instock","product_retailer_item_id":"EAP610GP-DESKTOP","product_condition":"new"},"_links":{"self":[{"href":"https:\/\/compuviper.mx\/tienda\/wp-json\/wp\/v2\/product\/255827"}],"collection":[{"href":"https:\/\/compuviper.mx\/tienda\/wp-json\/wp\/v2\/product"}],"about":[{"href":"https:\/\/compuviper.mx\/tienda\/wp-json\/wp\/v2\/types\/product"}],"replies":[{"embeddable":true,"href":"https:\/\/compuviper.mx\/tienda\/wp-json\/wp\/v2\/comments?post=255827"}],"wp:featuredmedia":[{"embeddable":true,"href":"https:\/\/compuviper.mx\/tienda\/wp-json\/wp\/v2\/media\/260208"}],"wp:attachment":[{"href":"https:\/\/compuviper.mx\/tienda\/wp-json\/wp\/v2\/media?parent=255827"}],"wp:term":[{"taxonomy":"product_cat","embeddable":true,"href":"https:\/\/compuviper.mx\/tienda\/wp-json\/wp\/v2\/product_cat?post=255827"},{"taxonomy":"product_tag","embeddable":true,"href":"https:\/\/compuviper.mx\/tienda\/wp-json\/wp\/v2\/product_tag?post=255827"}],"curies":[{"name":"wp","href":"https:\/\/api.w.org\/{rel}","templated":true}]}}