{"id":255678,"date":"2026-04-23T00:15:53","date_gmt":"2026-04-23T06:15:53","guid":{"rendered":"https:\/\/compuviper.mx\/tienda\/producto\/dahua-dh-f4c-led-camara-ip-f4cn-led-bullet-wifi-de-4-mp-full-color-microfono-integrado-30-mts-de-luz-visible-ranura-para-msd-ia-con-deteccion-de-humanos-ip67\/"},"modified":"2026-04-23T00:15:53","modified_gmt":"2026-04-23T06:15:53","slug":"dahua-dh-f4c-led-camara-ip-f4cn-led-bullet-wifi-de-4-mp-full-color-microfono-integrado-30-mts-de-luz-visible-ranura-para-msd-ia-con-deteccion-de-humanos-ip67","status":"publish","type":"product","link":"https:\/\/compuviper.mx\/tienda\/producto\/dahua-dh-f4c-led-camara-ip-f4cn-led-bullet-wifi-de-4-mp-full-color-microfono-integrado-30-mts-de-luz-visible-ranura-para-msd-ia-con-deteccion-de-humanos-ip67\/","title":{"rendered":"Dahua Dh-f4c-led Camara Ip\/ \/ F4cn-led\/ Bullet Wifi De 4 Mp\/ Full Color\/ Microfono Integrado\/ 30 Mts De Luz Visible\/ Ranura Para Msd\/ Ia Con Deteccion De Humanos\/ Ip67"},"content":{"rendered":"<table class=\"descripcion\">\n<tr>\n<td>Especificaciones tecnicas<\/td>\n<\/tr>\n<tr>\n<td>\u0095 resolucion: 4m (2560 \u00d7 1440).<\/td>\n<\/tr>\n<tr>\n<td>\u0095 material: metal + plural astico.<\/td>\n<\/tr>\n<tr>\n<td>\u0095 dimensiones: 131 mm \u00d7 78,4 mm \u00d7 97,2 mm.<\/td>\n<\/tr>\n<tr>\n<td>\u0095 peso: 254,5 g.<\/td>\n<\/tr>\n<tr>\n<td>\u0095 temperatura de trabajo: -40 \u00b0c+ 60\u00b0c.<\/td>\n<\/tr>\n<tr>\n<td>\u0095 humedad de trabajo:  95 %.<\/td>\n<\/tr>\n<tr>\n<td>\u0095 alimentacion: 12 vcc.<\/td>\n<\/tr>\n<tr>\n<td>\u0095 consumo de energia: 2,2 w; max. 5,4 w (luz calida, h.265).<\/td>\n<\/tr>\n<tr>\n<td>\u0095 lente: 3.6mm.<\/td>\n<\/tr>\n<tr>\n<td>Incluye<\/td>\n<\/tr>\n<tr>\n<td>\u0095 1x camara dh-f4c-led<\/td>\n<\/tr>\n<tr>\n<td>\u0095 1x tornillos de fijacion<\/td>\n<\/tr>\n<tr>\n<td>\u0095 1x manual de usuario<\/td>\n<\/tr>\n<tr>\n<td>\u0095 1x conector impermeable<\/td>\n<\/tr>\n<tr>\n<td>\u0095 1x adaptador de corriente<\/td>\n<\/tr>\n<tr>\n<td>\u0095 1x poliza de garantia<\/td>\n<\/tr>\n<tr>\n<td>\u0095 1x base de montaje<\/td>\n<\/tr>\n<\/table>\n","protected":false},"excerpt":{"rendered":"<p>Informacion general. La camara de vigilancia dh-ipc-f4cn-led-0360b es una camara avanzada con capacidades destacadas. Ofrece una resolucion de 4 megapixeles para imagenes nitidas, incluso en condiciones de poca luz gracias a su capacidad de captura en color. Con un alcance de hasta 30 metros, es ideal para areas amplias o exteriores. Utiliza compresion de video h.265 para ahorrar espacio de almacenamiento sin perder calidad. Ademas, cuenta con dwdr para equilibrar la iluminacion en diferentes condiciones y una ranura para tarjeta micro sd de hasta 256 gb para almacenamiento local. *nota: este equipo si cuenta con web service. Caracteristicas principales. \u0095 deteccion inteligente de humanos y vehiculos: minimiza falsas alarmas con ia avanzada. \u0095 alarma de luz y sonido integrada: activa una alarma para disuadir intrusos. \u0095 conectividad wifi: conexion inalambrica simplificada. \u0095 compatibilidad bluetooth: configuracion rapida con dispositivos inteligentes. \u0095 compresion h.265: reduce el uso de ancho de banda y almacenamiento. \u0095 ranura para microsd: soporta tarjetas de hasta 256 gb para almacenamiento local. \u0095 proteccion: ip67 resiste ha ambientes hostiles. \u0095 fullcolor: captura imagenes a todo color. \u0095 numero de iluminadores: 2 luz calida. \u0095 dmss. \u0095 dmss es una aplicacion movil desarrollada por dahua technology para la gestion remota de la camara, ofreciendo visualizacion en tiempo real, notificaciones push, control de audio bidireccional, y opciones de grabacion y reproduccion . Permite ajustar configuraciones de la camara de manera remota, soporta la gestion de multiples dispositivos, y garantiza seguridad y privacidad con cifrado de datos. \u0095 disponible para ios y android, facilita la configuracion inicial y proporciona una experiencia de vigilancia completa y facil de usar.<\/p>\n","protected":false},"featured_media":259456,"comment_status":"open","ping_status":"open","template":"","meta":[],"product_cat":[1608,1681],"product_tag":[1555],"acf":[],"yoast_head":"<!-- This site is optimized with the Yoast SEO plugin v21.7 - https:\/\/yoast.com\/wordpress\/plugins\/seo\/ -->\n<title>[ Dahua ] &#129351; Dh-f4c-led Camara Ip\/ \/ F4cn-led\/ Bullet Wifi De 4 Mp\/ Full Color\/ Microfono Integrado\/ 30 Mts De Luz Visible\/ Ranura Para Msd\/ Ia Con Deteccion De Humanos\/ Ip67<\/title>\n<meta name=\"description\" content=\"Compra Dh-f4c-led Camara Ip\/ \/ F4cn-led\/ Bullet Wifi De 4 Mp\/ Full Color\/ Microfono Integrado\/ 30 Mts De Luz Visible\/ Ranura Para Msd\/ Ia Con Deteccion De Humanos\/ Ip67 + Env\u00edo a domicilio + Pago seguro + Garant\u00eda\" \/>\n<meta name=\"robots\" content=\"index, follow, max-snippet:-1, max-image-preview:large, max-video-preview:-1\" \/>\n<link rel=\"canonical\" href=\"https:\/\/compuviper.mx\/tienda\/producto\/dahua-dh-f4c-led-camara-ip-f4cn-led-bullet-wifi-de-4-mp-full-color-microfono-integrado-30-mts-de-luz-visible-ranura-para-msd-ia-con-deteccion-de-humanos-ip67\/\" \/>\n<meta property=\"og:locale\" content=\"es_MX\" \/>\n<meta property=\"og:type\" content=\"article\" \/>\n<meta property=\"og:title\" content=\"[ Dahua ] &#129351; Dh-f4c-led Camara Ip\/ \/ F4cn-led\/ Bullet Wifi De 4 Mp\/ Full Color\/ Microfono Integrado\/ 30 Mts De Luz Visible\/ Ranura Para Msd\/ Ia Con Deteccion De Humanos\/ Ip67\" \/>\n<meta property=\"og:description\" content=\"Compra Dh-f4c-led Camara Ip\/ \/ F4cn-led\/ Bullet Wifi De 4 Mp\/ Full Color\/ Microfono Integrado\/ 30 Mts De Luz Visible\/ Ranura Para Msd\/ Ia Con Deteccion De Humanos\/ Ip67 + Env\u00edo a domicilio + Pago seguro + Garant\u00eda\" \/>\n<meta property=\"og:url\" content=\"https:\/\/compuviper.mx\/tienda\/producto\/dahua-dh-f4c-led-camara-ip-f4cn-led-bullet-wifi-de-4-mp-full-color-microfono-integrado-30-mts-de-luz-visible-ranura-para-msd-ia-con-deteccion-de-humanos-ip67\/\" \/>\n<meta property=\"og:site_name\" content=\"Compuviper\" \/>\n<meta property=\"article:publisher\" content=\"https:\/\/www.facebook.com\/compuviper\" \/>\n<meta property=\"og:image\" content=\"https:\/\/compuviper.mx\/tienda\/wp-content\/uploads\/2025\/10\/Camara-ip-dahua-f4cn-led-bullet-wifi-de-4-mp-full-color-microfono-integrado-30-mts-de-luz-visible-ranura-para-msd-ia-con-deteccion-de-humanos-ip67.jpg\" \/>\n\t<meta property=\"og:image:width\" content=\"200\" \/>\n\t<meta property=\"og:image:height\" content=\"200\" \/>\n\t<meta property=\"og:image:type\" content=\"image\/jpeg\" \/>\n<meta name=\"twitter:card\" content=\"summary_large_image\" \/>\n<meta name=\"twitter:label1\" content=\"Precio\" \/>\n\t<meta name=\"twitter:data1\" content=\"&#36;536 con IVA\" \/>\n\t<meta name=\"twitter:label2\" content=\"Availability\" \/>\n\t<meta name=\"twitter:data2\" content=\"In stock\" \/>\n<script type=\"application\/ld+json\" class=\"yoast-schema-graph\">{\"@context\":\"https:\/\/schema.org\",\"@graph\":[{\"@type\":\"WebPage\",\"@id\":\"https:\/\/compuviper.mx\/tienda\/producto\/dahua-dh-f4c-led-camara-ip-f4cn-led-bullet-wifi-de-4-mp-full-color-microfono-integrado-30-mts-de-luz-visible-ranura-para-msd-ia-con-deteccion-de-humanos-ip67\/\",\"url\":\"https:\/\/compuviper.mx\/tienda\/producto\/dahua-dh-f4c-led-camara-ip-f4cn-led-bullet-wifi-de-4-mp-full-color-microfono-integrado-30-mts-de-luz-visible-ranura-para-msd-ia-con-deteccion-de-humanos-ip67\/\",\"name\":\"[ Dahua ] &#129351; Dh-f4c-led Camara Ip\/ \/ F4cn-led\/ Bullet Wifi De 4 Mp\/ Full Color\/ Microfono Integrado\/ 30 Mts De Luz Visible\/ Ranura Para Msd\/ Ia Con Deteccion De Humanos\/ Ip67\",\"isPartOf\":{\"@id\":\"https:\/\/compuviper.mx\/tienda\/#website\"},\"datePublished\":\"2026-04-23T06:15:53+00:00\",\"dateModified\":\"2026-04-23T06:15:53+00:00\",\"description\":\"Compra Dh-f4c-led Camara Ip\/ \/ F4cn-led\/ Bullet Wifi De 4 Mp\/ Full Color\/ Microfono Integrado\/ 30 Mts De Luz Visible\/ Ranura Para Msd\/ Ia Con Deteccion De Humanos\/ Ip67 + Env\u00edo a domicilio + Pago seguro + Garant\u00eda\",\"breadcrumb\":{\"@id\":\"https:\/\/compuviper.mx\/tienda\/producto\/dahua-dh-f4c-led-camara-ip-f4cn-led-bullet-wifi-de-4-mp-full-color-microfono-integrado-30-mts-de-luz-visible-ranura-para-msd-ia-con-deteccion-de-humanos-ip67\/#breadcrumb\"},\"inLanguage\":\"es-MX\",\"potentialAction\":[{\"@type\":\"ReadAction\",\"target\":[\"https:\/\/compuviper.mx\/tienda\/producto\/dahua-dh-f4c-led-camara-ip-f4cn-led-bullet-wifi-de-4-mp-full-color-microfono-integrado-30-mts-de-luz-visible-ranura-para-msd-ia-con-deteccion-de-humanos-ip67\/\"]}]},{\"@type\":\"BreadcrumbList\",\"@id\":\"https:\/\/compuviper.mx\/tienda\/producto\/dahua-dh-f4c-led-camara-ip-f4cn-led-bullet-wifi-de-4-mp-full-color-microfono-integrado-30-mts-de-luz-visible-ranura-para-msd-ia-con-deteccion-de-humanos-ip67\/#breadcrumb\",\"itemListElement\":[{\"@type\":\"ListItem\",\"position\":1,\"name\":\"Inicio\",\"item\":\"https:\/\/compuviper.mx\/tienda\/\"},{\"@type\":\"ListItem\",\"position\":2,\"name\":\"Productos\",\"item\":\"https:\/\/compuviper.mx\/tienda\/productos\/\"},{\"@type\":\"ListItem\",\"position\":3,\"name\":\"Camaras\",\"item\":\"https:\/\/compuviper.mx\/tienda\/categoria-producto\/camaras-2\/\"},{\"@type\":\"ListItem\",\"position\":4,\"name\":\"Camara De Videovigilancia\",\"item\":\"https:\/\/compuviper.mx\/tienda\/categoria-producto\/camaras-2\/camara-de-videovigilancia\/\"},{\"@type\":\"ListItem\",\"position\":5,\"name\":\"Dahua Dh-f4c-led Camara Ip\/ \/ F4cn-led\/ Bullet Wifi De 4 Mp\/ Full Color\/ Microfono Integrado\/ 30 Mts De Luz Visible\/ Ranura Para Msd\/ Ia Con Deteccion De Humanos\/ Ip67\"}]},{\"@type\":\"WebSite\",\"@id\":\"https:\/\/compuviper.mx\/tienda\/#website\",\"url\":\"https:\/\/compuviper.mx\/tienda\/\",\"name\":\"Compuviper\",\"description\":\"Proveedor de Computadoras, Laptops, Servidores, Monitores, Puntos de Venta, Teclados,   Impresoras, T\u00f3ner, C\u00e1maras de Seguridad y m\u00e1s en tu tienda en l\u00ednea\",\"publisher\":{\"@id\":\"https:\/\/compuviper.mx\/tienda\/#organization\"},\"potentialAction\":[{\"@type\":\"SearchAction\",\"target\":{\"@type\":\"EntryPoint\",\"urlTemplate\":\"https:\/\/compuviper.mx\/tienda\/?s={search_term_string}\"},\"query-input\":\"required name=search_term_string\"}],\"inLanguage\":\"es-MX\"},{\"@type\":\"Organization\",\"@id\":\"https:\/\/compuviper.mx\/tienda\/#organization\",\"name\":\"Compuviper\",\"url\":\"https:\/\/compuviper.mx\/tienda\/\",\"logo\":{\"@type\":\"ImageObject\",\"inLanguage\":\"es-MX\",\"@id\":\"https:\/\/compuviper.mx\/tienda\/#\/schema\/logo\/image\/\",\"url\":\"https:\/\/compuviper.mx\/tienda\/wp-content\/uploads\/2021\/08\/Logo-Compuviper-10.png\",\"contentUrl\":\"https:\/\/compuviper.mx\/tienda\/wp-content\/uploads\/2021\/08\/Logo-Compuviper-10.png\",\"width\":1000,\"height\":500,\"caption\":\"Compuviper\"},\"image\":{\"@id\":\"https:\/\/compuviper.mx\/tienda\/#\/schema\/logo\/image\/\"},\"sameAs\":[\"https:\/\/www.facebook.com\/compuviper\",\"https:\/\/www.youtube.com\/channel\/UCf73dERp9Y3cfOq7q8BhLjA?view_as=subscriber\"]}]}<\/script>\n<meta property=\"product:brand\" content=\"DAHUA\" \/>\n<meta property=\"product:price:amount\" content=\"536\" \/>\n<meta property=\"product:price:currency\" content=\"MXN\" \/>\n<meta property=\"og:availability\" content=\"instock\" \/>\n<meta property=\"product:availability\" content=\"instock\" \/>\n<meta property=\"product:retailer_item_id\" content=\"DH-F4C-LED\" \/>\n<meta property=\"product:condition\" content=\"new\" \/>\n<!-- \/ Yoast SEO plugin. -->","yoast_head_json":{"title":"[ Dahua ] &#129351; Dh-f4c-led Camara Ip\/ \/ F4cn-led\/ Bullet Wifi De 4 Mp\/ Full Color\/ Microfono Integrado\/ 30 Mts De Luz Visible\/ Ranura Para Msd\/ Ia Con Deteccion De Humanos\/ Ip67","description":"Compra Dh-f4c-led Camara Ip\/ \/ F4cn-led\/ Bullet Wifi De 4 Mp\/ Full Color\/ Microfono Integrado\/ 30 Mts De Luz Visible\/ Ranura Para Msd\/ Ia Con Deteccion De Humanos\/ Ip67 + Env\u00edo a domicilio + Pago seguro + Garant\u00eda","robots":{"index":"index","follow":"follow","max-snippet":"max-snippet:-1","max-image-preview":"max-image-preview:large","max-video-preview":"max-video-preview:-1"},"canonical":"https:\/\/compuviper.mx\/tienda\/producto\/dahua-dh-f4c-led-camara-ip-f4cn-led-bullet-wifi-de-4-mp-full-color-microfono-integrado-30-mts-de-luz-visible-ranura-para-msd-ia-con-deteccion-de-humanos-ip67\/","og_locale":"es_MX","og_type":"article","og_title":"[ Dahua ] &#129351; Dh-f4c-led Camara Ip\/ \/ F4cn-led\/ Bullet Wifi De 4 Mp\/ Full Color\/ Microfono Integrado\/ 30 Mts De Luz Visible\/ Ranura Para Msd\/ Ia Con Deteccion De Humanos\/ Ip67","og_description":"Compra Dh-f4c-led Camara Ip\/ \/ F4cn-led\/ Bullet Wifi De 4 Mp\/ Full Color\/ Microfono Integrado\/ 30 Mts De Luz Visible\/ Ranura Para Msd\/ Ia Con Deteccion De Humanos\/ Ip67 + Env\u00edo a domicilio + Pago seguro + Garant\u00eda","og_url":"https:\/\/compuviper.mx\/tienda\/producto\/dahua-dh-f4c-led-camara-ip-f4cn-led-bullet-wifi-de-4-mp-full-color-microfono-integrado-30-mts-de-luz-visible-ranura-para-msd-ia-con-deteccion-de-humanos-ip67\/","og_site_name":"Compuviper","article_publisher":"https:\/\/www.facebook.com\/compuviper","og_image":[{"width":200,"height":200,"url":"https:\/\/compuviper.mx\/tienda\/wp-content\/uploads\/2025\/10\/Camara-ip-dahua-f4cn-led-bullet-wifi-de-4-mp-full-color-microfono-integrado-30-mts-de-luz-visible-ranura-para-msd-ia-con-deteccion-de-humanos-ip67.jpg","type":"image\/jpeg"}],"twitter_card":"summary_large_image","twitter_misc":{"Precio":"&#36;536 con IVA","Availability":"In stock"},"schema":{"@context":"https:\/\/schema.org","@graph":[{"@type":"WebPage","@id":"https:\/\/compuviper.mx\/tienda\/producto\/dahua-dh-f4c-led-camara-ip-f4cn-led-bullet-wifi-de-4-mp-full-color-microfono-integrado-30-mts-de-luz-visible-ranura-para-msd-ia-con-deteccion-de-humanos-ip67\/","url":"https:\/\/compuviper.mx\/tienda\/producto\/dahua-dh-f4c-led-camara-ip-f4cn-led-bullet-wifi-de-4-mp-full-color-microfono-integrado-30-mts-de-luz-visible-ranura-para-msd-ia-con-deteccion-de-humanos-ip67\/","name":"[ Dahua ] &#129351; Dh-f4c-led Camara Ip\/ \/ F4cn-led\/ Bullet Wifi De 4 Mp\/ Full Color\/ Microfono Integrado\/ 30 Mts De Luz Visible\/ Ranura Para Msd\/ Ia Con Deteccion De Humanos\/ Ip67","isPartOf":{"@id":"https:\/\/compuviper.mx\/tienda\/#website"},"datePublished":"2026-04-23T06:15:53+00:00","dateModified":"2026-04-23T06:15:53+00:00","description":"Compra Dh-f4c-led Camara Ip\/ \/ F4cn-led\/ Bullet Wifi De 4 Mp\/ Full Color\/ Microfono Integrado\/ 30 Mts De Luz Visible\/ Ranura Para Msd\/ Ia Con Deteccion De Humanos\/ Ip67 + Env\u00edo a domicilio + Pago seguro + Garant\u00eda","breadcrumb":{"@id":"https:\/\/compuviper.mx\/tienda\/producto\/dahua-dh-f4c-led-camara-ip-f4cn-led-bullet-wifi-de-4-mp-full-color-microfono-integrado-30-mts-de-luz-visible-ranura-para-msd-ia-con-deteccion-de-humanos-ip67\/#breadcrumb"},"inLanguage":"es-MX","potentialAction":[{"@type":"ReadAction","target":["https:\/\/compuviper.mx\/tienda\/producto\/dahua-dh-f4c-led-camara-ip-f4cn-led-bullet-wifi-de-4-mp-full-color-microfono-integrado-30-mts-de-luz-visible-ranura-para-msd-ia-con-deteccion-de-humanos-ip67\/"]}]},{"@type":"BreadcrumbList","@id":"https:\/\/compuviper.mx\/tienda\/producto\/dahua-dh-f4c-led-camara-ip-f4cn-led-bullet-wifi-de-4-mp-full-color-microfono-integrado-30-mts-de-luz-visible-ranura-para-msd-ia-con-deteccion-de-humanos-ip67\/#breadcrumb","itemListElement":[{"@type":"ListItem","position":1,"name":"Inicio","item":"https:\/\/compuviper.mx\/tienda\/"},{"@type":"ListItem","position":2,"name":"Productos","item":"https:\/\/compuviper.mx\/tienda\/productos\/"},{"@type":"ListItem","position":3,"name":"Camaras","item":"https:\/\/compuviper.mx\/tienda\/categoria-producto\/camaras-2\/"},{"@type":"ListItem","position":4,"name":"Camara De Videovigilancia","item":"https:\/\/compuviper.mx\/tienda\/categoria-producto\/camaras-2\/camara-de-videovigilancia\/"},{"@type":"ListItem","position":5,"name":"Dahua Dh-f4c-led Camara Ip\/ \/ F4cn-led\/ Bullet Wifi De 4 Mp\/ Full Color\/ Microfono Integrado\/ 30 Mts De Luz Visible\/ Ranura Para Msd\/ Ia Con Deteccion De Humanos\/ Ip67"}]},{"@type":"WebSite","@id":"https:\/\/compuviper.mx\/tienda\/#website","url":"https:\/\/compuviper.mx\/tienda\/","name":"Compuviper","description":"Proveedor de Computadoras, Laptops, Servidores, Monitores, Puntos de Venta, Teclados,   Impresoras, T\u00f3ner, C\u00e1maras de Seguridad y m\u00e1s en tu tienda en l\u00ednea","publisher":{"@id":"https:\/\/compuviper.mx\/tienda\/#organization"},"potentialAction":[{"@type":"SearchAction","target":{"@type":"EntryPoint","urlTemplate":"https:\/\/compuviper.mx\/tienda\/?s={search_term_string}"},"query-input":"required name=search_term_string"}],"inLanguage":"es-MX"},{"@type":"Organization","@id":"https:\/\/compuviper.mx\/tienda\/#organization","name":"Compuviper","url":"https:\/\/compuviper.mx\/tienda\/","logo":{"@type":"ImageObject","inLanguage":"es-MX","@id":"https:\/\/compuviper.mx\/tienda\/#\/schema\/logo\/image\/","url":"https:\/\/compuviper.mx\/tienda\/wp-content\/uploads\/2021\/08\/Logo-Compuviper-10.png","contentUrl":"https:\/\/compuviper.mx\/tienda\/wp-content\/uploads\/2021\/08\/Logo-Compuviper-10.png","width":1000,"height":500,"caption":"Compuviper"},"image":{"@id":"https:\/\/compuviper.mx\/tienda\/#\/schema\/logo\/image\/"},"sameAs":["https:\/\/www.facebook.com\/compuviper","https:\/\/www.youtube.com\/channel\/UCf73dERp9Y3cfOq7q8BhLjA?view_as=subscriber"]}]},"product_brand":"DAHUA","product_price_amount":"536","product_price_currency":"MXN","og_availability":"instock","product_availability":"instock","product_retailer_item_id":"DH-F4C-LED","product_condition":"new"},"_links":{"self":[{"href":"https:\/\/compuviper.mx\/tienda\/wp-json\/wp\/v2\/product\/255678"}],"collection":[{"href":"https:\/\/compuviper.mx\/tienda\/wp-json\/wp\/v2\/product"}],"about":[{"href":"https:\/\/compuviper.mx\/tienda\/wp-json\/wp\/v2\/types\/product"}],"replies":[{"embeddable":true,"href":"https:\/\/compuviper.mx\/tienda\/wp-json\/wp\/v2\/comments?post=255678"}],"wp:featuredmedia":[{"embeddable":true,"href":"https:\/\/compuviper.mx\/tienda\/wp-json\/wp\/v2\/media\/259456"}],"wp:attachment":[{"href":"https:\/\/compuviper.mx\/tienda\/wp-json\/wp\/v2\/media?parent=255678"}],"wp:term":[{"taxonomy":"product_cat","embeddable":true,"href":"https:\/\/compuviper.mx\/tienda\/wp-json\/wp\/v2\/product_cat?post=255678"},{"taxonomy":"product_tag","embeddable":true,"href":"https:\/\/compuviper.mx\/tienda\/wp-json\/wp\/v2\/product_tag?post=255678"}],"curies":[{"name":"wp","href":"https:\/\/api.w.org\/{rel}","templated":true}]}}