{"id":255669,"date":"2026-04-17T23:07:53","date_gmt":"2026-04-18T05:07:53","guid":{"rendered":"https:\/\/compuviper.mx\/tienda\/producto\/tripp-lite-srcool12ke-unidad-de-aire-acondicionado-portatil-para-sala-de-servidores-13000-btu-3-8-kw-120-v-refrigerante-r32-negra\/"},"modified":"2026-04-17T23:07:53","modified_gmt":"2026-04-18T05:07:53","slug":"tripp-lite-srcool12ke-unidad-de-aire-acondicionado-portatil-para-sala-de-servidores-13000-btu-3-8-kw-120-v-refrigerante-r32-negra","status":"publish","type":"product","link":"https:\/\/compuviper.mx\/tienda\/producto\/tripp-lite-srcool12ke-unidad-de-aire-acondicionado-portatil-para-sala-de-servidores-13000-btu-3-8-kw-120-v-refrigerante-r32-negra\/","title":{"rendered":"Tripp-lite Srcool12ke Unidad De Aire Acondicionado Portatil Para Sala De Servidores, 13,000 Btu (3.8 Kw), 120 V, Refrigerante R32, Negra"},"content":{"rendered":"<table class=\"descripcion\">\n<tr>\n<td>Generalidades<\/td>\n<\/tr>\n<tr>\n<td>Codigo upc 037332289131<\/td>\n<\/tr>\n<tr>\n<td>Entrada<\/td>\n<\/tr>\n<tr>\n<td>Consumo electrico (max) 1400 watts<\/td>\n<\/tr>\n<tr>\n<td>Voltaje(s) nominal(es) de entrada soportado(s) 120v ca<\/td>\n<\/tr>\n<tr>\n<td>Descripci\u00f3n del voltaje nominal de entrada 120 v ca 60 hz<\/td>\n<\/tr>\n<tr>\n<td>Tipo de conexi\u00f3n de entrada nema 5-15p<\/td>\n<\/tr>\n<tr>\n<td>Caracter\u00edsticas de la clavija de entrada nema 5-15p<\/td>\n<\/tr>\n<tr>\n<td>Compatibilidad de voltaje (vca) 120<\/td>\n<\/tr>\n<tr>\n<td>Frecuencia de entrada 60 hz<\/td>\n<\/tr>\n<tr>\n<td>Longitud del cable de alimentacion (pies) 6<\/td>\n<\/tr>\n<tr>\n<td>Longitud del cable de alimentaci\u00f3n (m) 1.83<\/td>\n<\/tr>\n<tr>\n<td>Enfriamiento<\/td>\n<\/tr>\n<tr>\n<td>Flujo de aire evaporador = 329 cfm \/ condensador = 311 cfm<\/td>\n<\/tr>\n<tr>\n<td>Tipo de enfriamiento activo<\/td>\n<\/tr>\n<tr>\n<td>Cooling capacity (btus) 13000<\/td>\n<\/tr>\n<tr>\n<td>Capacidad de enfriamiento (kw) 3.8<\/td>\n<\/tr>\n<tr>\n<td>Refrigerante r32<\/td>\n<\/tr>\n<tr>\n<td>Cantidad de refrigerante 15.5 oz<\/td>\n<\/tr>\n<tr>\n<td>Tamano de habitacion equivalente 24 m2 [258.3 pies cuadrados]<\/td>\n<\/tr>\n<tr>\n<td>Interfaz de usuario, alertas y controles<\/td>\n<\/tr>\n<tr>\n<td> leds de panel frontal panel de control sensible al tacto con m\u00faltiples indicadores led y lector num\u00e9rico de temperatura<\/td>\n<\/tr>\n<tr>\n<td>Fisicas<\/td>\n<\/tr>\n<tr>\n<td>Color negro<\/td>\n<\/tr>\n<tr>\n<td>Material de construcci\u00f3n abs<\/td>\n<\/tr>\n<tr>\n<td>Factores de forma soportados torre<\/td>\n<\/tr>\n<tr>\n<td>Dimensiones de envi\u00f3 (al x an x pr \/ cm) 84.07 x 39.12 x 73.66<\/td>\n<\/tr>\n<tr>\n<td>Peso de env\u00edo (kg) 36.29<\/td>\n<\/tr>\n<tr>\n<td>Dimensiones de la unidad (al x an x pr \/ cm) 77.8 x 30 x 50.5<\/td>\n<\/tr>\n<tr>\n<td>Peso de la unidad (kg) 32.37<\/td>\n<\/tr>\n<tr>\n<td>Garantia<\/td>\n<\/tr>\n<tr>\n<td>12 meses<\/td>\n<\/tr>\n<\/table>\n","protected":false},"excerpt":{"rendered":"<p>El srcool12ke de tripp lite es una unidad de aire acondicionado portatil especialmente disenada para brindar enfriamiento puntual en entornos criticos como salas de servidores, centros de datos, laboratorios o cualquier espacio con equipos electronicos sensibles al calor. Con una capacidad de 13,000 btu (3.8 kw), ofrece un enfriamiento eficiente y confiable sin necesidad de instalaciones complejas ni sistemas hvac adicionales. Cuenta con un diseno compacto con ruedas integradas para una facil movilidad, controles digitales intuitivos y funciones avanzadas como modo de deshumidificacion, temporizador programable y rejillas ajustables para dirigir el flujo de aire. El sistema de evaporaci\u00f3n automatica elimina la necesidad de drenar agua manualmente, permitiendo una operaci\u00f3n continua sin interrupciones. Ideal para mantener condiciones optimas de temperatura y proteger tus equipos criticos contra el sobrecalentamiento.<\/p>\n","protected":false},"featured_media":258619,"comment_status":"open","ping_status":"open","template":"","meta":[],"product_cat":[1892,2275],"product_tag":[1510],"acf":[],"yoast_head":"<!-- This site is optimized with the Yoast SEO plugin v21.7 - https:\/\/yoast.com\/wordpress\/plugins\/seo\/ -->\n<title>[ Tripp-lite ] &#129351; Srcool12ke Unidad De Aire Acondicionado Portatil Para Sala De Servidores, 13,000 Btu (3.8 Kw), 120 V, Refrigerante R32, Negra<\/title>\n<meta name=\"description\" content=\"Compra Srcool12ke Unidad De Aire Acondicionado Portatil Para Sala De Servidores, 13,000 Btu (3.8 Kw), 120 V, Refrigerante R32, Negra + Env\u00edo a domicilio + Pago seguro + Garant\u00eda\" \/>\n<meta name=\"robots\" content=\"index, follow, max-snippet:-1, max-image-preview:large, max-video-preview:-1\" \/>\n<link rel=\"canonical\" href=\"https:\/\/compuviper.mx\/tienda\/producto\/tripp-lite-srcool12ke-unidad-de-aire-acondicionado-portatil-para-sala-de-servidores-13000-btu-3-8-kw-120-v-refrigerante-r32-negra\/\" \/>\n<meta property=\"og:locale\" content=\"es_MX\" \/>\n<meta property=\"og:type\" content=\"article\" \/>\n<meta property=\"og:title\" content=\"[ Tripp-lite ] &#129351; Srcool12ke Unidad De Aire Acondicionado Portatil Para Sala De Servidores, 13,000 Btu (3.8 Kw), 120 V, Refrigerante R32, Negra\" \/>\n<meta property=\"og:description\" content=\"Compra Srcool12ke Unidad De Aire Acondicionado Portatil Para Sala De Servidores, 13,000 Btu (3.8 Kw), 120 V, Refrigerante R32, Negra + Env\u00edo a domicilio + Pago seguro + Garant\u00eda\" \/>\n<meta property=\"og:url\" content=\"https:\/\/compuviper.mx\/tienda\/producto\/tripp-lite-srcool12ke-unidad-de-aire-acondicionado-portatil-para-sala-de-servidores-13000-btu-3-8-kw-120-v-refrigerante-r32-negra\/\" \/>\n<meta property=\"og:site_name\" content=\"Compuviper\" \/>\n<meta property=\"article:publisher\" content=\"https:\/\/www.facebook.com\/compuviper\" \/>\n<meta property=\"og:image\" content=\"https:\/\/compuviper.mx\/tienda\/wp-content\/uploads\/2025\/10\/Unidad-de-aire-acondicionado-portatil-para-sala-de-servidores-13000-btu-3.8-kw-120-v-refrigerante-r32-negra.jpg\" \/>\n\t<meta property=\"og:image:width\" content=\"200\" \/>\n\t<meta property=\"og:image:height\" content=\"200\" \/>\n\t<meta property=\"og:image:type\" content=\"image\/jpeg\" \/>\n<meta name=\"twitter:card\" content=\"summary_large_image\" \/>\n<meta name=\"twitter:label1\" content=\"Precio\" \/>\n\t<meta name=\"twitter:data1\" content=\"&#36;16,695 con IVA\" \/>\n\t<meta name=\"twitter:label2\" content=\"Availability\" \/>\n\t<meta name=\"twitter:data2\" content=\"In stock\" \/>\n<script type=\"application\/ld+json\" class=\"yoast-schema-graph\">{\"@context\":\"https:\/\/schema.org\",\"@graph\":[{\"@type\":\"WebPage\",\"@id\":\"https:\/\/compuviper.mx\/tienda\/producto\/tripp-lite-srcool12ke-unidad-de-aire-acondicionado-portatil-para-sala-de-servidores-13000-btu-3-8-kw-120-v-refrigerante-r32-negra\/\",\"url\":\"https:\/\/compuviper.mx\/tienda\/producto\/tripp-lite-srcool12ke-unidad-de-aire-acondicionado-portatil-para-sala-de-servidores-13000-btu-3-8-kw-120-v-refrigerante-r32-negra\/\",\"name\":\"[ Tripp-lite ] &#129351; Srcool12ke Unidad De Aire Acondicionado Portatil Para Sala De Servidores, 13,000 Btu (3.8 Kw), 120 V, Refrigerante R32, Negra\",\"isPartOf\":{\"@id\":\"https:\/\/compuviper.mx\/tienda\/#website\"},\"datePublished\":\"2026-04-18T05:07:53+00:00\",\"dateModified\":\"2026-04-18T05:07:53+00:00\",\"description\":\"Compra Srcool12ke Unidad De Aire Acondicionado Portatil Para Sala De Servidores, 13,000 Btu (3.8 Kw), 120 V, Refrigerante R32, Negra + Env\u00edo a domicilio + Pago seguro + Garant\u00eda\",\"breadcrumb\":{\"@id\":\"https:\/\/compuviper.mx\/tienda\/producto\/tripp-lite-srcool12ke-unidad-de-aire-acondicionado-portatil-para-sala-de-servidores-13000-btu-3-8-kw-120-v-refrigerante-r32-negra\/#breadcrumb\"},\"inLanguage\":\"es-MX\",\"potentialAction\":[{\"@type\":\"ReadAction\",\"target\":[\"https:\/\/compuviper.mx\/tienda\/producto\/tripp-lite-srcool12ke-unidad-de-aire-acondicionado-portatil-para-sala-de-servidores-13000-btu-3-8-kw-120-v-refrigerante-r32-negra\/\"]}]},{\"@type\":\"BreadcrumbList\",\"@id\":\"https:\/\/compuviper.mx\/tienda\/producto\/tripp-lite-srcool12ke-unidad-de-aire-acondicionado-portatil-para-sala-de-servidores-13000-btu-3-8-kw-120-v-refrigerante-r32-negra\/#breadcrumb\",\"itemListElement\":[{\"@type\":\"ListItem\",\"position\":1,\"name\":\"Inicio\",\"item\":\"https:\/\/compuviper.mx\/tienda\/\"},{\"@type\":\"ListItem\",\"position\":2,\"name\":\"Productos\",\"item\":\"https:\/\/compuviper.mx\/tienda\/productos\/\"},{\"@type\":\"ListItem\",\"position\":3,\"name\":\"Aire Acondicionado\",\"item\":\"https:\/\/compuviper.mx\/tienda\/categoria-producto\/aire-acondicionado\/\"},{\"@type\":\"ListItem\",\"position\":4,\"name\":\"Aire De Precisi?n\",\"item\":\"https:\/\/compuviper.mx\/tienda\/categoria-producto\/aire-acondicionado\/aire-de-precisin\/\"},{\"@type\":\"ListItem\",\"position\":5,\"name\":\"Tripp-lite Srcool12ke Unidad De Aire Acondicionado Portatil Para Sala De Servidores, 13,000 Btu (3.8 Kw), 120 V, Refrigerante R32, Negra\"}]},{\"@type\":\"WebSite\",\"@id\":\"https:\/\/compuviper.mx\/tienda\/#website\",\"url\":\"https:\/\/compuviper.mx\/tienda\/\",\"name\":\"Compuviper\",\"description\":\"Proveedor de Computadoras, Laptops, Servidores, Monitores, Puntos de Venta, Teclados,   Impresoras, T\u00f3ner, C\u00e1maras de Seguridad y m\u00e1s en tu tienda en l\u00ednea\",\"publisher\":{\"@id\":\"https:\/\/compuviper.mx\/tienda\/#organization\"},\"potentialAction\":[{\"@type\":\"SearchAction\",\"target\":{\"@type\":\"EntryPoint\",\"urlTemplate\":\"https:\/\/compuviper.mx\/tienda\/?s={search_term_string}\"},\"query-input\":\"required name=search_term_string\"}],\"inLanguage\":\"es-MX\"},{\"@type\":\"Organization\",\"@id\":\"https:\/\/compuviper.mx\/tienda\/#organization\",\"name\":\"Compuviper\",\"url\":\"https:\/\/compuviper.mx\/tienda\/\",\"logo\":{\"@type\":\"ImageObject\",\"inLanguage\":\"es-MX\",\"@id\":\"https:\/\/compuviper.mx\/tienda\/#\/schema\/logo\/image\/\",\"url\":\"https:\/\/compuviper.mx\/tienda\/wp-content\/uploads\/2021\/08\/Logo-Compuviper-10.png\",\"contentUrl\":\"https:\/\/compuviper.mx\/tienda\/wp-content\/uploads\/2021\/08\/Logo-Compuviper-10.png\",\"width\":1000,\"height\":500,\"caption\":\"Compuviper\"},\"image\":{\"@id\":\"https:\/\/compuviper.mx\/tienda\/#\/schema\/logo\/image\/\"},\"sameAs\":[\"https:\/\/www.facebook.com\/compuviper\",\"https:\/\/www.youtube.com\/channel\/UCf73dERp9Y3cfOq7q8BhLjA?view_as=subscriber\"]}]}<\/script>\n<meta property=\"product:brand\" content=\"TRIPP-LITE\" \/>\n<meta property=\"product:price:amount\" content=\"16695\" \/>\n<meta property=\"product:price:currency\" content=\"MXN\" \/>\n<meta property=\"og:availability\" content=\"instock\" \/>\n<meta property=\"product:availability\" content=\"instock\" \/>\n<meta property=\"product:retailer_item_id\" content=\"SRCOOL12KE\" \/>\n<meta property=\"product:condition\" content=\"new\" \/>\n<!-- \/ Yoast SEO plugin. -->","yoast_head_json":{"title":"[ Tripp-lite ] &#129351; Srcool12ke Unidad De Aire Acondicionado Portatil Para Sala De Servidores, 13,000 Btu (3.8 Kw), 120 V, Refrigerante R32, Negra","description":"Compra Srcool12ke Unidad De Aire Acondicionado Portatil Para Sala De Servidores, 13,000 Btu (3.8 Kw), 120 V, Refrigerante R32, Negra + Env\u00edo a domicilio + Pago seguro + Garant\u00eda","robots":{"index":"index","follow":"follow","max-snippet":"max-snippet:-1","max-image-preview":"max-image-preview:large","max-video-preview":"max-video-preview:-1"},"canonical":"https:\/\/compuviper.mx\/tienda\/producto\/tripp-lite-srcool12ke-unidad-de-aire-acondicionado-portatil-para-sala-de-servidores-13000-btu-3-8-kw-120-v-refrigerante-r32-negra\/","og_locale":"es_MX","og_type":"article","og_title":"[ Tripp-lite ] &#129351; Srcool12ke Unidad De Aire Acondicionado Portatil Para Sala De Servidores, 13,000 Btu (3.8 Kw), 120 V, Refrigerante R32, Negra","og_description":"Compra Srcool12ke Unidad De Aire Acondicionado Portatil Para Sala De Servidores, 13,000 Btu (3.8 Kw), 120 V, Refrigerante R32, Negra + Env\u00edo a domicilio + Pago seguro + Garant\u00eda","og_url":"https:\/\/compuviper.mx\/tienda\/producto\/tripp-lite-srcool12ke-unidad-de-aire-acondicionado-portatil-para-sala-de-servidores-13000-btu-3-8-kw-120-v-refrigerante-r32-negra\/","og_site_name":"Compuviper","article_publisher":"https:\/\/www.facebook.com\/compuviper","og_image":[{"width":200,"height":200,"url":"https:\/\/compuviper.mx\/tienda\/wp-content\/uploads\/2025\/10\/Unidad-de-aire-acondicionado-portatil-para-sala-de-servidores-13000-btu-3.8-kw-120-v-refrigerante-r32-negra.jpg","type":"image\/jpeg"}],"twitter_card":"summary_large_image","twitter_misc":{"Precio":"&#36;16,695 con IVA","Availability":"In stock"},"schema":{"@context":"https:\/\/schema.org","@graph":[{"@type":"WebPage","@id":"https:\/\/compuviper.mx\/tienda\/producto\/tripp-lite-srcool12ke-unidad-de-aire-acondicionado-portatil-para-sala-de-servidores-13000-btu-3-8-kw-120-v-refrigerante-r32-negra\/","url":"https:\/\/compuviper.mx\/tienda\/producto\/tripp-lite-srcool12ke-unidad-de-aire-acondicionado-portatil-para-sala-de-servidores-13000-btu-3-8-kw-120-v-refrigerante-r32-negra\/","name":"[ Tripp-lite ] &#129351; Srcool12ke Unidad De Aire Acondicionado Portatil Para Sala De Servidores, 13,000 Btu (3.8 Kw), 120 V, Refrigerante R32, Negra","isPartOf":{"@id":"https:\/\/compuviper.mx\/tienda\/#website"},"datePublished":"2026-04-18T05:07:53+00:00","dateModified":"2026-04-18T05:07:53+00:00","description":"Compra Srcool12ke Unidad De Aire Acondicionado Portatil Para Sala De Servidores, 13,000 Btu (3.8 Kw), 120 V, Refrigerante R32, Negra + Env\u00edo a domicilio + Pago seguro + Garant\u00eda","breadcrumb":{"@id":"https:\/\/compuviper.mx\/tienda\/producto\/tripp-lite-srcool12ke-unidad-de-aire-acondicionado-portatil-para-sala-de-servidores-13000-btu-3-8-kw-120-v-refrigerante-r32-negra\/#breadcrumb"},"inLanguage":"es-MX","potentialAction":[{"@type":"ReadAction","target":["https:\/\/compuviper.mx\/tienda\/producto\/tripp-lite-srcool12ke-unidad-de-aire-acondicionado-portatil-para-sala-de-servidores-13000-btu-3-8-kw-120-v-refrigerante-r32-negra\/"]}]},{"@type":"BreadcrumbList","@id":"https:\/\/compuviper.mx\/tienda\/producto\/tripp-lite-srcool12ke-unidad-de-aire-acondicionado-portatil-para-sala-de-servidores-13000-btu-3-8-kw-120-v-refrigerante-r32-negra\/#breadcrumb","itemListElement":[{"@type":"ListItem","position":1,"name":"Inicio","item":"https:\/\/compuviper.mx\/tienda\/"},{"@type":"ListItem","position":2,"name":"Productos","item":"https:\/\/compuviper.mx\/tienda\/productos\/"},{"@type":"ListItem","position":3,"name":"Aire Acondicionado","item":"https:\/\/compuviper.mx\/tienda\/categoria-producto\/aire-acondicionado\/"},{"@type":"ListItem","position":4,"name":"Aire De Precisi?n","item":"https:\/\/compuviper.mx\/tienda\/categoria-producto\/aire-acondicionado\/aire-de-precisin\/"},{"@type":"ListItem","position":5,"name":"Tripp-lite Srcool12ke Unidad De Aire Acondicionado Portatil Para Sala De Servidores, 13,000 Btu (3.8 Kw), 120 V, Refrigerante R32, Negra"}]},{"@type":"WebSite","@id":"https:\/\/compuviper.mx\/tienda\/#website","url":"https:\/\/compuviper.mx\/tienda\/","name":"Compuviper","description":"Proveedor de Computadoras, Laptops, Servidores, Monitores, Puntos de Venta, Teclados,   Impresoras, T\u00f3ner, C\u00e1maras de Seguridad y m\u00e1s en tu tienda en l\u00ednea","publisher":{"@id":"https:\/\/compuviper.mx\/tienda\/#organization"},"potentialAction":[{"@type":"SearchAction","target":{"@type":"EntryPoint","urlTemplate":"https:\/\/compuviper.mx\/tienda\/?s={search_term_string}"},"query-input":"required name=search_term_string"}],"inLanguage":"es-MX"},{"@type":"Organization","@id":"https:\/\/compuviper.mx\/tienda\/#organization","name":"Compuviper","url":"https:\/\/compuviper.mx\/tienda\/","logo":{"@type":"ImageObject","inLanguage":"es-MX","@id":"https:\/\/compuviper.mx\/tienda\/#\/schema\/logo\/image\/","url":"https:\/\/compuviper.mx\/tienda\/wp-content\/uploads\/2021\/08\/Logo-Compuviper-10.png","contentUrl":"https:\/\/compuviper.mx\/tienda\/wp-content\/uploads\/2021\/08\/Logo-Compuviper-10.png","width":1000,"height":500,"caption":"Compuviper"},"image":{"@id":"https:\/\/compuviper.mx\/tienda\/#\/schema\/logo\/image\/"},"sameAs":["https:\/\/www.facebook.com\/compuviper","https:\/\/www.youtube.com\/channel\/UCf73dERp9Y3cfOq7q8BhLjA?view_as=subscriber"]}]},"product_brand":"TRIPP-LITE","product_price_amount":"16695","product_price_currency":"MXN","og_availability":"instock","product_availability":"instock","product_retailer_item_id":"SRCOOL12KE","product_condition":"new"},"_links":{"self":[{"href":"https:\/\/compuviper.mx\/tienda\/wp-json\/wp\/v2\/product\/255669"}],"collection":[{"href":"https:\/\/compuviper.mx\/tienda\/wp-json\/wp\/v2\/product"}],"about":[{"href":"https:\/\/compuviper.mx\/tienda\/wp-json\/wp\/v2\/types\/product"}],"replies":[{"embeddable":true,"href":"https:\/\/compuviper.mx\/tienda\/wp-json\/wp\/v2\/comments?post=255669"}],"wp:featuredmedia":[{"embeddable":true,"href":"https:\/\/compuviper.mx\/tienda\/wp-json\/wp\/v2\/media\/258619"}],"wp:attachment":[{"href":"https:\/\/compuviper.mx\/tienda\/wp-json\/wp\/v2\/media?parent=255669"}],"wp:term":[{"taxonomy":"product_cat","embeddable":true,"href":"https:\/\/compuviper.mx\/tienda\/wp-json\/wp\/v2\/product_cat?post=255669"},{"taxonomy":"product_tag","embeddable":true,"href":"https:\/\/compuviper.mx\/tienda\/wp-json\/wp\/v2\/product_tag?post=255669"}],"curies":[{"name":"wp","href":"https:\/\/api.w.org\/{rel}","templated":true}]}}