{"id":255138,"date":"2026-04-18T01:14:54","date_gmt":"2026-04-18T07:14:54","guid":{"rendered":"https:\/\/compuviper.mx\/tienda\/producto\/hikvision-ds-3e1505p-ei-m-switch-gigabit-poe-administrable-4-puertos-1000-mbps-poe-1-puerto-1000-mbps-uplink-configuracin-nube-hik-partnerpro-modo-extendido-hasta-300-metros-45-watts\/"},"modified":"2026-04-18T01:14:54","modified_gmt":"2026-04-18T07:14:54","slug":"hikvision-ds-3e1505p-ei-m-switch-gigabit-poe-administrable-4-puertos-1000-mbps-poe-1-puerto-1000-mbps-uplink-configuracin-nube-hik-partnerpro-modo-extendido-hasta-300-metros-45-watts","status":"publish","type":"product","link":"https:\/\/compuviper.mx\/tienda\/producto\/hikvision-ds-3e1505p-ei-m-switch-gigabit-poe-administrable-4-puertos-1000-mbps-poe-1-puerto-1000-mbps-uplink-configuracin-nube-hik-partnerpro-modo-extendido-hasta-300-metros-45-watts\/","title":{"rendered":"Hikvision Ds-3e1505p-ei\/m Switch Gigabit Poe+ \/ Administrable \/ 4 Puertos 1000 Mbps Poe+ \/ 1 Puerto 1000 Mbps Uplink \/ Configuraci?n Nube Hik-partnerpro \/ Modo Extendido Hasta 300 Metros \/ 45 Watts"},"content":{"rendered":"<table class=\"descripcion\">\n<tr>\n<td>Caracter\u00edsticas principales:<\/td>\n<\/tr>\n<tr>\n<td>Switch de escritorio de 4 puertos 10 \/ 100 \/ 1000 mbps poe.<\/td>\n<\/tr>\n<tr>\n<td>1 puerto uplink 10\/100\/1000 mbps.<\/td>\n<\/tr>\n<tr>\n<td>Monitoreo y control de datos en puertos importantes.<\/td>\n<\/tr>\n<tr>\n<td>Modo extendido hasta 300 metros.<\/td>\n<\/tr>\n<tr>\n<td>Optimizacion de bufer para garantizar la transmisi\u00f3n de video.<\/td>\n<\/tr>\n<tr>\n<td>Gestion web desde la ip (192.168.1.64).<\/td>\n<\/tr>\n<tr>\n<td>Administraci\u00f3n desde hikpartner pro.<\/td>\n<\/tr>\n<tr>\n<td>Tasa de reenvio de paquetes 7.44 mpps.<\/td>\n<\/tr>\n<tr>\n<td> caracter\u00edsticas f\u00edsicas y el\u00e9ctricas:<\/td>\n<\/tr>\n<tr>\n<td>Capacidad m\u00e1xima de watts: 45 w.<\/td>\n<\/tr>\n<tr>\n<td>Administraci\u00f3n m\u00e1xima de watts por puerto: 30 w.<\/td>\n<\/tr>\n<tr>\n<td>4 puerto poe 802.3af\/at.<\/td>\n<\/tr>\n<tr>\n<td>Alimentaci\u00f3n: 54 v dc, 0.92 a. (incluye fuente de alimentaci\u00f3n).<\/td>\n<\/tr>\n<tr>\n<td>Dimensiones: 121.1 mm \u00d7 27.6 mm \u00d7 83.1 mm.<\/td>\n<\/tr>\n<tr>\n<td>Peso: 0.75 kg.<\/td>\n<\/tr>\n<tr>\n<td>Caracter\u00edsticas avanzadas<\/td>\n<\/tr>\n<tr>\n<td>Puertos vip<\/td>\n<\/tr>\n<tr>\n<td>Aislado de puertos<\/td>\n<\/tr>\n<tr>\n<td>Poe watchdog<\/td>\n<\/tr>\n<tr>\n<td>Link aggregation<\/td>\n<\/tr>\n<tr>\n<td>Prevencion de loop<\/td>\n<\/tr>\n<tr>\n<td>Vlans<\/td>\n<\/tr>\n<\/table>\n","protected":false},"excerpt":{"rendered":"<p>Caracter\u00edsticas principales: Switch de escritorio de 4 puertos 10 \/ 100 \/ 1000 mbps poe. 1 puerto uplink 10\/100\/1000 mbps. Monitoreo y control de datos en puertos importantes. Modo extendido hasta 300 metros. Optimizacion de bufer para garantizar la transmisi\u00f3n de video. Gestion web desde la ip (192.168.1.64). Administraci\u00f3n desde hikpartner pro. Tasa de reenvio [&hellip;]<\/p>\n","protected":false},"featured_media":260198,"comment_status":"open","ping_status":"open","template":"","meta":[],"product_cat":[1563,1564],"product_tag":[1595],"acf":[],"yoast_head":"<!-- This site is optimized with the Yoast SEO plugin v21.7 - https:\/\/yoast.com\/wordpress\/plugins\/seo\/ -->\n<title>[ Hikvision ] &#129351; Ds-3e1505p-ei\/m Switch Gigabit Poe+ \/ Administrable \/ 4 Puertos 1000 Mbps Poe+ \/ 1 Puerto 1000 Mbps Uplink \/ Configuraci\u00f3n Nube Hik-partnerpro \/ Modo Extendido Hasta 300 Metros \/ 45 Watts<\/title>\n<meta name=\"description\" content=\"Compra Ds-3e1505p-ei\/m Switch Gigabit Poe+ \/ Administrable \/ 4 Puertos 1000 Mbps Poe+ \/ 1 Puerto 1000 Mbps Uplink \/ Configuraci\u00f3n Nube Hik-partnerpro \/ Modo Extendido Hasta 300 Metros \/ 45 Watts + Env\u00edo a domicilio + Pago seguro + Garant\u00eda\" \/>\n<meta name=\"robots\" content=\"index, follow, max-snippet:-1, max-image-preview:large, max-video-preview:-1\" \/>\n<link rel=\"canonical\" href=\"https:\/\/compuviper.mx\/tienda\/producto\/hikvision-ds-3e1505p-ei-m-switch-gigabit-poe-administrable-4-puertos-1000-mbps-poe-1-puerto-1000-mbps-uplink-configuracin-nube-hik-partnerpro-modo-extendido-hasta-300-metros-45-watts\/\" \/>\n<meta property=\"og:locale\" content=\"es_MX\" \/>\n<meta property=\"og:type\" content=\"article\" \/>\n<meta property=\"og:title\" content=\"[ Hikvision ] &#129351; Ds-3e1505p-ei\/m Switch Gigabit Poe+ \/ Administrable \/ 4 Puertos 1000 Mbps Poe+ \/ 1 Puerto 1000 Mbps Uplink \/ Configuraci\u00f3n Nube Hik-partnerpro \/ Modo Extendido Hasta 300 Metros \/ 45 Watts\" \/>\n<meta property=\"og:description\" content=\"Compra Ds-3e1505p-ei\/m Switch Gigabit Poe+ \/ Administrable \/ 4 Puertos 1000 Mbps Poe+ \/ 1 Puerto 1000 Mbps Uplink \/ Configuraci\u00f3n Nube Hik-partnerpro \/ Modo Extendido Hasta 300 Metros \/ 45 Watts + Env\u00edo a domicilio + Pago seguro + Garant\u00eda\" \/>\n<meta property=\"og:url\" content=\"https:\/\/compuviper.mx\/tienda\/producto\/hikvision-ds-3e1505p-ei-m-switch-gigabit-poe-administrable-4-puertos-1000-mbps-poe-1-puerto-1000-mbps-uplink-configuracin-nube-hik-partnerpro-modo-extendido-hasta-300-metros-45-watts\/\" \/>\n<meta property=\"og:site_name\" content=\"Compuviper\" \/>\n<meta property=\"article:publisher\" content=\"https:\/\/www.facebook.com\/compuviper\" \/>\n<meta property=\"og:image\" content=\"https:\/\/compuviper.mx\/tienda\/wp-content\/uploads\/2025\/10\/Switch-gigabit-poe-administrable-4-puertos-1000-mbps-poe-1-puerto-1000-mbps-uplink-configuracion-nube-hik-partnerpro-modo-extendido-hasta-300-metros-45-watts.jpg\" \/>\n\t<meta property=\"og:image:width\" content=\"200\" \/>\n\t<meta property=\"og:image:height\" content=\"200\" \/>\n\t<meta property=\"og:image:type\" content=\"image\/jpeg\" \/>\n<meta name=\"twitter:card\" content=\"summary_large_image\" \/>\n<meta name=\"twitter:label1\" content=\"Precio\" \/>\n\t<meta name=\"twitter:data1\" content=\"&#36;620 con IVA\" \/>\n\t<meta name=\"twitter:label2\" content=\"Availability\" \/>\n\t<meta name=\"twitter:data2\" content=\"Out of stock\" \/>\n<script type=\"application\/ld+json\" class=\"yoast-schema-graph\">{\"@context\":\"https:\/\/schema.org\",\"@graph\":[{\"@type\":\"WebPage\",\"@id\":\"https:\/\/compuviper.mx\/tienda\/producto\/hikvision-ds-3e1505p-ei-m-switch-gigabit-poe-administrable-4-puertos-1000-mbps-poe-1-puerto-1000-mbps-uplink-configuracin-nube-hik-partnerpro-modo-extendido-hasta-300-metros-45-watts\/\",\"url\":\"https:\/\/compuviper.mx\/tienda\/producto\/hikvision-ds-3e1505p-ei-m-switch-gigabit-poe-administrable-4-puertos-1000-mbps-poe-1-puerto-1000-mbps-uplink-configuracin-nube-hik-partnerpro-modo-extendido-hasta-300-metros-45-watts\/\",\"name\":\"[ Hikvision ] &#129351; Ds-3e1505p-ei\/m Switch Gigabit Poe+ \/ Administrable \/ 4 Puertos 1000 Mbps Poe+ \/ 1 Puerto 1000 Mbps Uplink \/ Configuraci\u00f3n Nube Hik-partnerpro \/ Modo Extendido Hasta 300 Metros \/ 45 Watts\",\"isPartOf\":{\"@id\":\"https:\/\/compuviper.mx\/tienda\/#website\"},\"datePublished\":\"2026-04-18T07:14:54+00:00\",\"dateModified\":\"2026-04-18T07:14:54+00:00\",\"description\":\"Compra Ds-3e1505p-ei\/m Switch Gigabit Poe+ \/ Administrable \/ 4 Puertos 1000 Mbps Poe+ \/ 1 Puerto 1000 Mbps Uplink \/ Configuraci\u00f3n Nube Hik-partnerpro \/ Modo Extendido Hasta 300 Metros \/ 45 Watts + Env\u00edo a domicilio + Pago seguro + Garant\u00eda\",\"breadcrumb\":{\"@id\":\"https:\/\/compuviper.mx\/tienda\/producto\/hikvision-ds-3e1505p-ei-m-switch-gigabit-poe-administrable-4-puertos-1000-mbps-poe-1-puerto-1000-mbps-uplink-configuracin-nube-hik-partnerpro-modo-extendido-hasta-300-metros-45-watts\/#breadcrumb\"},\"inLanguage\":\"es-MX\",\"potentialAction\":[{\"@type\":\"ReadAction\",\"target\":[\"https:\/\/compuviper.mx\/tienda\/producto\/hikvision-ds-3e1505p-ei-m-switch-gigabit-poe-administrable-4-puertos-1000-mbps-poe-1-puerto-1000-mbps-uplink-configuracin-nube-hik-partnerpro-modo-extendido-hasta-300-metros-45-watts\/\"]}]},{\"@type\":\"BreadcrumbList\",\"@id\":\"https:\/\/compuviper.mx\/tienda\/producto\/hikvision-ds-3e1505p-ei-m-switch-gigabit-poe-administrable-4-puertos-1000-mbps-poe-1-puerto-1000-mbps-uplink-configuracin-nube-hik-partnerpro-modo-extendido-hasta-300-metros-45-watts\/#breadcrumb\",\"itemListElement\":[{\"@type\":\"ListItem\",\"position\":1,\"name\":\"Inicio\",\"item\":\"https:\/\/compuviper.mx\/tienda\/\"},{\"@type\":\"ListItem\",\"position\":2,\"name\":\"Productos\",\"item\":\"https:\/\/compuviper.mx\/tienda\/productos\/\"},{\"@type\":\"ListItem\",\"position\":3,\"name\":\"Redes\",\"item\":\"https:\/\/compuviper.mx\/tienda\/categoria-producto\/redes\/\"},{\"@type\":\"ListItem\",\"position\":4,\"name\":\"Switch\",\"item\":\"https:\/\/compuviper.mx\/tienda\/categoria-producto\/redes\/switch\/\"},{\"@type\":\"ListItem\",\"position\":5,\"name\":\"Hikvision Ds-3e1505p-ei\/m Switch Gigabit Poe+ \/ Administrable \/ 4 Puertos 1000 Mbps Poe+ \/ 1 Puerto 1000 Mbps Uplink \/ Configuraci?n Nube Hik-partnerpro \/ Modo Extendido Hasta 300 Metros \/ 45 Watts\"}]},{\"@type\":\"WebSite\",\"@id\":\"https:\/\/compuviper.mx\/tienda\/#website\",\"url\":\"https:\/\/compuviper.mx\/tienda\/\",\"name\":\"Compuviper\",\"description\":\"Proveedor de Computadoras, Laptops, Servidores, Monitores, Puntos de Venta, Teclados,   Impresoras, T\u00f3ner, C\u00e1maras de Seguridad y m\u00e1s en tu tienda en l\u00ednea\",\"publisher\":{\"@id\":\"https:\/\/compuviper.mx\/tienda\/#organization\"},\"potentialAction\":[{\"@type\":\"SearchAction\",\"target\":{\"@type\":\"EntryPoint\",\"urlTemplate\":\"https:\/\/compuviper.mx\/tienda\/?s={search_term_string}\"},\"query-input\":\"required name=search_term_string\"}],\"inLanguage\":\"es-MX\"},{\"@type\":\"Organization\",\"@id\":\"https:\/\/compuviper.mx\/tienda\/#organization\",\"name\":\"Compuviper\",\"url\":\"https:\/\/compuviper.mx\/tienda\/\",\"logo\":{\"@type\":\"ImageObject\",\"inLanguage\":\"es-MX\",\"@id\":\"https:\/\/compuviper.mx\/tienda\/#\/schema\/logo\/image\/\",\"url\":\"https:\/\/compuviper.mx\/tienda\/wp-content\/uploads\/2021\/08\/Logo-Compuviper-10.png\",\"contentUrl\":\"https:\/\/compuviper.mx\/tienda\/wp-content\/uploads\/2021\/08\/Logo-Compuviper-10.png\",\"width\":1000,\"height\":500,\"caption\":\"Compuviper\"},\"image\":{\"@id\":\"https:\/\/compuviper.mx\/tienda\/#\/schema\/logo\/image\/\"},\"sameAs\":[\"https:\/\/www.facebook.com\/compuviper\",\"https:\/\/www.youtube.com\/channel\/UCf73dERp9Y3cfOq7q8BhLjA?view_as=subscriber\"]}]}<\/script>\n<meta property=\"product:brand\" content=\"HIKVISION\" \/>\n<meta property=\"product:price:amount\" content=\"620\" \/>\n<meta property=\"product:price:currency\" content=\"MXN\" \/>\n<meta property=\"og:availability\" content=\"out of stock\" \/>\n<meta property=\"product:availability\" content=\"out of stock\" \/>\n<meta property=\"product:retailer_item_id\" content=\"DS-3E1505P-EI\/M\" \/>\n<meta property=\"product:condition\" content=\"new\" \/>\n<!-- \/ Yoast SEO plugin. -->","yoast_head_json":{"title":"[ Hikvision ] &#129351; Ds-3e1505p-ei\/m Switch Gigabit Poe+ \/ Administrable \/ 4 Puertos 1000 Mbps Poe+ \/ 1 Puerto 1000 Mbps Uplink \/ Configuraci\u00f3n Nube Hik-partnerpro \/ Modo Extendido Hasta 300 Metros \/ 45 Watts","description":"Compra Ds-3e1505p-ei\/m Switch Gigabit Poe+ \/ Administrable \/ 4 Puertos 1000 Mbps Poe+ \/ 1 Puerto 1000 Mbps Uplink \/ Configuraci\u00f3n Nube Hik-partnerpro \/ Modo Extendido Hasta 300 Metros \/ 45 Watts + Env\u00edo a domicilio + Pago seguro + Garant\u00eda","robots":{"index":"index","follow":"follow","max-snippet":"max-snippet:-1","max-image-preview":"max-image-preview:large","max-video-preview":"max-video-preview:-1"},"canonical":"https:\/\/compuviper.mx\/tienda\/producto\/hikvision-ds-3e1505p-ei-m-switch-gigabit-poe-administrable-4-puertos-1000-mbps-poe-1-puerto-1000-mbps-uplink-configuracin-nube-hik-partnerpro-modo-extendido-hasta-300-metros-45-watts\/","og_locale":"es_MX","og_type":"article","og_title":"[ Hikvision ] &#129351; Ds-3e1505p-ei\/m Switch Gigabit Poe+ \/ Administrable \/ 4 Puertos 1000 Mbps Poe+ \/ 1 Puerto 1000 Mbps Uplink \/ Configuraci\u00f3n Nube Hik-partnerpro \/ Modo Extendido Hasta 300 Metros \/ 45 Watts","og_description":"Compra Ds-3e1505p-ei\/m Switch Gigabit Poe+ \/ Administrable \/ 4 Puertos 1000 Mbps Poe+ \/ 1 Puerto 1000 Mbps Uplink \/ Configuraci\u00f3n Nube Hik-partnerpro \/ Modo Extendido Hasta 300 Metros \/ 45 Watts + Env\u00edo a domicilio + Pago seguro + Garant\u00eda","og_url":"https:\/\/compuviper.mx\/tienda\/producto\/hikvision-ds-3e1505p-ei-m-switch-gigabit-poe-administrable-4-puertos-1000-mbps-poe-1-puerto-1000-mbps-uplink-configuracin-nube-hik-partnerpro-modo-extendido-hasta-300-metros-45-watts\/","og_site_name":"Compuviper","article_publisher":"https:\/\/www.facebook.com\/compuviper","og_image":[{"width":200,"height":200,"url":"https:\/\/compuviper.mx\/tienda\/wp-content\/uploads\/2025\/10\/Switch-gigabit-poe-administrable-4-puertos-1000-mbps-poe-1-puerto-1000-mbps-uplink-configuracion-nube-hik-partnerpro-modo-extendido-hasta-300-metros-45-watts.jpg","type":"image\/jpeg"}],"twitter_card":"summary_large_image","twitter_misc":{"Precio":"&#36;620 con IVA","Availability":"Out of stock"},"schema":{"@context":"https:\/\/schema.org","@graph":[{"@type":"WebPage","@id":"https:\/\/compuviper.mx\/tienda\/producto\/hikvision-ds-3e1505p-ei-m-switch-gigabit-poe-administrable-4-puertos-1000-mbps-poe-1-puerto-1000-mbps-uplink-configuracin-nube-hik-partnerpro-modo-extendido-hasta-300-metros-45-watts\/","url":"https:\/\/compuviper.mx\/tienda\/producto\/hikvision-ds-3e1505p-ei-m-switch-gigabit-poe-administrable-4-puertos-1000-mbps-poe-1-puerto-1000-mbps-uplink-configuracin-nube-hik-partnerpro-modo-extendido-hasta-300-metros-45-watts\/","name":"[ Hikvision ] &#129351; Ds-3e1505p-ei\/m Switch Gigabit Poe+ \/ Administrable \/ 4 Puertos 1000 Mbps Poe+ \/ 1 Puerto 1000 Mbps Uplink \/ Configuraci\u00f3n Nube Hik-partnerpro \/ Modo Extendido Hasta 300 Metros \/ 45 Watts","isPartOf":{"@id":"https:\/\/compuviper.mx\/tienda\/#website"},"datePublished":"2026-04-18T07:14:54+00:00","dateModified":"2026-04-18T07:14:54+00:00","description":"Compra Ds-3e1505p-ei\/m Switch Gigabit Poe+ \/ Administrable \/ 4 Puertos 1000 Mbps Poe+ \/ 1 Puerto 1000 Mbps Uplink \/ Configuraci\u00f3n Nube Hik-partnerpro \/ Modo Extendido Hasta 300 Metros \/ 45 Watts + Env\u00edo a domicilio + Pago seguro + Garant\u00eda","breadcrumb":{"@id":"https:\/\/compuviper.mx\/tienda\/producto\/hikvision-ds-3e1505p-ei-m-switch-gigabit-poe-administrable-4-puertos-1000-mbps-poe-1-puerto-1000-mbps-uplink-configuracin-nube-hik-partnerpro-modo-extendido-hasta-300-metros-45-watts\/#breadcrumb"},"inLanguage":"es-MX","potentialAction":[{"@type":"ReadAction","target":["https:\/\/compuviper.mx\/tienda\/producto\/hikvision-ds-3e1505p-ei-m-switch-gigabit-poe-administrable-4-puertos-1000-mbps-poe-1-puerto-1000-mbps-uplink-configuracin-nube-hik-partnerpro-modo-extendido-hasta-300-metros-45-watts\/"]}]},{"@type":"BreadcrumbList","@id":"https:\/\/compuviper.mx\/tienda\/producto\/hikvision-ds-3e1505p-ei-m-switch-gigabit-poe-administrable-4-puertos-1000-mbps-poe-1-puerto-1000-mbps-uplink-configuracin-nube-hik-partnerpro-modo-extendido-hasta-300-metros-45-watts\/#breadcrumb","itemListElement":[{"@type":"ListItem","position":1,"name":"Inicio","item":"https:\/\/compuviper.mx\/tienda\/"},{"@type":"ListItem","position":2,"name":"Productos","item":"https:\/\/compuviper.mx\/tienda\/productos\/"},{"@type":"ListItem","position":3,"name":"Redes","item":"https:\/\/compuviper.mx\/tienda\/categoria-producto\/redes\/"},{"@type":"ListItem","position":4,"name":"Switch","item":"https:\/\/compuviper.mx\/tienda\/categoria-producto\/redes\/switch\/"},{"@type":"ListItem","position":5,"name":"Hikvision Ds-3e1505p-ei\/m Switch Gigabit Poe+ \/ Administrable \/ 4 Puertos 1000 Mbps Poe+ \/ 1 Puerto 1000 Mbps Uplink \/ Configuraci?n Nube Hik-partnerpro \/ Modo Extendido Hasta 300 Metros \/ 45 Watts"}]},{"@type":"WebSite","@id":"https:\/\/compuviper.mx\/tienda\/#website","url":"https:\/\/compuviper.mx\/tienda\/","name":"Compuviper","description":"Proveedor de Computadoras, Laptops, Servidores, Monitores, Puntos de Venta, Teclados,   Impresoras, T\u00f3ner, C\u00e1maras de Seguridad y m\u00e1s en tu tienda en l\u00ednea","publisher":{"@id":"https:\/\/compuviper.mx\/tienda\/#organization"},"potentialAction":[{"@type":"SearchAction","target":{"@type":"EntryPoint","urlTemplate":"https:\/\/compuviper.mx\/tienda\/?s={search_term_string}"},"query-input":"required name=search_term_string"}],"inLanguage":"es-MX"},{"@type":"Organization","@id":"https:\/\/compuviper.mx\/tienda\/#organization","name":"Compuviper","url":"https:\/\/compuviper.mx\/tienda\/","logo":{"@type":"ImageObject","inLanguage":"es-MX","@id":"https:\/\/compuviper.mx\/tienda\/#\/schema\/logo\/image\/","url":"https:\/\/compuviper.mx\/tienda\/wp-content\/uploads\/2021\/08\/Logo-Compuviper-10.png","contentUrl":"https:\/\/compuviper.mx\/tienda\/wp-content\/uploads\/2021\/08\/Logo-Compuviper-10.png","width":1000,"height":500,"caption":"Compuviper"},"image":{"@id":"https:\/\/compuviper.mx\/tienda\/#\/schema\/logo\/image\/"},"sameAs":["https:\/\/www.facebook.com\/compuviper","https:\/\/www.youtube.com\/channel\/UCf73dERp9Y3cfOq7q8BhLjA?view_as=subscriber"]}]},"product_brand":"HIKVISION","product_price_amount":"620","product_price_currency":"MXN","og_availability":"out of stock","product_availability":"out of stock","product_retailer_item_id":"DS-3E1505P-EI\/M","product_condition":"new"},"_links":{"self":[{"href":"https:\/\/compuviper.mx\/tienda\/wp-json\/wp\/v2\/product\/255138"}],"collection":[{"href":"https:\/\/compuviper.mx\/tienda\/wp-json\/wp\/v2\/product"}],"about":[{"href":"https:\/\/compuviper.mx\/tienda\/wp-json\/wp\/v2\/types\/product"}],"replies":[{"embeddable":true,"href":"https:\/\/compuviper.mx\/tienda\/wp-json\/wp\/v2\/comments?post=255138"}],"wp:featuredmedia":[{"embeddable":true,"href":"https:\/\/compuviper.mx\/tienda\/wp-json\/wp\/v2\/media\/260198"}],"wp:attachment":[{"href":"https:\/\/compuviper.mx\/tienda\/wp-json\/wp\/v2\/media?parent=255138"}],"wp:term":[{"taxonomy":"product_cat","embeddable":true,"href":"https:\/\/compuviper.mx\/tienda\/wp-json\/wp\/v2\/product_cat?post=255138"},{"taxonomy":"product_tag","embeddable":true,"href":"https:\/\/compuviper.mx\/tienda\/wp-json\/wp\/v2\/product_tag?post=255138"}],"curies":[{"name":"wp","href":"https:\/\/api.w.org\/{rel}","templated":true}]}}