{"id":255124,"date":"2026-04-22T00:26:45","date_gmt":"2026-04-22T06:26:45","guid":{"rendered":"https:\/\/compuviper.mx\/tienda\/producto\/forza-fpp-t100-mini-ups-titan-central-elctrica-porttil-energa-porttil-segura-y-limpia-dondequiera-que-vayas-siempre\/"},"modified":"2026-04-22T00:26:45","modified_gmt":"2026-04-22T06:26:45","slug":"forza-fpp-t100-mini-ups-titan-central-elctrica-porttil-energa-porttil-segura-y-limpia-dondequiera-que-vayas-siempre","status":"publish","type":"product","link":"https:\/\/compuviper.mx\/tienda\/producto\/forza-fpp-t100-mini-ups-titan-central-elctrica-porttil-energa-porttil-segura-y-limpia-dondequiera-que-vayas-siempre\/","title":{"rendered":"Forza Fpp-t100 Mini Ups Titan   Central El?ctrica Port?til Energ?a Port?til, Segura Y Limpia Dondequiera Que Vayas, Siempre."},"content":{"rendered":"<table class=\"descripcion\">\n<tr>\n<td>Tipo de bater\u00eda: bater\u00eda lifepo4 de 80,64 wh (3,2 v, 25,2 ah)<\/td>\n<\/tr>\n<tr>\n<td>Ciclos de bateria: 3000 ciclos al 80%+ de capacidad<\/td>\n<\/tr>\n<tr>\n<td>Tipo de carga: carga r\u00e1pida en 1,2 horas<\/td>\n<\/tr>\n<tr>\n<td>Carga solar: mppt 12-25v, 4a, 80w m\u00e1x.<\/td>\n<\/tr>\n<tr>\n<td>Display lcd: pantalla lcd de f\u00e1cil lectura<\/td>\n<\/tr>\n<tr>\n<td>Capacidad de salida: 100w<\/td>\n<\/tr>\n<tr>\n<td>Voltaje de salida ca: 110v<\/td>\n<\/tr>\n<tr>\n<td>Capacidad de turbocarga: tecnolog\u00eda turbopower 200w<\/td>\n<\/tr>\n<tr>\n<td>No. de salidas: 4 puertos de salida<\/td>\n<\/tr>\n<tr>\n<td>Panel de control: bot\u00f3n de encendido\/apagado<\/td>\n<\/tr>\n<tr>\n<td>Luz led: no<\/td>\n<\/tr>\n<tr>\n<td>Temperatura de funcionamiento: -20\u00b0c a 60\u00b0c<\/td>\n<\/tr>\n<tr>\n<td>Ventiladores: si<\/td>\n<\/tr>\n<tr>\n<td>Dimensiones: 190 x 95 x 50 mm<\/td>\n<\/tr>\n<tr>\n<td>Peso neto: 1 kg<\/td>\n<\/tr>\n<tr>\n<td>Garantia: 3 a\u00f1os<\/td>\n<\/tr>\n<\/table>\n","protected":false},"excerpt":{"rendered":"<p>La nueva estaci\u00f3n de energ\u00eda port\u00e1til de 100w de forza es tu. Compa\u00f1era ideal para mantener todos tus dispositivos cargados y. Listos para cualquier situaci\u00f3n. Con un tiempo de carga ultrarr\u00e1pido. De solo 1.2h utilizando el cargador de 65w incluido, esta estaci\u00f3n de. Energ\u00eda puede cargar hasta 4 dispositivos simult\u00e1neamente. Su. Dise\u00f1o compacto y liviano cumple con las regulaciones de la tsa. Para viajes a\u00e9reos. ( 100wh), lo que la hace perfecta para llevar a cualquier lugar. Adem\u00e1s, ofrece m\u00faltiples opciones de carga, incluidas ca, usb-a y. Usb-c\u00ae, lo que garantiza que siempre tengas energ\u00eda disponible. Ideal para viajes, cortes de energ\u00eda, trabajo remoto y para mantener. Tus dispositivos electr\u00f3nicos y tu computadora port\u00e1til en. Funcionamiento sin interrupciones. \u00a1mantente conectado y con. Energ\u00eda, sin importar d\u00f3nde est\u00e9s!<\/p>\n","protected":false},"featured_media":259594,"comment_status":"open","ping_status":"open","template":"","meta":[],"product_cat":[1508,1691],"product_tag":[2260],"acf":[],"yoast_head":"<!-- This site is optimized with the Yoast SEO plugin v21.7 - https:\/\/yoast.com\/wordpress\/plugins\/seo\/ -->\n<title>[ Forza ] &#129351; Fpp-t100 Mini Ups Titan Central El\u00e9ctrica Port\u00e1til Energ\u00eda Port\u00e1til, Segura Y Limpia Dondequiera Que Vayas, Siempre.<\/title>\n<meta name=\"description\" content=\"Compra Fpp-t100 Mini Ups Titan Central El\u00e9ctrica Port\u00e1til Energ\u00eda Port\u00e1til, Segura Y Limpia Dondequiera Que Vayas, Siempre. + Env\u00edo a domicilio + Pago seguro + Garant\u00eda\" \/>\n<meta name=\"robots\" content=\"index, follow, max-snippet:-1, max-image-preview:large, max-video-preview:-1\" \/>\n<link rel=\"canonical\" href=\"https:\/\/compuviper.mx\/tienda\/producto\/forza-fpp-t100-mini-ups-titan-central-elctrica-porttil-energa-porttil-segura-y-limpia-dondequiera-que-vayas-siempre\/\" \/>\n<meta property=\"og:locale\" content=\"es_MX\" \/>\n<meta property=\"og:type\" content=\"article\" \/>\n<meta property=\"og:title\" content=\"[ Forza ] &#129351; Fpp-t100 Mini Ups Titan Central El\u00e9ctrica Port\u00e1til Energ\u00eda Port\u00e1til, Segura Y Limpia Dondequiera Que Vayas, Siempre.\" \/>\n<meta property=\"og:description\" content=\"Compra Fpp-t100 Mini Ups Titan Central El\u00e9ctrica Port\u00e1til Energ\u00eda Port\u00e1til, Segura Y Limpia Dondequiera Que Vayas, Siempre. + Env\u00edo a domicilio + Pago seguro + Garant\u00eda\" \/>\n<meta property=\"og:url\" content=\"https:\/\/compuviper.mx\/tienda\/producto\/forza-fpp-t100-mini-ups-titan-central-elctrica-porttil-energa-porttil-segura-y-limpia-dondequiera-que-vayas-siempre\/\" \/>\n<meta property=\"og:site_name\" content=\"Compuviper\" \/>\n<meta property=\"article:publisher\" content=\"https:\/\/www.facebook.com\/compuviper\" \/>\n<meta property=\"og:image\" content=\"https:\/\/compuviper.mx\/tienda\/wp-content\/uploads\/2025\/10\/Mini-ups-titan-forza-fpp-t100-central-electrica-portatil-energia-portatil-segura-y-limpia-dondequiera-que-vayas-siempre.jpg\" \/>\n\t<meta property=\"og:image:width\" content=\"200\" \/>\n\t<meta property=\"og:image:height\" content=\"200\" \/>\n\t<meta property=\"og:image:type\" content=\"image\/jpeg\" \/>\n<meta name=\"twitter:card\" content=\"summary_large_image\" \/>\n<meta name=\"twitter:label1\" content=\"Precio\" \/>\n\t<meta name=\"twitter:data1\" content=\"&#36;1,701 con IVA\" \/>\n\t<meta name=\"twitter:label2\" content=\"Availability\" \/>\n\t<meta name=\"twitter:data2\" content=\"Out of stock\" \/>\n<script type=\"application\/ld+json\" class=\"yoast-schema-graph\">{\"@context\":\"https:\/\/schema.org\",\"@graph\":[{\"@type\":\"WebPage\",\"@id\":\"https:\/\/compuviper.mx\/tienda\/producto\/forza-fpp-t100-mini-ups-titan-central-elctrica-porttil-energa-porttil-segura-y-limpia-dondequiera-que-vayas-siempre\/\",\"url\":\"https:\/\/compuviper.mx\/tienda\/producto\/forza-fpp-t100-mini-ups-titan-central-elctrica-porttil-energa-porttil-segura-y-limpia-dondequiera-que-vayas-siempre\/\",\"name\":\"[ Forza ] &#129351; Fpp-t100 Mini Ups Titan Central El\u00e9ctrica Port\u00e1til Energ\u00eda Port\u00e1til, Segura Y Limpia Dondequiera Que Vayas, Siempre.\",\"isPartOf\":{\"@id\":\"https:\/\/compuviper.mx\/tienda\/#website\"},\"datePublished\":\"2026-04-22T06:26:45+00:00\",\"dateModified\":\"2026-04-22T06:26:45+00:00\",\"description\":\"Compra Fpp-t100 Mini Ups Titan Central El\u00e9ctrica Port\u00e1til Energ\u00eda Port\u00e1til, Segura Y Limpia Dondequiera Que Vayas, Siempre. + Env\u00edo a domicilio + Pago seguro + Garant\u00eda\",\"breadcrumb\":{\"@id\":\"https:\/\/compuviper.mx\/tienda\/producto\/forza-fpp-t100-mini-ups-titan-central-elctrica-porttil-energa-porttil-segura-y-limpia-dondequiera-que-vayas-siempre\/#breadcrumb\"},\"inLanguage\":\"es-MX\",\"potentialAction\":[{\"@type\":\"ReadAction\",\"target\":[\"https:\/\/compuviper.mx\/tienda\/producto\/forza-fpp-t100-mini-ups-titan-central-elctrica-porttil-energa-porttil-segura-y-limpia-dondequiera-que-vayas-siempre\/\"]}]},{\"@type\":\"BreadcrumbList\",\"@id\":\"https:\/\/compuviper.mx\/tienda\/producto\/forza-fpp-t100-mini-ups-titan-central-elctrica-porttil-energa-porttil-segura-y-limpia-dondequiera-que-vayas-siempre\/#breadcrumb\",\"itemListElement\":[{\"@type\":\"ListItem\",\"position\":1,\"name\":\"Inicio\",\"item\":\"https:\/\/compuviper.mx\/tienda\/\"},{\"@type\":\"ListItem\",\"position\":2,\"name\":\"Productos\",\"item\":\"https:\/\/compuviper.mx\/tienda\/productos\/\"},{\"@type\":\"ListItem\",\"position\":3,\"name\":\"Energia\",\"item\":\"https:\/\/compuviper.mx\/tienda\/categoria-producto\/energia\/\"},{\"@type\":\"ListItem\",\"position\":4,\"name\":\"No Break\",\"item\":\"https:\/\/compuviper.mx\/tienda\/categoria-producto\/energia\/no-break\/\"},{\"@type\":\"ListItem\",\"position\":5,\"name\":\"Forza Fpp-t100 Mini Ups Titan Central El?ctrica Port?til Energ?a Port?til, Segura Y Limpia Dondequiera Que Vayas, Siempre.\"}]},{\"@type\":\"WebSite\",\"@id\":\"https:\/\/compuviper.mx\/tienda\/#website\",\"url\":\"https:\/\/compuviper.mx\/tienda\/\",\"name\":\"Compuviper\",\"description\":\"Proveedor de Computadoras, Laptops, Servidores, Monitores, Puntos de Venta, Teclados,   Impresoras, T\u00f3ner, C\u00e1maras de Seguridad y m\u00e1s en tu tienda en l\u00ednea\",\"publisher\":{\"@id\":\"https:\/\/compuviper.mx\/tienda\/#organization\"},\"potentialAction\":[{\"@type\":\"SearchAction\",\"target\":{\"@type\":\"EntryPoint\",\"urlTemplate\":\"https:\/\/compuviper.mx\/tienda\/?s={search_term_string}\"},\"query-input\":\"required name=search_term_string\"}],\"inLanguage\":\"es-MX\"},{\"@type\":\"Organization\",\"@id\":\"https:\/\/compuviper.mx\/tienda\/#organization\",\"name\":\"Compuviper\",\"url\":\"https:\/\/compuviper.mx\/tienda\/\",\"logo\":{\"@type\":\"ImageObject\",\"inLanguage\":\"es-MX\",\"@id\":\"https:\/\/compuviper.mx\/tienda\/#\/schema\/logo\/image\/\",\"url\":\"https:\/\/compuviper.mx\/tienda\/wp-content\/uploads\/2021\/08\/Logo-Compuviper-10.png\",\"contentUrl\":\"https:\/\/compuviper.mx\/tienda\/wp-content\/uploads\/2021\/08\/Logo-Compuviper-10.png\",\"width\":1000,\"height\":500,\"caption\":\"Compuviper\"},\"image\":{\"@id\":\"https:\/\/compuviper.mx\/tienda\/#\/schema\/logo\/image\/\"},\"sameAs\":[\"https:\/\/www.facebook.com\/compuviper\",\"https:\/\/www.youtube.com\/channel\/UCf73dERp9Y3cfOq7q8BhLjA?view_as=subscriber\"]}]}<\/script>\n<meta property=\"product:brand\" content=\"Forza\" \/>\n<meta property=\"product:price:amount\" content=\"1701\" \/>\n<meta property=\"product:price:currency\" content=\"MXN\" \/>\n<meta property=\"og:availability\" content=\"out of stock\" \/>\n<meta property=\"product:availability\" content=\"out of stock\" \/>\n<meta property=\"product:retailer_item_id\" content=\"FPP-T100\" \/>\n<meta property=\"product:condition\" content=\"new\" \/>\n<!-- \/ Yoast SEO plugin. -->","yoast_head_json":{"title":"[ Forza ] &#129351; Fpp-t100 Mini Ups Titan Central El\u00e9ctrica Port\u00e1til Energ\u00eda Port\u00e1til, Segura Y Limpia Dondequiera Que Vayas, Siempre.","description":"Compra Fpp-t100 Mini Ups Titan Central El\u00e9ctrica Port\u00e1til Energ\u00eda Port\u00e1til, Segura Y Limpia Dondequiera Que Vayas, Siempre. + Env\u00edo a domicilio + Pago seguro + Garant\u00eda","robots":{"index":"index","follow":"follow","max-snippet":"max-snippet:-1","max-image-preview":"max-image-preview:large","max-video-preview":"max-video-preview:-1"},"canonical":"https:\/\/compuviper.mx\/tienda\/producto\/forza-fpp-t100-mini-ups-titan-central-elctrica-porttil-energa-porttil-segura-y-limpia-dondequiera-que-vayas-siempre\/","og_locale":"es_MX","og_type":"article","og_title":"[ Forza ] &#129351; Fpp-t100 Mini Ups Titan Central El\u00e9ctrica Port\u00e1til Energ\u00eda Port\u00e1til, Segura Y Limpia Dondequiera Que Vayas, Siempre.","og_description":"Compra Fpp-t100 Mini Ups Titan Central El\u00e9ctrica Port\u00e1til Energ\u00eda Port\u00e1til, Segura Y Limpia Dondequiera Que Vayas, Siempre. + Env\u00edo a domicilio + Pago seguro + Garant\u00eda","og_url":"https:\/\/compuviper.mx\/tienda\/producto\/forza-fpp-t100-mini-ups-titan-central-elctrica-porttil-energa-porttil-segura-y-limpia-dondequiera-que-vayas-siempre\/","og_site_name":"Compuviper","article_publisher":"https:\/\/www.facebook.com\/compuviper","og_image":[{"width":200,"height":200,"url":"https:\/\/compuviper.mx\/tienda\/wp-content\/uploads\/2025\/10\/Mini-ups-titan-forza-fpp-t100-central-electrica-portatil-energia-portatil-segura-y-limpia-dondequiera-que-vayas-siempre.jpg","type":"image\/jpeg"}],"twitter_card":"summary_large_image","twitter_misc":{"Precio":"&#36;1,701 con IVA","Availability":"Out of stock"},"schema":{"@context":"https:\/\/schema.org","@graph":[{"@type":"WebPage","@id":"https:\/\/compuviper.mx\/tienda\/producto\/forza-fpp-t100-mini-ups-titan-central-elctrica-porttil-energa-porttil-segura-y-limpia-dondequiera-que-vayas-siempre\/","url":"https:\/\/compuviper.mx\/tienda\/producto\/forza-fpp-t100-mini-ups-titan-central-elctrica-porttil-energa-porttil-segura-y-limpia-dondequiera-que-vayas-siempre\/","name":"[ Forza ] &#129351; Fpp-t100 Mini Ups Titan Central El\u00e9ctrica Port\u00e1til Energ\u00eda Port\u00e1til, Segura Y Limpia Dondequiera Que Vayas, Siempre.","isPartOf":{"@id":"https:\/\/compuviper.mx\/tienda\/#website"},"datePublished":"2026-04-22T06:26:45+00:00","dateModified":"2026-04-22T06:26:45+00:00","description":"Compra Fpp-t100 Mini Ups Titan Central El\u00e9ctrica Port\u00e1til Energ\u00eda Port\u00e1til, Segura Y Limpia Dondequiera Que Vayas, Siempre. + Env\u00edo a domicilio + Pago seguro + Garant\u00eda","breadcrumb":{"@id":"https:\/\/compuviper.mx\/tienda\/producto\/forza-fpp-t100-mini-ups-titan-central-elctrica-porttil-energa-porttil-segura-y-limpia-dondequiera-que-vayas-siempre\/#breadcrumb"},"inLanguage":"es-MX","potentialAction":[{"@type":"ReadAction","target":["https:\/\/compuviper.mx\/tienda\/producto\/forza-fpp-t100-mini-ups-titan-central-elctrica-porttil-energa-porttil-segura-y-limpia-dondequiera-que-vayas-siempre\/"]}]},{"@type":"BreadcrumbList","@id":"https:\/\/compuviper.mx\/tienda\/producto\/forza-fpp-t100-mini-ups-titan-central-elctrica-porttil-energa-porttil-segura-y-limpia-dondequiera-que-vayas-siempre\/#breadcrumb","itemListElement":[{"@type":"ListItem","position":1,"name":"Inicio","item":"https:\/\/compuviper.mx\/tienda\/"},{"@type":"ListItem","position":2,"name":"Productos","item":"https:\/\/compuviper.mx\/tienda\/productos\/"},{"@type":"ListItem","position":3,"name":"Energia","item":"https:\/\/compuviper.mx\/tienda\/categoria-producto\/energia\/"},{"@type":"ListItem","position":4,"name":"No Break","item":"https:\/\/compuviper.mx\/tienda\/categoria-producto\/energia\/no-break\/"},{"@type":"ListItem","position":5,"name":"Forza Fpp-t100 Mini Ups Titan Central El?ctrica Port?til Energ?a Port?til, Segura Y Limpia Dondequiera Que Vayas, Siempre."}]},{"@type":"WebSite","@id":"https:\/\/compuviper.mx\/tienda\/#website","url":"https:\/\/compuviper.mx\/tienda\/","name":"Compuviper","description":"Proveedor de Computadoras, Laptops, Servidores, Monitores, Puntos de Venta, Teclados,   Impresoras, T\u00f3ner, C\u00e1maras de Seguridad y m\u00e1s en tu tienda en l\u00ednea","publisher":{"@id":"https:\/\/compuviper.mx\/tienda\/#organization"},"potentialAction":[{"@type":"SearchAction","target":{"@type":"EntryPoint","urlTemplate":"https:\/\/compuviper.mx\/tienda\/?s={search_term_string}"},"query-input":"required name=search_term_string"}],"inLanguage":"es-MX"},{"@type":"Organization","@id":"https:\/\/compuviper.mx\/tienda\/#organization","name":"Compuviper","url":"https:\/\/compuviper.mx\/tienda\/","logo":{"@type":"ImageObject","inLanguage":"es-MX","@id":"https:\/\/compuviper.mx\/tienda\/#\/schema\/logo\/image\/","url":"https:\/\/compuviper.mx\/tienda\/wp-content\/uploads\/2021\/08\/Logo-Compuviper-10.png","contentUrl":"https:\/\/compuviper.mx\/tienda\/wp-content\/uploads\/2021\/08\/Logo-Compuviper-10.png","width":1000,"height":500,"caption":"Compuviper"},"image":{"@id":"https:\/\/compuviper.mx\/tienda\/#\/schema\/logo\/image\/"},"sameAs":["https:\/\/www.facebook.com\/compuviper","https:\/\/www.youtube.com\/channel\/UCf73dERp9Y3cfOq7q8BhLjA?view_as=subscriber"]}]},"product_brand":"Forza","product_price_amount":"1701","product_price_currency":"MXN","og_availability":"out of stock","product_availability":"out of stock","product_retailer_item_id":"FPP-T100","product_condition":"new"},"_links":{"self":[{"href":"https:\/\/compuviper.mx\/tienda\/wp-json\/wp\/v2\/product\/255124"}],"collection":[{"href":"https:\/\/compuviper.mx\/tienda\/wp-json\/wp\/v2\/product"}],"about":[{"href":"https:\/\/compuviper.mx\/tienda\/wp-json\/wp\/v2\/types\/product"}],"replies":[{"embeddable":true,"href":"https:\/\/compuviper.mx\/tienda\/wp-json\/wp\/v2\/comments?post=255124"}],"wp:featuredmedia":[{"embeddable":true,"href":"https:\/\/compuviper.mx\/tienda\/wp-json\/wp\/v2\/media\/259594"}],"wp:attachment":[{"href":"https:\/\/compuviper.mx\/tienda\/wp-json\/wp\/v2\/media?parent=255124"}],"wp:term":[{"taxonomy":"product_cat","embeddable":true,"href":"https:\/\/compuviper.mx\/tienda\/wp-json\/wp\/v2\/product_cat?post=255124"},{"taxonomy":"product_tag","embeddable":true,"href":"https:\/\/compuviper.mx\/tienda\/wp-json\/wp\/v2\/product_tag?post=255124"}],"curies":[{"name":"wp","href":"https:\/\/api.w.org\/{rel}","templated":true}]}}