{"id":255031,"date":"2026-04-02T02:23:22","date_gmt":"2026-04-02T08:23:22","guid":{"rendered":"https:\/\/compuviper.mx\/tienda\/producto\/lg-65ut801c-television-65-led-uhd-3840-x-2160-thinq-ai-hgig-hdr10-h-smart-tv-webos-24-hdmi-usb-spdif\/"},"modified":"2026-04-02T02:23:23","modified_gmt":"2026-04-02T08:23:23","slug":"lg-65ut801c8806096347591-television-65-led-65ut801c-uhd-3840-x-2160-thinq-ai-hgig-hdr10-h-smart-tv-webos-24-hdmi-usb-spdif","status":"publish","type":"product","link":"https:\/\/compuviper.mx\/tienda\/producto\/lg-65ut801c8806096347591-television-65-led-65ut801c-uhd-3840-x-2160-thinq-ai-hgig-hdr10-h-smart-tv-webos-24-hdmi-usb-spdif\/","title":{"rendered":"Lg 65ut801c,8806096347591 Television  65 Led 65ut801c Uhd 3840 X 2160, Thinq Ai, Hgig, Hdr10, H Smart Tv Webos 24, Hdmi, Usb, Spdif"},"content":{"rendered":"<table class=\"descripcion\">\n<tr>\n<td>Pantalla<\/td>\n<\/tr>\n<tr>\n<td>Pulgada<\/td>\n<\/tr>\n<tr>\n<td>65<\/td>\n<\/tr>\n<tr>\n<td>Resoluci\u00f3n<\/td>\n<\/tr>\n<tr>\n<td>3840 x 2160 (4k uhd)<\/td>\n<\/tr>\n<tr>\n<td>Tipo<\/td>\n<\/tr>\n<tr>\n<td>4k uhd<\/td>\n<\/tr>\n<tr>\n<td>Tipo de retroiluminaci\u00f3n<\/td>\n<\/tr>\n<tr>\n<td>Directo<\/td>\n<\/tr>\n<tr>\n<td>Frecuencia de actualizaci\u00f3n<\/td>\n<\/tr>\n<tr>\n<td>60 hz nativo<\/td>\n<\/tr>\n<tr>\n<td>Tratamiento<\/td>\n<\/tr>\n<tr>\n<td>Procesador de im\u00e1genes<\/td>\n<\/tr>\n<tr>\n<td>Procesador de ia  and #913;5 4k gen7<\/td>\n<\/tr>\n<tr>\n<td>N\u00famero de cpu<\/td>\n<\/tr>\n<tr>\n<td>Quad-core<\/td>\n<\/tr>\n<tr>\n<td>Mejora de la escala de la ia<\/td>\n<\/tr>\n<tr>\n<td>Escalado a 4k<\/td>\n<\/tr>\n<tr>\n<td>Mapeo din\u00e1mico de tonos<\/td>\n<\/tr>\n<tr>\n<td>S\u00ed<\/td>\n<\/tr>\n<tr>\n<td>Control de brillo con ia<\/td>\n<\/tr>\n<tr>\n<td>S\u00ed<\/td>\n<\/tr>\n<tr>\n<td>Hdr (alto rango din\u00e1mico)<\/td>\n<\/tr>\n<tr>\n<td>Hdr10 \/ hlg<\/td>\n<\/tr>\n<tr>\n<td>Modo cineasta\u0099<\/td>\n<\/tr>\n<tr>\n<td>S\u00ed<\/td>\n<\/tr>\n<tr>\n<td>Hevc<\/td>\n<\/tr>\n<tr>\n<td>4k a 60p, 10 bits<\/td>\n<\/tr>\n<tr>\n<td>Vp9 \/ av1 (decodificador de v\u00eddeo)<\/td>\n<\/tr>\n<tr>\n<td>4k a 60p, 10 bits<\/td>\n<\/tr>\n<tr>\n<td>Calibraci\u00f3n autom\u00e1tica<\/td>\n<\/tr>\n<tr>\n<td>S\u00ed<\/td>\n<\/tr>\n<tr>\n<td>Modo de imagen<\/td>\n<\/tr>\n<tr>\n<td>9 modos (v\u00edvido, est\u00e1ndar, eco, cine, deportes, juego, cineasta, (isf) experto (sala iluminada), (isf) experto (sala oscura))<\/td>\n<\/tr>\n<tr>\n<td>Juego de azar<\/td>\n<\/tr>\n<tr>\n<td>Modo hgig, optimizador de juegos (panel de control del juego), allm (modo autom\u00e1tico de baja latencia)<\/td>\n<\/tr>\n<tr>\n<td>Televisi\u00f3n inteligente<\/td>\n<\/tr>\n<tr>\n<td>Webos24, thinq, reconocimiento de voz inteligente, control remoto magic (integrado), compatible con google (seg\u00fan la regi\u00f3n), ai home, recomendaci\u00f3n de ia, home hub, compatible con apple home, compatible con apple airplay2, app para smartphones (lg thinq), app store, navegador web completo, canales lg (australia), live plus, alerta deportiva, compartir habitaci\u00f3n (receptor), ajustes familiares, compatible con c\u00e1mara usb, home office, servicio de juegos (seg\u00fan la regi\u00f3n), servicio de m\u00fasica, matter, ai concierge, consejos<\/td>\n<\/tr>\n<tr>\n<td>Audio<\/td>\n<\/tr>\n<tr>\n<td>Salida de audio (woofer \/ por canal)<\/td>\n<\/tr>\n<tr>\n<td>20 w (10 w por canal)<\/td>\n<\/tr>\n<tr>\n<td>Sistema de altavoces<\/td>\n<\/tr>\n<tr>\n<td>Canal 2.0<\/td>\n<\/tr>\n<tr>\n<td>Direcci\u00f3n del altavoz<\/td>\n<\/tr>\n<tr>\n<td>Disparo hacia abajo<\/td>\n<\/tr>\n<tr>\n<td>Sonido de ia<\/td>\n<\/tr>\n<tr>\n<td>Pro (mezcla ascendente virtual 9.1.2)<\/td>\n<\/tr>\n<tr>\n<td>Voz clara pro<\/td>\n<\/tr>\n<tr>\n<td>S\u00ed (nivelaci\u00f3n autom\u00e1tica del volumen)<\/td>\n<\/tr>\n<tr>\n<td>Sintonizaci\u00f3n ac\u00fastica con ia<\/td>\n<\/tr>\n<tr>\n<td>S\u00ed<\/td>\n<\/tr>\n<tr>\n<td>Sincronizaci\u00f3n de sonido lg<\/td>\n<\/tr>\n<tr>\n<td>S\u00ed<\/td>\n<\/tr>\n<tr>\n<td>Modo de sonido compartir<\/td>\n<\/tr>\n<tr>\n<td>S\u00ed<\/td>\n<\/tr>\n<tr>\n<td>Salida de audio simult\u00e1nea<\/td>\n<\/tr>\n<tr>\n<td>S\u00ed<\/td>\n<\/tr>\n<tr>\n<td>Compatible con bluetooth surround<\/td>\n<\/tr>\n<tr>\n<td>S\u00ed (reproducci\u00f3n bidireccional)<\/td>\n<\/tr>\n<tr>\n<td>C\u00f3dec de audio<\/td>\n<\/tr>\n<tr>\n<td>Ac4, ac3 (dolby digital), eac3, he-aac, aac, mp2, mp3, pcm, wma, apt-x (consulte el manual)<\/td>\n<\/tr>\n<tr>\n<td>Sistema de radiodifusi\u00f3n<\/td>\n<\/tr>\n<tr>\n<td>Recepci\u00f3n de tv digital (terrestre, cable), terrestre (dvb-t2\/t), cable (dvb-c), recepci\u00f3n de tv anal\u00f3gica, transmisi\u00f3n de datos (especificaci\u00f3n de pa\u00eds), p\u00e1gina de teletexto (2000 p\u00e1ginas, var\u00eda seg\u00fan la regi\u00f3n), teletexto (superior\/superior\/lista, var\u00eda seg\u00fan la regi\u00f3n), subt\u00edtulos (dvb, var\u00eda seg\u00fan la regi\u00f3n), ad (descripci\u00f3n de audio, var\u00eda seg\u00fan la regi\u00f3n), epg (8 d\u00edas, var\u00eda seg\u00fan la regi\u00f3n)<\/td>\n<\/tr>\n<tr>\n<td>Conectividad<\/td>\n<\/tr>\n<tr>\n<td>Hdmi (3, compatible con earc, allm), simplink (hdmi cec), canal de retorno de audio hdmi (earc (hdmi 2)), entrada usb (2, versi\u00f3n 2.0), wi-fi 5, compatibilidad con bluetooth (versi\u00f3n 5.0), entrada ethernet, entrada rf (2, antena\/cable), spdif (salida de audio digital \u00f3ptica)<\/td>\n<\/tr>\n<tr>\n<td>Accesibilidad<\/td>\n<\/tr>\n<tr>\n<td>Alto contraste, escala de grises, colores invertidos<\/td>\n<\/tr>\n<tr>\n<td>Fuerza<\/td>\n<\/tr>\n<tr>\n<td>Fuente de alimentaci\u00f3n (voltaje, hz)<\/td>\n<\/tr>\n<tr>\n<td>Ca 100-240 v, 50-60 hz<\/td>\n<\/tr>\n<tr>\n<td>Consumo de energ\u00eda en modo de espera<\/td>\n<\/tr>\n<tr>\n<td>Menos de 0.5 w<\/td>\n<\/tr>\n<tr>\n<td>Modo de ahorro de energ\u00eda<\/td>\n<\/tr>\n<tr>\n<td>S\u00ed<\/td>\n<\/tr>\n<tr>\n<td>Sensor de iluminancia verde<\/td>\n<\/tr>\n<tr>\n<td>S\u00ed<\/td>\n<\/tr>\n<tr>\n<td>Est\u00e1ndar de energ\u00eda<\/td>\n<\/tr>\n<tr>\n<td>S\u00ed<\/td>\n<\/tr>\n<tr>\n<td>Accesorio incluido<\/td>\n<\/tr>\n<tr>\n<td>Remoto<\/td>\n<\/tr>\n<tr>\n<td>Control remoto m\u00e1gico mr24, pilas para control remoto (aa x 2)<\/td>\n<\/tr>\n<tr>\n<td>Cable de alimentaci\u00f3n<\/td>\n<\/tr>\n<tr>\n<td>Desmontable<\/td>\n<\/tr>\n<tr>\n<td>Caracter\u00edstica adicional<\/td>\n<\/tr>\n<tr>\n<td>Caracter\u00edstica<\/td>\n<\/tr>\n<tr>\n<td>M\u00e1quina del tiempo (dvr), grabaci\u00f3n digital, cambio de hora<\/td>\n<\/tr>\n<tr>\n<td>Idioma osd<\/td>\n<\/tr>\n<tr>\n<td>Var\u00eda seg\u00fan la regi\u00f3n<\/td>\n<\/tr>\n<\/table>\n","protected":false},"excerpt":{"rendered":"<p>4k uhd, visualizaci\u00f3n vibrante en ultra alta resoluci\u00f3n. Los televisores lg uhd siempre superan tus expectativas. Experimenta una calidad de imagen realista y colores vibrantes con una precisi\u00f3n de p\u00edxeles cuatro veces superior a la del full hd. Thinq ai: \u00bfcrees que sabes de inteligencia? pi\u00e9nsalo de nuevo. Lg thinq est\u00e1 aqu\u00ed para maximizar tu experiencia televisiva. Elige tu asistente de voz favorito y controla tu televisor con la voz gracias a una pantalla de inicio completamente nueva que ofrece mayor comodidad y control. Hgig, sum\u00e9rgete en el juego. Hgig (hdr gaming interest group) reconoce el rendimiento y la calidad de imagen del televisor y luego ajusta los gr\u00e1ficos hdr para brindar la mejor experiencia de juego hdr. Emocionante experiencia deportiva. Si\u00e9ntete como si estuvieras en el estadio. La tecnolog\u00eda bluetooth surround te permite vivir el partido como si estuvieras en la banda. Y con sports alert, siempre sabr\u00e1s cu\u00e1ndo juegan tus equipos favoritos. Lleva el cine a casa. Los colores vibrantes y los detalles precisos del hdr activo crean una experiencia visual m\u00e1s inmersiva. Disfruta de tus pel\u00edculas favoritas con la misma calidad original gracias a sus m\u00faltiples formatos hdr, como hdr10 y hlg.<\/p>\n","protected":false},"featured_media":258512,"comment_status":"open","ping_status":"open","template":"","meta":[],"product_cat":[1839,1838],"product_tag":[1687],"acf":[],"yoast_head":"<!-- This site is optimized with the Yoast SEO plugin v21.7 - https:\/\/yoast.com\/wordpress\/plugins\/seo\/ -->\n<title>[ Lg ] &#129351; 65ut801c,8806096347591 Television 65 Led 65ut801c Uhd 3840 X 2160, Thinq Ai, Hgig, Hdr10, H Smart Tv Webos 24, Hdmi, Usb, Spdif<\/title>\n<meta name=\"description\" content=\"Compra 65ut801c,8806096347591 Television 65 Led 65ut801c Uhd 3840 X 2160, Thinq Ai, Hgig, Hdr10, H Smart Tv Webos 24, Hdmi, Usb, Spdif + Env\u00edo a domicilio + Pago seguro + Garant\u00eda\" \/>\n<meta name=\"robots\" content=\"index, follow, max-snippet:-1, max-image-preview:large, max-video-preview:-1\" \/>\n<link rel=\"canonical\" href=\"https:\/\/compuviper.mx\/tienda\/producto\/lg-65ut801c8806096347591-television-65-led-65ut801c-uhd-3840-x-2160-thinq-ai-hgig-hdr10-h-smart-tv-webos-24-hdmi-usb-spdif\/\" \/>\n<meta property=\"og:locale\" content=\"es_MX\" \/>\n<meta property=\"og:type\" content=\"article\" \/>\n<meta property=\"og:title\" content=\"[ Lg ] &#129351; 65ut801c,8806096347591 Television 65 Led 65ut801c Uhd 3840 X 2160, Thinq Ai, Hgig, Hdr10, H Smart Tv Webos 24, Hdmi, Usb, Spdif\" \/>\n<meta property=\"og:description\" content=\"Compra 65ut801c,8806096347591 Television 65 Led 65ut801c Uhd 3840 X 2160, Thinq Ai, Hgig, Hdr10, H Smart Tv Webos 24, Hdmi, Usb, Spdif + Env\u00edo a domicilio + Pago seguro + Garant\u00eda\" \/>\n<meta property=\"og:url\" content=\"https:\/\/compuviper.mx\/tienda\/producto\/lg-65ut801c8806096347591-television-65-led-65ut801c-uhd-3840-x-2160-thinq-ai-hgig-hdr10-h-smart-tv-webos-24-hdmi-usb-spdif\/\" \/>\n<meta property=\"og:site_name\" content=\"Compuviper\" \/>\n<meta property=\"article:publisher\" content=\"https:\/\/www.facebook.com\/compuviper\" \/>\n<meta property=\"article:modified_time\" content=\"2026-04-02T08:23:23+00:00\" \/>\n<meta property=\"og:image\" content=\"https:\/\/compuviper.mx\/tienda\/wp-content\/uploads\/2025\/10\/Television-lg-65-led-65ut801c-uhd-3840-x-2160-thinq-ai-hgig-hdr10-hlg-smart-tv-webos-24-hdmi-usb-spdif.jpg\" \/>\n\t<meta property=\"og:image:width\" content=\"200\" \/>\n\t<meta property=\"og:image:height\" content=\"200\" \/>\n\t<meta property=\"og:image:type\" content=\"image\/jpeg\" \/>\n<meta name=\"twitter:card\" content=\"summary_large_image\" \/>\n<meta name=\"twitter:label1\" content=\"Precio\" \/>\n\t<meta name=\"twitter:data1\" content=\"&#36;10,909 con IVA\" \/>\n\t<meta name=\"twitter:label2\" content=\"Availability\" \/>\n\t<meta name=\"twitter:data2\" content=\"In stock\" \/>\n<script type=\"application\/ld+json\" class=\"yoast-schema-graph\">{\"@context\":\"https:\/\/schema.org\",\"@graph\":[{\"@type\":\"WebPage\",\"@id\":\"https:\/\/compuviper.mx\/tienda\/producto\/lg-65ut801c8806096347591-television-65-led-65ut801c-uhd-3840-x-2160-thinq-ai-hgig-hdr10-h-smart-tv-webos-24-hdmi-usb-spdif\/\",\"url\":\"https:\/\/compuviper.mx\/tienda\/producto\/lg-65ut801c8806096347591-television-65-led-65ut801c-uhd-3840-x-2160-thinq-ai-hgig-hdr10-h-smart-tv-webos-24-hdmi-usb-spdif\/\",\"name\":\"[ Lg ] &#129351; 65ut801c,8806096347591 Television 65 Led 65ut801c Uhd 3840 X 2160, Thinq Ai, Hgig, Hdr10, H Smart Tv Webos 24, Hdmi, Usb, Spdif\",\"isPartOf\":{\"@id\":\"https:\/\/compuviper.mx\/tienda\/#website\"},\"datePublished\":\"2026-04-02T08:23:22+00:00\",\"dateModified\":\"2026-04-02T08:23:23+00:00\",\"description\":\"Compra 65ut801c,8806096347591 Television 65 Led 65ut801c Uhd 3840 X 2160, Thinq Ai, Hgig, Hdr10, H Smart Tv Webos 24, Hdmi, Usb, Spdif + Env\u00edo a domicilio + Pago seguro + Garant\u00eda\",\"breadcrumb\":{\"@id\":\"https:\/\/compuviper.mx\/tienda\/producto\/lg-65ut801c8806096347591-television-65-led-65ut801c-uhd-3840-x-2160-thinq-ai-hgig-hdr10-h-smart-tv-webos-24-hdmi-usb-spdif\/#breadcrumb\"},\"inLanguage\":\"es-MX\",\"potentialAction\":[{\"@type\":\"ReadAction\",\"target\":[\"https:\/\/compuviper.mx\/tienda\/producto\/lg-65ut801c8806096347591-television-65-led-65ut801c-uhd-3840-x-2160-thinq-ai-hgig-hdr10-h-smart-tv-webos-24-hdmi-usb-spdif\/\"]}]},{\"@type\":\"BreadcrumbList\",\"@id\":\"https:\/\/compuviper.mx\/tienda\/producto\/lg-65ut801c8806096347591-television-65-led-65ut801c-uhd-3840-x-2160-thinq-ai-hgig-hdr10-h-smart-tv-webos-24-hdmi-usb-spdif\/#breadcrumb\",\"itemListElement\":[{\"@type\":\"ListItem\",\"position\":1,\"name\":\"Inicio\",\"item\":\"https:\/\/compuviper.mx\/tienda\/\"},{\"@type\":\"ListItem\",\"position\":2,\"name\":\"Productos\",\"item\":\"https:\/\/compuviper.mx\/tienda\/productos\/\"},{\"@type\":\"ListItem\",\"position\":3,\"name\":\"Televisor\",\"item\":\"https:\/\/compuviper.mx\/tienda\/categoria-producto\/televisor\/\"},{\"@type\":\"ListItem\",\"position\":4,\"name\":\"Led\",\"item\":\"https:\/\/compuviper.mx\/tienda\/categoria-producto\/televisor\/led-televisor\/\"},{\"@type\":\"ListItem\",\"position\":5,\"name\":\"Lg 65ut801c,8806096347591 Television 65 Led 65ut801c Uhd 3840 X 2160, Thinq Ai, Hgig, Hdr10, H Smart Tv Webos 24, Hdmi, Usb, Spdif\"}]},{\"@type\":\"WebSite\",\"@id\":\"https:\/\/compuviper.mx\/tienda\/#website\",\"url\":\"https:\/\/compuviper.mx\/tienda\/\",\"name\":\"Compuviper\",\"description\":\"Proveedor de Computadoras, Laptops, Servidores, Monitores, Puntos de Venta, Teclados,   Impresoras, T\u00f3ner, C\u00e1maras de Seguridad y m\u00e1s en tu tienda en l\u00ednea\",\"publisher\":{\"@id\":\"https:\/\/compuviper.mx\/tienda\/#organization\"},\"potentialAction\":[{\"@type\":\"SearchAction\",\"target\":{\"@type\":\"EntryPoint\",\"urlTemplate\":\"https:\/\/compuviper.mx\/tienda\/?s={search_term_string}\"},\"query-input\":\"required name=search_term_string\"}],\"inLanguage\":\"es-MX\"},{\"@type\":\"Organization\",\"@id\":\"https:\/\/compuviper.mx\/tienda\/#organization\",\"name\":\"Compuviper\",\"url\":\"https:\/\/compuviper.mx\/tienda\/\",\"logo\":{\"@type\":\"ImageObject\",\"inLanguage\":\"es-MX\",\"@id\":\"https:\/\/compuviper.mx\/tienda\/#\/schema\/logo\/image\/\",\"url\":\"https:\/\/compuviper.mx\/tienda\/wp-content\/uploads\/2021\/08\/Logo-Compuviper-10.png\",\"contentUrl\":\"https:\/\/compuviper.mx\/tienda\/wp-content\/uploads\/2021\/08\/Logo-Compuviper-10.png\",\"width\":1000,\"height\":500,\"caption\":\"Compuviper\"},\"image\":{\"@id\":\"https:\/\/compuviper.mx\/tienda\/#\/schema\/logo\/image\/\"},\"sameAs\":[\"https:\/\/www.facebook.com\/compuviper\",\"https:\/\/www.youtube.com\/channel\/UCf73dERp9Y3cfOq7q8BhLjA?view_as=subscriber\"]}]}<\/script>\n<meta property=\"product:brand\" content=\"LG\" \/>\n<meta property=\"product:price:amount\" content=\"10909\" \/>\n<meta property=\"product:price:currency\" content=\"MXN\" \/>\n<meta property=\"og:availability\" content=\"instock\" \/>\n<meta property=\"product:availability\" content=\"instock\" \/>\n<meta property=\"product:retailer_item_id\" content=\"65UT801C,8806096347591\" \/>\n<meta property=\"product:condition\" content=\"new\" \/>\n<!-- \/ Yoast SEO plugin. -->","yoast_head_json":{"title":"[ Lg ] &#129351; 65ut801c,8806096347591 Television 65 Led 65ut801c Uhd 3840 X 2160, Thinq Ai, Hgig, Hdr10, H Smart Tv Webos 24, Hdmi, Usb, Spdif","description":"Compra 65ut801c,8806096347591 Television 65 Led 65ut801c Uhd 3840 X 2160, Thinq Ai, Hgig, Hdr10, H Smart Tv Webos 24, Hdmi, Usb, Spdif + Env\u00edo a domicilio + Pago seguro + Garant\u00eda","robots":{"index":"index","follow":"follow","max-snippet":"max-snippet:-1","max-image-preview":"max-image-preview:large","max-video-preview":"max-video-preview:-1"},"canonical":"https:\/\/compuviper.mx\/tienda\/producto\/lg-65ut801c8806096347591-television-65-led-65ut801c-uhd-3840-x-2160-thinq-ai-hgig-hdr10-h-smart-tv-webos-24-hdmi-usb-spdif\/","og_locale":"es_MX","og_type":"article","og_title":"[ Lg ] &#129351; 65ut801c,8806096347591 Television 65 Led 65ut801c Uhd 3840 X 2160, Thinq Ai, Hgig, Hdr10, H Smart Tv Webos 24, Hdmi, Usb, Spdif","og_description":"Compra 65ut801c,8806096347591 Television 65 Led 65ut801c Uhd 3840 X 2160, Thinq Ai, Hgig, Hdr10, H Smart Tv Webos 24, Hdmi, Usb, Spdif + Env\u00edo a domicilio + Pago seguro + Garant\u00eda","og_url":"https:\/\/compuviper.mx\/tienda\/producto\/lg-65ut801c8806096347591-television-65-led-65ut801c-uhd-3840-x-2160-thinq-ai-hgig-hdr10-h-smart-tv-webos-24-hdmi-usb-spdif\/","og_site_name":"Compuviper","article_publisher":"https:\/\/www.facebook.com\/compuviper","article_modified_time":"2026-04-02T08:23:23+00:00","og_image":[{"width":200,"height":200,"url":"https:\/\/compuviper.mx\/tienda\/wp-content\/uploads\/2025\/10\/Television-lg-65-led-65ut801c-uhd-3840-x-2160-thinq-ai-hgig-hdr10-hlg-smart-tv-webos-24-hdmi-usb-spdif.jpg","type":"image\/jpeg"}],"twitter_card":"summary_large_image","twitter_misc":{"Precio":"&#36;10,909 con IVA","Availability":"In stock"},"schema":{"@context":"https:\/\/schema.org","@graph":[{"@type":"WebPage","@id":"https:\/\/compuviper.mx\/tienda\/producto\/lg-65ut801c8806096347591-television-65-led-65ut801c-uhd-3840-x-2160-thinq-ai-hgig-hdr10-h-smart-tv-webos-24-hdmi-usb-spdif\/","url":"https:\/\/compuviper.mx\/tienda\/producto\/lg-65ut801c8806096347591-television-65-led-65ut801c-uhd-3840-x-2160-thinq-ai-hgig-hdr10-h-smart-tv-webos-24-hdmi-usb-spdif\/","name":"[ Lg ] &#129351; 65ut801c,8806096347591 Television 65 Led 65ut801c Uhd 3840 X 2160, Thinq Ai, Hgig, Hdr10, H Smart Tv Webos 24, Hdmi, Usb, Spdif","isPartOf":{"@id":"https:\/\/compuviper.mx\/tienda\/#website"},"datePublished":"2026-04-02T08:23:22+00:00","dateModified":"2026-04-02T08:23:23+00:00","description":"Compra 65ut801c,8806096347591 Television 65 Led 65ut801c Uhd 3840 X 2160, Thinq Ai, Hgig, Hdr10, H Smart Tv Webos 24, Hdmi, Usb, Spdif + Env\u00edo a domicilio + Pago seguro + Garant\u00eda","breadcrumb":{"@id":"https:\/\/compuviper.mx\/tienda\/producto\/lg-65ut801c8806096347591-television-65-led-65ut801c-uhd-3840-x-2160-thinq-ai-hgig-hdr10-h-smart-tv-webos-24-hdmi-usb-spdif\/#breadcrumb"},"inLanguage":"es-MX","potentialAction":[{"@type":"ReadAction","target":["https:\/\/compuviper.mx\/tienda\/producto\/lg-65ut801c8806096347591-television-65-led-65ut801c-uhd-3840-x-2160-thinq-ai-hgig-hdr10-h-smart-tv-webos-24-hdmi-usb-spdif\/"]}]},{"@type":"BreadcrumbList","@id":"https:\/\/compuviper.mx\/tienda\/producto\/lg-65ut801c8806096347591-television-65-led-65ut801c-uhd-3840-x-2160-thinq-ai-hgig-hdr10-h-smart-tv-webos-24-hdmi-usb-spdif\/#breadcrumb","itemListElement":[{"@type":"ListItem","position":1,"name":"Inicio","item":"https:\/\/compuviper.mx\/tienda\/"},{"@type":"ListItem","position":2,"name":"Productos","item":"https:\/\/compuviper.mx\/tienda\/productos\/"},{"@type":"ListItem","position":3,"name":"Televisor","item":"https:\/\/compuviper.mx\/tienda\/categoria-producto\/televisor\/"},{"@type":"ListItem","position":4,"name":"Led","item":"https:\/\/compuviper.mx\/tienda\/categoria-producto\/televisor\/led-televisor\/"},{"@type":"ListItem","position":5,"name":"Lg 65ut801c,8806096347591 Television 65 Led 65ut801c Uhd 3840 X 2160, Thinq Ai, Hgig, Hdr10, H Smart Tv Webos 24, Hdmi, Usb, Spdif"}]},{"@type":"WebSite","@id":"https:\/\/compuviper.mx\/tienda\/#website","url":"https:\/\/compuviper.mx\/tienda\/","name":"Compuviper","description":"Proveedor de Computadoras, Laptops, Servidores, Monitores, Puntos de Venta, Teclados,   Impresoras, T\u00f3ner, C\u00e1maras de Seguridad y m\u00e1s en tu tienda en l\u00ednea","publisher":{"@id":"https:\/\/compuviper.mx\/tienda\/#organization"},"potentialAction":[{"@type":"SearchAction","target":{"@type":"EntryPoint","urlTemplate":"https:\/\/compuviper.mx\/tienda\/?s={search_term_string}"},"query-input":"required name=search_term_string"}],"inLanguage":"es-MX"},{"@type":"Organization","@id":"https:\/\/compuviper.mx\/tienda\/#organization","name":"Compuviper","url":"https:\/\/compuviper.mx\/tienda\/","logo":{"@type":"ImageObject","inLanguage":"es-MX","@id":"https:\/\/compuviper.mx\/tienda\/#\/schema\/logo\/image\/","url":"https:\/\/compuviper.mx\/tienda\/wp-content\/uploads\/2021\/08\/Logo-Compuviper-10.png","contentUrl":"https:\/\/compuviper.mx\/tienda\/wp-content\/uploads\/2021\/08\/Logo-Compuviper-10.png","width":1000,"height":500,"caption":"Compuviper"},"image":{"@id":"https:\/\/compuviper.mx\/tienda\/#\/schema\/logo\/image\/"},"sameAs":["https:\/\/www.facebook.com\/compuviper","https:\/\/www.youtube.com\/channel\/UCf73dERp9Y3cfOq7q8BhLjA?view_as=subscriber"]}]},"product_brand":"LG","product_price_amount":"10909","product_price_currency":"MXN","og_availability":"instock","product_availability":"instock","product_retailer_item_id":"65UT801C,8806096347591","product_condition":"new"},"_links":{"self":[{"href":"https:\/\/compuviper.mx\/tienda\/wp-json\/wp\/v2\/product\/255031"}],"collection":[{"href":"https:\/\/compuviper.mx\/tienda\/wp-json\/wp\/v2\/product"}],"about":[{"href":"https:\/\/compuviper.mx\/tienda\/wp-json\/wp\/v2\/types\/product"}],"replies":[{"embeddable":true,"href":"https:\/\/compuviper.mx\/tienda\/wp-json\/wp\/v2\/comments?post=255031"}],"wp:featuredmedia":[{"embeddable":true,"href":"https:\/\/compuviper.mx\/tienda\/wp-json\/wp\/v2\/media\/258512"}],"wp:attachment":[{"href":"https:\/\/compuviper.mx\/tienda\/wp-json\/wp\/v2\/media?parent=255031"}],"wp:term":[{"taxonomy":"product_cat","embeddable":true,"href":"https:\/\/compuviper.mx\/tienda\/wp-json\/wp\/v2\/product_cat?post=255031"},{"taxonomy":"product_tag","embeddable":true,"href":"https:\/\/compuviper.mx\/tienda\/wp-json\/wp\/v2\/product_tag?post=255031"}],"curies":[{"name":"wp","href":"https:\/\/api.w.org\/{rel}","templated":true}]}}