{"id":254941,"date":"2026-04-21T01:01:18","date_gmt":"2026-04-21T07:01:18","guid":{"rendered":"https:\/\/compuviper.mx\/tienda\/producto\/lg-110um5k-monitor-de-sealizacion-digital-de-110-p-uso-16-7-500-nits-uso-en-horizontal-entradas-hdmi3-dp-usb-2-02-rs232c-rj45-audio-ir\/"},"modified":"2026-04-21T01:01:19","modified_gmt":"2026-04-21T07:01:19","slug":"lg-110um5k-monitor-de-sealizacion-digital-de-110-p-uso-16-7-500-nits-uso-en-horizontal-entradas-hdmi3-dp-usb-2-02-rs232c-rj45-audio-ir","status":"publish","type":"product","link":"https:\/\/compuviper.mx\/tienda\/producto\/lg-110um5k-monitor-de-sealizacion-digital-de-110-p-uso-16-7-500-nits-uso-en-horizontal-entradas-hdmi3-dp-usb-2-02-rs232c-rj45-audio-ir\/","title":{"rendered":"Lg 110um5k Monitor De Se?alizacion Digital  De 110 P, Uso 16\/7, 500 Nits Uso En Horizontal Entradas Hdmi3 \/dp\/usb 2.02\/ Rs232c\/ Rj45\/ Audio\/ Ir"},"content":{"rendered":"<table class=\"descripcion\">\n<tr>\n<td>Panel<\/td>\n<\/tr>\n<tr>\n<td>Tama\u00f1o de la pantalla: 110<\/td>\n<\/tr>\n<tr>\n<td>Tecnolog\u00eda de paneles: anuncios<\/td>\n<\/tr>\n<tr>\n<td>Tipo de luz de fondo: directo<\/td>\n<\/tr>\n<tr>\n<td>Relaci\u00f3n de aspecto: 16:9<\/td>\n<\/tr>\n<tr>\n<td>Resoluci\u00f3n nativa: 3840 x 2160 (4k uhd)<\/td>\n<\/tr>\n<tr>\n<td>Frecuencia de actualizaci\u00f3n: 120 hz<\/td>\n<\/tr>\n<tr>\n<td>Brillo (t\u00edpico): 500 nit<\/td>\n<\/tr>\n<tr>\n<td>Relaci\u00f3n de contraste: 1,200:1<\/td>\n<\/tr>\n<tr>\n<td>Cr din\u00e1mico: 1,000,000:1<\/td>\n<\/tr>\n<tr>\n<td>Gama de colores: dci-p3 88% and #8593;<\/td>\n<\/tr>\n<tr>\n<td>\u00e1ngulo de visi\u00f3n (h x v): 178 \u00d7 178<\/td>\n<\/tr>\n<tr>\n<td>Profundidad de color: 1.07 mil millones de colores (8 bits + frc)<\/td>\n<\/tr>\n<tr>\n<td>Tiempo de respuesta: 8 ms (g a g)<\/td>\n<\/tr>\n<tr>\n<td>Tratamiento de superficies (neblina): 1%<\/td>\n<\/tr>\n<tr>\n<td>Vida: 50,000 (t\u00edpico)<\/td>\n<\/tr>\n<tr>\n<td>Horario de operaci\u00f3n (horas\/d\u00edas): 16 \/ 7<\/td>\n<\/tr>\n<tr>\n<td>Retrato \/ paisaje: no \/ s\u00ed<\/td>\n<\/tr>\n<tr>\n<td>Especificaci\u00f3n mec\u00e1nica<\/td>\n<\/tr>\n<tr>\n<td>Color del bisel: negro<\/td>\n<\/tr>\n<tr>\n<td>Ancho del bisel: 17 mm (bisel uniforme)<\/td>\n<\/tr>\n<tr>\n<td>Peso (cabeza): 80 kilos<\/td>\n<\/tr>\n<tr>\n<td>Peso empaquetado: 110 kilos<\/td>\n<\/tr>\n<tr>\n<td>Dimensiones del monitor (an. \u00d7 al. \u00d7 pr.): 2,474 \u00d7 1,408 \u00d7 99 mm<\/td>\n<\/tr>\n<tr>\n<td>Dimensiones de la caja (an \u00d7 al \u00d7 pr): 2,680 \u00d7 1,730 \u00d7 320 mm<\/td>\n<\/tr>\n<tr>\n<td>Manejar: s\u00ed<\/td>\n<\/tr>\n<tr>\n<td>Interfaz de montaje est\u00e1ndar vesa\u0099: 1,500 \u00d7 600 mm<\/td>\n<\/tr>\n<tr>\n<td>Caracter\u00edstica clave (hardware)<\/td>\n<\/tr>\n<tr>\n<td>Memoria interna: 16 gb<\/td>\n<\/tr>\n<tr>\n<td>Wi-fi: wi-fi incorporado<\/td>\n<\/tr>\n<tr>\n<td>Sensor de temperatura: s\u00ed<\/td>\n<\/tr>\n<tr>\n<td>Sensor de brillo autom\u00e1tico: s\u00ed<\/td>\n<\/tr>\n<tr>\n<td>Sensor de aceleraci\u00f3n (giroscopio): s\u00ed<\/td>\n<\/tr>\n<tr>\n<td>Operaci\u00f3n de tecla local: s\u00ed<\/td>\n<\/tr>\n<tr>\n<td>Indicador de encendido: s\u00ed<\/td>\n<\/tr>\n<tr>\n<td>Caracter\u00edstica clave (software)<\/td>\n<\/tr>\n<tr>\n<td>Versi\u00f3n webos: webos 6.0<\/td>\n<\/tr>\n<tr>\n<td>Programaci\u00f3n de contenidos locales: s\u00ed<\/td>\n<\/tr>\n<tr>\n<td>Gerente de grupo: s\u00ed<\/td>\n<\/tr>\n<tr>\n<td>Usb plug  and  play: s\u00ed<\/td>\n<\/tr>\n<tr>\n<td>Conmutaci\u00f3n por error: s\u00ed<\/td>\n<\/tr>\n<tr>\n<td>Imagen del logotipo de arranque: s\u00ed<\/td>\n<\/tr>\n<tr>\n<td>Sin imagen de se\u00f1al: s\u00ed<\/td>\n<\/tr>\n<tr>\n<td>Sincronizaci\u00f3n de red local: s\u00ed<\/td>\n<\/tr>\n<tr>\n<td>Pepita: s\u00ed<\/td>\n<\/tr>\n<tr>\n<td>Pbp: s\u00ed (4)<\/td>\n<\/tr>\n<tr>\n<td>Compartir pantalla: s\u00ed<\/td>\n<\/tr>\n<tr>\n<td>Etiqueta de v\u00eddeo: s\u00ed (4)<\/td>\n<\/tr>\n<tr>\n<td>Jugar a trav\u00e9s de url: s\u00ed<\/td>\n<\/tr>\n<tr>\n<td>Configuraci\u00f3n del modo mosaico: s\u00ed (m\u00e1x. 15&#215;15)<\/td>\n<\/tr>\n<tr>\n<td>Configuraci\u00f3n de clonaci\u00f3n de datos: s\u00ed<\/td>\n<\/tr>\n<tr>\n<td>Snmp: s\u00ed<\/td>\n<\/tr>\n<tr>\n<td>M\u00e9todo ism: s\u00ed<\/td>\n<\/tr>\n<tr>\n<td>Id de configuraci\u00f3n autom\u00e1tica: s\u00ed<\/td>\n<\/tr>\n<tr>\n<td>Env\u00edo de estado: s\u00ed<\/td>\n<\/tr>\n<tr>\n<td>Gerente de control: s\u00ed<\/td>\n<\/tr>\n<tr>\n<td>Certificaci\u00f3n cisco: s\u00ed<\/td>\n<\/tr>\n<tr>\n<td>Crestron en el interior: s\u00ed<\/td>\n<\/tr>\n<tr>\n<td>Ahorro de energ\u00eda inteligente: s\u00ed<\/td>\n<\/tr>\n<tr>\n<td>Modo pm: s\u00ed<\/td>\n<\/tr>\n<tr>\n<td>Activaci\u00f3n en lan: s\u00ed<\/td>\n<\/tr>\n<tr>\n<td>Listo para la red: s\u00ed<\/td>\n<\/tr>\n<tr>\n<td>Faro: s\u00ed<\/td>\n<\/tr>\n<tr>\n<td>Hdmi-cec: s\u00ed<\/td>\n<\/tr>\n<tr>\n<td>Configuraci\u00f3n del servidor si: s\u00ed<\/td>\n<\/tr>\n<tr>\n<td>Webrtc: s\u00ed<\/td>\n<\/tr>\n<tr>\n<td>Pro:idiom: s\u00ed<\/td>\n<\/tr>\n<tr>\n<td>Condiciones ambientales<\/td>\n<\/tr>\n<tr>\n<td>Temperatura de funcionamiento: 0\u00b0c a 40\u00b0c<\/td>\n<\/tr>\n<tr>\n<td>Operaci\u00f3n humedad: 10 % a 80 %<\/td>\n<\/tr>\n<tr>\n<td>Fuerza<\/td>\n<\/tr>\n<tr>\n<td>Fuente de alimentaci\u00f3n: ca 100-240 v~, 50\/60 hz<\/td>\n<\/tr>\n<tr>\n<td>Tipo de energ\u00eda: energ\u00eda incorporada<\/td>\n<\/tr>\n<tr>\n<td>Consumo de energ\u00eda<\/td>\n<\/tr>\n<tr>\n<td>T\u00edp.\/m\u00e1x.: 440 w \/ 570 w<\/td>\n<\/tr>\n<tr>\n<td>Ahorro de energ\u00eda inteligente (70%): 308 w<\/td>\n<\/tr>\n<tr>\n<td>Director de proyectos: 0.5 w<\/td>\n<\/tr>\n<tr>\n<td>Apagado: 0.5 w<\/td>\n<\/tr>\n<tr>\n<td>Btu (unidad t\u00e9rmica brit\u00e1nica): 1501 btu\/h (t\u00edpico), 1945 btu\/h (m\u00e1ximo)<\/td>\n<\/tr>\n<tr>\n<td>Compatibilidad con ops<\/td>\n<\/tr>\n<tr>\n<td>Compatible con tipos ops: no<\/td>\n<\/tr>\n<tr>\n<td>Ops power integrado: no<\/td>\n<\/tr>\n<tr>\n<td>Compatibilidad de software<\/td>\n<\/tr>\n<tr>\n<td>Supersign cms, supersign control+, supersign wb, supersign cloud, cms m\u00f3vil, lg connectedcare<\/td>\n<\/tr>\n<tr>\n<td>Conectividad<\/td>\n<\/tr>\n<tr>\n<td>Aporte: hdmi (3 (hdmi1\/2: hdcp 2.2\/1.4, hdmi3)), dp (hdcp 2.2\/1.3), dvi-d (hdcp 1.4), entrada de audio, rs-232c (conector telef\u00f3nico de 4 pines), rj45 (lan), entrada de infrarrojos, usb 2.0 tipo a<\/td>\n<\/tr>\n<tr>\n<td>Producci\u00f3n: salida hdmi, salida de audio, salida rs-232c (conector telef\u00f3nico de 4 pines), conexi\u00f3n en cadena (entrada hdmi, dp, dvi \/ salida hdmi)<\/td>\n<\/tr>\n<tr>\n<td>Sonido<\/td>\n<\/tr>\n<tr>\n<td>Vocero: s\u00ed (10 w x 2)<\/td>\n<\/tr>\n<tr>\n<td>Idioma<\/td>\n<\/tr>\n<tr>\n<td>Ingl\u00e9s, franc\u00e9s, alem\u00e1n, espa\u00f1ol, italiano, coreano, chino (simplificado), chino (original), portugu\u00e9s (brasil), sueco, finland\u00e9s, noruego, dan\u00e9s, ruso, japon\u00e9s, portugu\u00e9s (europa), holand\u00e9s, checo, griego, turco, \u00e1rabe, polaco<\/td>\n<\/tr>\n<tr>\n<td>Proceso de dar un t\u00edtulo<\/td>\n<\/tr>\n<tr>\n<td>Seguridad: cb \/ nrtl<\/td>\n<\/tr>\n<tr>\n<td>Compatibilidad electromagn\u00e9tica: clase a de la fcc \/ ce \/ kc<\/td>\n<\/tr>\n<tr>\n<td>Erp: s\u00ed (newerp)<\/td>\n<\/tr>\n<tr>\n<td>Accesorio<\/td>\n<\/tr>\n<tr>\n<td>B\u00e1sico: control remoto (incluye 2 pilas), cable de alimentaci\u00f3n, gu\u00eda de inicio r\u00e1pido, receptor de sensor de luz\/ir, libro de regulaciones, tel\u00e9fono a rs232c<\/td>\n<\/tr>\n<tr>\n<td>Opcional: no<\/td>\n<\/tr>\n<\/table>\n","protected":false},"excerpt":{"rendered":"<p>Pantalla de se\u00f1alizaci\u00f3n uhd de gran tama\u00f1o con plataforma webos de lg. S\u00faper alta resoluci\u00f3n. Ofrece una experiencia de visualizaci\u00f3n inmersiva con una calidad de imagen con una definici\u00f3n 4 veces superior a la fhd. Nivel de brillo adecuado. La serie um5k ofrece un nivel de brillo de 500 cd\/m\u00b2 ideal para pantallas interiores, mostrando el contenido eficazmente y captando la atenci\u00f3n del p\u00fablico. Esto la convierte en una soluci\u00f3n de visualizaci\u00f3n ideal para fines de marketing en diversos entornos, como salas de reuniones, aeropuertos, tiendas y centros comerciales. Alto rendimiento con webos. La plataforma webos de lg mejora la comodidad del usuario con una gui intuitiva y herramientas de desarrollo de aplicaciones simples. Altavoz incorporado. El contenido se enriquecer\u00e1 con efectos de sonido de los altavoces integrados, sin necesidad de comprar o instalar altavoces externos. Soporte para altavoces internos integrados (l\/r m\u00e1x. 10 w. Dise\u00f1o delgado. Al ser delgada, se recomienda una instalaci\u00f3n m\u00e1s pegada a la pared. Adem\u00e1s, esto aumenta la experiencia inmersiva de la pantalla y proporciona un dise\u00f1o sofisticado, mejorando la decoraci\u00f3n del espacio. Compatible con el sistema de control av. La serie um5k es compatible con crestron connected\u00ae para una alta compatibilidad con controles av profesionales para lograr una integraci\u00f3n perfecta y un control automatizado*, lo que aumenta la eficiencia de la gesti\u00f3n empresarial. Control basado en red. Soluciones supersign. Supersign es una soluci\u00f3n integrada e intuitiva de gesti\u00f3n de contenido para una se\u00f1alizaci\u00f3n digital creativa y organizada en su espacio, que conecta a los clientes con una gama de servicios con experiencias de usuario pr\u00e1cticas. Disponemos de diversas versiones, como supersign cloud, as\u00ed que descubra y disfrute de la que mejor se adapte a sus necesidades.<\/p>\n","protected":false},"featured_media":259961,"comment_status":"open","ping_status":"open","template":"","meta":[],"product_cat":[1741,1740],"product_tag":[1687],"acf":[],"yoast_head":"<!-- This site is optimized with the Yoast SEO plugin v21.7 - https:\/\/yoast.com\/wordpress\/plugins\/seo\/ -->\n<title>[ Lg ] &#129351; 110um5k Monitor De Se\u00f1alizacion Digital De 110 P, Uso 16\/7, 500 Nits Uso En Horizontal Entradas Hdmi3 \/dp\/usb 2.02\/ Rs232c\/ Rj45\/ Audio\/ Ir<\/title>\n<meta name=\"description\" content=\"Compra 110um5k Monitor De Se\u00f1alizacion Digital De 110 P, Uso 16\/7, 500 Nits Uso En Horizontal Entradas Hdmi3 \/dp\/usb 2.02\/ Rs232c\/ Rj45\/ Audio\/ Ir + Env\u00edo a domicilio + Pago seguro + Garant\u00eda\" \/>\n<meta name=\"robots\" content=\"index, follow, max-snippet:-1, max-image-preview:large, max-video-preview:-1\" \/>\n<link rel=\"canonical\" href=\"https:\/\/compuviper.mx\/tienda\/producto\/lg-110um5k-monitor-de-sealizacion-digital-de-110-p-uso-16-7-500-nits-uso-en-horizontal-entradas-hdmi3-dp-usb-2-02-rs232c-rj45-audio-ir\/\" \/>\n<meta property=\"og:locale\" content=\"es_MX\" \/>\n<meta property=\"og:type\" content=\"article\" \/>\n<meta property=\"og:title\" content=\"[ Lg ] &#129351; 110um5k Monitor De Se\u00f1alizacion Digital De 110 P, Uso 16\/7, 500 Nits Uso En Horizontal Entradas Hdmi3 \/dp\/usb 2.02\/ Rs232c\/ Rj45\/ Audio\/ Ir\" \/>\n<meta property=\"og:description\" content=\"Compra 110um5k Monitor De Se\u00f1alizacion Digital De 110 P, Uso 16\/7, 500 Nits Uso En Horizontal Entradas Hdmi3 \/dp\/usb 2.02\/ Rs232c\/ Rj45\/ Audio\/ Ir + Env\u00edo a domicilio + Pago seguro + Garant\u00eda\" \/>\n<meta property=\"og:url\" content=\"https:\/\/compuviper.mx\/tienda\/producto\/lg-110um5k-monitor-de-sealizacion-digital-de-110-p-uso-16-7-500-nits-uso-en-horizontal-entradas-hdmi3-dp-usb-2-02-rs232c-rj45-audio-ir\/\" \/>\n<meta property=\"og:site_name\" content=\"Compuviper\" \/>\n<meta property=\"article:publisher\" content=\"https:\/\/www.facebook.com\/compuviper\" \/>\n<meta property=\"article:modified_time\" content=\"2026-04-21T07:01:19+00:00\" \/>\n<meta property=\"og:image\" content=\"https:\/\/compuviper.mx\/tienda\/wp-content\/uploads\/2025\/10\/Monitor-de-senalizacion-digital-lg-de-110-plg-uso-167-500-nits-uso-en-horizontal-entradas-hdmi3-dpusb-2.02-rs232c-rj45-audio-ir.jpg\" \/>\n\t<meta property=\"og:image:width\" content=\"200\" \/>\n\t<meta property=\"og:image:height\" content=\"200\" \/>\n\t<meta property=\"og:image:type\" content=\"image\/jpeg\" \/>\n<meta name=\"twitter:card\" content=\"summary_large_image\" \/>\n<meta name=\"twitter:label1\" content=\"Precio\" \/>\n\t<meta name=\"twitter:data1\" content=\"&#36;255,531 con IVA\" \/>\n\t<meta name=\"twitter:label2\" content=\"Availability\" \/>\n\t<meta name=\"twitter:data2\" content=\"In stock\" \/>\n<script type=\"application\/ld+json\" class=\"yoast-schema-graph\">{\"@context\":\"https:\/\/schema.org\",\"@graph\":[{\"@type\":\"WebPage\",\"@id\":\"https:\/\/compuviper.mx\/tienda\/producto\/lg-110um5k-monitor-de-sealizacion-digital-de-110-p-uso-16-7-500-nits-uso-en-horizontal-entradas-hdmi3-dp-usb-2-02-rs232c-rj45-audio-ir\/\",\"url\":\"https:\/\/compuviper.mx\/tienda\/producto\/lg-110um5k-monitor-de-sealizacion-digital-de-110-p-uso-16-7-500-nits-uso-en-horizontal-entradas-hdmi3-dp-usb-2-02-rs232c-rj45-audio-ir\/\",\"name\":\"[ Lg ] &#129351; 110um5k Monitor De Se\u00f1alizacion Digital De 110 P, Uso 16\/7, 500 Nits Uso En Horizontal Entradas Hdmi3 \/dp\/usb 2.02\/ Rs232c\/ Rj45\/ Audio\/ Ir\",\"isPartOf\":{\"@id\":\"https:\/\/compuviper.mx\/tienda\/#website\"},\"datePublished\":\"2026-04-21T07:01:18+00:00\",\"dateModified\":\"2026-04-21T07:01:19+00:00\",\"description\":\"Compra 110um5k Monitor De Se\u00f1alizacion Digital De 110 P, Uso 16\/7, 500 Nits Uso En Horizontal Entradas Hdmi3 \/dp\/usb 2.02\/ Rs232c\/ Rj45\/ Audio\/ Ir + Env\u00edo a domicilio + Pago seguro + Garant\u00eda\",\"breadcrumb\":{\"@id\":\"https:\/\/compuviper.mx\/tienda\/producto\/lg-110um5k-monitor-de-sealizacion-digital-de-110-p-uso-16-7-500-nits-uso-en-horizontal-entradas-hdmi3-dp-usb-2-02-rs232c-rj45-audio-ir\/#breadcrumb\"},\"inLanguage\":\"es-MX\",\"potentialAction\":[{\"@type\":\"ReadAction\",\"target\":[\"https:\/\/compuviper.mx\/tienda\/producto\/lg-110um5k-monitor-de-sealizacion-digital-de-110-p-uso-16-7-500-nits-uso-en-horizontal-entradas-hdmi3-dp-usb-2-02-rs232c-rj45-audio-ir\/\"]}]},{\"@type\":\"BreadcrumbList\",\"@id\":\"https:\/\/compuviper.mx\/tienda\/producto\/lg-110um5k-monitor-de-sealizacion-digital-de-110-p-uso-16-7-500-nits-uso-en-horizontal-entradas-hdmi3-dp-usb-2-02-rs232c-rj45-audio-ir\/#breadcrumb\",\"itemListElement\":[{\"@type\":\"ListItem\",\"position\":1,\"name\":\"Inicio\",\"item\":\"https:\/\/compuviper.mx\/tienda\/\"},{\"@type\":\"ListItem\",\"position\":2,\"name\":\"Productos\",\"item\":\"https:\/\/compuviper.mx\/tienda\/productos\/\"},{\"@type\":\"ListItem\",\"position\":3,\"name\":\"Monitores\",\"item\":\"https:\/\/compuviper.mx\/tienda\/categoria-producto\/monitores\/\"},{\"@type\":\"ListItem\",\"position\":4,\"name\":\"Led\",\"item\":\"https:\/\/compuviper.mx\/tienda\/categoria-producto\/monitores\/led\/\"},{\"@type\":\"ListItem\",\"position\":5,\"name\":\"Lg 110um5k Monitor De Se?alizacion Digital De 110 P, Uso 16\/7, 500 Nits Uso En Horizontal Entradas Hdmi3 \/dp\/usb 2.02\/ Rs232c\/ Rj45\/ Audio\/ Ir\"}]},{\"@type\":\"WebSite\",\"@id\":\"https:\/\/compuviper.mx\/tienda\/#website\",\"url\":\"https:\/\/compuviper.mx\/tienda\/\",\"name\":\"Compuviper\",\"description\":\"Proveedor de Computadoras, Laptops, Servidores, Monitores, Puntos de Venta, Teclados,   Impresoras, T\u00f3ner, C\u00e1maras de Seguridad y m\u00e1s en tu tienda en l\u00ednea\",\"publisher\":{\"@id\":\"https:\/\/compuviper.mx\/tienda\/#organization\"},\"potentialAction\":[{\"@type\":\"SearchAction\",\"target\":{\"@type\":\"EntryPoint\",\"urlTemplate\":\"https:\/\/compuviper.mx\/tienda\/?s={search_term_string}\"},\"query-input\":\"required name=search_term_string\"}],\"inLanguage\":\"es-MX\"},{\"@type\":\"Organization\",\"@id\":\"https:\/\/compuviper.mx\/tienda\/#organization\",\"name\":\"Compuviper\",\"url\":\"https:\/\/compuviper.mx\/tienda\/\",\"logo\":{\"@type\":\"ImageObject\",\"inLanguage\":\"es-MX\",\"@id\":\"https:\/\/compuviper.mx\/tienda\/#\/schema\/logo\/image\/\",\"url\":\"https:\/\/compuviper.mx\/tienda\/wp-content\/uploads\/2021\/08\/Logo-Compuviper-10.png\",\"contentUrl\":\"https:\/\/compuviper.mx\/tienda\/wp-content\/uploads\/2021\/08\/Logo-Compuviper-10.png\",\"width\":1000,\"height\":500,\"caption\":\"Compuviper\"},\"image\":{\"@id\":\"https:\/\/compuviper.mx\/tienda\/#\/schema\/logo\/image\/\"},\"sameAs\":[\"https:\/\/www.facebook.com\/compuviper\",\"https:\/\/www.youtube.com\/channel\/UCf73dERp9Y3cfOq7q8BhLjA?view_as=subscriber\"]}]}<\/script>\n<meta property=\"product:brand\" content=\"LG\" \/>\n<meta property=\"product:price:amount\" content=\"255531\" \/>\n<meta property=\"product:price:currency\" content=\"MXN\" \/>\n<meta property=\"og:availability\" content=\"instock\" \/>\n<meta property=\"product:availability\" content=\"instock\" \/>\n<meta property=\"product:retailer_item_id\" content=\"110UM5K\" \/>\n<meta property=\"product:condition\" content=\"new\" \/>\n<!-- \/ Yoast SEO plugin. -->","yoast_head_json":{"title":"[ Lg ] &#129351; 110um5k Monitor De Se\u00f1alizacion Digital De 110 P, Uso 16\/7, 500 Nits Uso En Horizontal Entradas Hdmi3 \/dp\/usb 2.02\/ Rs232c\/ Rj45\/ Audio\/ Ir","description":"Compra 110um5k Monitor De Se\u00f1alizacion Digital De 110 P, Uso 16\/7, 500 Nits Uso En Horizontal Entradas Hdmi3 \/dp\/usb 2.02\/ Rs232c\/ Rj45\/ Audio\/ Ir + Env\u00edo a domicilio + Pago seguro + Garant\u00eda","robots":{"index":"index","follow":"follow","max-snippet":"max-snippet:-1","max-image-preview":"max-image-preview:large","max-video-preview":"max-video-preview:-1"},"canonical":"https:\/\/compuviper.mx\/tienda\/producto\/lg-110um5k-monitor-de-sealizacion-digital-de-110-p-uso-16-7-500-nits-uso-en-horizontal-entradas-hdmi3-dp-usb-2-02-rs232c-rj45-audio-ir\/","og_locale":"es_MX","og_type":"article","og_title":"[ Lg ] &#129351; 110um5k Monitor De Se\u00f1alizacion Digital De 110 P, Uso 16\/7, 500 Nits Uso En Horizontal Entradas Hdmi3 \/dp\/usb 2.02\/ Rs232c\/ Rj45\/ Audio\/ Ir","og_description":"Compra 110um5k Monitor De Se\u00f1alizacion Digital De 110 P, Uso 16\/7, 500 Nits Uso En Horizontal Entradas Hdmi3 \/dp\/usb 2.02\/ Rs232c\/ Rj45\/ Audio\/ Ir + Env\u00edo a domicilio + Pago seguro + Garant\u00eda","og_url":"https:\/\/compuviper.mx\/tienda\/producto\/lg-110um5k-monitor-de-sealizacion-digital-de-110-p-uso-16-7-500-nits-uso-en-horizontal-entradas-hdmi3-dp-usb-2-02-rs232c-rj45-audio-ir\/","og_site_name":"Compuviper","article_publisher":"https:\/\/www.facebook.com\/compuviper","article_modified_time":"2026-04-21T07:01:19+00:00","og_image":[{"width":200,"height":200,"url":"https:\/\/compuviper.mx\/tienda\/wp-content\/uploads\/2025\/10\/Monitor-de-senalizacion-digital-lg-de-110-plg-uso-167-500-nits-uso-en-horizontal-entradas-hdmi3-dpusb-2.02-rs232c-rj45-audio-ir.jpg","type":"image\/jpeg"}],"twitter_card":"summary_large_image","twitter_misc":{"Precio":"&#36;255,531 con IVA","Availability":"In stock"},"schema":{"@context":"https:\/\/schema.org","@graph":[{"@type":"WebPage","@id":"https:\/\/compuviper.mx\/tienda\/producto\/lg-110um5k-monitor-de-sealizacion-digital-de-110-p-uso-16-7-500-nits-uso-en-horizontal-entradas-hdmi3-dp-usb-2-02-rs232c-rj45-audio-ir\/","url":"https:\/\/compuviper.mx\/tienda\/producto\/lg-110um5k-monitor-de-sealizacion-digital-de-110-p-uso-16-7-500-nits-uso-en-horizontal-entradas-hdmi3-dp-usb-2-02-rs232c-rj45-audio-ir\/","name":"[ Lg ] &#129351; 110um5k Monitor De Se\u00f1alizacion Digital De 110 P, Uso 16\/7, 500 Nits Uso En Horizontal Entradas Hdmi3 \/dp\/usb 2.02\/ Rs232c\/ Rj45\/ Audio\/ Ir","isPartOf":{"@id":"https:\/\/compuviper.mx\/tienda\/#website"},"datePublished":"2026-04-21T07:01:18+00:00","dateModified":"2026-04-21T07:01:19+00:00","description":"Compra 110um5k Monitor De Se\u00f1alizacion Digital De 110 P, Uso 16\/7, 500 Nits Uso En Horizontal Entradas Hdmi3 \/dp\/usb 2.02\/ Rs232c\/ Rj45\/ Audio\/ Ir + Env\u00edo a domicilio + Pago seguro + Garant\u00eda","breadcrumb":{"@id":"https:\/\/compuviper.mx\/tienda\/producto\/lg-110um5k-monitor-de-sealizacion-digital-de-110-p-uso-16-7-500-nits-uso-en-horizontal-entradas-hdmi3-dp-usb-2-02-rs232c-rj45-audio-ir\/#breadcrumb"},"inLanguage":"es-MX","potentialAction":[{"@type":"ReadAction","target":["https:\/\/compuviper.mx\/tienda\/producto\/lg-110um5k-monitor-de-sealizacion-digital-de-110-p-uso-16-7-500-nits-uso-en-horizontal-entradas-hdmi3-dp-usb-2-02-rs232c-rj45-audio-ir\/"]}]},{"@type":"BreadcrumbList","@id":"https:\/\/compuviper.mx\/tienda\/producto\/lg-110um5k-monitor-de-sealizacion-digital-de-110-p-uso-16-7-500-nits-uso-en-horizontal-entradas-hdmi3-dp-usb-2-02-rs232c-rj45-audio-ir\/#breadcrumb","itemListElement":[{"@type":"ListItem","position":1,"name":"Inicio","item":"https:\/\/compuviper.mx\/tienda\/"},{"@type":"ListItem","position":2,"name":"Productos","item":"https:\/\/compuviper.mx\/tienda\/productos\/"},{"@type":"ListItem","position":3,"name":"Monitores","item":"https:\/\/compuviper.mx\/tienda\/categoria-producto\/monitores\/"},{"@type":"ListItem","position":4,"name":"Led","item":"https:\/\/compuviper.mx\/tienda\/categoria-producto\/monitores\/led\/"},{"@type":"ListItem","position":5,"name":"Lg 110um5k Monitor De Se?alizacion Digital De 110 P, Uso 16\/7, 500 Nits Uso En Horizontal Entradas Hdmi3 \/dp\/usb 2.02\/ Rs232c\/ Rj45\/ Audio\/ Ir"}]},{"@type":"WebSite","@id":"https:\/\/compuviper.mx\/tienda\/#website","url":"https:\/\/compuviper.mx\/tienda\/","name":"Compuviper","description":"Proveedor de Computadoras, Laptops, Servidores, Monitores, Puntos de Venta, Teclados,   Impresoras, T\u00f3ner, C\u00e1maras de Seguridad y m\u00e1s en tu tienda en l\u00ednea","publisher":{"@id":"https:\/\/compuviper.mx\/tienda\/#organization"},"potentialAction":[{"@type":"SearchAction","target":{"@type":"EntryPoint","urlTemplate":"https:\/\/compuviper.mx\/tienda\/?s={search_term_string}"},"query-input":"required name=search_term_string"}],"inLanguage":"es-MX"},{"@type":"Organization","@id":"https:\/\/compuviper.mx\/tienda\/#organization","name":"Compuviper","url":"https:\/\/compuviper.mx\/tienda\/","logo":{"@type":"ImageObject","inLanguage":"es-MX","@id":"https:\/\/compuviper.mx\/tienda\/#\/schema\/logo\/image\/","url":"https:\/\/compuviper.mx\/tienda\/wp-content\/uploads\/2021\/08\/Logo-Compuviper-10.png","contentUrl":"https:\/\/compuviper.mx\/tienda\/wp-content\/uploads\/2021\/08\/Logo-Compuviper-10.png","width":1000,"height":500,"caption":"Compuviper"},"image":{"@id":"https:\/\/compuviper.mx\/tienda\/#\/schema\/logo\/image\/"},"sameAs":["https:\/\/www.facebook.com\/compuviper","https:\/\/www.youtube.com\/channel\/UCf73dERp9Y3cfOq7q8BhLjA?view_as=subscriber"]}]},"product_brand":"LG","product_price_amount":"255531","product_price_currency":"MXN","og_availability":"instock","product_availability":"instock","product_retailer_item_id":"110UM5K","product_condition":"new"},"_links":{"self":[{"href":"https:\/\/compuviper.mx\/tienda\/wp-json\/wp\/v2\/product\/254941"}],"collection":[{"href":"https:\/\/compuviper.mx\/tienda\/wp-json\/wp\/v2\/product"}],"about":[{"href":"https:\/\/compuviper.mx\/tienda\/wp-json\/wp\/v2\/types\/product"}],"replies":[{"embeddable":true,"href":"https:\/\/compuviper.mx\/tienda\/wp-json\/wp\/v2\/comments?post=254941"}],"wp:featuredmedia":[{"embeddable":true,"href":"https:\/\/compuviper.mx\/tienda\/wp-json\/wp\/v2\/media\/259961"}],"wp:attachment":[{"href":"https:\/\/compuviper.mx\/tienda\/wp-json\/wp\/v2\/media?parent=254941"}],"wp:term":[{"taxonomy":"product_cat","embeddable":true,"href":"https:\/\/compuviper.mx\/tienda\/wp-json\/wp\/v2\/product_cat?post=254941"},{"taxonomy":"product_tag","embeddable":true,"href":"https:\/\/compuviper.mx\/tienda\/wp-json\/wp\/v2\/product_tag?post=254941"}],"curies":[{"name":"wp","href":"https:\/\/api.w.org\/{rel}","templated":true}]}}