{"id":254856,"date":"2026-04-28T01:56:57","date_gmt":"2026-04-28T07:56:57","guid":{"rendered":"https:\/\/compuviper.mx\/tienda\/producto\/zk-teco-pds3000-escaner-portable-zkteco-cmara-dual-para-captura-de-imagen-de-documentos-y-visitantes\/"},"modified":"2026-04-28T01:56:57","modified_gmt":"2026-04-28T07:56:57","slug":"zk-teco-pds3000-escaner-portable-zkteco-cmara-dual-para-captura-de-imagen-de-documentos-y-visitantes","status":"publish","type":"product","link":"https:\/\/compuviper.mx\/tienda\/producto\/zk-teco-pds3000-escaner-portable-zkteco-cmara-dual-para-captura-de-imagen-de-documentos-y-visitantes\/","title":{"rendered":"Zk Teco Pds3000 Escaner Portable  Zkteco  C?mara Dual Para Captura De Imagen De Documentos Y Visitantes"},"content":{"rendered":"<table class=\"descripcion\">\n<tr>\n<td>Especificaciones t\u00e9cnicas<\/td>\n<\/tr>\n<tr>\n<td>Sensor de imagen:<\/td>\n<\/tr>\n<tr>\n<td>5 mp (c\u00e1mara superior)\/<\/td>\n<\/tr>\n<tr>\n<td>2mp (c\u00e1mara inferior)<\/td>\n<\/tr>\n<tr>\n<td>Resoluci\u00f3n:<\/td>\n<\/tr>\n<tr>\n<td>2592 x 1944<\/td>\n<\/tr>\n<tr>\n<td>Tama\u00f1o para escaneo:<\/td>\n<\/tr>\n<tr>\n<td>A3, a4, a5, a6, tarjetas<\/td>\n<\/tr>\n<tr>\n<td>De presentaci\u00f3n, credenciales.<\/td>\n<\/tr>\n<tr>\n<td>Velocidad:<\/td>\n<\/tr>\n<tr>\n<td>1 segundo<\/td>\n<\/tr>\n<tr>\n<td>Sensor:<\/td>\n<\/tr>\n<tr>\n<td>Cmos<\/td>\n<\/tr>\n<tr>\n<td>Iluminaci\u00f3n:<\/td>\n<\/tr>\n<tr>\n<td>Natural + luz adicional led<\/td>\n<\/tr>\n<tr>\n<td>(lente gran angular)<\/td>\n<\/tr>\n<tr>\n<td>Fuente de alimentaci\u00f3n:<\/td>\n<\/tr>\n<tr>\n<td>Usb<\/td>\n<\/tr>\n<tr>\n<td>Interfaz:<\/td>\n<\/tr>\n<tr>\n<td>Usb 2.0, 4 puertos usb<\/td>\n<\/tr>\n<tr>\n<td>Certi\u00ef\u00ac\u0081caci\u00f3n:<\/td>\n<\/tr>\n<tr>\n<td>Ce \/ rohs \/ fcc<\/td>\n<\/tr>\n<tr>\n<td>Requerimientos de sistema:<\/td>\n<\/tr>\n<tr>\n<td>Win7, win8, win10<\/td>\n<\/tr>\n<\/table>\n","protected":false},"excerpt":{"rendered":"<p>El pds3000 es un dispositivo con doble c\u00e1mara de alta velocidad para documentos de identi\u00ef\u00ac\u0081caci\u00f3n el cual se utiliza principalmente con el m\u00f3dulo del personal y visitantes de la plataforma zkbiosecurity. El esc\u00e1ner cuenta con dos c\u00e1maras, una para la captura de fotograf\u00edas de los visitantes y otra para el escaneo de los documentos de identidad. El pds3000 puede funcionar para tomar una fotograf\u00eda del visitante adem\u00e1s de una fotograf\u00eda de una identificaci\u00f3n. Se debe contar con licencia para gesti\u00f3n de visitantes del software zkbiosecurity<\/p>\n","protected":false},"featured_media":260775,"comment_status":"open","ping_status":"open","template":"","meta":[],"product_cat":[1805,1807],"product_tag":[1565],"acf":[],"yoast_head":"<!-- This site is optimized with the Yoast SEO plugin v21.7 - https:\/\/yoast.com\/wordpress\/plugins\/seo\/ -->\n<title>[ Zk Teco ] &#129351; Pds3000 Escaner Portable Zkteco C\u00e1mara Dual Para Captura De Imagen De Documentos Y Visitantes<\/title>\n<meta name=\"description\" content=\"Compra Pds3000 Escaner Portable Zkteco C\u00e1mara Dual Para Captura De Imagen De Documentos Y Visitantes + Env\u00edo a domicilio + Pago seguro + Garant\u00eda\" \/>\n<meta name=\"robots\" content=\"index, follow, max-snippet:-1, max-image-preview:large, max-video-preview:-1\" \/>\n<link rel=\"canonical\" href=\"https:\/\/compuviper.mx\/tienda\/producto\/zk-teco-pds3000-escaner-portable-zkteco-cmara-dual-para-captura-de-imagen-de-documentos-y-visitantes\/\" \/>\n<meta property=\"og:locale\" content=\"es_MX\" \/>\n<meta property=\"og:type\" content=\"article\" \/>\n<meta property=\"og:title\" content=\"[ Zk Teco ] &#129351; Pds3000 Escaner Portable Zkteco C\u00e1mara Dual Para Captura De Imagen De Documentos Y Visitantes\" \/>\n<meta property=\"og:description\" content=\"Compra Pds3000 Escaner Portable Zkteco C\u00e1mara Dual Para Captura De Imagen De Documentos Y Visitantes + Env\u00edo a domicilio + Pago seguro + Garant\u00eda\" \/>\n<meta property=\"og:url\" content=\"https:\/\/compuviper.mx\/tienda\/producto\/zk-teco-pds3000-escaner-portable-zkteco-cmara-dual-para-captura-de-imagen-de-documentos-y-visitantes\/\" \/>\n<meta property=\"og:site_name\" content=\"Compuviper\" \/>\n<meta property=\"article:publisher\" content=\"https:\/\/www.facebook.com\/compuviper\" \/>\n<meta property=\"og:image\" content=\"https:\/\/compuviper.mx\/tienda\/wp-content\/uploads\/2025\/10\/Escaner-portable-zkteco-camara-dual-para-captura-de-imagen-de-documentos-y-visitantes.jpg\" \/>\n\t<meta property=\"og:image:width\" content=\"200\" \/>\n\t<meta property=\"og:image:height\" content=\"200\" \/>\n\t<meta property=\"og:image:type\" content=\"image\/jpeg\" \/>\n<meta name=\"twitter:card\" content=\"summary_large_image\" \/>\n<meta name=\"twitter:label1\" content=\"Precio\" \/>\n\t<meta name=\"twitter:data1\" content=\"&#36;9,395 con IVA\" \/>\n\t<meta name=\"twitter:label2\" content=\"Availability\" \/>\n\t<meta name=\"twitter:data2\" content=\"On backorder\" \/>\n<script type=\"application\/ld+json\" class=\"yoast-schema-graph\">{\"@context\":\"https:\/\/schema.org\",\"@graph\":[{\"@type\":\"WebPage\",\"@id\":\"https:\/\/compuviper.mx\/tienda\/producto\/zk-teco-pds3000-escaner-portable-zkteco-cmara-dual-para-captura-de-imagen-de-documentos-y-visitantes\/\",\"url\":\"https:\/\/compuviper.mx\/tienda\/producto\/zk-teco-pds3000-escaner-portable-zkteco-cmara-dual-para-captura-de-imagen-de-documentos-y-visitantes\/\",\"name\":\"[ Zk Teco ] &#129351; Pds3000 Escaner Portable Zkteco C\u00e1mara Dual Para Captura De Imagen De Documentos Y Visitantes\",\"isPartOf\":{\"@id\":\"https:\/\/compuviper.mx\/tienda\/#website\"},\"datePublished\":\"2026-04-28T07:56:57+00:00\",\"dateModified\":\"2026-04-28T07:56:57+00:00\",\"description\":\"Compra Pds3000 Escaner Portable Zkteco C\u00e1mara Dual Para Captura De Imagen De Documentos Y Visitantes + Env\u00edo a domicilio + Pago seguro + Garant\u00eda\",\"breadcrumb\":{\"@id\":\"https:\/\/compuviper.mx\/tienda\/producto\/zk-teco-pds3000-escaner-portable-zkteco-cmara-dual-para-captura-de-imagen-de-documentos-y-visitantes\/#breadcrumb\"},\"inLanguage\":\"es-MX\",\"potentialAction\":[{\"@type\":\"ReadAction\",\"target\":[\"https:\/\/compuviper.mx\/tienda\/producto\/zk-teco-pds3000-escaner-portable-zkteco-cmara-dual-para-captura-de-imagen-de-documentos-y-visitantes\/\"]}]},{\"@type\":\"BreadcrumbList\",\"@id\":\"https:\/\/compuviper.mx\/tienda\/producto\/zk-teco-pds3000-escaner-portable-zkteco-cmara-dual-para-captura-de-imagen-de-documentos-y-visitantes\/#breadcrumb\",\"itemListElement\":[{\"@type\":\"ListItem\",\"position\":1,\"name\":\"Inicio\",\"item\":\"https:\/\/compuviper.mx\/tienda\/\"},{\"@type\":\"ListItem\",\"position\":2,\"name\":\"Productos\",\"item\":\"https:\/\/compuviper.mx\/tienda\/productos\/\"},{\"@type\":\"ListItem\",\"position\":3,\"name\":\"Scanner\",\"item\":\"https:\/\/compuviper.mx\/tienda\/categoria-producto\/scanner\/\"},{\"@type\":\"ListItem\",\"position\":4,\"name\":\"Scanner Documentos\",\"item\":\"https:\/\/compuviper.mx\/tienda\/categoria-producto\/scanner\/scanner-documentos\/\"},{\"@type\":\"ListItem\",\"position\":5,\"name\":\"Zk Teco Pds3000 Escaner Portable Zkteco C?mara Dual Para Captura De Imagen De Documentos Y Visitantes\"}]},{\"@type\":\"WebSite\",\"@id\":\"https:\/\/compuviper.mx\/tienda\/#website\",\"url\":\"https:\/\/compuviper.mx\/tienda\/\",\"name\":\"Compuviper\",\"description\":\"Proveedor de Computadoras, Laptops, Servidores, Monitores, Puntos de Venta, Teclados,   Impresoras, T\u00f3ner, C\u00e1maras de Seguridad y m\u00e1s en tu tienda en l\u00ednea\",\"publisher\":{\"@id\":\"https:\/\/compuviper.mx\/tienda\/#organization\"},\"potentialAction\":[{\"@type\":\"SearchAction\",\"target\":{\"@type\":\"EntryPoint\",\"urlTemplate\":\"https:\/\/compuviper.mx\/tienda\/?s={search_term_string}\"},\"query-input\":\"required name=search_term_string\"}],\"inLanguage\":\"es-MX\"},{\"@type\":\"Organization\",\"@id\":\"https:\/\/compuviper.mx\/tienda\/#organization\",\"name\":\"Compuviper\",\"url\":\"https:\/\/compuviper.mx\/tienda\/\",\"logo\":{\"@type\":\"ImageObject\",\"inLanguage\":\"es-MX\",\"@id\":\"https:\/\/compuviper.mx\/tienda\/#\/schema\/logo\/image\/\",\"url\":\"https:\/\/compuviper.mx\/tienda\/wp-content\/uploads\/2021\/08\/Logo-Compuviper-10.png\",\"contentUrl\":\"https:\/\/compuviper.mx\/tienda\/wp-content\/uploads\/2021\/08\/Logo-Compuviper-10.png\",\"width\":1000,\"height\":500,\"caption\":\"Compuviper\"},\"image\":{\"@id\":\"https:\/\/compuviper.mx\/tienda\/#\/schema\/logo\/image\/\"},\"sameAs\":[\"https:\/\/www.facebook.com\/compuviper\",\"https:\/\/www.youtube.com\/channel\/UCf73dERp9Y3cfOq7q8BhLjA?view_as=subscriber\"]}]}<\/script>\n<meta property=\"product:brand\" content=\"ZK TECO\" \/>\n<meta property=\"product:price:amount\" content=\"9395\" \/>\n<meta property=\"product:price:currency\" content=\"MXN\" \/>\n<meta property=\"og:availability\" content=\"backorder\" \/>\n<meta property=\"product:availability\" content=\"available for order\" \/>\n<meta property=\"product:retailer_item_id\" content=\"PDS3000\" \/>\n<meta property=\"product:condition\" content=\"new\" \/>\n<!-- \/ Yoast SEO plugin. -->","yoast_head_json":{"title":"[ Zk Teco ] &#129351; Pds3000 Escaner Portable Zkteco C\u00e1mara Dual Para Captura De Imagen De Documentos Y Visitantes","description":"Compra Pds3000 Escaner Portable Zkteco C\u00e1mara Dual Para Captura De Imagen De Documentos Y Visitantes + Env\u00edo a domicilio + Pago seguro + Garant\u00eda","robots":{"index":"index","follow":"follow","max-snippet":"max-snippet:-1","max-image-preview":"max-image-preview:large","max-video-preview":"max-video-preview:-1"},"canonical":"https:\/\/compuviper.mx\/tienda\/producto\/zk-teco-pds3000-escaner-portable-zkteco-cmara-dual-para-captura-de-imagen-de-documentos-y-visitantes\/","og_locale":"es_MX","og_type":"article","og_title":"[ Zk Teco ] &#129351; Pds3000 Escaner Portable Zkteco C\u00e1mara Dual Para Captura De Imagen De Documentos Y Visitantes","og_description":"Compra Pds3000 Escaner Portable Zkteco C\u00e1mara Dual Para Captura De Imagen De Documentos Y Visitantes + Env\u00edo a domicilio + Pago seguro + Garant\u00eda","og_url":"https:\/\/compuviper.mx\/tienda\/producto\/zk-teco-pds3000-escaner-portable-zkteco-cmara-dual-para-captura-de-imagen-de-documentos-y-visitantes\/","og_site_name":"Compuviper","article_publisher":"https:\/\/www.facebook.com\/compuviper","og_image":[{"width":200,"height":200,"url":"https:\/\/compuviper.mx\/tienda\/wp-content\/uploads\/2025\/10\/Escaner-portable-zkteco-camara-dual-para-captura-de-imagen-de-documentos-y-visitantes.jpg","type":"image\/jpeg"}],"twitter_card":"summary_large_image","twitter_misc":{"Precio":"&#36;9,395 con IVA","Availability":"On backorder"},"schema":{"@context":"https:\/\/schema.org","@graph":[{"@type":"WebPage","@id":"https:\/\/compuviper.mx\/tienda\/producto\/zk-teco-pds3000-escaner-portable-zkteco-cmara-dual-para-captura-de-imagen-de-documentos-y-visitantes\/","url":"https:\/\/compuviper.mx\/tienda\/producto\/zk-teco-pds3000-escaner-portable-zkteco-cmara-dual-para-captura-de-imagen-de-documentos-y-visitantes\/","name":"[ Zk Teco ] &#129351; Pds3000 Escaner Portable Zkteco C\u00e1mara Dual Para Captura De Imagen De Documentos Y Visitantes","isPartOf":{"@id":"https:\/\/compuviper.mx\/tienda\/#website"},"datePublished":"2026-04-28T07:56:57+00:00","dateModified":"2026-04-28T07:56:57+00:00","description":"Compra Pds3000 Escaner Portable Zkteco C\u00e1mara Dual Para Captura De Imagen De Documentos Y Visitantes + Env\u00edo a domicilio + Pago seguro + Garant\u00eda","breadcrumb":{"@id":"https:\/\/compuviper.mx\/tienda\/producto\/zk-teco-pds3000-escaner-portable-zkteco-cmara-dual-para-captura-de-imagen-de-documentos-y-visitantes\/#breadcrumb"},"inLanguage":"es-MX","potentialAction":[{"@type":"ReadAction","target":["https:\/\/compuviper.mx\/tienda\/producto\/zk-teco-pds3000-escaner-portable-zkteco-cmara-dual-para-captura-de-imagen-de-documentos-y-visitantes\/"]}]},{"@type":"BreadcrumbList","@id":"https:\/\/compuviper.mx\/tienda\/producto\/zk-teco-pds3000-escaner-portable-zkteco-cmara-dual-para-captura-de-imagen-de-documentos-y-visitantes\/#breadcrumb","itemListElement":[{"@type":"ListItem","position":1,"name":"Inicio","item":"https:\/\/compuviper.mx\/tienda\/"},{"@type":"ListItem","position":2,"name":"Productos","item":"https:\/\/compuviper.mx\/tienda\/productos\/"},{"@type":"ListItem","position":3,"name":"Scanner","item":"https:\/\/compuviper.mx\/tienda\/categoria-producto\/scanner\/"},{"@type":"ListItem","position":4,"name":"Scanner Documentos","item":"https:\/\/compuviper.mx\/tienda\/categoria-producto\/scanner\/scanner-documentos\/"},{"@type":"ListItem","position":5,"name":"Zk Teco Pds3000 Escaner Portable Zkteco C?mara Dual Para Captura De Imagen De Documentos Y Visitantes"}]},{"@type":"WebSite","@id":"https:\/\/compuviper.mx\/tienda\/#website","url":"https:\/\/compuviper.mx\/tienda\/","name":"Compuviper","description":"Proveedor de Computadoras, Laptops, Servidores, Monitores, Puntos de Venta, Teclados,   Impresoras, T\u00f3ner, C\u00e1maras de Seguridad y m\u00e1s en tu tienda en l\u00ednea","publisher":{"@id":"https:\/\/compuviper.mx\/tienda\/#organization"},"potentialAction":[{"@type":"SearchAction","target":{"@type":"EntryPoint","urlTemplate":"https:\/\/compuviper.mx\/tienda\/?s={search_term_string}"},"query-input":"required name=search_term_string"}],"inLanguage":"es-MX"},{"@type":"Organization","@id":"https:\/\/compuviper.mx\/tienda\/#organization","name":"Compuviper","url":"https:\/\/compuviper.mx\/tienda\/","logo":{"@type":"ImageObject","inLanguage":"es-MX","@id":"https:\/\/compuviper.mx\/tienda\/#\/schema\/logo\/image\/","url":"https:\/\/compuviper.mx\/tienda\/wp-content\/uploads\/2021\/08\/Logo-Compuviper-10.png","contentUrl":"https:\/\/compuviper.mx\/tienda\/wp-content\/uploads\/2021\/08\/Logo-Compuviper-10.png","width":1000,"height":500,"caption":"Compuviper"},"image":{"@id":"https:\/\/compuviper.mx\/tienda\/#\/schema\/logo\/image\/"},"sameAs":["https:\/\/www.facebook.com\/compuviper","https:\/\/www.youtube.com\/channel\/UCf73dERp9Y3cfOq7q8BhLjA?view_as=subscriber"]}]},"product_brand":"ZK TECO","product_price_amount":"9395","product_price_currency":"MXN","og_availability":"backorder","product_availability":"available for order","product_retailer_item_id":"PDS3000","product_condition":"new"},"_links":{"self":[{"href":"https:\/\/compuviper.mx\/tienda\/wp-json\/wp\/v2\/product\/254856"}],"collection":[{"href":"https:\/\/compuviper.mx\/tienda\/wp-json\/wp\/v2\/product"}],"about":[{"href":"https:\/\/compuviper.mx\/tienda\/wp-json\/wp\/v2\/types\/product"}],"replies":[{"embeddable":true,"href":"https:\/\/compuviper.mx\/tienda\/wp-json\/wp\/v2\/comments?post=254856"}],"wp:featuredmedia":[{"embeddable":true,"href":"https:\/\/compuviper.mx\/tienda\/wp-json\/wp\/v2\/media\/260775"}],"wp:attachment":[{"href":"https:\/\/compuviper.mx\/tienda\/wp-json\/wp\/v2\/media?parent=254856"}],"wp:term":[{"taxonomy":"product_cat","embeddable":true,"href":"https:\/\/compuviper.mx\/tienda\/wp-json\/wp\/v2\/product_cat?post=254856"},{"taxonomy":"product_tag","embeddable":true,"href":"https:\/\/compuviper.mx\/tienda\/wp-json\/wp\/v2\/product_tag?post=254856"}],"curies":[{"name":"wp","href":"https:\/\/api.w.org\/{rel}","templated":true}]}}