{"id":254853,"date":"2026-04-02T01:59:21","date_gmt":"2026-04-02T07:59:21","guid":{"rendered":"https:\/\/compuviper.mx\/tienda\/producto\/vorago-sc-302-v2-scooter-electrico-sc-302-v2-250w-36v-8-5\/"},"modified":"2026-04-02T01:59:21","modified_gmt":"2026-04-02T07:59:21","slug":"vorago-sc-302-v2-patin-electrico-sc-302-v2-250w-36v-8-5","status":"publish","type":"product","link":"https:\/\/compuviper.mx\/tienda\/producto\/vorago-sc-302-v2-patin-electrico-sc-302-v2-250w-36v-8-5\/","title":{"rendered":"Vorago Sc-302-v2 Patin Electrico \/  \/ Sc-302 V2 , 250w 36v, 8.5"},"content":{"rendered":"<table class=\"descripcion\">\n<tr>\n<td>Articulo: scooter electrico<\/td>\n<\/tr>\n<tr>\n<td>Voltaje: 29.4v 1.5a<\/td>\n<\/tr>\n<tr>\n<td>Motor: potencia base 250w \/<\/td>\n<\/tr>\n<tr>\n<td>Boost 400w<\/td>\n<\/tr>\n<tr>\n<td>Velocidad maxima: 25 km\/h<\/td>\n<\/tr>\n<tr>\n<td>Grados de<\/td>\n<\/tr>\n<tr>\n<td>Pendiente: 15\u00ba<\/td>\n<\/tr>\n<tr>\n<td>Peso maximo<\/td>\n<\/tr>\n<tr>\n<td>Soportado: 120 kg<\/td>\n<\/tr>\n<tr>\n<td>Bateria: 36v 6000mah<\/td>\n<\/tr>\n<tr>\n<td>Tiempo de carga: 4 hrs<\/td>\n<\/tr>\n<tr>\n<td>Peso: 15.7 kg<\/td>\n<\/tr>\n<tr>\n<td>Dimensiones: 1120x 180 x 545 mm<\/td>\n<\/tr>\n<tr>\n<td>Autonomia 20 &#8211; 25 km*<\/td>\n<\/tr>\n<\/table>\n","protected":false},"excerpt":{"rendered":"<p>El camino jamas sera aburrido si lo recorres en un scooter sc-302-v2, que es tan veloz y resistente, que querras hacer todos tus trayectos en el. Sientete seguro con su innovador sistema de frenado y cuando no lo utilices, guardalo facilmente en cualquier espacio gracias a su cuerpo plegable.<\/p>\n","protected":false},"featured_media":260770,"comment_status":"open","ping_status":"open","template":"","meta":[],"product_cat":[2183,2184],"product_tag":[2294],"acf":[],"yoast_head":"<!-- This site is optimized with the Yoast SEO plugin v21.7 - https:\/\/yoast.com\/wordpress\/plugins\/seo\/ -->\n<title>[ Vorago ] &#129351; Sc-302-v2 Patin Electrico \/ \/ Sc-302 V2 , 250w 36v, 8.5<\/title>\n<meta name=\"description\" content=\"Compra Sc-302-v2 Patin Electrico \/ \/ Sc-302 V2 , 250w 36v, 8.5 + Env\u00edo a domicilio + Pago seguro + Garant\u00eda\" \/>\n<meta name=\"robots\" content=\"index, follow, max-snippet:-1, max-image-preview:large, max-video-preview:-1\" \/>\n<link rel=\"canonical\" href=\"https:\/\/compuviper.mx\/tienda\/producto\/vorago-sc-302-v2-patin-electrico-sc-302-v2-250w-36v-8-5\/\" \/>\n<meta property=\"og:locale\" content=\"es_MX\" \/>\n<meta property=\"og:type\" content=\"article\" \/>\n<meta property=\"og:title\" content=\"[ Vorago ] &#129351; Sc-302-v2 Patin Electrico \/ \/ Sc-302 V2 , 250w 36v, 8.5\" \/>\n<meta property=\"og:description\" content=\"Compra Sc-302-v2 Patin Electrico \/ \/ Sc-302 V2 , 250w 36v, 8.5 + Env\u00edo a domicilio + Pago seguro + Garant\u00eda\" \/>\n<meta property=\"og:url\" content=\"https:\/\/compuviper.mx\/tienda\/producto\/vorago-sc-302-v2-patin-electrico-sc-302-v2-250w-36v-8-5\/\" \/>\n<meta property=\"og:site_name\" content=\"Compuviper\" \/>\n<meta property=\"article:publisher\" content=\"https:\/\/www.facebook.com\/compuviper\" \/>\n<meta property=\"og:image\" content=\"https:\/\/compuviper.mx\/tienda\/wp-content\/uploads\/2025\/10\/Patin-electrico-vorago-sc-302-v2-250w-36v-8.5.jpg\" \/>\n\t<meta property=\"og:image:width\" content=\"200\" \/>\n\t<meta property=\"og:image:height\" content=\"200\" \/>\n\t<meta property=\"og:image:type\" content=\"image\/jpeg\" \/>\n<meta name=\"twitter:card\" content=\"summary_large_image\" \/>\n<meta name=\"twitter:label1\" content=\"Precio\" \/>\n\t<meta name=\"twitter:data1\" content=\"&#36;4,938 con IVA\" \/>\n\t<meta name=\"twitter:label2\" content=\"Availability\" \/>\n\t<meta name=\"twitter:data2\" content=\"In stock\" \/>\n<script type=\"application\/ld+json\" class=\"yoast-schema-graph\">{\"@context\":\"https:\/\/schema.org\",\"@graph\":[{\"@type\":\"WebPage\",\"@id\":\"https:\/\/compuviper.mx\/tienda\/producto\/vorago-sc-302-v2-patin-electrico-sc-302-v2-250w-36v-8-5\/\",\"url\":\"https:\/\/compuviper.mx\/tienda\/producto\/vorago-sc-302-v2-patin-electrico-sc-302-v2-250w-36v-8-5\/\",\"name\":\"[ Vorago ] &#129351; Sc-302-v2 Patin Electrico \/ \/ Sc-302 V2 , 250w 36v, 8.5\",\"isPartOf\":{\"@id\":\"https:\/\/compuviper.mx\/tienda\/#website\"},\"datePublished\":\"2026-04-02T07:59:21+00:00\",\"dateModified\":\"2026-04-02T07:59:21+00:00\",\"description\":\"Compra Sc-302-v2 Patin Electrico \/ \/ Sc-302 V2 , 250w 36v, 8.5 + Env\u00edo a domicilio + Pago seguro + Garant\u00eda\",\"breadcrumb\":{\"@id\":\"https:\/\/compuviper.mx\/tienda\/producto\/vorago-sc-302-v2-patin-electrico-sc-302-v2-250w-36v-8-5\/#breadcrumb\"},\"inLanguage\":\"es-MX\",\"potentialAction\":[{\"@type\":\"ReadAction\",\"target\":[\"https:\/\/compuviper.mx\/tienda\/producto\/vorago-sc-302-v2-patin-electrico-sc-302-v2-250w-36v-8-5\/\"]}]},{\"@type\":\"BreadcrumbList\",\"@id\":\"https:\/\/compuviper.mx\/tienda\/producto\/vorago-sc-302-v2-patin-electrico-sc-302-v2-250w-36v-8-5\/#breadcrumb\",\"itemListElement\":[{\"@type\":\"ListItem\",\"position\":1,\"name\":\"Inicio\",\"item\":\"https:\/\/compuviper.mx\/tienda\/\"},{\"@type\":\"ListItem\",\"position\":2,\"name\":\"Productos\",\"item\":\"https:\/\/compuviper.mx\/tienda\/productos\/\"},{\"@type\":\"ListItem\",\"position\":3,\"name\":\"Scooters\",\"item\":\"https:\/\/compuviper.mx\/tienda\/categoria-producto\/scooters\/\"},{\"@type\":\"ListItem\",\"position\":4,\"name\":\"Sin Categor\u00eda\",\"item\":\"https:\/\/compuviper.mx\/tienda\/categoria-producto\/scooters\/sin-categoria-scooters\/\"},{\"@type\":\"ListItem\",\"position\":5,\"name\":\"Vorago Sc-302-v2 Patin Electrico \/ \/ Sc-302 V2 , 250w 36v, 8.5\"}]},{\"@type\":\"WebSite\",\"@id\":\"https:\/\/compuviper.mx\/tienda\/#website\",\"url\":\"https:\/\/compuviper.mx\/tienda\/\",\"name\":\"Compuviper\",\"description\":\"Proveedor de Computadoras, Laptops, Servidores, Monitores, Puntos de Venta, Teclados,   Impresoras, T\u00f3ner, C\u00e1maras de Seguridad y m\u00e1s en tu tienda en l\u00ednea\",\"publisher\":{\"@id\":\"https:\/\/compuviper.mx\/tienda\/#organization\"},\"potentialAction\":[{\"@type\":\"SearchAction\",\"target\":{\"@type\":\"EntryPoint\",\"urlTemplate\":\"https:\/\/compuviper.mx\/tienda\/?s={search_term_string}\"},\"query-input\":\"required name=search_term_string\"}],\"inLanguage\":\"es-MX\"},{\"@type\":\"Organization\",\"@id\":\"https:\/\/compuviper.mx\/tienda\/#organization\",\"name\":\"Compuviper\",\"url\":\"https:\/\/compuviper.mx\/tienda\/\",\"logo\":{\"@type\":\"ImageObject\",\"inLanguage\":\"es-MX\",\"@id\":\"https:\/\/compuviper.mx\/tienda\/#\/schema\/logo\/image\/\",\"url\":\"https:\/\/compuviper.mx\/tienda\/wp-content\/uploads\/2021\/08\/Logo-Compuviper-10.png\",\"contentUrl\":\"https:\/\/compuviper.mx\/tienda\/wp-content\/uploads\/2021\/08\/Logo-Compuviper-10.png\",\"width\":1000,\"height\":500,\"caption\":\"Compuviper\"},\"image\":{\"@id\":\"https:\/\/compuviper.mx\/tienda\/#\/schema\/logo\/image\/\"},\"sameAs\":[\"https:\/\/www.facebook.com\/compuviper\",\"https:\/\/www.youtube.com\/channel\/UCf73dERp9Y3cfOq7q8BhLjA?view_as=subscriber\"]}]}<\/script>\n<meta property=\"product:brand\" content=\"Vorago\" \/>\n<meta property=\"product:price:amount\" content=\"4938\" \/>\n<meta property=\"product:price:currency\" content=\"MXN\" \/>\n<meta property=\"og:availability\" content=\"instock\" \/>\n<meta property=\"product:availability\" content=\"instock\" \/>\n<meta property=\"product:retailer_item_id\" content=\"SC-302-V2\" \/>\n<meta property=\"product:condition\" content=\"new\" \/>\n<!-- \/ Yoast SEO plugin. -->","yoast_head_json":{"title":"[ Vorago ] &#129351; Sc-302-v2 Patin Electrico \/ \/ Sc-302 V2 , 250w 36v, 8.5","description":"Compra Sc-302-v2 Patin Electrico \/ \/ Sc-302 V2 , 250w 36v, 8.5 + Env\u00edo a domicilio + Pago seguro + Garant\u00eda","robots":{"index":"index","follow":"follow","max-snippet":"max-snippet:-1","max-image-preview":"max-image-preview:large","max-video-preview":"max-video-preview:-1"},"canonical":"https:\/\/compuviper.mx\/tienda\/producto\/vorago-sc-302-v2-patin-electrico-sc-302-v2-250w-36v-8-5\/","og_locale":"es_MX","og_type":"article","og_title":"[ Vorago ] &#129351; Sc-302-v2 Patin Electrico \/ \/ Sc-302 V2 , 250w 36v, 8.5","og_description":"Compra Sc-302-v2 Patin Electrico \/ \/ Sc-302 V2 , 250w 36v, 8.5 + Env\u00edo a domicilio + Pago seguro + Garant\u00eda","og_url":"https:\/\/compuviper.mx\/tienda\/producto\/vorago-sc-302-v2-patin-electrico-sc-302-v2-250w-36v-8-5\/","og_site_name":"Compuviper","article_publisher":"https:\/\/www.facebook.com\/compuviper","og_image":[{"width":200,"height":200,"url":"https:\/\/compuviper.mx\/tienda\/wp-content\/uploads\/2025\/10\/Patin-electrico-vorago-sc-302-v2-250w-36v-8.5.jpg","type":"image\/jpeg"}],"twitter_card":"summary_large_image","twitter_misc":{"Precio":"&#36;4,938 con IVA","Availability":"In stock"},"schema":{"@context":"https:\/\/schema.org","@graph":[{"@type":"WebPage","@id":"https:\/\/compuviper.mx\/tienda\/producto\/vorago-sc-302-v2-patin-electrico-sc-302-v2-250w-36v-8-5\/","url":"https:\/\/compuviper.mx\/tienda\/producto\/vorago-sc-302-v2-patin-electrico-sc-302-v2-250w-36v-8-5\/","name":"[ Vorago ] &#129351; Sc-302-v2 Patin Electrico \/ \/ Sc-302 V2 , 250w 36v, 8.5","isPartOf":{"@id":"https:\/\/compuviper.mx\/tienda\/#website"},"datePublished":"2026-04-02T07:59:21+00:00","dateModified":"2026-04-02T07:59:21+00:00","description":"Compra Sc-302-v2 Patin Electrico \/ \/ Sc-302 V2 , 250w 36v, 8.5 + Env\u00edo a domicilio + Pago seguro + Garant\u00eda","breadcrumb":{"@id":"https:\/\/compuviper.mx\/tienda\/producto\/vorago-sc-302-v2-patin-electrico-sc-302-v2-250w-36v-8-5\/#breadcrumb"},"inLanguage":"es-MX","potentialAction":[{"@type":"ReadAction","target":["https:\/\/compuviper.mx\/tienda\/producto\/vorago-sc-302-v2-patin-electrico-sc-302-v2-250w-36v-8-5\/"]}]},{"@type":"BreadcrumbList","@id":"https:\/\/compuviper.mx\/tienda\/producto\/vorago-sc-302-v2-patin-electrico-sc-302-v2-250w-36v-8-5\/#breadcrumb","itemListElement":[{"@type":"ListItem","position":1,"name":"Inicio","item":"https:\/\/compuviper.mx\/tienda\/"},{"@type":"ListItem","position":2,"name":"Productos","item":"https:\/\/compuviper.mx\/tienda\/productos\/"},{"@type":"ListItem","position":3,"name":"Scooters","item":"https:\/\/compuviper.mx\/tienda\/categoria-producto\/scooters\/"},{"@type":"ListItem","position":4,"name":"Sin Categor\u00eda","item":"https:\/\/compuviper.mx\/tienda\/categoria-producto\/scooters\/sin-categoria-scooters\/"},{"@type":"ListItem","position":5,"name":"Vorago Sc-302-v2 Patin Electrico \/ \/ Sc-302 V2 , 250w 36v, 8.5"}]},{"@type":"WebSite","@id":"https:\/\/compuviper.mx\/tienda\/#website","url":"https:\/\/compuviper.mx\/tienda\/","name":"Compuviper","description":"Proveedor de Computadoras, Laptops, Servidores, Monitores, Puntos de Venta, Teclados,   Impresoras, T\u00f3ner, C\u00e1maras de Seguridad y m\u00e1s en tu tienda en l\u00ednea","publisher":{"@id":"https:\/\/compuviper.mx\/tienda\/#organization"},"potentialAction":[{"@type":"SearchAction","target":{"@type":"EntryPoint","urlTemplate":"https:\/\/compuviper.mx\/tienda\/?s={search_term_string}"},"query-input":"required name=search_term_string"}],"inLanguage":"es-MX"},{"@type":"Organization","@id":"https:\/\/compuviper.mx\/tienda\/#organization","name":"Compuviper","url":"https:\/\/compuviper.mx\/tienda\/","logo":{"@type":"ImageObject","inLanguage":"es-MX","@id":"https:\/\/compuviper.mx\/tienda\/#\/schema\/logo\/image\/","url":"https:\/\/compuviper.mx\/tienda\/wp-content\/uploads\/2021\/08\/Logo-Compuviper-10.png","contentUrl":"https:\/\/compuviper.mx\/tienda\/wp-content\/uploads\/2021\/08\/Logo-Compuviper-10.png","width":1000,"height":500,"caption":"Compuviper"},"image":{"@id":"https:\/\/compuviper.mx\/tienda\/#\/schema\/logo\/image\/"},"sameAs":["https:\/\/www.facebook.com\/compuviper","https:\/\/www.youtube.com\/channel\/UCf73dERp9Y3cfOq7q8BhLjA?view_as=subscriber"]}]},"product_brand":"Vorago","product_price_amount":"4938","product_price_currency":"MXN","og_availability":"instock","product_availability":"instock","product_retailer_item_id":"SC-302-V2","product_condition":"new"},"_links":{"self":[{"href":"https:\/\/compuviper.mx\/tienda\/wp-json\/wp\/v2\/product\/254853"}],"collection":[{"href":"https:\/\/compuviper.mx\/tienda\/wp-json\/wp\/v2\/product"}],"about":[{"href":"https:\/\/compuviper.mx\/tienda\/wp-json\/wp\/v2\/types\/product"}],"replies":[{"embeddable":true,"href":"https:\/\/compuviper.mx\/tienda\/wp-json\/wp\/v2\/comments?post=254853"}],"wp:featuredmedia":[{"embeddable":true,"href":"https:\/\/compuviper.mx\/tienda\/wp-json\/wp\/v2\/media\/260770"}],"wp:attachment":[{"href":"https:\/\/compuviper.mx\/tienda\/wp-json\/wp\/v2\/media?parent=254853"}],"wp:term":[{"taxonomy":"product_cat","embeddable":true,"href":"https:\/\/compuviper.mx\/tienda\/wp-json\/wp\/v2\/product_cat?post=254853"},{"taxonomy":"product_tag","embeddable":true,"href":"https:\/\/compuviper.mx\/tienda\/wp-json\/wp\/v2\/product_tag?post=254853"}],"curies":[{"name":"wp","href":"https:\/\/api.w.org\/{rel}","templated":true}]}}