{"id":253817,"date":"2026-04-08T23:32:24","date_gmt":"2026-04-09T05:32:24","guid":{"rendered":"https:\/\/compuviper.mx\/tienda\/producto\/startech-com-sv431dhd4ku-switch-conmutador-kvm-de-4-puertos-hdmi-4k-de-30hz-de-pantalla-doble-mod\/"},"modified":"2026-04-08T23:32:24","modified_gmt":"2026-04-09T05:32:24","slug":"startech-com-sv431dhd4ku-switch-conmutador-kvm-de-4-puertos-hdmi-4k-de-30hz-de-pantalla-doble-mod","status":"publish","type":"product","link":"https:\/\/compuviper.mx\/tienda\/producto\/startech-com-sv431dhd4ku-switch-conmutador-kvm-de-4-puertos-hdmi-4k-de-30hz-de-pantalla-doble-mod\/","title":{"rendered":"Startech.com Sv431dhd4ku Switch Conmutador Kvm De 4 Puertos Hdmi &#8211; 4k De 30hz &#8211; De Pantalla Doble &#8211;  Mod."},"content":{"rendered":"<table class=\"descripcion\">\n<tr>\n<td>Caractersticas fsicas<\/td>\n<\/tr>\n<tr>\n<td>Altura: 6.3 cm<\/td>\n<\/tr>\n<tr>\n<td>Ancho: 13 cm<\/td>\n<\/tr>\n<tr>\n<td>Color: negro<\/td>\n<\/tr>\n<tr>\n<td>Longitud: 22 cm<\/td>\n<\/tr>\n<tr>\n<td>Peso: 1.2 kg<\/td>\n<\/tr>\n<tr>\n<td>Tipo de gabinete: acero<\/td>\n<\/tr>\n<tr>\n<td>Conectores<\/td>\n<\/tr>\n<tr>\n<td>Conectores del host:<\/td>\n<\/tr>\n<tr>\n<td>3.5mm stereo female 3 pos<\/td>\n<\/tr>\n<tr>\n<td>Hdmi<\/td>\n<\/tr>\n<tr>\n<td>Usb 3.1 usb type-b 9 pin, gen 1, 5 gbps<\/td>\n<\/tr>\n<tr>\n<td>Interfazces de consola:<\/td>\n<\/tr>\n<tr>\n<td> 3.5mm stereo female 3 pos<\/td>\n<\/tr>\n<tr>\n<td>Hdmi<\/td>\n<\/tr>\n<tr>\n<td>Usb 3.1 usb type-a 9 pin, gen 1, 5 gbps<\/td>\n<\/tr>\n<tr>\n<td>Usb type-a 4 pin; hid port usb 1.1<\/td>\n<\/tr>\n<tr>\n<td>Hardware<\/td>\n<\/tr>\n<tr>\n<td>Cantidad de puertos kvm: 4<\/td>\n<\/tr>\n<tr>\n<td>Montaje en rack: opcional<\/td>\n<\/tr>\n<tr>\n<td>Plataformas admitidas: usb<\/td>\n<\/tr>\n<tr>\n<td>Soporte de audio: s<\/td>\n<\/tr>\n<tr>\n<td>Soporte de pantalla doble: 2<\/td>\n<\/tr>\n<tr>\n<td>Tipo de video pc: hdmi<\/td>\n<\/tr>\n<tr>\n<td>Indicadores led<\/td>\n<\/tr>\n<tr>\n<td>Led de alimentacin<\/td>\n<\/tr>\n<tr>\n<td>Led para estado de la fuente y ordenador seleccionado<\/td>\n<\/tr>\n<tr>\n<td>Rendimiento<\/td>\n<\/tr>\n<tr>\n<td>Compatibilidad con vdeo 3d: compatibilidad con vdeo 3d: s<\/td>\n<\/tr>\n<tr>\n<td>Control ip kvm: no<\/td>\n<\/tr>\n<tr>\n<td>Escaneo automtico : 3, 8, 15 y 30 segundos<\/td>\n<\/tr>\n<tr>\n<td>Hot-key selection: s<\/td>\n<\/tr>\n<tr>\n<td>Mtbf: 168000 horas<\/td>\n<\/tr>\n<tr>\n<td>Pantalla plana soportada: s<\/td>\n<\/tr>\n<tr>\n<td>Resolucin digital mxima: 3840 x2160 @ 30hz<\/td>\n<\/tr>\n<tr>\n<td>Soporte para seleccin de puertos: botn pulsador y teclas de acceso directo<\/td>\n<\/tr>\n<tr>\n<td>Tasa de transferencia de datos mx 5 gbps<\/td>\n<\/tr>\n<\/table>\n","protected":false},"excerpt":{"rendered":"<p>Este conmutador kvm hdmi con 4 puertos le permite controlar cuatro computadoras\u00a0equipadas con hdmi, mediante un solo mouse, teclado y monitor de hasta 4k a 30hz. El conmutador kvm tambin incluye audio con entrada de 3.5mm y un concentrador integrado de 2 puertos usb 3.0. Compatible con resoluciones de ultra alta resolucin de 4k a 30hz,\u00a0este conmutador kvm con 4 puertos hdmi puede procesar con claridad impecable las imgenes de pantallas duales\u00a0hdmi, lo cual resulta ideal para aplicaciones grficas que requieran capacidad uhd. Este conmutador kvm de cuatro puertos ofrece dos puertos usb 3.0, as como cuatro puertos hid para teclado y mouse, de manera que usted pueda compartir dispositivos perifricos entre cada computadora\u00a0y evitar el costo de utilizar equipos separados.\u00a0el concentrador\u00a0usb 3.0 cambia automticamente sus dispositivos conectados a la computadora\u00a0seleccionada, lo cual le evita las molestias de\u00a0desconectar\u00a0y reconectar perifricos. \u00a0<\/p>\n","protected":false},"featured_media":253930,"comment_status":"open","ping_status":"open","template":"","meta":[],"product_cat":[1485,1518],"product_tag":[1590],"acf":[],"yoast_head":"<!-- This site is optimized with the Yoast SEO plugin v21.7 - https:\/\/yoast.com\/wordpress\/plugins\/seo\/ -->\n<title>[ Startech.com ] &#129351; Sv431dhd4ku Switch Conmutador Kvm De 4 Puertos Hdmi - 4k De 30hz - De Pantalla Doble - Mod.<\/title>\n<meta name=\"description\" content=\"Compra Sv431dhd4ku Switch Conmutador Kvm De 4 Puertos Hdmi - 4k De 30hz - De Pantalla Doble - Mod. + Env\u00edo a domicilio + Pago seguro + Garant\u00eda\" \/>\n<meta name=\"robots\" content=\"index, follow, max-snippet:-1, max-image-preview:large, max-video-preview:-1\" \/>\n<link rel=\"canonical\" href=\"https:\/\/compuviper.mx\/tienda\/producto\/startech-com-sv431dhd4ku-switch-conmutador-kvm-de-4-puertos-hdmi-4k-de-30hz-de-pantalla-doble-mod\/\" \/>\n<meta property=\"og:locale\" content=\"es_MX\" \/>\n<meta property=\"og:type\" content=\"article\" \/>\n<meta property=\"og:title\" content=\"[ Startech.com ] &#129351; Sv431dhd4ku Switch Conmutador Kvm De 4 Puertos Hdmi - 4k De 30hz - De Pantalla Doble - Mod.\" \/>\n<meta property=\"og:description\" content=\"Compra Sv431dhd4ku Switch Conmutador Kvm De 4 Puertos Hdmi - 4k De 30hz - De Pantalla Doble - Mod. + Env\u00edo a domicilio + Pago seguro + Garant\u00eda\" \/>\n<meta property=\"og:url\" content=\"https:\/\/compuviper.mx\/tienda\/producto\/startech-com-sv431dhd4ku-switch-conmutador-kvm-de-4-puertos-hdmi-4k-de-30hz-de-pantalla-doble-mod\/\" \/>\n<meta property=\"og:site_name\" content=\"Compuviper\" \/>\n<meta property=\"article:publisher\" content=\"https:\/\/www.facebook.com\/compuviper\" \/>\n<meta property=\"og:image\" content=\"https:\/\/compuviper.mx\/tienda\/wp-content\/uploads\/2025\/06\/Switch-conmutador-kvm-de-4-puertos-hdmi-4k-de-30hz-de-pantalla-doble-startech.com-mod.-sv431dhd4ku.jpg\" \/>\n\t<meta property=\"og:image:width\" content=\"200\" \/>\n\t<meta property=\"og:image:height\" content=\"200\" \/>\n\t<meta property=\"og:image:type\" content=\"image\/jpeg\" \/>\n<meta name=\"twitter:card\" content=\"summary_large_image\" \/>\n<meta name=\"twitter:label1\" content=\"Precio\" \/>\n\t<meta name=\"twitter:data1\" content=\"&#36;12,798 con IVA\" \/>\n\t<meta name=\"twitter:label2\" content=\"Availability\" \/>\n\t<meta name=\"twitter:data2\" content=\"In stock\" \/>\n<script type=\"application\/ld+json\" class=\"yoast-schema-graph\">{\"@context\":\"https:\/\/schema.org\",\"@graph\":[{\"@type\":\"WebPage\",\"@id\":\"https:\/\/compuviper.mx\/tienda\/producto\/startech-com-sv431dhd4ku-switch-conmutador-kvm-de-4-puertos-hdmi-4k-de-30hz-de-pantalla-doble-mod\/\",\"url\":\"https:\/\/compuviper.mx\/tienda\/producto\/startech-com-sv431dhd4ku-switch-conmutador-kvm-de-4-puertos-hdmi-4k-de-30hz-de-pantalla-doble-mod\/\",\"name\":\"[ Startech.com ] &#129351; Sv431dhd4ku Switch Conmutador Kvm De 4 Puertos Hdmi - 4k De 30hz - De Pantalla Doble - Mod.\",\"isPartOf\":{\"@id\":\"https:\/\/compuviper.mx\/tienda\/#website\"},\"datePublished\":\"2026-04-09T05:32:24+00:00\",\"dateModified\":\"2026-04-09T05:32:24+00:00\",\"description\":\"Compra Sv431dhd4ku Switch Conmutador Kvm De 4 Puertos Hdmi - 4k De 30hz - De Pantalla Doble - Mod. + Env\u00edo a domicilio + Pago seguro + Garant\u00eda\",\"breadcrumb\":{\"@id\":\"https:\/\/compuviper.mx\/tienda\/producto\/startech-com-sv431dhd4ku-switch-conmutador-kvm-de-4-puertos-hdmi-4k-de-30hz-de-pantalla-doble-mod\/#breadcrumb\"},\"inLanguage\":\"es-MX\",\"potentialAction\":[{\"@type\":\"ReadAction\",\"target\":[\"https:\/\/compuviper.mx\/tienda\/producto\/startech-com-sv431dhd4ku-switch-conmutador-kvm-de-4-puertos-hdmi-4k-de-30hz-de-pantalla-doble-mod\/\"]}]},{\"@type\":\"BreadcrumbList\",\"@id\":\"https:\/\/compuviper.mx\/tienda\/producto\/startech-com-sv431dhd4ku-switch-conmutador-kvm-de-4-puertos-hdmi-4k-de-30hz-de-pantalla-doble-mod\/#breadcrumb\",\"itemListElement\":[{\"@type\":\"ListItem\",\"position\":1,\"name\":\"Inicio\",\"item\":\"https:\/\/compuviper.mx\/tienda\/\"},{\"@type\":\"ListItem\",\"position\":2,\"name\":\"Productos\",\"item\":\"https:\/\/compuviper.mx\/tienda\/productos\/\"},{\"@type\":\"ListItem\",\"position\":3,\"name\":\"Accesorios\",\"item\":\"https:\/\/compuviper.mx\/tienda\/categoria-producto\/accesorios\/\"},{\"@type\":\"ListItem\",\"position\":4,\"name\":\"Kvm\",\"item\":\"https:\/\/compuviper.mx\/tienda\/categoria-producto\/accesorios\/kvm\/\"},{\"@type\":\"ListItem\",\"position\":5,\"name\":\"Startech.com Sv431dhd4ku Switch Conmutador Kvm De 4 Puertos Hdmi &#8211; 4k De 30hz &#8211; De Pantalla Doble &#8211; Mod.\"}]},{\"@type\":\"WebSite\",\"@id\":\"https:\/\/compuviper.mx\/tienda\/#website\",\"url\":\"https:\/\/compuviper.mx\/tienda\/\",\"name\":\"Compuviper\",\"description\":\"Proveedor de Computadoras, Laptops, Servidores, Monitores, Puntos de Venta, Teclados,   Impresoras, T\u00f3ner, C\u00e1maras de Seguridad y m\u00e1s en tu tienda en l\u00ednea\",\"publisher\":{\"@id\":\"https:\/\/compuviper.mx\/tienda\/#organization\"},\"potentialAction\":[{\"@type\":\"SearchAction\",\"target\":{\"@type\":\"EntryPoint\",\"urlTemplate\":\"https:\/\/compuviper.mx\/tienda\/?s={search_term_string}\"},\"query-input\":\"required name=search_term_string\"}],\"inLanguage\":\"es-MX\"},{\"@type\":\"Organization\",\"@id\":\"https:\/\/compuviper.mx\/tienda\/#organization\",\"name\":\"Compuviper\",\"url\":\"https:\/\/compuviper.mx\/tienda\/\",\"logo\":{\"@type\":\"ImageObject\",\"inLanguage\":\"es-MX\",\"@id\":\"https:\/\/compuviper.mx\/tienda\/#\/schema\/logo\/image\/\",\"url\":\"https:\/\/compuviper.mx\/tienda\/wp-content\/uploads\/2021\/08\/Logo-Compuviper-10.png\",\"contentUrl\":\"https:\/\/compuviper.mx\/tienda\/wp-content\/uploads\/2021\/08\/Logo-Compuviper-10.png\",\"width\":1000,\"height\":500,\"caption\":\"Compuviper\"},\"image\":{\"@id\":\"https:\/\/compuviper.mx\/tienda\/#\/schema\/logo\/image\/\"},\"sameAs\":[\"https:\/\/www.facebook.com\/compuviper\",\"https:\/\/www.youtube.com\/channel\/UCf73dERp9Y3cfOq7q8BhLjA?view_as=subscriber\"]}]}<\/script>\n<meta property=\"product:brand\" content=\"STARTECH.COM\" \/>\n<meta property=\"product:price:amount\" content=\"12798\" \/>\n<meta property=\"product:price:currency\" content=\"MXN\" \/>\n<meta property=\"og:availability\" content=\"instock\" \/>\n<meta property=\"product:availability\" content=\"instock\" \/>\n<meta property=\"product:retailer_item_id\" content=\"SV431DHD4KU\" \/>\n<meta property=\"product:condition\" content=\"new\" \/>\n<!-- \/ Yoast SEO plugin. -->","yoast_head_json":{"title":"[ Startech.com ] &#129351; Sv431dhd4ku Switch Conmutador Kvm De 4 Puertos Hdmi - 4k De 30hz - De Pantalla Doble - Mod.","description":"Compra Sv431dhd4ku Switch Conmutador Kvm De 4 Puertos Hdmi - 4k De 30hz - De Pantalla Doble - Mod. + Env\u00edo a domicilio + Pago seguro + Garant\u00eda","robots":{"index":"index","follow":"follow","max-snippet":"max-snippet:-1","max-image-preview":"max-image-preview:large","max-video-preview":"max-video-preview:-1"},"canonical":"https:\/\/compuviper.mx\/tienda\/producto\/startech-com-sv431dhd4ku-switch-conmutador-kvm-de-4-puertos-hdmi-4k-de-30hz-de-pantalla-doble-mod\/","og_locale":"es_MX","og_type":"article","og_title":"[ Startech.com ] &#129351; Sv431dhd4ku Switch Conmutador Kvm De 4 Puertos Hdmi - 4k De 30hz - De Pantalla Doble - Mod.","og_description":"Compra Sv431dhd4ku Switch Conmutador Kvm De 4 Puertos Hdmi - 4k De 30hz - De Pantalla Doble - Mod. + Env\u00edo a domicilio + Pago seguro + Garant\u00eda","og_url":"https:\/\/compuviper.mx\/tienda\/producto\/startech-com-sv431dhd4ku-switch-conmutador-kvm-de-4-puertos-hdmi-4k-de-30hz-de-pantalla-doble-mod\/","og_site_name":"Compuviper","article_publisher":"https:\/\/www.facebook.com\/compuviper","og_image":[{"width":200,"height":200,"url":"https:\/\/compuviper.mx\/tienda\/wp-content\/uploads\/2025\/06\/Switch-conmutador-kvm-de-4-puertos-hdmi-4k-de-30hz-de-pantalla-doble-startech.com-mod.-sv431dhd4ku.jpg","type":"image\/jpeg"}],"twitter_card":"summary_large_image","twitter_misc":{"Precio":"&#36;12,798 con IVA","Availability":"In stock"},"schema":{"@context":"https:\/\/schema.org","@graph":[{"@type":"WebPage","@id":"https:\/\/compuviper.mx\/tienda\/producto\/startech-com-sv431dhd4ku-switch-conmutador-kvm-de-4-puertos-hdmi-4k-de-30hz-de-pantalla-doble-mod\/","url":"https:\/\/compuviper.mx\/tienda\/producto\/startech-com-sv431dhd4ku-switch-conmutador-kvm-de-4-puertos-hdmi-4k-de-30hz-de-pantalla-doble-mod\/","name":"[ Startech.com ] &#129351; Sv431dhd4ku Switch Conmutador Kvm De 4 Puertos Hdmi - 4k De 30hz - De Pantalla Doble - Mod.","isPartOf":{"@id":"https:\/\/compuviper.mx\/tienda\/#website"},"datePublished":"2026-04-09T05:32:24+00:00","dateModified":"2026-04-09T05:32:24+00:00","description":"Compra Sv431dhd4ku Switch Conmutador Kvm De 4 Puertos Hdmi - 4k De 30hz - De Pantalla Doble - Mod. + Env\u00edo a domicilio + Pago seguro + Garant\u00eda","breadcrumb":{"@id":"https:\/\/compuviper.mx\/tienda\/producto\/startech-com-sv431dhd4ku-switch-conmutador-kvm-de-4-puertos-hdmi-4k-de-30hz-de-pantalla-doble-mod\/#breadcrumb"},"inLanguage":"es-MX","potentialAction":[{"@type":"ReadAction","target":["https:\/\/compuviper.mx\/tienda\/producto\/startech-com-sv431dhd4ku-switch-conmutador-kvm-de-4-puertos-hdmi-4k-de-30hz-de-pantalla-doble-mod\/"]}]},{"@type":"BreadcrumbList","@id":"https:\/\/compuviper.mx\/tienda\/producto\/startech-com-sv431dhd4ku-switch-conmutador-kvm-de-4-puertos-hdmi-4k-de-30hz-de-pantalla-doble-mod\/#breadcrumb","itemListElement":[{"@type":"ListItem","position":1,"name":"Inicio","item":"https:\/\/compuviper.mx\/tienda\/"},{"@type":"ListItem","position":2,"name":"Productos","item":"https:\/\/compuviper.mx\/tienda\/productos\/"},{"@type":"ListItem","position":3,"name":"Accesorios","item":"https:\/\/compuviper.mx\/tienda\/categoria-producto\/accesorios\/"},{"@type":"ListItem","position":4,"name":"Kvm","item":"https:\/\/compuviper.mx\/tienda\/categoria-producto\/accesorios\/kvm\/"},{"@type":"ListItem","position":5,"name":"Startech.com Sv431dhd4ku Switch Conmutador Kvm De 4 Puertos Hdmi &#8211; 4k De 30hz &#8211; De Pantalla Doble &#8211; Mod."}]},{"@type":"WebSite","@id":"https:\/\/compuviper.mx\/tienda\/#website","url":"https:\/\/compuviper.mx\/tienda\/","name":"Compuviper","description":"Proveedor de Computadoras, Laptops, Servidores, Monitores, Puntos de Venta, Teclados,   Impresoras, T\u00f3ner, C\u00e1maras de Seguridad y m\u00e1s en tu tienda en l\u00ednea","publisher":{"@id":"https:\/\/compuviper.mx\/tienda\/#organization"},"potentialAction":[{"@type":"SearchAction","target":{"@type":"EntryPoint","urlTemplate":"https:\/\/compuviper.mx\/tienda\/?s={search_term_string}"},"query-input":"required name=search_term_string"}],"inLanguage":"es-MX"},{"@type":"Organization","@id":"https:\/\/compuviper.mx\/tienda\/#organization","name":"Compuviper","url":"https:\/\/compuviper.mx\/tienda\/","logo":{"@type":"ImageObject","inLanguage":"es-MX","@id":"https:\/\/compuviper.mx\/tienda\/#\/schema\/logo\/image\/","url":"https:\/\/compuviper.mx\/tienda\/wp-content\/uploads\/2021\/08\/Logo-Compuviper-10.png","contentUrl":"https:\/\/compuviper.mx\/tienda\/wp-content\/uploads\/2021\/08\/Logo-Compuviper-10.png","width":1000,"height":500,"caption":"Compuviper"},"image":{"@id":"https:\/\/compuviper.mx\/tienda\/#\/schema\/logo\/image\/"},"sameAs":["https:\/\/www.facebook.com\/compuviper","https:\/\/www.youtube.com\/channel\/UCf73dERp9Y3cfOq7q8BhLjA?view_as=subscriber"]}]},"product_brand":"STARTECH.COM","product_price_amount":"12798","product_price_currency":"MXN","og_availability":"instock","product_availability":"instock","product_retailer_item_id":"SV431DHD4KU","product_condition":"new"},"_links":{"self":[{"href":"https:\/\/compuviper.mx\/tienda\/wp-json\/wp\/v2\/product\/253817"}],"collection":[{"href":"https:\/\/compuviper.mx\/tienda\/wp-json\/wp\/v2\/product"}],"about":[{"href":"https:\/\/compuviper.mx\/tienda\/wp-json\/wp\/v2\/types\/product"}],"replies":[{"embeddable":true,"href":"https:\/\/compuviper.mx\/tienda\/wp-json\/wp\/v2\/comments?post=253817"}],"wp:featuredmedia":[{"embeddable":true,"href":"https:\/\/compuviper.mx\/tienda\/wp-json\/wp\/v2\/media\/253930"}],"wp:attachment":[{"href":"https:\/\/compuviper.mx\/tienda\/wp-json\/wp\/v2\/media?parent=253817"}],"wp:term":[{"taxonomy":"product_cat","embeddable":true,"href":"https:\/\/compuviper.mx\/tienda\/wp-json\/wp\/v2\/product_cat?post=253817"},{"taxonomy":"product_tag","embeddable":true,"href":"https:\/\/compuviper.mx\/tienda\/wp-json\/wp\/v2\/product_tag?post=253817"}],"curies":[{"name":"wp","href":"https:\/\/api.w.org\/{rel}","templated":true}]}}