{"id":253412,"date":"2026-04-07T00:49:12","date_gmt":"2026-04-07T06:49:12","guid":{"rendered":"https:\/\/compuviper.mx\/tienda\/producto\/balam-rush-br-943017-monitor-gamer-titan-mtg27y-27-pul-plano-180-hz-fhd-1-ms-hdmi-dp-tipo-c-audio-dc-freesync-g-sync\/"},"modified":"2026-04-07T00:49:12","modified_gmt":"2026-04-07T06:49:12","slug":"balam-rush-br-9430177506215943017-monitor-gamer-titan-mtg27y-27-pul-plano-180-hz-200-hz-overclok-full-hd-1-ms-panel-va-led-iluminacion-rgb-inclinacion-ajustable-blanco-br-943","status":"publish","type":"product","link":"https:\/\/compuviper.mx\/tienda\/producto\/balam-rush-br-9430177506215943017-monitor-gamer-titan-mtg27y-27-pul-plano-180-hz-200-hz-overclok-full-hd-1-ms-panel-va-led-iluminacion-rgb-inclinacion-ajustable-blanco-br-943\/","title":{"rendered":"Balam Rush Br-943017,7506215943017 Monitor Gamer  Titan Mtg27y \/ 27 Pul \/ Plano \/ 180 Hz- 200 Hz Overclok  \/ Full Hd \/ 1 Ms \/ Panel Va \/ Led \/ Iluminacion Rgb \/ Inclinacion Ajustable \/ Blanco \/ Br-943017"},"content":{"rendered":"<table class=\"descripcion\">\n<tr>\n<td>Informacion tecnica:<\/td>\n<\/tr>\n<tr>\n<td>Especificaciones<\/td>\n<\/tr>\n<tr>\n<td>\u0095 producto: monitor<\/td>\n<\/tr>\n<tr>\n<td>\u0095 modelo: br-943017<\/td>\n<\/tr>\n<tr>\n<td>\u0095 materiales: metal y plastico<\/td>\n<\/tr>\n<tr>\n<td>\u0095 dimensiones: 61.5 x 17.0 x 43 cm<\/td>\n<\/tr>\n<tr>\n<td>\u0095 peso: 4.1 kg<\/td>\n<\/tr>\n<tr>\n<td>\u0095 tipo de panel:  va<\/td>\n<\/tr>\n<tr>\n<td>\u0095 forma de pantlla:  plano<\/td>\n<\/tr>\n<tr>\n<td>\u0095 tama\u00f1o de pantalla: 27<\/td>\n<\/tr>\n<tr>\n<td>\u0095 resolucion m\u00e1xima: 1920 x 1080<\/td>\n<\/tr>\n<tr>\n<td>\u0095 relacion de aspecto: 16:9<\/td>\n<\/tr>\n<tr>\n<td>\u0095 frecuencia de actualizaci\u00f3n (hz): 180 hz nativo \/ 200 hz overclock<\/td>\n<\/tr>\n<tr>\n<td>\u0095 pantalla a color: 16.7 m (8-bit)<\/td>\n<\/tr>\n<tr>\n<td>\u0095 angulo de vision: 178\u00b0 \/ 178\u00b0<\/td>\n<\/tr>\n<tr>\n<td>\u0095 tipo de iluminaci\u00f3n: led<\/td>\n<\/tr>\n<tr>\n<td>\u0095 brillo (cd\/m2): 200-250 cd\/m2<\/td>\n<\/tr>\n<tr>\n<td>\u0095 relacion de contraste: 1000 : 1<\/td>\n<\/tr>\n<tr>\n<td>\u0095 tiempo de respuesta: 1ms<\/td>\n<\/tr>\n<tr>\n<td>\u0095 tipo hd:  fhd<\/td>\n<\/tr>\n<tr>\n<td>\u0095 kensington lock:  si<\/td>\n<\/tr>\n<tr>\n<td>\u0095 vesa: 1000 x 1000 mm<\/td>\n<\/tr>\n<tr>\n<td>\u0095 ajuste inclinacion: frontal 5\u00b0  trasero 15\u00b0<\/td>\n<\/tr>\n<tr>\n<td>\u0095 iluminacion rgb:  si<\/td>\n<\/tr>\n<tr>\n<td>\u0095 porcentajes de srgb:    80%<\/td>\n<\/tr>\n<tr>\n<td>\u0095 alimentacion:<\/td>\n<\/tr>\n<tr>\n<td>Entrada   100v &#8211; 240v-  50\/60  hz 1.2 a max<\/td>\n<\/tr>\n<tr>\n<td>Salida  12v &#8211; 4a<\/td>\n<\/tr>\n<tr>\n<td>Maximo consumo:  36 w<\/td>\n<\/tr>\n<tr>\n<td>\u0095 consumo de energia en espera   1 w<\/td>\n<\/tr>\n<tr>\n<td>\u0095 longitud  de cable de alimentaci\u00f3n  1.5 mts<\/td>\n<\/tr>\n<tr>\n<td>Informaci\u00f3n de empaque<\/td>\n<\/tr>\n<tr>\n<td>\u0095 ean-13: 7506215943017<\/td>\n<\/tr>\n<tr>\n<td>\u0095 medida empaque:  67.5 * 9.6 * 42.9 cm<\/td>\n<\/tr>\n<tr>\n<td>\u0095 peso: 4.7 kg<\/td>\n<\/tr>\n<\/table>\n","protected":false},"excerpt":{"rendered":"<p>Monitor gamer balam rush titan  mtg27y \/ 27 pul \/ plano \/ 180 hz \/ fhd \/ 1 ms \/  hdmi + dp + tipo c + audio + dc \/ freesync\/g-sync \/  br-943017<\/p>\n","protected":false},"featured_media":259932,"comment_status":"open","ping_status":"open","template":"","meta":[],"product_cat":[1741,1740],"product_tag":[2097],"acf":[],"yoast_head":"<!-- This site is optimized with the Yoast SEO plugin v21.7 - https:\/\/yoast.com\/wordpress\/plugins\/seo\/ -->\n<title>[ Balam Rush ] &#129351; Br-943017,7506215943017 Monitor Gamer Titan Mtg27y \/ 27 Pul \/ Plano \/ 180 Hz- 200 Hz Overclok \/ Full Hd \/ 1 Ms \/ Panel Va \/ Led \/ Iluminacion Rgb \/ Inclinacion Ajustable \/ Blanco \/ Br-943017<\/title>\n<meta name=\"description\" content=\"Compra Br-943017,7506215943017 Monitor Gamer Titan Mtg27y \/ 27 Pul \/ Plano \/ 180 Hz- 200 Hz Overclok \/ Full Hd \/ 1 Ms \/ Panel Va \/ Led \/ Iluminacion Rgb \/ Inclinacion Ajustable \/ Blanco \/ Br-943017 + Env\u00edo a domicilio + Pago seguro + Garant\u00eda\" \/>\n<meta name=\"robots\" content=\"index, follow, max-snippet:-1, max-image-preview:large, max-video-preview:-1\" \/>\n<link rel=\"canonical\" href=\"https:\/\/compuviper.mx\/tienda\/producto\/balam-rush-br-9430177506215943017-monitor-gamer-titan-mtg27y-27-pul-plano-180-hz-200-hz-overclok-full-hd-1-ms-panel-va-led-iluminacion-rgb-inclinacion-ajustable-blanco-br-943\/\" \/>\n<meta property=\"og:locale\" content=\"es_MX\" \/>\n<meta property=\"og:type\" content=\"article\" \/>\n<meta property=\"og:title\" content=\"[ Balam Rush ] &#129351; Br-943017,7506215943017 Monitor Gamer Titan Mtg27y \/ 27 Pul \/ Plano \/ 180 Hz- 200 Hz Overclok \/ Full Hd \/ 1 Ms \/ Panel Va \/ Led \/ Iluminacion Rgb \/ Inclinacion Ajustable \/ Blanco \/ Br-943017\" \/>\n<meta property=\"og:description\" content=\"Compra Br-943017,7506215943017 Monitor Gamer Titan Mtg27y \/ 27 Pul \/ Plano \/ 180 Hz- 200 Hz Overclok \/ Full Hd \/ 1 Ms \/ Panel Va \/ Led \/ Iluminacion Rgb \/ Inclinacion Ajustable \/ Blanco \/ Br-943017 + Env\u00edo a domicilio + Pago seguro + Garant\u00eda\" \/>\n<meta property=\"og:url\" content=\"https:\/\/compuviper.mx\/tienda\/producto\/balam-rush-br-9430177506215943017-monitor-gamer-titan-mtg27y-27-pul-plano-180-hz-200-hz-overclok-full-hd-1-ms-panel-va-led-iluminacion-rgb-inclinacion-ajustable-blanco-br-943\/\" \/>\n<meta property=\"og:site_name\" content=\"Compuviper\" \/>\n<meta property=\"article:publisher\" content=\"https:\/\/www.facebook.com\/compuviper\" \/>\n<meta property=\"og:image\" content=\"https:\/\/compuviper.mx\/tienda\/wp-content\/uploads\/2025\/10\/Monitor-gamer-balam-rush-titan-mtg27y-27-pul-plano-180-hz-200-hz-overclok-full-hd-1-ms-panel-va-led-iluminacion-rgb-inclinacion-ajustable-blanco-br-943017.jpg\" \/>\n\t<meta property=\"og:image:width\" content=\"200\" \/>\n\t<meta property=\"og:image:height\" content=\"200\" \/>\n\t<meta property=\"og:image:type\" content=\"image\/jpeg\" \/>\n<meta name=\"twitter:card\" content=\"summary_large_image\" \/>\n<meta name=\"twitter:label1\" content=\"Precio\" \/>\n\t<meta name=\"twitter:data1\" content=\"&#36;2,199 con IVA\" \/>\n\t<meta name=\"twitter:label2\" content=\"Availability\" \/>\n\t<meta name=\"twitter:data2\" content=\"Out of stock\" \/>\n<script type=\"application\/ld+json\" class=\"yoast-schema-graph\">{\"@context\":\"https:\/\/schema.org\",\"@graph\":[{\"@type\":\"WebPage\",\"@id\":\"https:\/\/compuviper.mx\/tienda\/producto\/balam-rush-br-9430177506215943017-monitor-gamer-titan-mtg27y-27-pul-plano-180-hz-200-hz-overclok-full-hd-1-ms-panel-va-led-iluminacion-rgb-inclinacion-ajustable-blanco-br-943\/\",\"url\":\"https:\/\/compuviper.mx\/tienda\/producto\/balam-rush-br-9430177506215943017-monitor-gamer-titan-mtg27y-27-pul-plano-180-hz-200-hz-overclok-full-hd-1-ms-panel-va-led-iluminacion-rgb-inclinacion-ajustable-blanco-br-943\/\",\"name\":\"[ Balam Rush ] &#129351; Br-943017,7506215943017 Monitor Gamer Titan Mtg27y \/ 27 Pul \/ Plano \/ 180 Hz- 200 Hz Overclok \/ Full Hd \/ 1 Ms \/ Panel Va \/ Led \/ Iluminacion Rgb \/ Inclinacion Ajustable \/ Blanco \/ Br-943017\",\"isPartOf\":{\"@id\":\"https:\/\/compuviper.mx\/tienda\/#website\"},\"datePublished\":\"2026-04-07T06:49:12+00:00\",\"dateModified\":\"2026-04-07T06:49:12+00:00\",\"description\":\"Compra Br-943017,7506215943017 Monitor Gamer Titan Mtg27y \/ 27 Pul \/ Plano \/ 180 Hz- 200 Hz Overclok \/ Full Hd \/ 1 Ms \/ Panel Va \/ Led \/ Iluminacion Rgb \/ Inclinacion Ajustable \/ Blanco \/ Br-943017 + Env\u00edo a domicilio + Pago seguro + Garant\u00eda\",\"breadcrumb\":{\"@id\":\"https:\/\/compuviper.mx\/tienda\/producto\/balam-rush-br-9430177506215943017-monitor-gamer-titan-mtg27y-27-pul-plano-180-hz-200-hz-overclok-full-hd-1-ms-panel-va-led-iluminacion-rgb-inclinacion-ajustable-blanco-br-943\/#breadcrumb\"},\"inLanguage\":\"es-MX\",\"potentialAction\":[{\"@type\":\"ReadAction\",\"target\":[\"https:\/\/compuviper.mx\/tienda\/producto\/balam-rush-br-9430177506215943017-monitor-gamer-titan-mtg27y-27-pul-plano-180-hz-200-hz-overclok-full-hd-1-ms-panel-va-led-iluminacion-rgb-inclinacion-ajustable-blanco-br-943\/\"]}]},{\"@type\":\"BreadcrumbList\",\"@id\":\"https:\/\/compuviper.mx\/tienda\/producto\/balam-rush-br-9430177506215943017-monitor-gamer-titan-mtg27y-27-pul-plano-180-hz-200-hz-overclok-full-hd-1-ms-panel-va-led-iluminacion-rgb-inclinacion-ajustable-blanco-br-943\/#breadcrumb\",\"itemListElement\":[{\"@type\":\"ListItem\",\"position\":1,\"name\":\"Inicio\",\"item\":\"https:\/\/compuviper.mx\/tienda\/\"},{\"@type\":\"ListItem\",\"position\":2,\"name\":\"Productos\",\"item\":\"https:\/\/compuviper.mx\/tienda\/productos\/\"},{\"@type\":\"ListItem\",\"position\":3,\"name\":\"Monitores\",\"item\":\"https:\/\/compuviper.mx\/tienda\/categoria-producto\/monitores\/\"},{\"@type\":\"ListItem\",\"position\":4,\"name\":\"Led\",\"item\":\"https:\/\/compuviper.mx\/tienda\/categoria-producto\/monitores\/led\/\"},{\"@type\":\"ListItem\",\"position\":5,\"name\":\"Balam Rush Br-943017,7506215943017 Monitor Gamer Titan Mtg27y \/ 27 Pul \/ Plano \/ 180 Hz- 200 Hz Overclok \/ Full Hd \/ 1 Ms \/ Panel Va \/ Led \/ Iluminacion Rgb \/ Inclinacion Ajustable \/ Blanco \/ Br-943017\"}]},{\"@type\":\"WebSite\",\"@id\":\"https:\/\/compuviper.mx\/tienda\/#website\",\"url\":\"https:\/\/compuviper.mx\/tienda\/\",\"name\":\"Compuviper\",\"description\":\"Proveedor de Computadoras, Laptops, Servidores, Monitores, Puntos de Venta, Teclados,   Impresoras, T\u00f3ner, C\u00e1maras de Seguridad y m\u00e1s en tu tienda en l\u00ednea\",\"publisher\":{\"@id\":\"https:\/\/compuviper.mx\/tienda\/#organization\"},\"potentialAction\":[{\"@type\":\"SearchAction\",\"target\":{\"@type\":\"EntryPoint\",\"urlTemplate\":\"https:\/\/compuviper.mx\/tienda\/?s={search_term_string}\"},\"query-input\":\"required name=search_term_string\"}],\"inLanguage\":\"es-MX\"},{\"@type\":\"Organization\",\"@id\":\"https:\/\/compuviper.mx\/tienda\/#organization\",\"name\":\"Compuviper\",\"url\":\"https:\/\/compuviper.mx\/tienda\/\",\"logo\":{\"@type\":\"ImageObject\",\"inLanguage\":\"es-MX\",\"@id\":\"https:\/\/compuviper.mx\/tienda\/#\/schema\/logo\/image\/\",\"url\":\"https:\/\/compuviper.mx\/tienda\/wp-content\/uploads\/2021\/08\/Logo-Compuviper-10.png\",\"contentUrl\":\"https:\/\/compuviper.mx\/tienda\/wp-content\/uploads\/2021\/08\/Logo-Compuviper-10.png\",\"width\":1000,\"height\":500,\"caption\":\"Compuviper\"},\"image\":{\"@id\":\"https:\/\/compuviper.mx\/tienda\/#\/schema\/logo\/image\/\"},\"sameAs\":[\"https:\/\/www.facebook.com\/compuviper\",\"https:\/\/www.youtube.com\/channel\/UCf73dERp9Y3cfOq7q8BhLjA?view_as=subscriber\"]}]}<\/script>\n<meta property=\"product:brand\" content=\"Balam Rush\" \/>\n<meta property=\"product:price:amount\" content=\"2199\" \/>\n<meta property=\"product:price:currency\" content=\"MXN\" \/>\n<meta property=\"og:availability\" content=\"out of stock\" \/>\n<meta property=\"product:availability\" content=\"out of stock\" \/>\n<meta property=\"product:retailer_item_id\" content=\"BR-943017,7506215943017\" \/>\n<meta property=\"product:condition\" content=\"new\" \/>\n<!-- \/ Yoast SEO plugin. -->","yoast_head_json":{"title":"[ Balam Rush ] &#129351; Br-943017,7506215943017 Monitor Gamer Titan Mtg27y \/ 27 Pul \/ Plano \/ 180 Hz- 200 Hz Overclok \/ Full Hd \/ 1 Ms \/ Panel Va \/ Led \/ Iluminacion Rgb \/ Inclinacion Ajustable \/ Blanco \/ Br-943017","description":"Compra Br-943017,7506215943017 Monitor Gamer Titan Mtg27y \/ 27 Pul \/ Plano \/ 180 Hz- 200 Hz Overclok \/ Full Hd \/ 1 Ms \/ Panel Va \/ Led \/ Iluminacion Rgb \/ Inclinacion Ajustable \/ Blanco \/ Br-943017 + Env\u00edo a domicilio + Pago seguro + Garant\u00eda","robots":{"index":"index","follow":"follow","max-snippet":"max-snippet:-1","max-image-preview":"max-image-preview:large","max-video-preview":"max-video-preview:-1"},"canonical":"https:\/\/compuviper.mx\/tienda\/producto\/balam-rush-br-9430177506215943017-monitor-gamer-titan-mtg27y-27-pul-plano-180-hz-200-hz-overclok-full-hd-1-ms-panel-va-led-iluminacion-rgb-inclinacion-ajustable-blanco-br-943\/","og_locale":"es_MX","og_type":"article","og_title":"[ Balam Rush ] &#129351; Br-943017,7506215943017 Monitor Gamer Titan Mtg27y \/ 27 Pul \/ Plano \/ 180 Hz- 200 Hz Overclok \/ Full Hd \/ 1 Ms \/ Panel Va \/ Led \/ Iluminacion Rgb \/ Inclinacion Ajustable \/ Blanco \/ Br-943017","og_description":"Compra Br-943017,7506215943017 Monitor Gamer Titan Mtg27y \/ 27 Pul \/ Plano \/ 180 Hz- 200 Hz Overclok \/ Full Hd \/ 1 Ms \/ Panel Va \/ Led \/ Iluminacion Rgb \/ Inclinacion Ajustable \/ Blanco \/ Br-943017 + Env\u00edo a domicilio + Pago seguro + Garant\u00eda","og_url":"https:\/\/compuviper.mx\/tienda\/producto\/balam-rush-br-9430177506215943017-monitor-gamer-titan-mtg27y-27-pul-plano-180-hz-200-hz-overclok-full-hd-1-ms-panel-va-led-iluminacion-rgb-inclinacion-ajustable-blanco-br-943\/","og_site_name":"Compuviper","article_publisher":"https:\/\/www.facebook.com\/compuviper","og_image":[{"width":200,"height":200,"url":"https:\/\/compuviper.mx\/tienda\/wp-content\/uploads\/2025\/10\/Monitor-gamer-balam-rush-titan-mtg27y-27-pul-plano-180-hz-200-hz-overclok-full-hd-1-ms-panel-va-led-iluminacion-rgb-inclinacion-ajustable-blanco-br-943017.jpg","type":"image\/jpeg"}],"twitter_card":"summary_large_image","twitter_misc":{"Precio":"&#36;2,199 con IVA","Availability":"Out of stock"},"schema":{"@context":"https:\/\/schema.org","@graph":[{"@type":"WebPage","@id":"https:\/\/compuviper.mx\/tienda\/producto\/balam-rush-br-9430177506215943017-monitor-gamer-titan-mtg27y-27-pul-plano-180-hz-200-hz-overclok-full-hd-1-ms-panel-va-led-iluminacion-rgb-inclinacion-ajustable-blanco-br-943\/","url":"https:\/\/compuviper.mx\/tienda\/producto\/balam-rush-br-9430177506215943017-monitor-gamer-titan-mtg27y-27-pul-plano-180-hz-200-hz-overclok-full-hd-1-ms-panel-va-led-iluminacion-rgb-inclinacion-ajustable-blanco-br-943\/","name":"[ Balam Rush ] &#129351; Br-943017,7506215943017 Monitor Gamer Titan Mtg27y \/ 27 Pul \/ Plano \/ 180 Hz- 200 Hz Overclok \/ Full Hd \/ 1 Ms \/ Panel Va \/ Led \/ Iluminacion Rgb \/ Inclinacion Ajustable \/ Blanco \/ Br-943017","isPartOf":{"@id":"https:\/\/compuviper.mx\/tienda\/#website"},"datePublished":"2026-04-07T06:49:12+00:00","dateModified":"2026-04-07T06:49:12+00:00","description":"Compra Br-943017,7506215943017 Monitor Gamer Titan Mtg27y \/ 27 Pul \/ Plano \/ 180 Hz- 200 Hz Overclok \/ Full Hd \/ 1 Ms \/ Panel Va \/ Led \/ Iluminacion Rgb \/ Inclinacion Ajustable \/ Blanco \/ Br-943017 + Env\u00edo a domicilio + Pago seguro + Garant\u00eda","breadcrumb":{"@id":"https:\/\/compuviper.mx\/tienda\/producto\/balam-rush-br-9430177506215943017-monitor-gamer-titan-mtg27y-27-pul-plano-180-hz-200-hz-overclok-full-hd-1-ms-panel-va-led-iluminacion-rgb-inclinacion-ajustable-blanco-br-943\/#breadcrumb"},"inLanguage":"es-MX","potentialAction":[{"@type":"ReadAction","target":["https:\/\/compuviper.mx\/tienda\/producto\/balam-rush-br-9430177506215943017-monitor-gamer-titan-mtg27y-27-pul-plano-180-hz-200-hz-overclok-full-hd-1-ms-panel-va-led-iluminacion-rgb-inclinacion-ajustable-blanco-br-943\/"]}]},{"@type":"BreadcrumbList","@id":"https:\/\/compuviper.mx\/tienda\/producto\/balam-rush-br-9430177506215943017-monitor-gamer-titan-mtg27y-27-pul-plano-180-hz-200-hz-overclok-full-hd-1-ms-panel-va-led-iluminacion-rgb-inclinacion-ajustable-blanco-br-943\/#breadcrumb","itemListElement":[{"@type":"ListItem","position":1,"name":"Inicio","item":"https:\/\/compuviper.mx\/tienda\/"},{"@type":"ListItem","position":2,"name":"Productos","item":"https:\/\/compuviper.mx\/tienda\/productos\/"},{"@type":"ListItem","position":3,"name":"Monitores","item":"https:\/\/compuviper.mx\/tienda\/categoria-producto\/monitores\/"},{"@type":"ListItem","position":4,"name":"Led","item":"https:\/\/compuviper.mx\/tienda\/categoria-producto\/monitores\/led\/"},{"@type":"ListItem","position":5,"name":"Balam Rush Br-943017,7506215943017 Monitor Gamer Titan Mtg27y \/ 27 Pul \/ Plano \/ 180 Hz- 200 Hz Overclok \/ Full Hd \/ 1 Ms \/ Panel Va \/ Led \/ Iluminacion Rgb \/ Inclinacion Ajustable \/ Blanco \/ Br-943017"}]},{"@type":"WebSite","@id":"https:\/\/compuviper.mx\/tienda\/#website","url":"https:\/\/compuviper.mx\/tienda\/","name":"Compuviper","description":"Proveedor de Computadoras, Laptops, Servidores, Monitores, Puntos de Venta, Teclados,   Impresoras, T\u00f3ner, C\u00e1maras de Seguridad y m\u00e1s en tu tienda en l\u00ednea","publisher":{"@id":"https:\/\/compuviper.mx\/tienda\/#organization"},"potentialAction":[{"@type":"SearchAction","target":{"@type":"EntryPoint","urlTemplate":"https:\/\/compuviper.mx\/tienda\/?s={search_term_string}"},"query-input":"required name=search_term_string"}],"inLanguage":"es-MX"},{"@type":"Organization","@id":"https:\/\/compuviper.mx\/tienda\/#organization","name":"Compuviper","url":"https:\/\/compuviper.mx\/tienda\/","logo":{"@type":"ImageObject","inLanguage":"es-MX","@id":"https:\/\/compuviper.mx\/tienda\/#\/schema\/logo\/image\/","url":"https:\/\/compuviper.mx\/tienda\/wp-content\/uploads\/2021\/08\/Logo-Compuviper-10.png","contentUrl":"https:\/\/compuviper.mx\/tienda\/wp-content\/uploads\/2021\/08\/Logo-Compuviper-10.png","width":1000,"height":500,"caption":"Compuviper"},"image":{"@id":"https:\/\/compuviper.mx\/tienda\/#\/schema\/logo\/image\/"},"sameAs":["https:\/\/www.facebook.com\/compuviper","https:\/\/www.youtube.com\/channel\/UCf73dERp9Y3cfOq7q8BhLjA?view_as=subscriber"]}]},"product_brand":"Balam Rush","product_price_amount":"2199","product_price_currency":"MXN","og_availability":"out of stock","product_availability":"out of stock","product_retailer_item_id":"BR-943017,7506215943017","product_condition":"new"},"_links":{"self":[{"href":"https:\/\/compuviper.mx\/tienda\/wp-json\/wp\/v2\/product\/253412"}],"collection":[{"href":"https:\/\/compuviper.mx\/tienda\/wp-json\/wp\/v2\/product"}],"about":[{"href":"https:\/\/compuviper.mx\/tienda\/wp-json\/wp\/v2\/types\/product"}],"replies":[{"embeddable":true,"href":"https:\/\/compuviper.mx\/tienda\/wp-json\/wp\/v2\/comments?post=253412"}],"wp:featuredmedia":[{"embeddable":true,"href":"https:\/\/compuviper.mx\/tienda\/wp-json\/wp\/v2\/media\/259932"}],"wp:attachment":[{"href":"https:\/\/compuviper.mx\/tienda\/wp-json\/wp\/v2\/media?parent=253412"}],"wp:term":[{"taxonomy":"product_cat","embeddable":true,"href":"https:\/\/compuviper.mx\/tienda\/wp-json\/wp\/v2\/product_cat?post=253412"},{"taxonomy":"product_tag","embeddable":true,"href":"https:\/\/compuviper.mx\/tienda\/wp-json\/wp\/v2\/product_tag?post=253412"}],"curies":[{"name":"wp","href":"https:\/\/api.w.org\/{rel}","templated":true}]}}