{"id":253409,"date":"2026-04-07T00:49:10","date_gmt":"2026-04-07T06:49:10","guid":{"rendered":"https:\/\/compuviper.mx\/tienda\/producto\/balam-rush-br-942973-monitor-gamer-hyper-nova-mhn27y-27-pul-plano-200-hz-full-hd-tecnologa-hdr-1-ms-2-hdmi-dp-audio-dc-freesync-g-sync-negro\/"},"modified":"2026-04-07T00:49:11","modified_gmt":"2026-04-07T06:49:11","slug":"balam-rush-br-9429737506215942973-monitor-gamer-hyper-nova-mhn27y-27-pul-plano-200-hz-full-hd-tecnologa-hdr-1-ms-2-hdmi-dp-audio-dc-freesync-g-sync-negro-br-942973","status":"publish","type":"product","link":"https:\/\/compuviper.mx\/tienda\/producto\/balam-rush-br-9429737506215942973-monitor-gamer-hyper-nova-mhn27y-27-pul-plano-200-hz-full-hd-tecnologa-hdr-1-ms-2-hdmi-dp-audio-dc-freesync-g-sync-negro-br-942973\/","title":{"rendered":"Balam Rush Br-942973,7506215942973 Monitor Gamer  Hyper Nova Mhn27y \/ 27 Pul \/ Plano \/ 200 Hz \/ Full Hd \/ Tecnolog?a Hdr \/ 1 Ms \/  2 Hdmi +  Dp + Audio + Dc \/ Freesync\/g-sync \/ Negro \/ Br-942973"},"content":{"rendered":"<table class=\"descripcion\">\n<tr>\n<td>Informacion tecnica:<\/td>\n<\/tr>\n<tr>\n<td>Especificaciones<\/td>\n<\/tr>\n<tr>\n<td>\u0095 producto: monitor<\/td>\n<\/tr>\n<tr>\n<td>\u0095 modelo: br-942973<\/td>\n<\/tr>\n<tr>\n<td>\u0095 materiales: metal y plastico<\/td>\n<\/tr>\n<tr>\n<td>\u0095 color: negro<\/td>\n<\/tr>\n<tr>\n<td>\u0095 dimensiones: 61.4 x 19.7 x 45.8 cm<\/td>\n<\/tr>\n<tr>\n<td>\u0095 peso: 4.8 kg<\/td>\n<\/tr>\n<tr>\n<td>\u0095 tama\u00f1o de pantalla: 27<\/td>\n<\/tr>\n<tr>\n<td>\u0095 resolucion m\u00e1xima: 1920 x 1080<\/td>\n<\/tr>\n<tr>\n<td>\u0095 relacion de aspecto: 16:9<\/td>\n<\/tr>\n<tr>\n<td>\u0095 frecuencia de actualizaci\u00f3n (hz): 200 hz<\/td>\n<\/tr>\n<tr>\n<td>\u0095 pantalla a color: 16.7 m (8-bit)<\/td>\n<\/tr>\n<tr>\n<td>\u0095 angulo de vision: 178\u00b0 \/ 178\u00b0<\/td>\n<\/tr>\n<tr>\n<td>\u0095 tipo de iluminaci\u00f3n: led<\/td>\n<\/tr>\n<tr>\n<td>\u0095 brillo (cd\/m2): 200-250 cd\/m2<\/td>\n<\/tr>\n<tr>\n<td>\u0095 relacion de contraste: 1000 : 1<\/td>\n<\/tr>\n<tr>\n<td>\u0095 tiempo de respuesta: 1ms<\/td>\n<\/tr>\n<tr>\n<td>\u0095 tipo hd:  fhd<\/td>\n<\/tr>\n<tr>\n<td>\u0095 ajuste (altura):  n\/a<\/td>\n<\/tr>\n<tr>\n<td>\u0095 kensington lock:  si<\/td>\n<\/tr>\n<tr>\n<td>\u0095 vesa: 100 x 100 mm<\/td>\n<\/tr>\n<tr>\n<td>\u0095 ajuste inclinacion: frontal 5\u00b0 &#8211; trasero 15\u00b0<\/td>\n<\/tr>\n<tr>\n<td>\u0095 iluminacion rgb: si<\/td>\n<\/tr>\n<tr>\n<td>\u0095 porcentajes de srgb:    80%<\/td>\n<\/tr>\n<tr>\n<td>\u0095 alimentacion:<\/td>\n<\/tr>\n<tr>\n<td>Entrada   100v &#8211; 240v-  50\/60  hz 1.2 a max<\/td>\n<\/tr>\n<tr>\n<td>Salida  12v &#8211; 4a<\/td>\n<\/tr>\n<tr>\n<td>Maximo consumo:  48 w<\/td>\n<\/tr>\n<tr>\n<td>\u0095 consumo de energia en espera   1 w<\/td>\n<\/tr>\n<tr>\n<td>\u0095 longitud  de cable de alimentaci\u00f3n  1.5 mts<\/td>\n<\/tr>\n<tr>\n<td>Informaci\u00f3n de empaque<\/td>\n<\/tr>\n<tr>\n<td>\u0095 ean-13: 7506215942973<\/td>\n<\/tr>\n<tr>\n<td>\u0095 medida empaque: 68 cm x 20.3 cm x 43.9 cm<\/td>\n<\/tr>\n<\/table>\n","protected":false},"excerpt":{"rendered":"<p>Monitor gamer balam rush hyper nova mhn27y \/ 27 pul \/ plano \/ 200 hz \/ full hd \/ tecnolog\u00eda hdr \/ 1 ms \/  2 hdmi +  dp + audio + dc \/ freesync\/g-sync \/ negro \/ br-942973<\/p>\n","protected":false},"featured_media":259929,"comment_status":"open","ping_status":"open","template":"","meta":[],"product_cat":[1740,1741],"product_tag":[2097],"acf":[],"yoast_head":"<!-- This site is optimized with the Yoast SEO plugin v21.7 - https:\/\/yoast.com\/wordpress\/plugins\/seo\/ -->\n<title>[ Balam Rush ] &#129351; Br-942973,7506215942973 Monitor Gamer Hyper Nova Mhn27y \/ 27 Pul \/ Plano \/ 200 Hz \/ Full Hd \/ Tecnolog\u00eda Hdr \/ 1 Ms \/ 2 Hdmi + Dp + Audio + Dc \/ Freesync\/g-sync \/ Negro \/ Br-942973<\/title>\n<meta name=\"description\" content=\"Compra Br-942973,7506215942973 Monitor Gamer Hyper Nova Mhn27y \/ 27 Pul \/ Plano \/ 200 Hz \/ Full Hd \/ Tecnolog\u00eda Hdr \/ 1 Ms \/ 2 Hdmi + Dp + Audio + Dc \/ Freesync\/g-sync \/ Negro \/ Br-942973 + Env\u00edo a domicilio + Pago seguro + Garant\u00eda\" \/>\n<meta name=\"robots\" content=\"index, follow, max-snippet:-1, max-image-preview:large, max-video-preview:-1\" \/>\n<link rel=\"canonical\" href=\"https:\/\/compuviper.mx\/tienda\/producto\/balam-rush-br-9429737506215942973-monitor-gamer-hyper-nova-mhn27y-27-pul-plano-200-hz-full-hd-tecnologa-hdr-1-ms-2-hdmi-dp-audio-dc-freesync-g-sync-negro-br-942973\/\" \/>\n<meta property=\"og:locale\" content=\"es_MX\" \/>\n<meta property=\"og:type\" content=\"article\" \/>\n<meta property=\"og:title\" content=\"[ Balam Rush ] &#129351; Br-942973,7506215942973 Monitor Gamer Hyper Nova Mhn27y \/ 27 Pul \/ Plano \/ 200 Hz \/ Full Hd \/ Tecnolog\u00eda Hdr \/ 1 Ms \/ 2 Hdmi + Dp + Audio + Dc \/ Freesync\/g-sync \/ Negro \/ Br-942973\" \/>\n<meta property=\"og:description\" content=\"Compra Br-942973,7506215942973 Monitor Gamer Hyper Nova Mhn27y \/ 27 Pul \/ Plano \/ 200 Hz \/ Full Hd \/ Tecnolog\u00eda Hdr \/ 1 Ms \/ 2 Hdmi + Dp + Audio + Dc \/ Freesync\/g-sync \/ Negro \/ Br-942973 + Env\u00edo a domicilio + Pago seguro + Garant\u00eda\" \/>\n<meta property=\"og:url\" content=\"https:\/\/compuviper.mx\/tienda\/producto\/balam-rush-br-9429737506215942973-monitor-gamer-hyper-nova-mhn27y-27-pul-plano-200-hz-full-hd-tecnologa-hdr-1-ms-2-hdmi-dp-audio-dc-freesync-g-sync-negro-br-942973\/\" \/>\n<meta property=\"og:site_name\" content=\"Compuviper\" \/>\n<meta property=\"article:publisher\" content=\"https:\/\/www.facebook.com\/compuviper\" \/>\n<meta property=\"article:modified_time\" content=\"2026-04-07T06:49:11+00:00\" \/>\n<meta property=\"og:image\" content=\"https:\/\/compuviper.mx\/tienda\/wp-content\/uploads\/2025\/10\/Monitor-gamer-balam-rush-hyper-nova-mhn27y-27-pul-plano-200-hz-full-hd-tecnologia-hdr-1-ms-2-hdmi-dp-audio-dc-freesyncg-sync-negro-br-942973.jpg\" \/>\n\t<meta property=\"og:image:width\" content=\"200\" \/>\n\t<meta property=\"og:image:height\" content=\"200\" \/>\n\t<meta property=\"og:image:type\" content=\"image\/jpeg\" \/>\n<meta name=\"twitter:card\" content=\"summary_large_image\" \/>\n<meta name=\"twitter:label1\" content=\"Precio\" \/>\n\t<meta name=\"twitter:data1\" content=\"&#36;2,378 con IVA\" \/>\n\t<meta name=\"twitter:label2\" content=\"Availability\" \/>\n\t<meta name=\"twitter:data2\" content=\"In stock\" \/>\n<script type=\"application\/ld+json\" class=\"yoast-schema-graph\">{\"@context\":\"https:\/\/schema.org\",\"@graph\":[{\"@type\":\"WebPage\",\"@id\":\"https:\/\/compuviper.mx\/tienda\/producto\/balam-rush-br-9429737506215942973-monitor-gamer-hyper-nova-mhn27y-27-pul-plano-200-hz-full-hd-tecnologa-hdr-1-ms-2-hdmi-dp-audio-dc-freesync-g-sync-negro-br-942973\/\",\"url\":\"https:\/\/compuviper.mx\/tienda\/producto\/balam-rush-br-9429737506215942973-monitor-gamer-hyper-nova-mhn27y-27-pul-plano-200-hz-full-hd-tecnologa-hdr-1-ms-2-hdmi-dp-audio-dc-freesync-g-sync-negro-br-942973\/\",\"name\":\"[ Balam Rush ] &#129351; Br-942973,7506215942973 Monitor Gamer Hyper Nova Mhn27y \/ 27 Pul \/ Plano \/ 200 Hz \/ Full Hd \/ Tecnolog\u00eda Hdr \/ 1 Ms \/ 2 Hdmi + Dp + Audio + Dc \/ Freesync\/g-sync \/ Negro \/ Br-942973\",\"isPartOf\":{\"@id\":\"https:\/\/compuviper.mx\/tienda\/#website\"},\"datePublished\":\"2026-04-07T06:49:10+00:00\",\"dateModified\":\"2026-04-07T06:49:11+00:00\",\"description\":\"Compra Br-942973,7506215942973 Monitor Gamer Hyper Nova Mhn27y \/ 27 Pul \/ Plano \/ 200 Hz \/ Full Hd \/ Tecnolog\u00eda Hdr \/ 1 Ms \/ 2 Hdmi + Dp + Audio + Dc \/ Freesync\/g-sync \/ Negro \/ Br-942973 + Env\u00edo a domicilio + Pago seguro + Garant\u00eda\",\"breadcrumb\":{\"@id\":\"https:\/\/compuviper.mx\/tienda\/producto\/balam-rush-br-9429737506215942973-monitor-gamer-hyper-nova-mhn27y-27-pul-plano-200-hz-full-hd-tecnologa-hdr-1-ms-2-hdmi-dp-audio-dc-freesync-g-sync-negro-br-942973\/#breadcrumb\"},\"inLanguage\":\"es-MX\",\"potentialAction\":[{\"@type\":\"ReadAction\",\"target\":[\"https:\/\/compuviper.mx\/tienda\/producto\/balam-rush-br-9429737506215942973-monitor-gamer-hyper-nova-mhn27y-27-pul-plano-200-hz-full-hd-tecnologa-hdr-1-ms-2-hdmi-dp-audio-dc-freesync-g-sync-negro-br-942973\/\"]}]},{\"@type\":\"BreadcrumbList\",\"@id\":\"https:\/\/compuviper.mx\/tienda\/producto\/balam-rush-br-9429737506215942973-monitor-gamer-hyper-nova-mhn27y-27-pul-plano-200-hz-full-hd-tecnologa-hdr-1-ms-2-hdmi-dp-audio-dc-freesync-g-sync-negro-br-942973\/#breadcrumb\",\"itemListElement\":[{\"@type\":\"ListItem\",\"position\":1,\"name\":\"Inicio\",\"item\":\"https:\/\/compuviper.mx\/tienda\/\"},{\"@type\":\"ListItem\",\"position\":2,\"name\":\"Productos\",\"item\":\"https:\/\/compuviper.mx\/tienda\/productos\/\"},{\"@type\":\"ListItem\",\"position\":3,\"name\":\"Monitores\",\"item\":\"https:\/\/compuviper.mx\/tienda\/categoria-producto\/monitores\/\"},{\"@type\":\"ListItem\",\"position\":4,\"name\":\"Led\",\"item\":\"https:\/\/compuviper.mx\/tienda\/categoria-producto\/monitores\/led\/\"},{\"@type\":\"ListItem\",\"position\":5,\"name\":\"Balam Rush Br-942973,7506215942973 Monitor Gamer Hyper Nova Mhn27y \/ 27 Pul \/ Plano \/ 200 Hz \/ Full Hd \/ Tecnolog?a Hdr \/ 1 Ms \/ 2 Hdmi + Dp + Audio + Dc \/ Freesync\/g-sync \/ Negro \/ Br-942973\"}]},{\"@type\":\"WebSite\",\"@id\":\"https:\/\/compuviper.mx\/tienda\/#website\",\"url\":\"https:\/\/compuviper.mx\/tienda\/\",\"name\":\"Compuviper\",\"description\":\"Proveedor de Computadoras, Laptops, Servidores, Monitores, Puntos de Venta, Teclados,   Impresoras, T\u00f3ner, C\u00e1maras de Seguridad y m\u00e1s en tu tienda en l\u00ednea\",\"publisher\":{\"@id\":\"https:\/\/compuviper.mx\/tienda\/#organization\"},\"potentialAction\":[{\"@type\":\"SearchAction\",\"target\":{\"@type\":\"EntryPoint\",\"urlTemplate\":\"https:\/\/compuviper.mx\/tienda\/?s={search_term_string}\"},\"query-input\":\"required name=search_term_string\"}],\"inLanguage\":\"es-MX\"},{\"@type\":\"Organization\",\"@id\":\"https:\/\/compuviper.mx\/tienda\/#organization\",\"name\":\"Compuviper\",\"url\":\"https:\/\/compuviper.mx\/tienda\/\",\"logo\":{\"@type\":\"ImageObject\",\"inLanguage\":\"es-MX\",\"@id\":\"https:\/\/compuviper.mx\/tienda\/#\/schema\/logo\/image\/\",\"url\":\"https:\/\/compuviper.mx\/tienda\/wp-content\/uploads\/2021\/08\/Logo-Compuviper-10.png\",\"contentUrl\":\"https:\/\/compuviper.mx\/tienda\/wp-content\/uploads\/2021\/08\/Logo-Compuviper-10.png\",\"width\":1000,\"height\":500,\"caption\":\"Compuviper\"},\"image\":{\"@id\":\"https:\/\/compuviper.mx\/tienda\/#\/schema\/logo\/image\/\"},\"sameAs\":[\"https:\/\/www.facebook.com\/compuviper\",\"https:\/\/www.youtube.com\/channel\/UCf73dERp9Y3cfOq7q8BhLjA?view_as=subscriber\"]}]}<\/script>\n<meta property=\"product:brand\" content=\"Balam Rush\" \/>\n<meta property=\"product:price:amount\" content=\"2378\" \/>\n<meta property=\"product:price:currency\" content=\"MXN\" \/>\n<meta property=\"og:availability\" content=\"instock\" \/>\n<meta property=\"product:availability\" content=\"instock\" \/>\n<meta property=\"product:retailer_item_id\" content=\"BR-942973,7506215942973\" \/>\n<meta property=\"product:condition\" content=\"new\" \/>\n<!-- \/ Yoast SEO plugin. -->","yoast_head_json":{"title":"[ Balam Rush ] &#129351; Br-942973,7506215942973 Monitor Gamer Hyper Nova Mhn27y \/ 27 Pul \/ Plano \/ 200 Hz \/ Full Hd \/ Tecnolog\u00eda Hdr \/ 1 Ms \/ 2 Hdmi + Dp + Audio + Dc \/ Freesync\/g-sync \/ Negro \/ Br-942973","description":"Compra Br-942973,7506215942973 Monitor Gamer Hyper Nova Mhn27y \/ 27 Pul \/ Plano \/ 200 Hz \/ Full Hd \/ Tecnolog\u00eda Hdr \/ 1 Ms \/ 2 Hdmi + Dp + Audio + Dc \/ Freesync\/g-sync \/ Negro \/ Br-942973 + Env\u00edo a domicilio + Pago seguro + Garant\u00eda","robots":{"index":"index","follow":"follow","max-snippet":"max-snippet:-1","max-image-preview":"max-image-preview:large","max-video-preview":"max-video-preview:-1"},"canonical":"https:\/\/compuviper.mx\/tienda\/producto\/balam-rush-br-9429737506215942973-monitor-gamer-hyper-nova-mhn27y-27-pul-plano-200-hz-full-hd-tecnologa-hdr-1-ms-2-hdmi-dp-audio-dc-freesync-g-sync-negro-br-942973\/","og_locale":"es_MX","og_type":"article","og_title":"[ Balam Rush ] &#129351; Br-942973,7506215942973 Monitor Gamer Hyper Nova Mhn27y \/ 27 Pul \/ Plano \/ 200 Hz \/ Full Hd \/ Tecnolog\u00eda Hdr \/ 1 Ms \/ 2 Hdmi + Dp + Audio + Dc \/ Freesync\/g-sync \/ Negro \/ Br-942973","og_description":"Compra Br-942973,7506215942973 Monitor Gamer Hyper Nova Mhn27y \/ 27 Pul \/ Plano \/ 200 Hz \/ Full Hd \/ Tecnolog\u00eda Hdr \/ 1 Ms \/ 2 Hdmi + Dp + Audio + Dc \/ Freesync\/g-sync \/ Negro \/ Br-942973 + Env\u00edo a domicilio + Pago seguro + Garant\u00eda","og_url":"https:\/\/compuviper.mx\/tienda\/producto\/balam-rush-br-9429737506215942973-monitor-gamer-hyper-nova-mhn27y-27-pul-plano-200-hz-full-hd-tecnologa-hdr-1-ms-2-hdmi-dp-audio-dc-freesync-g-sync-negro-br-942973\/","og_site_name":"Compuviper","article_publisher":"https:\/\/www.facebook.com\/compuviper","article_modified_time":"2026-04-07T06:49:11+00:00","og_image":[{"width":200,"height":200,"url":"https:\/\/compuviper.mx\/tienda\/wp-content\/uploads\/2025\/10\/Monitor-gamer-balam-rush-hyper-nova-mhn27y-27-pul-plano-200-hz-full-hd-tecnologia-hdr-1-ms-2-hdmi-dp-audio-dc-freesyncg-sync-negro-br-942973.jpg","type":"image\/jpeg"}],"twitter_card":"summary_large_image","twitter_misc":{"Precio":"&#36;2,378 con IVA","Availability":"In stock"},"schema":{"@context":"https:\/\/schema.org","@graph":[{"@type":"WebPage","@id":"https:\/\/compuviper.mx\/tienda\/producto\/balam-rush-br-9429737506215942973-monitor-gamer-hyper-nova-mhn27y-27-pul-plano-200-hz-full-hd-tecnologa-hdr-1-ms-2-hdmi-dp-audio-dc-freesync-g-sync-negro-br-942973\/","url":"https:\/\/compuviper.mx\/tienda\/producto\/balam-rush-br-9429737506215942973-monitor-gamer-hyper-nova-mhn27y-27-pul-plano-200-hz-full-hd-tecnologa-hdr-1-ms-2-hdmi-dp-audio-dc-freesync-g-sync-negro-br-942973\/","name":"[ Balam Rush ] &#129351; Br-942973,7506215942973 Monitor Gamer Hyper Nova Mhn27y \/ 27 Pul \/ Plano \/ 200 Hz \/ Full Hd \/ Tecnolog\u00eda Hdr \/ 1 Ms \/ 2 Hdmi + Dp + Audio + Dc \/ Freesync\/g-sync \/ Negro \/ Br-942973","isPartOf":{"@id":"https:\/\/compuviper.mx\/tienda\/#website"},"datePublished":"2026-04-07T06:49:10+00:00","dateModified":"2026-04-07T06:49:11+00:00","description":"Compra Br-942973,7506215942973 Monitor Gamer Hyper Nova Mhn27y \/ 27 Pul \/ Plano \/ 200 Hz \/ Full Hd \/ Tecnolog\u00eda Hdr \/ 1 Ms \/ 2 Hdmi + Dp + Audio + Dc \/ Freesync\/g-sync \/ Negro \/ Br-942973 + Env\u00edo a domicilio + Pago seguro + Garant\u00eda","breadcrumb":{"@id":"https:\/\/compuviper.mx\/tienda\/producto\/balam-rush-br-9429737506215942973-monitor-gamer-hyper-nova-mhn27y-27-pul-plano-200-hz-full-hd-tecnologa-hdr-1-ms-2-hdmi-dp-audio-dc-freesync-g-sync-negro-br-942973\/#breadcrumb"},"inLanguage":"es-MX","potentialAction":[{"@type":"ReadAction","target":["https:\/\/compuviper.mx\/tienda\/producto\/balam-rush-br-9429737506215942973-monitor-gamer-hyper-nova-mhn27y-27-pul-plano-200-hz-full-hd-tecnologa-hdr-1-ms-2-hdmi-dp-audio-dc-freesync-g-sync-negro-br-942973\/"]}]},{"@type":"BreadcrumbList","@id":"https:\/\/compuviper.mx\/tienda\/producto\/balam-rush-br-9429737506215942973-monitor-gamer-hyper-nova-mhn27y-27-pul-plano-200-hz-full-hd-tecnologa-hdr-1-ms-2-hdmi-dp-audio-dc-freesync-g-sync-negro-br-942973\/#breadcrumb","itemListElement":[{"@type":"ListItem","position":1,"name":"Inicio","item":"https:\/\/compuviper.mx\/tienda\/"},{"@type":"ListItem","position":2,"name":"Productos","item":"https:\/\/compuviper.mx\/tienda\/productos\/"},{"@type":"ListItem","position":3,"name":"Monitores","item":"https:\/\/compuviper.mx\/tienda\/categoria-producto\/monitores\/"},{"@type":"ListItem","position":4,"name":"Led","item":"https:\/\/compuviper.mx\/tienda\/categoria-producto\/monitores\/led\/"},{"@type":"ListItem","position":5,"name":"Balam Rush Br-942973,7506215942973 Monitor Gamer Hyper Nova Mhn27y \/ 27 Pul \/ Plano \/ 200 Hz \/ Full Hd \/ Tecnolog?a Hdr \/ 1 Ms \/ 2 Hdmi + Dp + Audio + Dc \/ Freesync\/g-sync \/ Negro \/ Br-942973"}]},{"@type":"WebSite","@id":"https:\/\/compuviper.mx\/tienda\/#website","url":"https:\/\/compuviper.mx\/tienda\/","name":"Compuviper","description":"Proveedor de Computadoras, Laptops, Servidores, Monitores, Puntos de Venta, Teclados,   Impresoras, T\u00f3ner, C\u00e1maras de Seguridad y m\u00e1s en tu tienda en l\u00ednea","publisher":{"@id":"https:\/\/compuviper.mx\/tienda\/#organization"},"potentialAction":[{"@type":"SearchAction","target":{"@type":"EntryPoint","urlTemplate":"https:\/\/compuviper.mx\/tienda\/?s={search_term_string}"},"query-input":"required name=search_term_string"}],"inLanguage":"es-MX"},{"@type":"Organization","@id":"https:\/\/compuviper.mx\/tienda\/#organization","name":"Compuviper","url":"https:\/\/compuviper.mx\/tienda\/","logo":{"@type":"ImageObject","inLanguage":"es-MX","@id":"https:\/\/compuviper.mx\/tienda\/#\/schema\/logo\/image\/","url":"https:\/\/compuviper.mx\/tienda\/wp-content\/uploads\/2021\/08\/Logo-Compuviper-10.png","contentUrl":"https:\/\/compuviper.mx\/tienda\/wp-content\/uploads\/2021\/08\/Logo-Compuviper-10.png","width":1000,"height":500,"caption":"Compuviper"},"image":{"@id":"https:\/\/compuviper.mx\/tienda\/#\/schema\/logo\/image\/"},"sameAs":["https:\/\/www.facebook.com\/compuviper","https:\/\/www.youtube.com\/channel\/UCf73dERp9Y3cfOq7q8BhLjA?view_as=subscriber"]}]},"product_brand":"Balam Rush","product_price_amount":"2378","product_price_currency":"MXN","og_availability":"instock","product_availability":"instock","product_retailer_item_id":"BR-942973,7506215942973","product_condition":"new"},"_links":{"self":[{"href":"https:\/\/compuviper.mx\/tienda\/wp-json\/wp\/v2\/product\/253409"}],"collection":[{"href":"https:\/\/compuviper.mx\/tienda\/wp-json\/wp\/v2\/product"}],"about":[{"href":"https:\/\/compuviper.mx\/tienda\/wp-json\/wp\/v2\/types\/product"}],"replies":[{"embeddable":true,"href":"https:\/\/compuviper.mx\/tienda\/wp-json\/wp\/v2\/comments?post=253409"}],"wp:featuredmedia":[{"embeddable":true,"href":"https:\/\/compuviper.mx\/tienda\/wp-json\/wp\/v2\/media\/259929"}],"wp:attachment":[{"href":"https:\/\/compuviper.mx\/tienda\/wp-json\/wp\/v2\/media?parent=253409"}],"wp:term":[{"taxonomy":"product_cat","embeddable":true,"href":"https:\/\/compuviper.mx\/tienda\/wp-json\/wp\/v2\/product_cat?post=253409"},{"taxonomy":"product_tag","embeddable":true,"href":"https:\/\/compuviper.mx\/tienda\/wp-json\/wp\/v2\/product_tag?post=253409"}],"curies":[{"name":"wp","href":"https:\/\/api.w.org\/{rel}","templated":true}]}}