{"id":253203,"date":"2026-04-10T00:46:24","date_gmt":"2026-04-10T06:46:24","guid":{"rendered":"https:\/\/compuviper.mx\/tienda\/producto\/dell-game-aw2725dm-monitor-gamer-alienware-27-pulgadas-qhd-2560-x-1440-aw2725dm-180-hz-amd-freesync-210-bpky\/"},"modified":"2026-04-10T00:46:25","modified_gmt":"2026-04-10T06:46:25","slug":"dell-game-aw2725dm-monitor-gamer-alienware-27-pulgadas-qhd-2560-x-1440-aw2725dm-180-hz-amd-freesync-210-bpky","status":"publish","type":"product","link":"https:\/\/compuviper.mx\/tienda\/producto\/dell-game-aw2725dm-monitor-gamer-alienware-27-pulgadas-qhd-2560-x-1440-aw2725dm-180-hz-amd-freesync-210-bpky\/","title":{"rendered":"Dell Game-aw2725dm Monitor   Gamer Alienware | 27 Pulgadas Qhd 2560 X 1440 | Aw2725dm | 180 Hz | Amd Freesync | 210-bpky"},"content":{"rendered":"<table class=\"descripcion\">\n<tr>\n<td>N\u00famero de pantallas<\/td>\n<\/tr>\n<tr>\n<td>1<\/td>\n<\/tr>\n<tr>\n<td>Clase de tama\u00f1o de pantalla<\/td>\n<\/tr>\n<tr>\n<td>27 (68,6 cm)<\/td>\n<\/tr>\n<tr>\n<td>Tama\u00f1o de pantalla visible<\/td>\n<\/tr>\n<tr>\n<td>27 (68,6 cm)<\/td>\n<\/tr>\n<tr>\n<td>Modo de pantalla<\/td>\n<\/tr>\n<tr>\n<td>Wqhd<\/td>\n<\/tr>\n<tr>\n<td>Tecnolog\u00eda de pantalla<\/td>\n<\/tr>\n<tr>\n<td>Ips r\u00e1pido<\/td>\n<\/tr>\n<tr>\n<td>Tiempo de respuesta<\/td>\n<\/tr>\n<tr>\n<td>1 ms<\/td>\n<\/tr>\n<tr>\n<td>Detalles de tiempo de respuesta<\/td>\n<\/tr>\n<tr>\n<td>2ms gtg (s\u00faper r\u00e1pido)<\/td>\n<\/tr>\n<tr>\n<td>4ms gtg (r\u00e1pido)<\/td>\n<\/tr>\n<tr>\n<td>Gtg de 1 ms (modo extremo)<\/td>\n<\/tr>\n<tr>\n<td>Relaci\u00f3n de aspecto<\/td>\n<\/tr>\n<tr>\n<td>16:9<\/td>\n<\/tr>\n<tr>\n<td>Tama\u00f1o de pixel<\/td>\n<\/tr>\n<tr>\n<td>0,2331 mm x 0,2331 mm<\/td>\n<\/tr>\n<tr>\n<td>Angulo de visi\u00f3n horizontal<\/td>\n<\/tr>\n<tr>\n<td>178\u00b0<\/td>\n<\/tr>\n<tr>\n<td>\u00e1ngulo de visi\u00f3n vertical<\/td>\n<\/tr>\n<tr>\n<td>178\u00b0<\/td>\n<\/tr>\n<tr>\n<td>Tipo de montaje<\/td>\n<\/tr>\n<tr>\n<td>Montura de panel<\/td>\n<\/tr>\n<tr>\n<td>Tecnolog\u00eda de iluminaci\u00f3n de fondo<\/td>\n<\/tr>\n<tr>\n<td>Sistema led edgelight<\/td>\n<\/tr>\n<tr>\n<td>Compatibilidad con hdcp<\/td>\n<\/tr>\n<tr>\n<td>S\u00ed<\/td>\n<\/tr>\n<tr>\n<td>Altura m\u00e1xima ajustable<\/td>\n<\/tr>\n<tr>\n<td>110 mm<\/td>\n<\/tr>\n<tr>\n<td>\u00e1ngulo de inclinaci\u00f3n<\/td>\n<\/tr>\n<tr>\n<td>-5\u00b0 a 21\u00b0<\/td>\n<\/tr>\n<tr>\n<td>\u00e1ngulo de giro<\/td>\n<\/tr>\n<tr>\n<td>-20\u00b0 a 20\u00b0<\/td>\n<\/tr>\n<tr>\n<td>\u00e1ngulo de giro<\/td>\n<\/tr>\n<tr>\n<td>+\/-90\u00b0<\/td>\n<\/tr>\n<tr>\n<td>Caracter\u00edsticas<\/td>\n<\/tr>\n<tr>\n<td>Narrow bezel<\/td>\n<\/tr>\n<tr>\n<td>Sin mercurio<\/td>\n<\/tr>\n<tr>\n<td>Sklo bez obsahu arz\u00e9nu<\/td>\n<\/tr>\n<tr>\n<td>Ranura de candado<\/td>\n<\/tr>\n<tr>\n<td>Bloqueo de seguridad<\/td>\n<\/tr>\n<tr>\n<td>Cuadro en cuadro<\/td>\n<\/tr>\n<tr>\n<td>Imagen junto a imagen<\/td>\n<\/tr>\n<tr>\n<td>Antirreflejos<\/td>\n<\/tr>\n<tr>\n<td>Nvidia\u00ae g-sync\u00ae<\/td>\n<\/tr>\n<tr>\n<td>Comfortview plus<\/td>\n<\/tr>\n<tr>\n<td>Modo low blue light (luz de espectro azul)<\/td>\n<\/tr>\n<tr>\n<td>Vesa displayhdr 400<\/td>\n<\/tr>\n<tr>\n<td>Frecuencia horizontal<\/td>\n<\/tr>\n<tr>\n<td>30 khz a 285 khz &#8211; displayport 1.4<\/td>\n<\/tr>\n<tr>\n<td>30 khz a 230 khz &#8211; hdmi 2.1<\/td>\n<\/tr>\n<tr>\n<td>Frecuencia horizontal<\/td>\n<\/tr>\n<tr>\n<td>30 khz a 230 khz &#8211; hdmi 2.1<\/td>\n<\/tr>\n<tr>\n<td>Soporte ajustable<\/td>\n<\/tr>\n<tr>\n<td>S\u00ed<\/td>\n<\/tr>\n<tr>\n<td>Ajustes de pie<\/td>\n<\/tr>\n<tr>\n<td>Pivote<\/td>\n<\/tr>\n<tr>\n<td>Inclinable<\/td>\n<\/tr>\n<tr>\n<td>Giratoria<\/td>\n<\/tr>\n<tr>\n<td>Altura<\/td>\n<\/tr>\n<tr>\n<td>Base incluida<\/td>\n<\/tr>\n<tr>\n<td>S\u00ed<\/td>\n<\/tr>\n<tr>\n<td>Resoluci\u00f3n m\u00e1x.<\/td>\n<\/tr>\n<tr>\n<td>2560 x 1440<\/td>\n<\/tr>\n<tr>\n<td>\u00edndice de refresco est\u00e1ndar<\/td>\n<\/tr>\n<tr>\n<td>180 hz<\/td>\n<\/tr>\n<tr>\n<td>Color admitido<\/td>\n<\/tr>\n<tr>\n<td>1.07 miles de millones de colores<\/td>\n<\/tr>\n<tr>\n<td>Relaci\u00f3n de contraste nativa<\/td>\n<\/tr>\n<tr>\n<td>1,000:1<\/td>\n<\/tr>\n<tr>\n<td>Luminosidad<\/td>\n<\/tr>\n<tr>\n<td>400 cd\/m2<\/td>\n<\/tr>\n<tr>\n<td>Tecnolog\u00eda de prevenci\u00f3n de desgarros<\/td>\n<\/tr>\n<tr>\n<td>Compatible con nvidia\u00ae g-sync\u00ae<\/td>\n<\/tr>\n<tr>\n<td>Amd freesync\u0099<\/td>\n<\/tr>\n<tr>\n<td>Vesa adaptivesync<\/td>\n<\/tr>\n<tr>\n<td>Gama de colores<\/td>\n<\/tr>\n<tr>\n<td>95% dci-p3 (cie 1976)<\/td>\n<\/tr>\n<tr>\n<td>Resoluci\u00f3n preestablecida m\u00e1xima<\/td>\n<\/tr>\n<tr>\n<td>2560 x 1440 a 180 hz<\/td>\n<\/tr>\n<tr>\n<td>P\u00edxeles por pulgada (ppp)<\/td>\n<\/tr>\n<tr>\n<td>109<\/td>\n<\/tr>\n<\/table>\n","protected":false},"excerpt":{"rendered":"<p>Da vida a tus juegos favoritos en un monitor para juegos qhd de 68,58 cm (27) con un panel fast ips, colores vivos y gr\u00e1ficos impecables. Upc: 884116492764. 3 a\u00f1os de garant\u00eda<\/p>\n","protected":false},"featured_media":259927,"comment_status":"open","ping_status":"open","template":"","meta":[],"product_cat":[1746,1740],"product_tag":[1537],"acf":[],"yoast_head":"<!-- This site is optimized with the Yoast SEO plugin v21.7 - https:\/\/yoast.com\/wordpress\/plugins\/seo\/ -->\n<title>[ Dell ] &#129351; Game-aw2725dm Monitor Gamer Alienware | 27 Pulgadas Qhd 2560 X 1440 | Aw2725dm | 180 Hz | Amd Freesync | 210-bpky<\/title>\n<meta name=\"description\" content=\"Compra Game-aw2725dm Monitor Gamer Alienware | 27 Pulgadas Qhd 2560 X 1440 | Aw2725dm | 180 Hz | Amd Freesync | 210-bpky + Env\u00edo a domicilio + Pago seguro + Garant\u00eda\" \/>\n<meta name=\"robots\" content=\"index, follow, max-snippet:-1, max-image-preview:large, max-video-preview:-1\" \/>\n<link rel=\"canonical\" href=\"https:\/\/compuviper.mx\/tienda\/producto\/dell-game-aw2725dm-monitor-gamer-alienware-27-pulgadas-qhd-2560-x-1440-aw2725dm-180-hz-amd-freesync-210-bpky\/\" \/>\n<meta property=\"og:locale\" content=\"es_MX\" \/>\n<meta property=\"og:type\" content=\"article\" \/>\n<meta property=\"og:title\" content=\"[ Dell ] &#129351; Game-aw2725dm Monitor Gamer Alienware | 27 Pulgadas Qhd 2560 X 1440 | Aw2725dm | 180 Hz | Amd Freesync | 210-bpky\" \/>\n<meta property=\"og:description\" content=\"Compra Game-aw2725dm Monitor Gamer Alienware | 27 Pulgadas Qhd 2560 X 1440 | Aw2725dm | 180 Hz | Amd Freesync | 210-bpky + Env\u00edo a domicilio + Pago seguro + Garant\u00eda\" \/>\n<meta property=\"og:url\" content=\"https:\/\/compuviper.mx\/tienda\/producto\/dell-game-aw2725dm-monitor-gamer-alienware-27-pulgadas-qhd-2560-x-1440-aw2725dm-180-hz-amd-freesync-210-bpky\/\" \/>\n<meta property=\"og:site_name\" content=\"Compuviper\" \/>\n<meta property=\"article:publisher\" content=\"https:\/\/www.facebook.com\/compuviper\" \/>\n<meta property=\"article:modified_time\" content=\"2026-04-10T06:46:25+00:00\" \/>\n<meta property=\"og:image\" content=\"https:\/\/compuviper.mx\/tienda\/wp-content\/uploads\/2025\/10\/Monitor-dell-gamer-alienware-27-pulgadas-qhd-2560-x-1440-aw2725dm-180-hz-amd-freesync-210-bpky.jpg\" \/>\n\t<meta property=\"og:image:width\" content=\"200\" \/>\n\t<meta property=\"og:image:height\" content=\"200\" \/>\n\t<meta property=\"og:image:type\" content=\"image\/jpeg\" \/>\n<meta name=\"twitter:card\" content=\"summary_large_image\" \/>\n<meta name=\"twitter:label1\" content=\"Precio\" \/>\n\t<meta name=\"twitter:data1\" content=\"&#36;6,301 &#36;4,336 con IVA\" \/>\n\t<meta name=\"twitter:label2\" content=\"Availability\" \/>\n\t<meta name=\"twitter:data2\" content=\"In stock\" \/>\n<script type=\"application\/ld+json\" class=\"yoast-schema-graph\">{\"@context\":\"https:\/\/schema.org\",\"@graph\":[{\"@type\":\"WebPage\",\"@id\":\"https:\/\/compuviper.mx\/tienda\/producto\/dell-game-aw2725dm-monitor-gamer-alienware-27-pulgadas-qhd-2560-x-1440-aw2725dm-180-hz-amd-freesync-210-bpky\/\",\"url\":\"https:\/\/compuviper.mx\/tienda\/producto\/dell-game-aw2725dm-monitor-gamer-alienware-27-pulgadas-qhd-2560-x-1440-aw2725dm-180-hz-amd-freesync-210-bpky\/\",\"name\":\"[ Dell ] &#129351; Game-aw2725dm Monitor Gamer Alienware | 27 Pulgadas Qhd 2560 X 1440 | Aw2725dm | 180 Hz | Amd Freesync | 210-bpky\",\"isPartOf\":{\"@id\":\"https:\/\/compuviper.mx\/tienda\/#website\"},\"datePublished\":\"2026-04-10T06:46:24+00:00\",\"dateModified\":\"2026-04-10T06:46:25+00:00\",\"description\":\"Compra Game-aw2725dm Monitor Gamer Alienware | 27 Pulgadas Qhd 2560 X 1440 | Aw2725dm | 180 Hz | Amd Freesync | 210-bpky + Env\u00edo a domicilio + Pago seguro + Garant\u00eda\",\"breadcrumb\":{\"@id\":\"https:\/\/compuviper.mx\/tienda\/producto\/dell-game-aw2725dm-monitor-gamer-alienware-27-pulgadas-qhd-2560-x-1440-aw2725dm-180-hz-amd-freesync-210-bpky\/#breadcrumb\"},\"inLanguage\":\"es-MX\",\"potentialAction\":[{\"@type\":\"ReadAction\",\"target\":[\"https:\/\/compuviper.mx\/tienda\/producto\/dell-game-aw2725dm-monitor-gamer-alienware-27-pulgadas-qhd-2560-x-1440-aw2725dm-180-hz-amd-freesync-210-bpky\/\"]}]},{\"@type\":\"BreadcrumbList\",\"@id\":\"https:\/\/compuviper.mx\/tienda\/producto\/dell-game-aw2725dm-monitor-gamer-alienware-27-pulgadas-qhd-2560-x-1440-aw2725dm-180-hz-amd-freesync-210-bpky\/#breadcrumb\",\"itemListElement\":[{\"@type\":\"ListItem\",\"position\":1,\"name\":\"Inicio\",\"item\":\"https:\/\/compuviper.mx\/tienda\/\"},{\"@type\":\"ListItem\",\"position\":2,\"name\":\"Productos\",\"item\":\"https:\/\/compuviper.mx\/tienda\/productos\/\"},{\"@type\":\"ListItem\",\"position\":3,\"name\":\"Monitores\",\"item\":\"https:\/\/compuviper.mx\/tienda\/categoria-producto\/monitores\/\"},{\"@type\":\"ListItem\",\"position\":4,\"name\":\"Lcd\",\"item\":\"https:\/\/compuviper.mx\/tienda\/categoria-producto\/monitores\/lcd\/\"},{\"@type\":\"ListItem\",\"position\":5,\"name\":\"Dell Game-aw2725dm Monitor Gamer Alienware | 27 Pulgadas Qhd 2560 X 1440 | Aw2725dm | 180 Hz | Amd Freesync | 210-bpky\"}]},{\"@type\":\"WebSite\",\"@id\":\"https:\/\/compuviper.mx\/tienda\/#website\",\"url\":\"https:\/\/compuviper.mx\/tienda\/\",\"name\":\"Compuviper\",\"description\":\"Proveedor de Computadoras, Laptops, Servidores, Monitores, Puntos de Venta, Teclados,   Impresoras, T\u00f3ner, C\u00e1maras de Seguridad y m\u00e1s en tu tienda en l\u00ednea\",\"publisher\":{\"@id\":\"https:\/\/compuviper.mx\/tienda\/#organization\"},\"potentialAction\":[{\"@type\":\"SearchAction\",\"target\":{\"@type\":\"EntryPoint\",\"urlTemplate\":\"https:\/\/compuviper.mx\/tienda\/?s={search_term_string}\"},\"query-input\":\"required name=search_term_string\"}],\"inLanguage\":\"es-MX\"},{\"@type\":\"Organization\",\"@id\":\"https:\/\/compuviper.mx\/tienda\/#organization\",\"name\":\"Compuviper\",\"url\":\"https:\/\/compuviper.mx\/tienda\/\",\"logo\":{\"@type\":\"ImageObject\",\"inLanguage\":\"es-MX\",\"@id\":\"https:\/\/compuviper.mx\/tienda\/#\/schema\/logo\/image\/\",\"url\":\"https:\/\/compuviper.mx\/tienda\/wp-content\/uploads\/2021\/08\/Logo-Compuviper-10.png\",\"contentUrl\":\"https:\/\/compuviper.mx\/tienda\/wp-content\/uploads\/2021\/08\/Logo-Compuviper-10.png\",\"width\":1000,\"height\":500,\"caption\":\"Compuviper\"},\"image\":{\"@id\":\"https:\/\/compuviper.mx\/tienda\/#\/schema\/logo\/image\/\"},\"sameAs\":[\"https:\/\/www.facebook.com\/compuviper\",\"https:\/\/www.youtube.com\/channel\/UCf73dERp9Y3cfOq7q8BhLjA?view_as=subscriber\"]}]}<\/script>\n<meta property=\"product:brand\" content=\"DELL\" \/>\n<meta property=\"product:price:amount\" content=\"4336\" \/>\n<meta property=\"product:price:currency\" content=\"MXN\" \/>\n<meta property=\"og:availability\" content=\"instock\" \/>\n<meta property=\"product:availability\" content=\"instock\" \/>\n<meta property=\"product:retailer_item_id\" content=\"GAME-AW2725DM\" \/>\n<meta property=\"product:condition\" content=\"new\" \/>\n<!-- \/ Yoast SEO plugin. -->","yoast_head_json":{"title":"[ Dell ] &#129351; Game-aw2725dm Monitor Gamer Alienware | 27 Pulgadas Qhd 2560 X 1440 | Aw2725dm | 180 Hz | Amd Freesync | 210-bpky","description":"Compra Game-aw2725dm Monitor Gamer Alienware | 27 Pulgadas Qhd 2560 X 1440 | Aw2725dm | 180 Hz | Amd Freesync | 210-bpky + Env\u00edo a domicilio + Pago seguro + Garant\u00eda","robots":{"index":"index","follow":"follow","max-snippet":"max-snippet:-1","max-image-preview":"max-image-preview:large","max-video-preview":"max-video-preview:-1"},"canonical":"https:\/\/compuviper.mx\/tienda\/producto\/dell-game-aw2725dm-monitor-gamer-alienware-27-pulgadas-qhd-2560-x-1440-aw2725dm-180-hz-amd-freesync-210-bpky\/","og_locale":"es_MX","og_type":"article","og_title":"[ Dell ] &#129351; Game-aw2725dm Monitor Gamer Alienware | 27 Pulgadas Qhd 2560 X 1440 | Aw2725dm | 180 Hz | Amd Freesync | 210-bpky","og_description":"Compra Game-aw2725dm Monitor Gamer Alienware | 27 Pulgadas Qhd 2560 X 1440 | Aw2725dm | 180 Hz | Amd Freesync | 210-bpky + Env\u00edo a domicilio + Pago seguro + Garant\u00eda","og_url":"https:\/\/compuviper.mx\/tienda\/producto\/dell-game-aw2725dm-monitor-gamer-alienware-27-pulgadas-qhd-2560-x-1440-aw2725dm-180-hz-amd-freesync-210-bpky\/","og_site_name":"Compuviper","article_publisher":"https:\/\/www.facebook.com\/compuviper","article_modified_time":"2026-04-10T06:46:25+00:00","og_image":[{"width":200,"height":200,"url":"https:\/\/compuviper.mx\/tienda\/wp-content\/uploads\/2025\/10\/Monitor-dell-gamer-alienware-27-pulgadas-qhd-2560-x-1440-aw2725dm-180-hz-amd-freesync-210-bpky.jpg","type":"image\/jpeg"}],"twitter_card":"summary_large_image","twitter_misc":{"Precio":"&#36;6,301 &#36;4,336 con IVA","Availability":"In stock"},"schema":{"@context":"https:\/\/schema.org","@graph":[{"@type":"WebPage","@id":"https:\/\/compuviper.mx\/tienda\/producto\/dell-game-aw2725dm-monitor-gamer-alienware-27-pulgadas-qhd-2560-x-1440-aw2725dm-180-hz-amd-freesync-210-bpky\/","url":"https:\/\/compuviper.mx\/tienda\/producto\/dell-game-aw2725dm-monitor-gamer-alienware-27-pulgadas-qhd-2560-x-1440-aw2725dm-180-hz-amd-freesync-210-bpky\/","name":"[ Dell ] &#129351; Game-aw2725dm Monitor Gamer Alienware | 27 Pulgadas Qhd 2560 X 1440 | Aw2725dm | 180 Hz | Amd Freesync | 210-bpky","isPartOf":{"@id":"https:\/\/compuviper.mx\/tienda\/#website"},"datePublished":"2026-04-10T06:46:24+00:00","dateModified":"2026-04-10T06:46:25+00:00","description":"Compra Game-aw2725dm Monitor Gamer Alienware | 27 Pulgadas Qhd 2560 X 1440 | Aw2725dm | 180 Hz | Amd Freesync | 210-bpky + Env\u00edo a domicilio + Pago seguro + Garant\u00eda","breadcrumb":{"@id":"https:\/\/compuviper.mx\/tienda\/producto\/dell-game-aw2725dm-monitor-gamer-alienware-27-pulgadas-qhd-2560-x-1440-aw2725dm-180-hz-amd-freesync-210-bpky\/#breadcrumb"},"inLanguage":"es-MX","potentialAction":[{"@type":"ReadAction","target":["https:\/\/compuviper.mx\/tienda\/producto\/dell-game-aw2725dm-monitor-gamer-alienware-27-pulgadas-qhd-2560-x-1440-aw2725dm-180-hz-amd-freesync-210-bpky\/"]}]},{"@type":"BreadcrumbList","@id":"https:\/\/compuviper.mx\/tienda\/producto\/dell-game-aw2725dm-monitor-gamer-alienware-27-pulgadas-qhd-2560-x-1440-aw2725dm-180-hz-amd-freesync-210-bpky\/#breadcrumb","itemListElement":[{"@type":"ListItem","position":1,"name":"Inicio","item":"https:\/\/compuviper.mx\/tienda\/"},{"@type":"ListItem","position":2,"name":"Productos","item":"https:\/\/compuviper.mx\/tienda\/productos\/"},{"@type":"ListItem","position":3,"name":"Monitores","item":"https:\/\/compuviper.mx\/tienda\/categoria-producto\/monitores\/"},{"@type":"ListItem","position":4,"name":"Lcd","item":"https:\/\/compuviper.mx\/tienda\/categoria-producto\/monitores\/lcd\/"},{"@type":"ListItem","position":5,"name":"Dell Game-aw2725dm Monitor Gamer Alienware | 27 Pulgadas Qhd 2560 X 1440 | Aw2725dm | 180 Hz | Amd Freesync | 210-bpky"}]},{"@type":"WebSite","@id":"https:\/\/compuviper.mx\/tienda\/#website","url":"https:\/\/compuviper.mx\/tienda\/","name":"Compuviper","description":"Proveedor de Computadoras, Laptops, Servidores, Monitores, Puntos de Venta, Teclados,   Impresoras, T\u00f3ner, C\u00e1maras de Seguridad y m\u00e1s en tu tienda en l\u00ednea","publisher":{"@id":"https:\/\/compuviper.mx\/tienda\/#organization"},"potentialAction":[{"@type":"SearchAction","target":{"@type":"EntryPoint","urlTemplate":"https:\/\/compuviper.mx\/tienda\/?s={search_term_string}"},"query-input":"required name=search_term_string"}],"inLanguage":"es-MX"},{"@type":"Organization","@id":"https:\/\/compuviper.mx\/tienda\/#organization","name":"Compuviper","url":"https:\/\/compuviper.mx\/tienda\/","logo":{"@type":"ImageObject","inLanguage":"es-MX","@id":"https:\/\/compuviper.mx\/tienda\/#\/schema\/logo\/image\/","url":"https:\/\/compuviper.mx\/tienda\/wp-content\/uploads\/2021\/08\/Logo-Compuviper-10.png","contentUrl":"https:\/\/compuviper.mx\/tienda\/wp-content\/uploads\/2021\/08\/Logo-Compuviper-10.png","width":1000,"height":500,"caption":"Compuviper"},"image":{"@id":"https:\/\/compuviper.mx\/tienda\/#\/schema\/logo\/image\/"},"sameAs":["https:\/\/www.facebook.com\/compuviper","https:\/\/www.youtube.com\/channel\/UCf73dERp9Y3cfOq7q8BhLjA?view_as=subscriber"]}]},"product_brand":"DELL","product_price_amount":"4336","product_price_currency":"MXN","og_availability":"instock","product_availability":"instock","product_retailer_item_id":"GAME-AW2725DM","product_condition":"new"},"_links":{"self":[{"href":"https:\/\/compuviper.mx\/tienda\/wp-json\/wp\/v2\/product\/253203"}],"collection":[{"href":"https:\/\/compuviper.mx\/tienda\/wp-json\/wp\/v2\/product"}],"about":[{"href":"https:\/\/compuviper.mx\/tienda\/wp-json\/wp\/v2\/types\/product"}],"replies":[{"embeddable":true,"href":"https:\/\/compuviper.mx\/tienda\/wp-json\/wp\/v2\/comments?post=253203"}],"wp:featuredmedia":[{"embeddable":true,"href":"https:\/\/compuviper.mx\/tienda\/wp-json\/wp\/v2\/media\/259927"}],"wp:attachment":[{"href":"https:\/\/compuviper.mx\/tienda\/wp-json\/wp\/v2\/media?parent=253203"}],"wp:term":[{"taxonomy":"product_cat","embeddable":true,"href":"https:\/\/compuviper.mx\/tienda\/wp-json\/wp\/v2\/product_cat?post=253203"},{"taxonomy":"product_tag","embeddable":true,"href":"https:\/\/compuviper.mx\/tienda\/wp-json\/wp\/v2\/product_tag?post=253203"}],"curies":[{"name":"wp","href":"https:\/\/api.w.org\/{rel}","templated":true}]}}