{"id":253202,"date":"2026-05-01T00:45:59","date_gmt":"2026-05-01T06:45:59","guid":{"rendered":"https:\/\/compuviper.mx\/tienda\/producto\/dell-game-aw3425dwm-monitor-gamer-alienware-curvo-34-pulgadas-qhd-aw3425dwm-240-hz-amd-freesync-210-bpky\/"},"modified":"2026-05-01T00:46:00","modified_gmt":"2026-05-01T06:46:00","slug":"dell-game-aw3425dwm-monitor-gamer-alienware-curvo-34-pulgadas-qhd-aw3425dwm-1800-hz-amd-freesync-210-bpkx","status":"publish","type":"product","link":"https:\/\/compuviper.mx\/tienda\/producto\/dell-game-aw3425dwm-monitor-gamer-alienware-curvo-34-pulgadas-qhd-aw3425dwm-1800-hz-amd-freesync-210-bpkx\/","title":{"rendered":"Dell Game-aw3425dwm Monitor  Gamer Alienware Curvo | 34 Pulgadas Qhd |aw3425dwm | 1800 Hz | Amd Freesync | 210-bpkx"},"content":{"rendered":"<table class=\"descripcion\">\n<tr>\n<td>Umber of screens<\/td>\n<\/tr>\n<tr>\n<td>1<\/td>\n<\/tr>\n<tr>\n<td>Screen size class<\/td>\n<\/tr>\n<tr>\n<td>34<\/td>\n<\/tr>\n<tr>\n<td>Viewable screen size<\/td>\n<\/tr>\n<tr>\n<td>34<\/td>\n<\/tr>\n<tr>\n<td>Screen mode<\/td>\n<\/tr>\n<tr>\n<td>Wqhd<\/td>\n<\/tr>\n<tr>\n<td>Panel technology<\/td>\n<\/tr>\n<tr>\n<td>Vertical alignment (va)<\/td>\n<\/tr>\n<tr>\n<td>Response time details<\/td>\n<\/tr>\n<tr>\n<td>4ms gtg (fast)<\/td>\n<\/tr>\n<tr>\n<td>2ms gtg (super fast)<\/td>\n<\/tr>\n<tr>\n<td>1ms gtg (extreme mode)<\/td>\n<\/tr>\n<tr>\n<td>Aspect ratio<\/td>\n<\/tr>\n<tr>\n<td>21:9<\/td>\n<\/tr>\n<tr>\n<td>Pixel pitch<\/td>\n<\/tr>\n<tr>\n<td>0.23175 mm x 0.23175 mm<\/td>\n<\/tr>\n<tr>\n<td>Horizontal viewing angle<\/td>\n<\/tr>\n<tr>\n<td>178\u00b0<\/td>\n<\/tr>\n<tr>\n<td>Vertical viewing angle<\/td>\n<\/tr>\n<tr>\n<td>178\u00b0<\/td>\n<\/tr>\n<tr>\n<td>Mount type<\/td>\n<\/tr>\n<tr>\n<td>Panel mount<\/td>\n<\/tr>\n<tr>\n<td>Backlight technology<\/td>\n<\/tr>\n<tr>\n<td>Led edgelight system<\/td>\n<\/tr>\n<tr>\n<td>Maximum resolution<\/td>\n<\/tr>\n<tr>\n<td>3440 x 1440<\/td>\n<\/tr>\n<tr>\n<td>Standard refresh rate<\/td>\n<\/tr>\n<tr>\n<td>180 hz<\/td>\n<\/tr>\n<tr>\n<td>Color supported<\/td>\n<\/tr>\n<tr>\n<td>1.07 billion colors<\/td>\n<\/tr>\n<tr>\n<td>Native contrast ratio<\/td>\n<\/tr>\n<tr>\n<td>3,000:1<\/td>\n<\/tr>\n<tr>\n<td>Brightness<\/td>\n<\/tr>\n<tr>\n<td>400 cd\/m2<\/td>\n<\/tr>\n<tr>\n<td>Tearing prevention technology<\/td>\n<\/tr>\n<tr>\n<td>Amd freesynctm premium<\/td>\n<\/tr>\n<tr>\n<td>Vesa adaptivesync<\/td>\n<\/tr>\n<tr>\n<td>Color gamut<\/td>\n<\/tr>\n<tr>\n<td>95% dci-p3 (cie 1976)<\/td>\n<\/tr>\n<tr>\n<td>Maximum preset resolution<\/td>\n<\/tr>\n<tr>\n<td>3440 x 1440 at 180hz<\/td>\n<\/tr>\n<tr>\n<td>Pixel per inch (ppi)<\/td>\n<\/tr>\n<tr>\n<td>110<\/td>\n<\/tr>\n<tr>\n<td>Video port<\/td>\n<\/tr>\n<tr>\n<td>2 hdmi ports (hdcp 1.4  and  2.3) (supports up to wqhd 3440 x 1440, 180 hz, 10 bit, frl, vrr as per specified in hdmi 2.1)<\/td>\n<\/tr>\n<tr>\n<td>1 displayport 1.4 (hdcp 1.4  and  2.3) (supports up to wqhd 3440 x 1440, 180 hz, dsc, hdr, vrr)<\/td>\n<\/tr>\n<tr>\n<td>Usb port<\/td>\n<\/tr>\n<tr>\n<td>1 usb 5gbps type-a downstream port with battery charging 1.2<\/td>\n<\/tr>\n<tr>\n<td>1 usb 5gbps type-a downstream port<\/td>\n<\/tr>\n<tr>\n<td>1 usb 5gbps type-b upstream port<\/td>\n<\/tr>\n<\/table>\n","protected":false},"excerpt":{"rendered":"<p>Ports. 2 hdmi ports (hdcp 1.4  and  2.3) (supports up to wqhd 3440 x 1440, 180 hz, 10 bit, frl, vrr as per specified in hdmi 2.1. 1 displayport 1.4 (hdcp 1.4  and  2.3) (supports up to wqhd 3440 x 1440, 180 hz, dsc, hdr, vrr. 1 usb 5gbps type-a downstream port with battery charging 1.2. 1 usb 5gbps type-a downstream port. 1 usb 5gbps type-b upstream port. Upc: 884116492740. 3 a\u00f1oa de garantia<\/p>\n","protected":false},"featured_media":259926,"comment_status":"open","ping_status":"open","template":"","meta":[],"product_cat":[1740,1741],"product_tag":[1537],"acf":[],"yoast_head":"<!-- This site is optimized with the Yoast SEO plugin v21.7 - https:\/\/yoast.com\/wordpress\/plugins\/seo\/ -->\n<title>[ Dell ] &#129351; Game-aw3425dwm Monitor Gamer Alienware Curvo | 34 Pulgadas Qhd |aw3425dwm | 1800 Hz | Amd Freesync | 210-bpkx<\/title>\n<meta name=\"description\" content=\"Compra Game-aw3425dwm Monitor Gamer Alienware Curvo | 34 Pulgadas Qhd |aw3425dwm | 1800 Hz | Amd Freesync | 210-bpkx + Env\u00edo a domicilio + Pago seguro + Garant\u00eda\" \/>\n<meta name=\"robots\" content=\"index, follow, max-snippet:-1, max-image-preview:large, max-video-preview:-1\" \/>\n<link rel=\"canonical\" href=\"https:\/\/compuviper.mx\/tienda\/producto\/dell-game-aw3425dwm-monitor-gamer-alienware-curvo-34-pulgadas-qhd-aw3425dwm-1800-hz-amd-freesync-210-bpkx\/\" \/>\n<meta property=\"og:locale\" content=\"es_MX\" \/>\n<meta property=\"og:type\" content=\"article\" \/>\n<meta property=\"og:title\" content=\"[ Dell ] &#129351; Game-aw3425dwm Monitor Gamer Alienware Curvo | 34 Pulgadas Qhd |aw3425dwm | 1800 Hz | Amd Freesync | 210-bpkx\" \/>\n<meta property=\"og:description\" content=\"Compra Game-aw3425dwm Monitor Gamer Alienware Curvo | 34 Pulgadas Qhd |aw3425dwm | 1800 Hz | Amd Freesync | 210-bpkx + Env\u00edo a domicilio + Pago seguro + Garant\u00eda\" \/>\n<meta property=\"og:url\" content=\"https:\/\/compuviper.mx\/tienda\/producto\/dell-game-aw3425dwm-monitor-gamer-alienware-curvo-34-pulgadas-qhd-aw3425dwm-1800-hz-amd-freesync-210-bpkx\/\" \/>\n<meta property=\"og:site_name\" content=\"Compuviper\" \/>\n<meta property=\"article:publisher\" content=\"https:\/\/www.facebook.com\/compuviper\" \/>\n<meta property=\"article:modified_time\" content=\"2026-05-01T06:46:00+00:00\" \/>\n<meta property=\"og:image\" content=\"https:\/\/compuviper.mx\/tienda\/wp-content\/uploads\/2025\/10\/Monitor-dell-gamer-alienware-curvo-34-pulgadas-qhd-aw3425dwm-240-hz-amd-freesync-210-bpkx.jpg\" \/>\n\t<meta property=\"og:image:width\" content=\"200\" \/>\n\t<meta property=\"og:image:height\" content=\"200\" \/>\n\t<meta property=\"og:image:type\" content=\"image\/jpeg\" \/>\n<meta name=\"twitter:card\" content=\"summary_large_image\" \/>\n<meta name=\"twitter:label1\" content=\"Precio\" \/>\n\t<meta name=\"twitter:data1\" content=\"&#36;9,009 &#36;6,817 con IVA\" \/>\n\t<meta name=\"twitter:label2\" content=\"Availability\" \/>\n\t<meta name=\"twitter:data2\" content=\"In stock\" \/>\n<script type=\"application\/ld+json\" class=\"yoast-schema-graph\">{\"@context\":\"https:\/\/schema.org\",\"@graph\":[{\"@type\":\"WebPage\",\"@id\":\"https:\/\/compuviper.mx\/tienda\/producto\/dell-game-aw3425dwm-monitor-gamer-alienware-curvo-34-pulgadas-qhd-aw3425dwm-1800-hz-amd-freesync-210-bpkx\/\",\"url\":\"https:\/\/compuviper.mx\/tienda\/producto\/dell-game-aw3425dwm-monitor-gamer-alienware-curvo-34-pulgadas-qhd-aw3425dwm-1800-hz-amd-freesync-210-bpkx\/\",\"name\":\"[ Dell ] &#129351; Game-aw3425dwm Monitor Gamer Alienware Curvo | 34 Pulgadas Qhd |aw3425dwm | 1800 Hz | Amd Freesync | 210-bpkx\",\"isPartOf\":{\"@id\":\"https:\/\/compuviper.mx\/tienda\/#website\"},\"datePublished\":\"2026-05-01T06:45:59+00:00\",\"dateModified\":\"2026-05-01T06:46:00+00:00\",\"description\":\"Compra Game-aw3425dwm Monitor Gamer Alienware Curvo | 34 Pulgadas Qhd |aw3425dwm | 1800 Hz | Amd Freesync | 210-bpkx + Env\u00edo a domicilio + Pago seguro + Garant\u00eda\",\"breadcrumb\":{\"@id\":\"https:\/\/compuviper.mx\/tienda\/producto\/dell-game-aw3425dwm-monitor-gamer-alienware-curvo-34-pulgadas-qhd-aw3425dwm-1800-hz-amd-freesync-210-bpkx\/#breadcrumb\"},\"inLanguage\":\"es-MX\",\"potentialAction\":[{\"@type\":\"ReadAction\",\"target\":[\"https:\/\/compuviper.mx\/tienda\/producto\/dell-game-aw3425dwm-monitor-gamer-alienware-curvo-34-pulgadas-qhd-aw3425dwm-1800-hz-amd-freesync-210-bpkx\/\"]}]},{\"@type\":\"BreadcrumbList\",\"@id\":\"https:\/\/compuviper.mx\/tienda\/producto\/dell-game-aw3425dwm-monitor-gamer-alienware-curvo-34-pulgadas-qhd-aw3425dwm-1800-hz-amd-freesync-210-bpkx\/#breadcrumb\",\"itemListElement\":[{\"@type\":\"ListItem\",\"position\":1,\"name\":\"Inicio\",\"item\":\"https:\/\/compuviper.mx\/tienda\/\"},{\"@type\":\"ListItem\",\"position\":2,\"name\":\"Productos\",\"item\":\"https:\/\/compuviper.mx\/tienda\/productos\/\"},{\"@type\":\"ListItem\",\"position\":3,\"name\":\"Monitores\",\"item\":\"https:\/\/compuviper.mx\/tienda\/categoria-producto\/monitores\/\"},{\"@type\":\"ListItem\",\"position\":4,\"name\":\"Led\",\"item\":\"https:\/\/compuviper.mx\/tienda\/categoria-producto\/monitores\/led\/\"},{\"@type\":\"ListItem\",\"position\":5,\"name\":\"Dell Game-aw3425dwm Monitor Gamer Alienware Curvo | 34 Pulgadas Qhd |aw3425dwm | 1800 Hz | Amd Freesync | 210-bpkx\"}]},{\"@type\":\"WebSite\",\"@id\":\"https:\/\/compuviper.mx\/tienda\/#website\",\"url\":\"https:\/\/compuviper.mx\/tienda\/\",\"name\":\"Compuviper\",\"description\":\"Proveedor de Computadoras, Laptops, Servidores, Monitores, Puntos de Venta, Teclados,   Impresoras, T\u00f3ner, C\u00e1maras de Seguridad y m\u00e1s en tu tienda en l\u00ednea\",\"publisher\":{\"@id\":\"https:\/\/compuviper.mx\/tienda\/#organization\"},\"potentialAction\":[{\"@type\":\"SearchAction\",\"target\":{\"@type\":\"EntryPoint\",\"urlTemplate\":\"https:\/\/compuviper.mx\/tienda\/?s={search_term_string}\"},\"query-input\":\"required name=search_term_string\"}],\"inLanguage\":\"es-MX\"},{\"@type\":\"Organization\",\"@id\":\"https:\/\/compuviper.mx\/tienda\/#organization\",\"name\":\"Compuviper\",\"url\":\"https:\/\/compuviper.mx\/tienda\/\",\"logo\":{\"@type\":\"ImageObject\",\"inLanguage\":\"es-MX\",\"@id\":\"https:\/\/compuviper.mx\/tienda\/#\/schema\/logo\/image\/\",\"url\":\"https:\/\/compuviper.mx\/tienda\/wp-content\/uploads\/2021\/08\/Logo-Compuviper-10.png\",\"contentUrl\":\"https:\/\/compuviper.mx\/tienda\/wp-content\/uploads\/2021\/08\/Logo-Compuviper-10.png\",\"width\":1000,\"height\":500,\"caption\":\"Compuviper\"},\"image\":{\"@id\":\"https:\/\/compuviper.mx\/tienda\/#\/schema\/logo\/image\/\"},\"sameAs\":[\"https:\/\/www.facebook.com\/compuviper\",\"https:\/\/www.youtube.com\/channel\/UCf73dERp9Y3cfOq7q8BhLjA?view_as=subscriber\"]}]}<\/script>\n<meta property=\"product:brand\" content=\"DELL\" \/>\n<meta property=\"product:price:amount\" content=\"6817\" \/>\n<meta property=\"product:price:currency\" content=\"MXN\" \/>\n<meta property=\"og:availability\" content=\"instock\" \/>\n<meta property=\"product:availability\" content=\"instock\" \/>\n<meta property=\"product:retailer_item_id\" content=\"GAME-AW3425DWM\" \/>\n<meta property=\"product:condition\" content=\"new\" \/>\n<!-- \/ Yoast SEO plugin. -->","yoast_head_json":{"title":"[ Dell ] &#129351; Game-aw3425dwm Monitor Gamer Alienware Curvo | 34 Pulgadas Qhd |aw3425dwm | 1800 Hz | Amd Freesync | 210-bpkx","description":"Compra Game-aw3425dwm Monitor Gamer Alienware Curvo | 34 Pulgadas Qhd |aw3425dwm | 1800 Hz | Amd Freesync | 210-bpkx + Env\u00edo a domicilio + Pago seguro + Garant\u00eda","robots":{"index":"index","follow":"follow","max-snippet":"max-snippet:-1","max-image-preview":"max-image-preview:large","max-video-preview":"max-video-preview:-1"},"canonical":"https:\/\/compuviper.mx\/tienda\/producto\/dell-game-aw3425dwm-monitor-gamer-alienware-curvo-34-pulgadas-qhd-aw3425dwm-1800-hz-amd-freesync-210-bpkx\/","og_locale":"es_MX","og_type":"article","og_title":"[ Dell ] &#129351; Game-aw3425dwm Monitor Gamer Alienware Curvo | 34 Pulgadas Qhd |aw3425dwm | 1800 Hz | Amd Freesync | 210-bpkx","og_description":"Compra Game-aw3425dwm Monitor Gamer Alienware Curvo | 34 Pulgadas Qhd |aw3425dwm | 1800 Hz | Amd Freesync | 210-bpkx + Env\u00edo a domicilio + Pago seguro + Garant\u00eda","og_url":"https:\/\/compuviper.mx\/tienda\/producto\/dell-game-aw3425dwm-monitor-gamer-alienware-curvo-34-pulgadas-qhd-aw3425dwm-1800-hz-amd-freesync-210-bpkx\/","og_site_name":"Compuviper","article_publisher":"https:\/\/www.facebook.com\/compuviper","article_modified_time":"2026-05-01T06:46:00+00:00","og_image":[{"width":200,"height":200,"url":"https:\/\/compuviper.mx\/tienda\/wp-content\/uploads\/2025\/10\/Monitor-dell-gamer-alienware-curvo-34-pulgadas-qhd-aw3425dwm-240-hz-amd-freesync-210-bpkx.jpg","type":"image\/jpeg"}],"twitter_card":"summary_large_image","twitter_misc":{"Precio":"&#36;9,009 &#36;6,817 con IVA","Availability":"In stock"},"schema":{"@context":"https:\/\/schema.org","@graph":[{"@type":"WebPage","@id":"https:\/\/compuviper.mx\/tienda\/producto\/dell-game-aw3425dwm-monitor-gamer-alienware-curvo-34-pulgadas-qhd-aw3425dwm-1800-hz-amd-freesync-210-bpkx\/","url":"https:\/\/compuviper.mx\/tienda\/producto\/dell-game-aw3425dwm-monitor-gamer-alienware-curvo-34-pulgadas-qhd-aw3425dwm-1800-hz-amd-freesync-210-bpkx\/","name":"[ Dell ] &#129351; Game-aw3425dwm Monitor Gamer Alienware Curvo | 34 Pulgadas Qhd |aw3425dwm | 1800 Hz | Amd Freesync | 210-bpkx","isPartOf":{"@id":"https:\/\/compuviper.mx\/tienda\/#website"},"datePublished":"2026-05-01T06:45:59+00:00","dateModified":"2026-05-01T06:46:00+00:00","description":"Compra Game-aw3425dwm Monitor Gamer Alienware Curvo | 34 Pulgadas Qhd |aw3425dwm | 1800 Hz | Amd Freesync | 210-bpkx + Env\u00edo a domicilio + Pago seguro + Garant\u00eda","breadcrumb":{"@id":"https:\/\/compuviper.mx\/tienda\/producto\/dell-game-aw3425dwm-monitor-gamer-alienware-curvo-34-pulgadas-qhd-aw3425dwm-1800-hz-amd-freesync-210-bpkx\/#breadcrumb"},"inLanguage":"es-MX","potentialAction":[{"@type":"ReadAction","target":["https:\/\/compuviper.mx\/tienda\/producto\/dell-game-aw3425dwm-monitor-gamer-alienware-curvo-34-pulgadas-qhd-aw3425dwm-1800-hz-amd-freesync-210-bpkx\/"]}]},{"@type":"BreadcrumbList","@id":"https:\/\/compuviper.mx\/tienda\/producto\/dell-game-aw3425dwm-monitor-gamer-alienware-curvo-34-pulgadas-qhd-aw3425dwm-1800-hz-amd-freesync-210-bpkx\/#breadcrumb","itemListElement":[{"@type":"ListItem","position":1,"name":"Inicio","item":"https:\/\/compuviper.mx\/tienda\/"},{"@type":"ListItem","position":2,"name":"Productos","item":"https:\/\/compuviper.mx\/tienda\/productos\/"},{"@type":"ListItem","position":3,"name":"Monitores","item":"https:\/\/compuviper.mx\/tienda\/categoria-producto\/monitores\/"},{"@type":"ListItem","position":4,"name":"Led","item":"https:\/\/compuviper.mx\/tienda\/categoria-producto\/monitores\/led\/"},{"@type":"ListItem","position":5,"name":"Dell Game-aw3425dwm Monitor Gamer Alienware Curvo | 34 Pulgadas Qhd |aw3425dwm | 1800 Hz | Amd Freesync | 210-bpkx"}]},{"@type":"WebSite","@id":"https:\/\/compuviper.mx\/tienda\/#website","url":"https:\/\/compuviper.mx\/tienda\/","name":"Compuviper","description":"Proveedor de Computadoras, Laptops, Servidores, Monitores, Puntos de Venta, Teclados,   Impresoras, T\u00f3ner, C\u00e1maras de Seguridad y m\u00e1s en tu tienda en l\u00ednea","publisher":{"@id":"https:\/\/compuviper.mx\/tienda\/#organization"},"potentialAction":[{"@type":"SearchAction","target":{"@type":"EntryPoint","urlTemplate":"https:\/\/compuviper.mx\/tienda\/?s={search_term_string}"},"query-input":"required name=search_term_string"}],"inLanguage":"es-MX"},{"@type":"Organization","@id":"https:\/\/compuviper.mx\/tienda\/#organization","name":"Compuviper","url":"https:\/\/compuviper.mx\/tienda\/","logo":{"@type":"ImageObject","inLanguage":"es-MX","@id":"https:\/\/compuviper.mx\/tienda\/#\/schema\/logo\/image\/","url":"https:\/\/compuviper.mx\/tienda\/wp-content\/uploads\/2021\/08\/Logo-Compuviper-10.png","contentUrl":"https:\/\/compuviper.mx\/tienda\/wp-content\/uploads\/2021\/08\/Logo-Compuviper-10.png","width":1000,"height":500,"caption":"Compuviper"},"image":{"@id":"https:\/\/compuviper.mx\/tienda\/#\/schema\/logo\/image\/"},"sameAs":["https:\/\/www.facebook.com\/compuviper","https:\/\/www.youtube.com\/channel\/UCf73dERp9Y3cfOq7q8BhLjA?view_as=subscriber"]}]},"product_brand":"DELL","product_price_amount":"6817","product_price_currency":"MXN","og_availability":"instock","product_availability":"instock","product_retailer_item_id":"GAME-AW3425DWM","product_condition":"new"},"_links":{"self":[{"href":"https:\/\/compuviper.mx\/tienda\/wp-json\/wp\/v2\/product\/253202"}],"collection":[{"href":"https:\/\/compuviper.mx\/tienda\/wp-json\/wp\/v2\/product"}],"about":[{"href":"https:\/\/compuviper.mx\/tienda\/wp-json\/wp\/v2\/types\/product"}],"replies":[{"embeddable":true,"href":"https:\/\/compuviper.mx\/tienda\/wp-json\/wp\/v2\/comments?post=253202"}],"wp:featuredmedia":[{"embeddable":true,"href":"https:\/\/compuviper.mx\/tienda\/wp-json\/wp\/v2\/media\/259926"}],"wp:attachment":[{"href":"https:\/\/compuviper.mx\/tienda\/wp-json\/wp\/v2\/media?parent=253202"}],"wp:term":[{"taxonomy":"product_cat","embeddable":true,"href":"https:\/\/compuviper.mx\/tienda\/wp-json\/wp\/v2\/product_cat?post=253202"},{"taxonomy":"product_tag","embeddable":true,"href":"https:\/\/compuviper.mx\/tienda\/wp-json\/wp\/v2\/product_tag?post=253202"}],"curies":[{"name":"wp","href":"https:\/\/api.w.org\/{rel}","templated":true}]}}