{"id":253201,"date":"2026-04-02T00:50:55","date_gmt":"2026-04-02T06:50:55","guid":{"rendered":"https:\/\/compuviper.mx\/tienda\/producto\/dell-game-aw3225dm-monitor-gaming-alienware-aw3225dm-31-5-pulgadas-qhd-2560-x-1440-180-hz-amd-freesync-210-bpkz\/"},"modified":"2026-04-02T00:50:55","modified_gmt":"2026-04-02T06:50:55","slug":"dell-game-aw3225dm-monitor-gaming-alienware-curvo-aw3225dm-31-5-pulgadas-qhd-2560-x-1440-180-hz-amd-freesync-210-bpkz","status":"publish","type":"product","link":"https:\/\/compuviper.mx\/tienda\/producto\/dell-game-aw3225dm-monitor-gaming-alienware-curvo-aw3225dm-31-5-pulgadas-qhd-2560-x-1440-180-hz-amd-freesync-210-bpkz\/","title":{"rendered":"Dell Game-aw3225dm Monitor  Gaming Alienware Curvo Aw3225dm | 31.5 Pulgadas Qhd 2560 X 1440 | 180 Hz | Amd Freesync | 210-bpkz |"},"content":{"rendered":"<table class=\"descripcion\">\n<tr>\n<td>Puerto de v\u00eddeo<\/td>\n<\/tr>\n<tr>\n<td>2 puertos hdmi (hdcp 1.4 y 2.3) (admite hasta qhd 2560 x 1440, 144 hz, 10 bits, tmds, hdr, vrr seg\u00fan lo especificado en hdmi 2.1)<\/td>\n<\/tr>\n<tr>\n<td>1 displayport 1.4 (hdcp 1.4 y 2.3) (soporta hasta 2560 x 1440, 180 hz, hdr, vrr)<\/td>\n<\/tr>\n<tr>\n<td>Puerto usb<\/td>\n<\/tr>\n<tr>\n<td>1 puerto usb de bajada tipo a de 5 gbps con carga de bater\u00eda 1.2<\/td>\n<\/tr>\n<tr>\n<td>1 puerto usb de bajada tipo a de 5 gbps<\/td>\n<\/tr>\n<tr>\n<td>1 puerto usb de subida tipo b de 5 gbps<\/td>\n<\/tr>\n<tr>\n<td>Rango de voltaje de entrada<\/td>\n<\/tr>\n<tr>\n<td>100v ac to 240v ac<\/td>\n<\/tr>\n<tr>\n<td>Consumo de energ\u00eda<\/td>\n<\/tr>\n<tr>\n<td>33 w<\/td>\n<\/tr>\n<tr>\n<td>Consumo de energ\u00eda en espera<\/td>\n<\/tr>\n<tr>\n<td>300 mw<\/td>\n<\/tr>\n<tr>\n<td>Modo consumo de energ\u00eda off<\/td>\n<\/tr>\n<tr>\n<td>300 mw<\/td>\n<\/tr>\n<tr>\n<td>Clase de eficiencia energ\u00e9tica<\/td>\n<\/tr>\n<tr>\n<td>G<\/td>\n<\/tr>\n<tr>\n<td>Frecuencia<\/td>\n<\/tr>\n<tr>\n<td>60 hz<\/td>\n<\/tr>\n<tr>\n<td>50 hz<\/td>\n<\/tr>\n<tr>\n<td>Consumo m\u00e1ximo de energ\u00eda<\/td>\n<\/tr>\n<tr>\n<td>90 w<\/td>\n<\/tr>\n<tr>\n<td>Corriente de voltaje<\/td>\n<\/tr>\n<tr>\n<td>1,5 a<\/td>\n<\/tr>\n<\/table>\n","protected":false},"excerpt":{"rendered":"<p>Da vida a la acci\u00f3n en un monitor curvo para juegos qhd de 80,01 cm (31,5) con colores vivos y gr\u00e1ficos impecables. Tiempo de respuesta. 1ms gtg (modo extremo. 4ms gtg (r\u00e1pido. Upc: 884116492757. 3 a\u00f1oa de garant\u00eda<\/p>\n","protected":false},"featured_media":259925,"comment_status":"open","ping_status":"open","template":"","meta":[],"product_cat":[1741,1740],"product_tag":[1537],"acf":[],"yoast_head":"<!-- This site is optimized with the Yoast SEO plugin v21.7 - https:\/\/yoast.com\/wordpress\/plugins\/seo\/ -->\n<title>[ Dell ] &#129351; Game-aw3225dm Monitor Gaming Alienware Curvo Aw3225dm | 31.5 Pulgadas Qhd 2560 X 1440 | 180 Hz | Amd Freesync | 210-bpkz |<\/title>\n<meta name=\"description\" content=\"Compra Game-aw3225dm Monitor Gaming Alienware Curvo Aw3225dm | 31.5 Pulgadas Qhd 2560 X 1440 | 180 Hz | Amd Freesync | 210-bpkz | + Env\u00edo a domicilio + Pago seguro + Garant\u00eda\" \/>\n<meta name=\"robots\" content=\"index, follow, max-snippet:-1, max-image-preview:large, max-video-preview:-1\" \/>\n<link rel=\"canonical\" href=\"https:\/\/compuviper.mx\/tienda\/producto\/dell-game-aw3225dm-monitor-gaming-alienware-curvo-aw3225dm-31-5-pulgadas-qhd-2560-x-1440-180-hz-amd-freesync-210-bpkz\/\" \/>\n<meta property=\"og:locale\" content=\"es_MX\" \/>\n<meta property=\"og:type\" content=\"article\" \/>\n<meta property=\"og:title\" content=\"[ Dell ] &#129351; Game-aw3225dm Monitor Gaming Alienware Curvo Aw3225dm | 31.5 Pulgadas Qhd 2560 X 1440 | 180 Hz | Amd Freesync | 210-bpkz |\" \/>\n<meta property=\"og:description\" content=\"Compra Game-aw3225dm Monitor Gaming Alienware Curvo Aw3225dm | 31.5 Pulgadas Qhd 2560 X 1440 | 180 Hz | Amd Freesync | 210-bpkz | + Env\u00edo a domicilio + Pago seguro + Garant\u00eda\" \/>\n<meta property=\"og:url\" content=\"https:\/\/compuviper.mx\/tienda\/producto\/dell-game-aw3225dm-monitor-gaming-alienware-curvo-aw3225dm-31-5-pulgadas-qhd-2560-x-1440-180-hz-amd-freesync-210-bpkz\/\" \/>\n<meta property=\"og:site_name\" content=\"Compuviper\" \/>\n<meta property=\"article:publisher\" content=\"https:\/\/www.facebook.com\/compuviper\" \/>\n<meta property=\"og:image\" content=\"https:\/\/compuviper.mx\/tienda\/wp-content\/uploads\/2025\/10\/Monitor-dell-gaming-alienware-curvo-aw3225dm-31.5-pulgadas-qhd-2560-x-1440-180-hz-amd-freesync-210-bpkz.jpg\" \/>\n\t<meta property=\"og:image:width\" content=\"200\" \/>\n\t<meta property=\"og:image:height\" content=\"200\" \/>\n\t<meta property=\"og:image:type\" content=\"image\/jpeg\" \/>\n<meta name=\"twitter:card\" content=\"summary_large_image\" \/>\n<meta name=\"twitter:label1\" content=\"Precio\" \/>\n\t<meta name=\"twitter:data1\" content=\"&#36;8,102 con IVA\" \/>\n\t<meta name=\"twitter:label2\" content=\"Availability\" \/>\n\t<meta name=\"twitter:data2\" content=\"In stock\" \/>\n<script type=\"application\/ld+json\" class=\"yoast-schema-graph\">{\"@context\":\"https:\/\/schema.org\",\"@graph\":[{\"@type\":\"WebPage\",\"@id\":\"https:\/\/compuviper.mx\/tienda\/producto\/dell-game-aw3225dm-monitor-gaming-alienware-curvo-aw3225dm-31-5-pulgadas-qhd-2560-x-1440-180-hz-amd-freesync-210-bpkz\/\",\"url\":\"https:\/\/compuviper.mx\/tienda\/producto\/dell-game-aw3225dm-monitor-gaming-alienware-curvo-aw3225dm-31-5-pulgadas-qhd-2560-x-1440-180-hz-amd-freesync-210-bpkz\/\",\"name\":\"[ Dell ] &#129351; Game-aw3225dm Monitor Gaming Alienware Curvo Aw3225dm | 31.5 Pulgadas Qhd 2560 X 1440 | 180 Hz | Amd Freesync | 210-bpkz |\",\"isPartOf\":{\"@id\":\"https:\/\/compuviper.mx\/tienda\/#website\"},\"datePublished\":\"2026-04-02T06:50:55+00:00\",\"dateModified\":\"2026-04-02T06:50:55+00:00\",\"description\":\"Compra Game-aw3225dm Monitor Gaming Alienware Curvo Aw3225dm | 31.5 Pulgadas Qhd 2560 X 1440 | 180 Hz | Amd Freesync | 210-bpkz | + Env\u00edo a domicilio + Pago seguro + Garant\u00eda\",\"breadcrumb\":{\"@id\":\"https:\/\/compuviper.mx\/tienda\/producto\/dell-game-aw3225dm-monitor-gaming-alienware-curvo-aw3225dm-31-5-pulgadas-qhd-2560-x-1440-180-hz-amd-freesync-210-bpkz\/#breadcrumb\"},\"inLanguage\":\"es-MX\",\"potentialAction\":[{\"@type\":\"ReadAction\",\"target\":[\"https:\/\/compuviper.mx\/tienda\/producto\/dell-game-aw3225dm-monitor-gaming-alienware-curvo-aw3225dm-31-5-pulgadas-qhd-2560-x-1440-180-hz-amd-freesync-210-bpkz\/\"]}]},{\"@type\":\"BreadcrumbList\",\"@id\":\"https:\/\/compuviper.mx\/tienda\/producto\/dell-game-aw3225dm-monitor-gaming-alienware-curvo-aw3225dm-31-5-pulgadas-qhd-2560-x-1440-180-hz-amd-freesync-210-bpkz\/#breadcrumb\",\"itemListElement\":[{\"@type\":\"ListItem\",\"position\":1,\"name\":\"Inicio\",\"item\":\"https:\/\/compuviper.mx\/tienda\/\"},{\"@type\":\"ListItem\",\"position\":2,\"name\":\"Productos\",\"item\":\"https:\/\/compuviper.mx\/tienda\/productos\/\"},{\"@type\":\"ListItem\",\"position\":3,\"name\":\"Monitores\",\"item\":\"https:\/\/compuviper.mx\/tienda\/categoria-producto\/monitores\/\"},{\"@type\":\"ListItem\",\"position\":4,\"name\":\"Led\",\"item\":\"https:\/\/compuviper.mx\/tienda\/categoria-producto\/monitores\/led\/\"},{\"@type\":\"ListItem\",\"position\":5,\"name\":\"Dell Game-aw3225dm Monitor Gaming Alienware Curvo Aw3225dm | 31.5 Pulgadas Qhd 2560 X 1440 | 180 Hz | Amd Freesync | 210-bpkz |\"}]},{\"@type\":\"WebSite\",\"@id\":\"https:\/\/compuviper.mx\/tienda\/#website\",\"url\":\"https:\/\/compuviper.mx\/tienda\/\",\"name\":\"Compuviper\",\"description\":\"Proveedor de Computadoras, Laptops, Servidores, Monitores, Puntos de Venta, Teclados,   Impresoras, T\u00f3ner, C\u00e1maras de Seguridad y m\u00e1s en tu tienda en l\u00ednea\",\"publisher\":{\"@id\":\"https:\/\/compuviper.mx\/tienda\/#organization\"},\"potentialAction\":[{\"@type\":\"SearchAction\",\"target\":{\"@type\":\"EntryPoint\",\"urlTemplate\":\"https:\/\/compuviper.mx\/tienda\/?s={search_term_string}\"},\"query-input\":\"required name=search_term_string\"}],\"inLanguage\":\"es-MX\"},{\"@type\":\"Organization\",\"@id\":\"https:\/\/compuviper.mx\/tienda\/#organization\",\"name\":\"Compuviper\",\"url\":\"https:\/\/compuviper.mx\/tienda\/\",\"logo\":{\"@type\":\"ImageObject\",\"inLanguage\":\"es-MX\",\"@id\":\"https:\/\/compuviper.mx\/tienda\/#\/schema\/logo\/image\/\",\"url\":\"https:\/\/compuviper.mx\/tienda\/wp-content\/uploads\/2021\/08\/Logo-Compuviper-10.png\",\"contentUrl\":\"https:\/\/compuviper.mx\/tienda\/wp-content\/uploads\/2021\/08\/Logo-Compuviper-10.png\",\"width\":1000,\"height\":500,\"caption\":\"Compuviper\"},\"image\":{\"@id\":\"https:\/\/compuviper.mx\/tienda\/#\/schema\/logo\/image\/\"},\"sameAs\":[\"https:\/\/www.facebook.com\/compuviper\",\"https:\/\/www.youtube.com\/channel\/UCf73dERp9Y3cfOq7q8BhLjA?view_as=subscriber\"]}]}<\/script>\n<meta property=\"product:brand\" content=\"DELL\" \/>\n<meta property=\"product:price:amount\" content=\"8102\" \/>\n<meta property=\"product:price:currency\" content=\"MXN\" \/>\n<meta property=\"og:availability\" content=\"instock\" \/>\n<meta property=\"product:availability\" content=\"instock\" \/>\n<meta property=\"product:retailer_item_id\" content=\"GAME-AW3225DM\" \/>\n<meta property=\"product:condition\" content=\"new\" \/>\n<!-- \/ Yoast SEO plugin. -->","yoast_head_json":{"title":"[ Dell ] &#129351; Game-aw3225dm Monitor Gaming Alienware Curvo Aw3225dm | 31.5 Pulgadas Qhd 2560 X 1440 | 180 Hz | Amd Freesync | 210-bpkz |","description":"Compra Game-aw3225dm Monitor Gaming Alienware Curvo Aw3225dm | 31.5 Pulgadas Qhd 2560 X 1440 | 180 Hz | Amd Freesync | 210-bpkz | + Env\u00edo a domicilio + Pago seguro + Garant\u00eda","robots":{"index":"index","follow":"follow","max-snippet":"max-snippet:-1","max-image-preview":"max-image-preview:large","max-video-preview":"max-video-preview:-1"},"canonical":"https:\/\/compuviper.mx\/tienda\/producto\/dell-game-aw3225dm-monitor-gaming-alienware-curvo-aw3225dm-31-5-pulgadas-qhd-2560-x-1440-180-hz-amd-freesync-210-bpkz\/","og_locale":"es_MX","og_type":"article","og_title":"[ Dell ] &#129351; Game-aw3225dm Monitor Gaming Alienware Curvo Aw3225dm | 31.5 Pulgadas Qhd 2560 X 1440 | 180 Hz | Amd Freesync | 210-bpkz |","og_description":"Compra Game-aw3225dm Monitor Gaming Alienware Curvo Aw3225dm | 31.5 Pulgadas Qhd 2560 X 1440 | 180 Hz | Amd Freesync | 210-bpkz | + Env\u00edo a domicilio + Pago seguro + Garant\u00eda","og_url":"https:\/\/compuviper.mx\/tienda\/producto\/dell-game-aw3225dm-monitor-gaming-alienware-curvo-aw3225dm-31-5-pulgadas-qhd-2560-x-1440-180-hz-amd-freesync-210-bpkz\/","og_site_name":"Compuviper","article_publisher":"https:\/\/www.facebook.com\/compuviper","og_image":[{"width":200,"height":200,"url":"https:\/\/compuviper.mx\/tienda\/wp-content\/uploads\/2025\/10\/Monitor-dell-gaming-alienware-curvo-aw3225dm-31.5-pulgadas-qhd-2560-x-1440-180-hz-amd-freesync-210-bpkz.jpg","type":"image\/jpeg"}],"twitter_card":"summary_large_image","twitter_misc":{"Precio":"&#36;8,102 con IVA","Availability":"In stock"},"schema":{"@context":"https:\/\/schema.org","@graph":[{"@type":"WebPage","@id":"https:\/\/compuviper.mx\/tienda\/producto\/dell-game-aw3225dm-monitor-gaming-alienware-curvo-aw3225dm-31-5-pulgadas-qhd-2560-x-1440-180-hz-amd-freesync-210-bpkz\/","url":"https:\/\/compuviper.mx\/tienda\/producto\/dell-game-aw3225dm-monitor-gaming-alienware-curvo-aw3225dm-31-5-pulgadas-qhd-2560-x-1440-180-hz-amd-freesync-210-bpkz\/","name":"[ Dell ] &#129351; Game-aw3225dm Monitor Gaming Alienware Curvo Aw3225dm | 31.5 Pulgadas Qhd 2560 X 1440 | 180 Hz | Amd Freesync | 210-bpkz |","isPartOf":{"@id":"https:\/\/compuviper.mx\/tienda\/#website"},"datePublished":"2026-04-02T06:50:55+00:00","dateModified":"2026-04-02T06:50:55+00:00","description":"Compra Game-aw3225dm Monitor Gaming Alienware Curvo Aw3225dm | 31.5 Pulgadas Qhd 2560 X 1440 | 180 Hz | Amd Freesync | 210-bpkz | + Env\u00edo a domicilio + Pago seguro + Garant\u00eda","breadcrumb":{"@id":"https:\/\/compuviper.mx\/tienda\/producto\/dell-game-aw3225dm-monitor-gaming-alienware-curvo-aw3225dm-31-5-pulgadas-qhd-2560-x-1440-180-hz-amd-freesync-210-bpkz\/#breadcrumb"},"inLanguage":"es-MX","potentialAction":[{"@type":"ReadAction","target":["https:\/\/compuviper.mx\/tienda\/producto\/dell-game-aw3225dm-monitor-gaming-alienware-curvo-aw3225dm-31-5-pulgadas-qhd-2560-x-1440-180-hz-amd-freesync-210-bpkz\/"]}]},{"@type":"BreadcrumbList","@id":"https:\/\/compuviper.mx\/tienda\/producto\/dell-game-aw3225dm-monitor-gaming-alienware-curvo-aw3225dm-31-5-pulgadas-qhd-2560-x-1440-180-hz-amd-freesync-210-bpkz\/#breadcrumb","itemListElement":[{"@type":"ListItem","position":1,"name":"Inicio","item":"https:\/\/compuviper.mx\/tienda\/"},{"@type":"ListItem","position":2,"name":"Productos","item":"https:\/\/compuviper.mx\/tienda\/productos\/"},{"@type":"ListItem","position":3,"name":"Monitores","item":"https:\/\/compuviper.mx\/tienda\/categoria-producto\/monitores\/"},{"@type":"ListItem","position":4,"name":"Led","item":"https:\/\/compuviper.mx\/tienda\/categoria-producto\/monitores\/led\/"},{"@type":"ListItem","position":5,"name":"Dell Game-aw3225dm Monitor Gaming Alienware Curvo Aw3225dm | 31.5 Pulgadas Qhd 2560 X 1440 | 180 Hz | Amd Freesync | 210-bpkz |"}]},{"@type":"WebSite","@id":"https:\/\/compuviper.mx\/tienda\/#website","url":"https:\/\/compuviper.mx\/tienda\/","name":"Compuviper","description":"Proveedor de Computadoras, Laptops, Servidores, Monitores, Puntos de Venta, Teclados,   Impresoras, T\u00f3ner, C\u00e1maras de Seguridad y m\u00e1s en tu tienda en l\u00ednea","publisher":{"@id":"https:\/\/compuviper.mx\/tienda\/#organization"},"potentialAction":[{"@type":"SearchAction","target":{"@type":"EntryPoint","urlTemplate":"https:\/\/compuviper.mx\/tienda\/?s={search_term_string}"},"query-input":"required name=search_term_string"}],"inLanguage":"es-MX"},{"@type":"Organization","@id":"https:\/\/compuviper.mx\/tienda\/#organization","name":"Compuviper","url":"https:\/\/compuviper.mx\/tienda\/","logo":{"@type":"ImageObject","inLanguage":"es-MX","@id":"https:\/\/compuviper.mx\/tienda\/#\/schema\/logo\/image\/","url":"https:\/\/compuviper.mx\/tienda\/wp-content\/uploads\/2021\/08\/Logo-Compuviper-10.png","contentUrl":"https:\/\/compuviper.mx\/tienda\/wp-content\/uploads\/2021\/08\/Logo-Compuviper-10.png","width":1000,"height":500,"caption":"Compuviper"},"image":{"@id":"https:\/\/compuviper.mx\/tienda\/#\/schema\/logo\/image\/"},"sameAs":["https:\/\/www.facebook.com\/compuviper","https:\/\/www.youtube.com\/channel\/UCf73dERp9Y3cfOq7q8BhLjA?view_as=subscriber"]}]},"product_brand":"DELL","product_price_amount":"8102","product_price_currency":"MXN","og_availability":"instock","product_availability":"instock","product_retailer_item_id":"GAME-AW3225DM","product_condition":"new"},"_links":{"self":[{"href":"https:\/\/compuviper.mx\/tienda\/wp-json\/wp\/v2\/product\/253201"}],"collection":[{"href":"https:\/\/compuviper.mx\/tienda\/wp-json\/wp\/v2\/product"}],"about":[{"href":"https:\/\/compuviper.mx\/tienda\/wp-json\/wp\/v2\/types\/product"}],"replies":[{"embeddable":true,"href":"https:\/\/compuviper.mx\/tienda\/wp-json\/wp\/v2\/comments?post=253201"}],"wp:featuredmedia":[{"embeddable":true,"href":"https:\/\/compuviper.mx\/tienda\/wp-json\/wp\/v2\/media\/259925"}],"wp:attachment":[{"href":"https:\/\/compuviper.mx\/tienda\/wp-json\/wp\/v2\/media?parent=253201"}],"wp:term":[{"taxonomy":"product_cat","embeddable":true,"href":"https:\/\/compuviper.mx\/tienda\/wp-json\/wp\/v2\/product_cat?post=253201"},{"taxonomy":"product_tag","embeddable":true,"href":"https:\/\/compuviper.mx\/tienda\/wp-json\/wp\/v2\/product_tag?post=253201"}],"curies":[{"name":"wp","href":"https:\/\/api.w.org\/{rel}","templated":true}]}}