{"id":252997,"date":"2026-04-14T02:00:21","date_gmt":"2026-04-14T08:00:21","guid":{"rendered":"https:\/\/compuviper.mx\/tienda\/producto\/hewlett-packard-enterprise-p81424-dm5-servidor-hpe-proliant-dl20-gen11-e-2434-34-ghz-4c-1p-1-x-32-gb-u-4-sff-2x480gb-ssd-fuente-de-alimentacin-1x500w-la\/"},"modified":"2026-04-14T02:00:22","modified_gmt":"2026-04-14T08:00:22","slug":"hewlett-packard-enterprise-p81424-dm5-servidor-hpe-proliant-dl20-gen11-e-2434-34-ghz-4c-1p-1-x-32-gb-u-4-sff-2x480gb-ssd-fuente-de-alimentacin-1x500w-la","status":"publish","type":"product","link":"https:\/\/compuviper.mx\/tienda\/producto\/hewlett-packard-enterprise-p81424-dm5-servidor-hpe-proliant-dl20-gen11-e-2434-34-ghz-4c-1p-1-x-32-gb-u-4-sff-2x480gb-ssd-fuente-de-alimentacin-1x500w-la\/","title":{"rendered":"Hewlett Packard Enterprise P81424-dm5 Servidor Hpe Proliant Dl20 Gen11 E-2434 3,4 Ghz 4c 1p 1 X 32 Gb-u 4 Sff 2x480gb Ssd Fuente De Alimentaci?n 1x500w La"},"content":{"rendered":"<table class=\"descripcion\">\n<tr>\n<td>N\u00facleo de procesador disponible<\/td>\n<\/tr>\n<tr>\n<td>4 n\u00facleos<\/td>\n<\/tr>\n<tr>\n<td>Cach\u00e9 de procesador<\/td>\n<\/tr>\n<tr>\n<td>Intel\u00ae smart cache de 12 mb<\/td>\n<\/tr>\n<tr>\n<td>Procesador<\/td>\n<\/tr>\n<tr>\n<td>Intel\u00ae xeon\u00ae e-2434 (4 n\u00facleos, 3,4 ghz, intel\u00ae smart cache de 12 mb, 55 w)<\/td>\n<\/tr>\n<tr>\n<td>N\u00famero de procesador<\/td>\n<\/tr>\n<tr>\n<td>1 procesador incluido<\/td>\n<\/tr>\n<tr>\n<td>Velocidad del procesador<\/td>\n<\/tr>\n<tr>\n<td>3,40 ghz<\/td>\n<\/tr>\n<tr>\n<td>Tipo de memoria<\/td>\n<\/tr>\n<tr>\n<td>Memoria est\u00e1ndar hpe ddr5<\/td>\n<\/tr>\n<tr>\n<td>Unidades incluidas<\/td>\n<\/tr>\n<tr>\n<td>2 ssd hpe 480 gb sata 6g lectura intensiva sff bc m\u00faltiples proveedores<\/td>\n<\/tr>\n<tr>\n<td>Seguridad f\u00edsica<\/td>\n<\/tr>\n<tr>\n<td>El m\u00f3dulo de plataforma segura (tpm) 2.0 integrado se encuentra habilitado por defecto. para los servidores que se env\u00edan a china, el tpm se encuentra deshabilitado.<\/td>\n<\/tr>\n<tr>\n<td>Administraci\u00f3n de infraestructura<\/td>\n<\/tr>\n<tr>\n<td>Hpe ilo standard con aprovisionamiento inteligente (integrado), hpe oneview standard (requiere descarga) (est\u00e1ndar) hpe ilo advanced, hpe oneview advanced (opcional, requiere licencia) y hpe compute ops management<\/td>\n<\/tr>\n<tr>\n<td>Tipo de fuente de alimentaci\u00f3n<\/td>\n<\/tr>\n<tr>\n<td>1 kit de fuente de alimentaci\u00f3n hpe platinum hot-plug con ranura flexible y bajo contenido en hal\u00f3genos de 500 w<\/td>\n<\/tr>\n<tr>\n<td>Ranuras de expansi\u00f3n<\/td>\n<\/tr>\n<tr>\n<td>2 m\u00e1ximo<\/td>\n<\/tr>\n<tr>\n<td>Para obtener una descripci\u00f3n detallada, consulta las especificaciones r\u00e1pidas<\/td>\n<\/tr>\n<tr>\n<td>Controlador de red<\/td>\n<\/tr>\n<tr>\n<td>Adaptador de red integrado hpe 1 gb 4 puertos bcm5719<\/td>\n<\/tr>\n<tr>\n<td>Controlador de almacenamiento<\/td>\n<\/tr>\n<tr>\n<td>Raid de software intel vroc sata integrado<\/td>\n<\/tr>\n<tr>\n<td>Caracter\u00edsticas de los ventiladores del sistema<\/td>\n<\/tr>\n<tr>\n<td>3 ventiladores de alto rendimiento<\/td>\n<\/tr>\n<tr>\n<td>Factor de forma<\/td>\n<\/tr>\n<tr>\n<td>Bast. 1u<\/td>\n<\/tr>\n<tr>\n<td>Garant\u00eda<\/td>\n<\/tr>\n<tr>\n<td>La garant\u00eda del servidor incluye 3 a\u00f1os para piezas, 3 a\u00f1o de mano de obra y 3 a\u00f1o de soporte in situ con respuesta al siguiente d\u00eda laborable. la informaci\u00f3n adicional referente al soporte t\u00e9cnico y a la garant\u00eda limitada en todo el mundo est\u00e1 disponible en: www.hpe.com\/services\/support. se pueden adquirir coberturas adicionales de servicio y soporte t\u00e9cnico de hpe para los productos en cada pa\u00eds o regi\u00f3n. para obtener informaci\u00f3n acerca de la disponibilidad de las actualizaciones y el coste del servicio, visita www.hpe.com\/services\/support.<\/td>\n<\/tr>\n<tr>\n<td>Medidas del producto (m\u00e9trico)<\/td>\n<\/tr>\n<tr>\n<td>\u0095 26,8 x 69,4 x 58,6 cm<\/td>\n<\/tr>\n<tr>\n<td>\u0095 10.55 x 27.32 x 23.07 in<\/td>\n<\/tr>\n<tr>\n<td>Peso<\/td>\n<\/tr>\n<tr>\n<td>\u0095 10,88 kg<\/td>\n<\/tr>\n<tr>\n<td>\u0095 23.986 lb<\/td>\n<\/tr>\n<\/table>\n","protected":false},"excerpt":{"rendered":"<p>El fiable servidor hpe proliant dl20 gen11 ofrece un servidor compacto y vers\u00e1til con seguridad mejorada a un asequible precio. Implementa un formato de poca profundidad en oficinas peque\u00f1as, remotas o sucursales, como una plataforma de punto de venta potente en entornos de transporte, hosteler\u00eda o de venta al por menor, o como una configuraci\u00f3n flexible para la personalizaci\u00f3n de entornos con limitaciones de espacio de clientes militares y gubernamentales<\/p>\n","protected":false},"featured_media":260790,"comment_status":"open","ping_status":"open","template":"","meta":[],"product_cat":[2292,1808],"product_tag":[1568],"acf":[],"yoast_head":"<!-- This site is optimized with the Yoast SEO plugin v21.7 - https:\/\/yoast.com\/wordpress\/plugins\/seo\/ -->\n<title>[ Hewlett Packard Enterprise ] &#129351; P81424-dm5 Servidor Hpe Proliant Dl20 Gen11 E-2434 3,4 Ghz 4c 1p 1 X 32 Gb-u 4 Sff 2x480gb Ssd Fuente De Alimentaci\u00f3n 1x500w La<\/title>\n<meta name=\"description\" content=\"Compra P81424-dm5 Servidor Hpe Proliant Dl20 Gen11 E-2434 3,4 Ghz 4c 1p 1 X 32 Gb-u 4 Sff 2x480gb Ssd Fuente De Alimentaci\u00f3n 1x500w La + Env\u00edo a domicilio + Pago seguro + Garant\u00eda\" \/>\n<meta name=\"robots\" content=\"index, follow, max-snippet:-1, max-image-preview:large, max-video-preview:-1\" \/>\n<link rel=\"canonical\" href=\"https:\/\/compuviper.mx\/tienda\/producto\/hewlett-packard-enterprise-p81424-dm5-servidor-hpe-proliant-dl20-gen11-e-2434-34-ghz-4c-1p-1-x-32-gb-u-4-sff-2x480gb-ssd-fuente-de-alimentacin-1x500w-la\/\" \/>\n<meta property=\"og:locale\" content=\"es_MX\" \/>\n<meta property=\"og:type\" content=\"article\" \/>\n<meta property=\"og:title\" content=\"[ Hewlett Packard Enterprise ] &#129351; P81424-dm5 Servidor Hpe Proliant Dl20 Gen11 E-2434 3,4 Ghz 4c 1p 1 X 32 Gb-u 4 Sff 2x480gb Ssd Fuente De Alimentaci\u00f3n 1x500w La\" \/>\n<meta property=\"og:description\" content=\"Compra P81424-dm5 Servidor Hpe Proliant Dl20 Gen11 E-2434 3,4 Ghz 4c 1p 1 X 32 Gb-u 4 Sff 2x480gb Ssd Fuente De Alimentaci\u00f3n 1x500w La + Env\u00edo a domicilio + Pago seguro + Garant\u00eda\" \/>\n<meta property=\"og:url\" content=\"https:\/\/compuviper.mx\/tienda\/producto\/hewlett-packard-enterprise-p81424-dm5-servidor-hpe-proliant-dl20-gen11-e-2434-34-ghz-4c-1p-1-x-32-gb-u-4-sff-2x480gb-ssd-fuente-de-alimentacin-1x500w-la\/\" \/>\n<meta property=\"og:site_name\" content=\"Compuviper\" \/>\n<meta property=\"article:publisher\" content=\"https:\/\/www.facebook.com\/compuviper\" \/>\n<meta property=\"article:modified_time\" content=\"2026-04-14T08:00:22+00:00\" \/>\n<meta property=\"og:image\" content=\"https:\/\/compuviper.mx\/tienda\/wp-content\/uploads\/2025\/10\/Servidor-hpe-proliant-dl20-gen11-e-2434-34-ghz-4c-1p-1-x-32-gb-u-4-sff-2x480gb-ssd-fuente-de-alimentacion-1x500w-la.jpg\" \/>\n\t<meta property=\"og:image:width\" content=\"200\" \/>\n\t<meta property=\"og:image:height\" content=\"200\" \/>\n\t<meta property=\"og:image:type\" content=\"image\/jpeg\" \/>\n<meta name=\"twitter:card\" content=\"summary_large_image\" \/>\n<meta name=\"twitter:label1\" content=\"Precio\" \/>\n\t<meta name=\"twitter:data1\" content=\"&#36;66,611 con IVA\" \/>\n\t<meta name=\"twitter:label2\" content=\"Availability\" \/>\n\t<meta name=\"twitter:data2\" content=\"Out of stock\" \/>\n<script type=\"application\/ld+json\" class=\"yoast-schema-graph\">{\"@context\":\"https:\/\/schema.org\",\"@graph\":[{\"@type\":\"WebPage\",\"@id\":\"https:\/\/compuviper.mx\/tienda\/producto\/hewlett-packard-enterprise-p81424-dm5-servidor-hpe-proliant-dl20-gen11-e-2434-34-ghz-4c-1p-1-x-32-gb-u-4-sff-2x480gb-ssd-fuente-de-alimentacin-1x500w-la\/\",\"url\":\"https:\/\/compuviper.mx\/tienda\/producto\/hewlett-packard-enterprise-p81424-dm5-servidor-hpe-proliant-dl20-gen11-e-2434-34-ghz-4c-1p-1-x-32-gb-u-4-sff-2x480gb-ssd-fuente-de-alimentacin-1x500w-la\/\",\"name\":\"[ Hewlett Packard Enterprise ] &#129351; P81424-dm5 Servidor Hpe Proliant Dl20 Gen11 E-2434 3,4 Ghz 4c 1p 1 X 32 Gb-u 4 Sff 2x480gb Ssd Fuente De Alimentaci\u00f3n 1x500w La\",\"isPartOf\":{\"@id\":\"https:\/\/compuviper.mx\/tienda\/#website\"},\"datePublished\":\"2026-04-14T08:00:21+00:00\",\"dateModified\":\"2026-04-14T08:00:22+00:00\",\"description\":\"Compra P81424-dm5 Servidor Hpe Proliant Dl20 Gen11 E-2434 3,4 Ghz 4c 1p 1 X 32 Gb-u 4 Sff 2x480gb Ssd Fuente De Alimentaci\u00f3n 1x500w La + Env\u00edo a domicilio + Pago seguro + Garant\u00eda\",\"breadcrumb\":{\"@id\":\"https:\/\/compuviper.mx\/tienda\/producto\/hewlett-packard-enterprise-p81424-dm5-servidor-hpe-proliant-dl20-gen11-e-2434-34-ghz-4c-1p-1-x-32-gb-u-4-sff-2x480gb-ssd-fuente-de-alimentacin-1x500w-la\/#breadcrumb\"},\"inLanguage\":\"es-MX\",\"potentialAction\":[{\"@type\":\"ReadAction\",\"target\":[\"https:\/\/compuviper.mx\/tienda\/producto\/hewlett-packard-enterprise-p81424-dm5-servidor-hpe-proliant-dl20-gen11-e-2434-34-ghz-4c-1p-1-x-32-gb-u-4-sff-2x480gb-ssd-fuente-de-alimentacin-1x500w-la\/\"]}]},{\"@type\":\"BreadcrumbList\",\"@id\":\"https:\/\/compuviper.mx\/tienda\/producto\/hewlett-packard-enterprise-p81424-dm5-servidor-hpe-proliant-dl20-gen11-e-2434-34-ghz-4c-1p-1-x-32-gb-u-4-sff-2x480gb-ssd-fuente-de-alimentacin-1x500w-la\/#breadcrumb\",\"itemListElement\":[{\"@type\":\"ListItem\",\"position\":1,\"name\":\"Inicio\",\"item\":\"https:\/\/compuviper.mx\/tienda\/\"},{\"@type\":\"ListItem\",\"position\":2,\"name\":\"Productos\",\"item\":\"https:\/\/compuviper.mx\/tienda\/productos\/\"},{\"@type\":\"ListItem\",\"position\":3,\"name\":\"Servidores\",\"item\":\"https:\/\/compuviper.mx\/tienda\/categoria-producto\/servidores-2\/\"},{\"@type\":\"ListItem\",\"position\":4,\"name\":\"Blade (bl)\",\"item\":\"https:\/\/compuviper.mx\/tienda\/categoria-producto\/servidores-2\/blade-bl\/\"},{\"@type\":\"ListItem\",\"position\":5,\"name\":\"Hewlett Packard Enterprise P81424-dm5 Servidor Hpe Proliant Dl20 Gen11 E-2434 3,4 Ghz 4c 1p 1 X 32 Gb-u 4 Sff 2x480gb Ssd Fuente De Alimentaci?n 1x500w La\"}]},{\"@type\":\"WebSite\",\"@id\":\"https:\/\/compuviper.mx\/tienda\/#website\",\"url\":\"https:\/\/compuviper.mx\/tienda\/\",\"name\":\"Compuviper\",\"description\":\"Proveedor de Computadoras, Laptops, Servidores, Monitores, Puntos de Venta, Teclados,   Impresoras, T\u00f3ner, C\u00e1maras de Seguridad y m\u00e1s en tu tienda en l\u00ednea\",\"publisher\":{\"@id\":\"https:\/\/compuviper.mx\/tienda\/#organization\"},\"potentialAction\":[{\"@type\":\"SearchAction\",\"target\":{\"@type\":\"EntryPoint\",\"urlTemplate\":\"https:\/\/compuviper.mx\/tienda\/?s={search_term_string}\"},\"query-input\":\"required name=search_term_string\"}],\"inLanguage\":\"es-MX\"},{\"@type\":\"Organization\",\"@id\":\"https:\/\/compuviper.mx\/tienda\/#organization\",\"name\":\"Compuviper\",\"url\":\"https:\/\/compuviper.mx\/tienda\/\",\"logo\":{\"@type\":\"ImageObject\",\"inLanguage\":\"es-MX\",\"@id\":\"https:\/\/compuviper.mx\/tienda\/#\/schema\/logo\/image\/\",\"url\":\"https:\/\/compuviper.mx\/tienda\/wp-content\/uploads\/2021\/08\/Logo-Compuviper-10.png\",\"contentUrl\":\"https:\/\/compuviper.mx\/tienda\/wp-content\/uploads\/2021\/08\/Logo-Compuviper-10.png\",\"width\":1000,\"height\":500,\"caption\":\"Compuviper\"},\"image\":{\"@id\":\"https:\/\/compuviper.mx\/tienda\/#\/schema\/logo\/image\/\"},\"sameAs\":[\"https:\/\/www.facebook.com\/compuviper\",\"https:\/\/www.youtube.com\/channel\/UCf73dERp9Y3cfOq7q8BhLjA?view_as=subscriber\"]}]}<\/script>\n<meta property=\"product:brand\" content=\"HEWLETT PACKARD ENTERPRISE\" \/>\n<meta property=\"product:price:amount\" content=\"66611\" \/>\n<meta property=\"product:price:currency\" content=\"MXN\" \/>\n<meta property=\"og:availability\" content=\"out of stock\" \/>\n<meta property=\"product:availability\" content=\"out of stock\" \/>\n<meta property=\"product:retailer_item_id\" content=\"P81424-DM5\" \/>\n<meta property=\"product:condition\" content=\"new\" \/>\n<!-- \/ Yoast SEO plugin. -->","yoast_head_json":{"title":"[ Hewlett Packard Enterprise ] &#129351; P81424-dm5 Servidor Hpe Proliant Dl20 Gen11 E-2434 3,4 Ghz 4c 1p 1 X 32 Gb-u 4 Sff 2x480gb Ssd Fuente De Alimentaci\u00f3n 1x500w La","description":"Compra P81424-dm5 Servidor Hpe Proliant Dl20 Gen11 E-2434 3,4 Ghz 4c 1p 1 X 32 Gb-u 4 Sff 2x480gb Ssd Fuente De Alimentaci\u00f3n 1x500w La + Env\u00edo a domicilio + Pago seguro + Garant\u00eda","robots":{"index":"index","follow":"follow","max-snippet":"max-snippet:-1","max-image-preview":"max-image-preview:large","max-video-preview":"max-video-preview:-1"},"canonical":"https:\/\/compuviper.mx\/tienda\/producto\/hewlett-packard-enterprise-p81424-dm5-servidor-hpe-proliant-dl20-gen11-e-2434-34-ghz-4c-1p-1-x-32-gb-u-4-sff-2x480gb-ssd-fuente-de-alimentacin-1x500w-la\/","og_locale":"es_MX","og_type":"article","og_title":"[ Hewlett Packard Enterprise ] &#129351; P81424-dm5 Servidor Hpe Proliant Dl20 Gen11 E-2434 3,4 Ghz 4c 1p 1 X 32 Gb-u 4 Sff 2x480gb Ssd Fuente De Alimentaci\u00f3n 1x500w La","og_description":"Compra P81424-dm5 Servidor Hpe Proliant Dl20 Gen11 E-2434 3,4 Ghz 4c 1p 1 X 32 Gb-u 4 Sff 2x480gb Ssd Fuente De Alimentaci\u00f3n 1x500w La + Env\u00edo a domicilio + Pago seguro + Garant\u00eda","og_url":"https:\/\/compuviper.mx\/tienda\/producto\/hewlett-packard-enterprise-p81424-dm5-servidor-hpe-proliant-dl20-gen11-e-2434-34-ghz-4c-1p-1-x-32-gb-u-4-sff-2x480gb-ssd-fuente-de-alimentacin-1x500w-la\/","og_site_name":"Compuviper","article_publisher":"https:\/\/www.facebook.com\/compuviper","article_modified_time":"2026-04-14T08:00:22+00:00","og_image":[{"width":200,"height":200,"url":"https:\/\/compuviper.mx\/tienda\/wp-content\/uploads\/2025\/10\/Servidor-hpe-proliant-dl20-gen11-e-2434-34-ghz-4c-1p-1-x-32-gb-u-4-sff-2x480gb-ssd-fuente-de-alimentacion-1x500w-la.jpg","type":"image\/jpeg"}],"twitter_card":"summary_large_image","twitter_misc":{"Precio":"&#36;66,611 con IVA","Availability":"Out of stock"},"schema":{"@context":"https:\/\/schema.org","@graph":[{"@type":"WebPage","@id":"https:\/\/compuviper.mx\/tienda\/producto\/hewlett-packard-enterprise-p81424-dm5-servidor-hpe-proliant-dl20-gen11-e-2434-34-ghz-4c-1p-1-x-32-gb-u-4-sff-2x480gb-ssd-fuente-de-alimentacin-1x500w-la\/","url":"https:\/\/compuviper.mx\/tienda\/producto\/hewlett-packard-enterprise-p81424-dm5-servidor-hpe-proliant-dl20-gen11-e-2434-34-ghz-4c-1p-1-x-32-gb-u-4-sff-2x480gb-ssd-fuente-de-alimentacin-1x500w-la\/","name":"[ Hewlett Packard Enterprise ] &#129351; P81424-dm5 Servidor Hpe Proliant Dl20 Gen11 E-2434 3,4 Ghz 4c 1p 1 X 32 Gb-u 4 Sff 2x480gb Ssd Fuente De Alimentaci\u00f3n 1x500w La","isPartOf":{"@id":"https:\/\/compuviper.mx\/tienda\/#website"},"datePublished":"2026-04-14T08:00:21+00:00","dateModified":"2026-04-14T08:00:22+00:00","description":"Compra P81424-dm5 Servidor Hpe Proliant Dl20 Gen11 E-2434 3,4 Ghz 4c 1p 1 X 32 Gb-u 4 Sff 2x480gb Ssd Fuente De Alimentaci\u00f3n 1x500w La + Env\u00edo a domicilio + Pago seguro + Garant\u00eda","breadcrumb":{"@id":"https:\/\/compuviper.mx\/tienda\/producto\/hewlett-packard-enterprise-p81424-dm5-servidor-hpe-proliant-dl20-gen11-e-2434-34-ghz-4c-1p-1-x-32-gb-u-4-sff-2x480gb-ssd-fuente-de-alimentacin-1x500w-la\/#breadcrumb"},"inLanguage":"es-MX","potentialAction":[{"@type":"ReadAction","target":["https:\/\/compuviper.mx\/tienda\/producto\/hewlett-packard-enterprise-p81424-dm5-servidor-hpe-proliant-dl20-gen11-e-2434-34-ghz-4c-1p-1-x-32-gb-u-4-sff-2x480gb-ssd-fuente-de-alimentacin-1x500w-la\/"]}]},{"@type":"BreadcrumbList","@id":"https:\/\/compuviper.mx\/tienda\/producto\/hewlett-packard-enterprise-p81424-dm5-servidor-hpe-proliant-dl20-gen11-e-2434-34-ghz-4c-1p-1-x-32-gb-u-4-sff-2x480gb-ssd-fuente-de-alimentacin-1x500w-la\/#breadcrumb","itemListElement":[{"@type":"ListItem","position":1,"name":"Inicio","item":"https:\/\/compuviper.mx\/tienda\/"},{"@type":"ListItem","position":2,"name":"Productos","item":"https:\/\/compuviper.mx\/tienda\/productos\/"},{"@type":"ListItem","position":3,"name":"Servidores","item":"https:\/\/compuviper.mx\/tienda\/categoria-producto\/servidores-2\/"},{"@type":"ListItem","position":4,"name":"Blade (bl)","item":"https:\/\/compuviper.mx\/tienda\/categoria-producto\/servidores-2\/blade-bl\/"},{"@type":"ListItem","position":5,"name":"Hewlett Packard Enterprise P81424-dm5 Servidor Hpe Proliant Dl20 Gen11 E-2434 3,4 Ghz 4c 1p 1 X 32 Gb-u 4 Sff 2x480gb Ssd Fuente De Alimentaci?n 1x500w La"}]},{"@type":"WebSite","@id":"https:\/\/compuviper.mx\/tienda\/#website","url":"https:\/\/compuviper.mx\/tienda\/","name":"Compuviper","description":"Proveedor de Computadoras, Laptops, Servidores, Monitores, Puntos de Venta, Teclados,   Impresoras, T\u00f3ner, C\u00e1maras de Seguridad y m\u00e1s en tu tienda en l\u00ednea","publisher":{"@id":"https:\/\/compuviper.mx\/tienda\/#organization"},"potentialAction":[{"@type":"SearchAction","target":{"@type":"EntryPoint","urlTemplate":"https:\/\/compuviper.mx\/tienda\/?s={search_term_string}"},"query-input":"required name=search_term_string"}],"inLanguage":"es-MX"},{"@type":"Organization","@id":"https:\/\/compuviper.mx\/tienda\/#organization","name":"Compuviper","url":"https:\/\/compuviper.mx\/tienda\/","logo":{"@type":"ImageObject","inLanguage":"es-MX","@id":"https:\/\/compuviper.mx\/tienda\/#\/schema\/logo\/image\/","url":"https:\/\/compuviper.mx\/tienda\/wp-content\/uploads\/2021\/08\/Logo-Compuviper-10.png","contentUrl":"https:\/\/compuviper.mx\/tienda\/wp-content\/uploads\/2021\/08\/Logo-Compuviper-10.png","width":1000,"height":500,"caption":"Compuviper"},"image":{"@id":"https:\/\/compuviper.mx\/tienda\/#\/schema\/logo\/image\/"},"sameAs":["https:\/\/www.facebook.com\/compuviper","https:\/\/www.youtube.com\/channel\/UCf73dERp9Y3cfOq7q8BhLjA?view_as=subscriber"]}]},"product_brand":"HEWLETT PACKARD ENTERPRISE","product_price_amount":"66611","product_price_currency":"MXN","og_availability":"out of stock","product_availability":"out of stock","product_retailer_item_id":"P81424-DM5","product_condition":"new"},"_links":{"self":[{"href":"https:\/\/compuviper.mx\/tienda\/wp-json\/wp\/v2\/product\/252997"}],"collection":[{"href":"https:\/\/compuviper.mx\/tienda\/wp-json\/wp\/v2\/product"}],"about":[{"href":"https:\/\/compuviper.mx\/tienda\/wp-json\/wp\/v2\/types\/product"}],"replies":[{"embeddable":true,"href":"https:\/\/compuviper.mx\/tienda\/wp-json\/wp\/v2\/comments?post=252997"}],"wp:featuredmedia":[{"embeddable":true,"href":"https:\/\/compuviper.mx\/tienda\/wp-json\/wp\/v2\/media\/260790"}],"wp:attachment":[{"href":"https:\/\/compuviper.mx\/tienda\/wp-json\/wp\/v2\/media?parent=252997"}],"wp:term":[{"taxonomy":"product_cat","embeddable":true,"href":"https:\/\/compuviper.mx\/tienda\/wp-json\/wp\/v2\/product_cat?post=252997"},{"taxonomy":"product_tag","embeddable":true,"href":"https:\/\/compuviper.mx\/tienda\/wp-json\/wp\/v2\/product_tag?post=252997"}],"curies":[{"name":"wp","href":"https:\/\/api.w.org\/{rel}","templated":true}]}}