{"id":252784,"date":"2026-04-18T01:14:50","date_gmt":"2026-04-18T07:14:50","guid":{"rendered":"https:\/\/compuviper.mx\/tienda\/producto\/manhattan-208406-switch-switch-multiviewer-hdmi-de-4-puertos-4k\/"},"modified":"2026-04-18T01:14:50","modified_gmt":"2026-04-18T07:14:50","slug":"manhattan-208406-switch-switch-multiviewer-hdmi-de-4-puertos-4k","status":"publish","type":"product","link":"https:\/\/compuviper.mx\/tienda\/producto\/manhattan-208406-switch-switch-multiviewer-hdmi-de-4-puertos-4k\/","title":{"rendered":"Manhattan 208406 Switch\/\/\/switch Multiviewer Hdmi De 4 Puertos 4k"},"content":{"rendered":"<table class=\"descripcion\">\n<tr>\n<td>Est\u00e1ndares y certificaciones<\/td>\n<\/tr>\n<tr>\n<td>Hdcp 1.4<\/td>\n<\/tr>\n<tr>\n<td>Ce<\/td>\n<\/tr>\n<tr>\n<td>Fcc<\/td>\n<\/tr>\n<tr>\n<td>Rohs<\/td>\n<\/tr>\n<tr>\n<td>Reach<\/td>\n<\/tr>\n<tr>\n<td>Ukca<\/td>\n<\/tr>\n<tr>\n<td>General<\/td>\n<\/tr>\n<tr>\n<td>Resoluciones compatibles: 480i\/480p\/576i\/576p\/720p\/1080i\/1080p\/1600p\/4k@30hz<\/td>\n<\/tr>\n<tr>\n<td>Ancho de banda de vdeo m\u00e1x.: 10.2 gbps \/ 340 mhz<\/td>\n<\/tr>\n<tr>\n<td>Consumo de energa: 5.0 w m\u00e1x.<\/td>\n<\/tr>\n<tr>\n<td>Conmutacin\/switcheo instant\u00e1neo y sin interrupciones cuando las resoluciones de las fuentes son idnticas; se produce un breve retardo cuando las resoluciones difieren<\/td>\n<\/tr>\n<tr>\n<td>Conexiones\/botones<\/td>\n<\/tr>\n<tr>\n<td>Cinco entradas hdmi hembra de 19 pines cuatro entradas, una salida<\/td>\n<\/tr>\n<tr>\n<td>Un puerto estreo de 3.5 mm hembra salida<\/td>\n<\/tr>\n<tr>\n<td>Un puerto toslink\/spdif hembra salida<\/td>\n<\/tr>\n<tr>\n<td>Un puerto usb, micro-b entrada para actualizaciones de firmware y control serie rs-232 opcional<\/td>\n<\/tr>\n<tr>\n<td>Una entrada de alimentacin de 5.0 v cc \/ 1.0 a, usb-c de 24 pines entrada<\/td>\n<\/tr>\n<tr>\n<td>Un botn scale para escalar la resolucin de salida entre 1080p, 1600p y 4k<\/td>\n<\/tr>\n<tr>\n<td>Un botn audio para seleccionar la fuente de audio<\/td>\n<\/tr>\n<tr>\n<td>Un botn mode para seleccionar el modo de visualizacin<\/td>\n<\/tr>\n<tr>\n<td>Un botn select para seleccionar los canales de entrada 1-4<\/td>\n<\/tr>\n<tr>\n<td>Datos fsicos<\/td>\n<\/tr>\n<tr>\n<td>Dimensiones l x an x al: 198 x 85 x 19 mm 7.8 x 3.35 x 0.75 in.<\/td>\n<\/tr>\n<tr>\n<td>Peso neto: 372 g 0.82 lbs.<\/td>\n<\/tr>\n<tr>\n<td>Peso bruto: 671 g 1.48 lbs.<\/td>\n<\/tr>\n<tr>\n<td>Carcasa: metal<\/td>\n<\/tr>\n<tr>\n<td>Entorno de funcionamiento<\/td>\n<\/tr>\n<tr>\n<td>Temperatura de funcionamiento: 0 &#8211; 70\u00b0c 32 &#8211; 158\u00b0f<\/td>\n<\/tr>\n<tr>\n<td>Temperatura de almacenamiento: -20 &#8211; 80\u00b0c -4 &#8211; 176\u00b0f<\/td>\n<\/tr>\n<tr>\n<td>Humedad sin condensacin 5 &#8211; 90<\/td>\n<\/tr>\n<tr>\n<td>Detalles de la pila incluida para la pila del mando a distancia<\/td>\n<\/tr>\n<tr>\n<td>&#8211; tipo: una cr2025 de litio met\u00e1lico no recargable, intercambiable<\/td>\n<\/tr>\n<tr>\n<td>&#8211; tamao: di\u00e1metro 20 mm, altura 2.5 mm<\/td>\n<\/tr>\n<tr>\n<td>&#8211; nmero de pilas necesarias para alimentar el producto 1 incluida<\/td>\n<\/tr>\n<tr>\n<td>&#8211; tensin: 3.0 v<\/td>\n<\/tr>\n<tr>\n<td>&#8211; capacidad: 170 mah<\/td>\n<\/tr>\n<tr>\n<td>Contenido del paquete<\/td>\n<\/tr>\n<tr>\n<td>Switch multiviewer hdmi de 4 puertos 4k@30hz<\/td>\n<\/tr>\n<tr>\n<td>Cable de alimentacin de usb-a a usb-c, 1 m<\/td>\n<\/tr>\n<tr>\n<td>Adaptador de corriente usb con puerto usb-a<\/td>\n<\/tr>\n<tr>\n<td>Mando a distancia requiere una pila cr2025; incluida<\/td>\n<\/tr>\n<tr>\n<td>Cable de datos usb-a a micro-usb conctelo al puerto micro-usb para control rs232 opcional<\/td>\n<\/tr>\n<tr>\n<td>Dos soportes de montaje<\/td>\n<\/tr>\n<tr>\n<td>Instrucciones<\/td>\n<\/tr>\n<\/table>\n","protected":false},"excerpt":{"rendered":"<p>Switch de 4 entradas y 1 salida 4&#215;1 para visualizar hasta cuatro fuentes hdmi en una sola pantalla hdmi con mltiples opciones de visualizacin, incluida la funcin de imagen en imagen pip. El switch multivisor hdmi de 4 puertos a 30 hz y 4k de manhattan le permite gestionar mltiples fuentes hdmi en una sola pantalla. Perfecto para sealizacin digital, salas de conferencias e incluso entretenimiento en el hogar, este dispositivo vers\u00e1til le permite compartir hasta cuatro fuentes de audio\/video hdmi en una sola pantalla de salida, ofreciendo seis modos de visualizacin personalizables. Ya sea que prefiera la visualizacin en paralelo, apilada, en cuatro vistas o con imagen en imagen pip, este multivisor ofrece opciones perfectas para satisfacer sus necesidades. Vea el panorama general. Disfrute de resoluciones de hasta 4k a 30 hz de ultraalta definicin 38402160. El botn de escala incorporado le permite ajustar sin esfuerzo las seales de entrada a 4k, 1600p o 1080p, lo que facilita la configuracin tanto con pantallas antiguas como nuevas. Cambio sin interrupciones y control de audio preciso. El cambio entre fuentes hdmi es instant\u00e1neo y sin interrupciones, lo que garantiza transiciones suaves sin interrupciones. La funcin de seleccin de audio independiente le permite combinar fuentes de video con cualquier fuente de audio de su eleccin. Amplia compatibilidad y f\u00e1cil configuracin. Compatible con todos los dispositivos hdmi, incluidos televisores, proyectores, monitores, computadoras port\u00e1tiles, pc, receptores av, decodificadores de transmisin, consolas de juegos, reproductores de blu-ray y m\u00e1s, este multivisor est\u00e1 a la altura de cualquier tarea. Disfrute de varios eventos deportivos simult\u00e1neamente o reduzca los costos de la sealizacin digital al requerir menos pantallas. Diseo duradero para un uso confiable. Diseado para uso en escritorios antideslizantes con patas de goma, el conmutador multivisor hdmi de 4 puertos 4k a 30 hz garantiza estabilidad y durabilidad. Con un ancho de banda de hasta 10,2 gbps a 340 mhz y compatibilidad con formato de audio sin compresin de 8 canales lpcm sin prdida y sonido envolvente 7.1, este dispositivo ofrece resultados de alto rendimiento en todo momento.     Comparte hasta cuatro seales de fuente de audio\/vdeo hdmi en una nica pantalla de salida hdmi con mltiples opciones de visualizacin.     Seis modos de visualizacin, incluido el modo dual uno al lado del otro o apilados, modo cu\u00e1druple 4 tamaos iguales o 1 grande con 3 pequeos e imagen en imagen pip.     Resoluciones de hasta ultra alta definicin uhd 4k@30hz 38402160.     Botn de escala para ajustar cualquier seal de entrada a 4k, 1600p o 1080p para configurar sin problemas pantallas antiguas y actuales.     Ideal para sealizacin digital reduce el espacio y el coste necesarios para varias pantallas, salas de conferencias para compartir ideas y datos y para ver varios eventos deportivos al mismo tiempo.     Permite cambiar de una fuente hdmi a otra de forma instant\u00e1nea y sin interrupciones.     Seleccin independiente de la fuente de audio para fuentes de vdeo combinadas en cualquier momento.     Submuestreo de croma 4:4:4.     Admite el formato de audio sin prdidas lpcm de 8 canales sin comprimir y el sonido envolvente 7.1.     Ancho de banda de hasta 10.2 gbps a 340 mhz.     Admite vdeo 3d.     Compatible con todos los dispositivos hdmi: pantallas de tv, proyectores, monitores, laptops, pcs, receptores av, reproductores de streaming, consolas de videojuegos, playstation\u00ae ps4\/ps5, xbox\u00ae one\/series s\/series x, reproductores blu-ray y muchos m\u00e1s.     Totalmente compatible con hdcp 1.4, compatible con versiones anteriores.     Bases de goma antideslizantes para evitar que se deslice o dae el escritorio.     Dos soportes de montaje incluidos para una instalacin adecuada en la pared o en el techo.     3 aos de garanta consulte el tiempo de garanta en su ciudad o pas<\/p>\n","protected":false},"featured_media":260190,"comment_status":"open","ping_status":"open","template":"","meta":[],"product_cat":[1563,1564],"product_tag":[1487],"acf":[],"yoast_head":"<!-- This site is optimized with the Yoast SEO plugin v21.7 - https:\/\/yoast.com\/wordpress\/plugins\/seo\/ -->\n<title>[ Manhattan ] &#129351; 208406 Switch\/\/\/switch Multiviewer Hdmi De 4 Puertos 4k<\/title>\n<meta name=\"description\" content=\"Compra 208406 Switch\/\/\/switch Multiviewer Hdmi De 4 Puertos 4k + Env\u00edo a domicilio + Pago seguro + Garant\u00eda\" \/>\n<meta name=\"robots\" content=\"index, follow, max-snippet:-1, max-image-preview:large, max-video-preview:-1\" \/>\n<link rel=\"canonical\" href=\"https:\/\/compuviper.mx\/tienda\/producto\/manhattan-208406-switch-switch-multiviewer-hdmi-de-4-puertos-4k\/\" \/>\n<meta property=\"og:locale\" content=\"es_MX\" \/>\n<meta property=\"og:type\" content=\"article\" \/>\n<meta property=\"og:title\" content=\"[ Manhattan ] &#129351; 208406 Switch\/\/\/switch Multiviewer Hdmi De 4 Puertos 4k\" \/>\n<meta property=\"og:description\" content=\"Compra 208406 Switch\/\/\/switch Multiviewer Hdmi De 4 Puertos 4k + Env\u00edo a domicilio + Pago seguro + Garant\u00eda\" \/>\n<meta property=\"og:url\" content=\"https:\/\/compuviper.mx\/tienda\/producto\/manhattan-208406-switch-switch-multiviewer-hdmi-de-4-puertos-4k\/\" \/>\n<meta property=\"og:site_name\" content=\"Compuviper\" \/>\n<meta property=\"article:publisher\" content=\"https:\/\/www.facebook.com\/compuviper\" \/>\n<meta property=\"og:image\" content=\"https:\/\/compuviper.mx\/tienda\/wp-content\/uploads\/2025\/10\/Switchmanhattan208406switch-multiviewer-hdmi-de-4-puertos-4k.jpg\" \/>\n\t<meta property=\"og:image:width\" content=\"200\" \/>\n\t<meta property=\"og:image:height\" content=\"200\" \/>\n\t<meta property=\"og:image:type\" content=\"image\/jpeg\" \/>\n<meta name=\"twitter:card\" content=\"summary_large_image\" \/>\n<meta name=\"twitter:label1\" content=\"Precio\" \/>\n\t<meta name=\"twitter:data1\" content=\"&#36;2,285 con IVA\" \/>\n\t<meta name=\"twitter:label2\" content=\"Availability\" \/>\n\t<meta name=\"twitter:data2\" content=\"In stock\" \/>\n<script type=\"application\/ld+json\" class=\"yoast-schema-graph\">{\"@context\":\"https:\/\/schema.org\",\"@graph\":[{\"@type\":\"WebPage\",\"@id\":\"https:\/\/compuviper.mx\/tienda\/producto\/manhattan-208406-switch-switch-multiviewer-hdmi-de-4-puertos-4k\/\",\"url\":\"https:\/\/compuviper.mx\/tienda\/producto\/manhattan-208406-switch-switch-multiviewer-hdmi-de-4-puertos-4k\/\",\"name\":\"[ Manhattan ] &#129351; 208406 Switch\/\/\/switch Multiviewer Hdmi De 4 Puertos 4k\",\"isPartOf\":{\"@id\":\"https:\/\/compuviper.mx\/tienda\/#website\"},\"datePublished\":\"2026-04-18T07:14:50+00:00\",\"dateModified\":\"2026-04-18T07:14:50+00:00\",\"description\":\"Compra 208406 Switch\/\/\/switch Multiviewer Hdmi De 4 Puertos 4k + Env\u00edo a domicilio + Pago seguro + Garant\u00eda\",\"breadcrumb\":{\"@id\":\"https:\/\/compuviper.mx\/tienda\/producto\/manhattan-208406-switch-switch-multiviewer-hdmi-de-4-puertos-4k\/#breadcrumb\"},\"inLanguage\":\"es-MX\",\"potentialAction\":[{\"@type\":\"ReadAction\",\"target\":[\"https:\/\/compuviper.mx\/tienda\/producto\/manhattan-208406-switch-switch-multiviewer-hdmi-de-4-puertos-4k\/\"]}]},{\"@type\":\"BreadcrumbList\",\"@id\":\"https:\/\/compuviper.mx\/tienda\/producto\/manhattan-208406-switch-switch-multiviewer-hdmi-de-4-puertos-4k\/#breadcrumb\",\"itemListElement\":[{\"@type\":\"ListItem\",\"position\":1,\"name\":\"Inicio\",\"item\":\"https:\/\/compuviper.mx\/tienda\/\"},{\"@type\":\"ListItem\",\"position\":2,\"name\":\"Productos\",\"item\":\"https:\/\/compuviper.mx\/tienda\/productos\/\"},{\"@type\":\"ListItem\",\"position\":3,\"name\":\"Redes\",\"item\":\"https:\/\/compuviper.mx\/tienda\/categoria-producto\/redes\/\"},{\"@type\":\"ListItem\",\"position\":4,\"name\":\"Switch\",\"item\":\"https:\/\/compuviper.mx\/tienda\/categoria-producto\/redes\/switch\/\"},{\"@type\":\"ListItem\",\"position\":5,\"name\":\"Manhattan 208406 Switch\/\/\/switch Multiviewer Hdmi De 4 Puertos 4k\"}]},{\"@type\":\"WebSite\",\"@id\":\"https:\/\/compuviper.mx\/tienda\/#website\",\"url\":\"https:\/\/compuviper.mx\/tienda\/\",\"name\":\"Compuviper\",\"description\":\"Proveedor de Computadoras, Laptops, Servidores, Monitores, Puntos de Venta, Teclados,   Impresoras, T\u00f3ner, C\u00e1maras de Seguridad y m\u00e1s en tu tienda en l\u00ednea\",\"publisher\":{\"@id\":\"https:\/\/compuviper.mx\/tienda\/#organization\"},\"potentialAction\":[{\"@type\":\"SearchAction\",\"target\":{\"@type\":\"EntryPoint\",\"urlTemplate\":\"https:\/\/compuviper.mx\/tienda\/?s={search_term_string}\"},\"query-input\":\"required name=search_term_string\"}],\"inLanguage\":\"es-MX\"},{\"@type\":\"Organization\",\"@id\":\"https:\/\/compuviper.mx\/tienda\/#organization\",\"name\":\"Compuviper\",\"url\":\"https:\/\/compuviper.mx\/tienda\/\",\"logo\":{\"@type\":\"ImageObject\",\"inLanguage\":\"es-MX\",\"@id\":\"https:\/\/compuviper.mx\/tienda\/#\/schema\/logo\/image\/\",\"url\":\"https:\/\/compuviper.mx\/tienda\/wp-content\/uploads\/2021\/08\/Logo-Compuviper-10.png\",\"contentUrl\":\"https:\/\/compuviper.mx\/tienda\/wp-content\/uploads\/2021\/08\/Logo-Compuviper-10.png\",\"width\":1000,\"height\":500,\"caption\":\"Compuviper\"},\"image\":{\"@id\":\"https:\/\/compuviper.mx\/tienda\/#\/schema\/logo\/image\/\"},\"sameAs\":[\"https:\/\/www.facebook.com\/compuviper\",\"https:\/\/www.youtube.com\/channel\/UCf73dERp9Y3cfOq7q8BhLjA?view_as=subscriber\"]}]}<\/script>\n<meta property=\"product:brand\" content=\"MANHATTAN\" \/>\n<meta property=\"product:price:amount\" content=\"2285\" \/>\n<meta property=\"product:price:currency\" content=\"MXN\" \/>\n<meta property=\"og:availability\" content=\"instock\" \/>\n<meta property=\"product:availability\" content=\"instock\" \/>\n<meta property=\"product:retailer_item_id\" content=\"208406\" \/>\n<meta property=\"product:condition\" content=\"new\" \/>\n<!-- \/ Yoast SEO plugin. -->","yoast_head_json":{"title":"[ Manhattan ] &#129351; 208406 Switch\/\/\/switch Multiviewer Hdmi De 4 Puertos 4k","description":"Compra 208406 Switch\/\/\/switch Multiviewer Hdmi De 4 Puertos 4k + Env\u00edo a domicilio + Pago seguro + Garant\u00eda","robots":{"index":"index","follow":"follow","max-snippet":"max-snippet:-1","max-image-preview":"max-image-preview:large","max-video-preview":"max-video-preview:-1"},"canonical":"https:\/\/compuviper.mx\/tienda\/producto\/manhattan-208406-switch-switch-multiviewer-hdmi-de-4-puertos-4k\/","og_locale":"es_MX","og_type":"article","og_title":"[ Manhattan ] &#129351; 208406 Switch\/\/\/switch Multiviewer Hdmi De 4 Puertos 4k","og_description":"Compra 208406 Switch\/\/\/switch Multiviewer Hdmi De 4 Puertos 4k + Env\u00edo a domicilio + Pago seguro + Garant\u00eda","og_url":"https:\/\/compuviper.mx\/tienda\/producto\/manhattan-208406-switch-switch-multiviewer-hdmi-de-4-puertos-4k\/","og_site_name":"Compuviper","article_publisher":"https:\/\/www.facebook.com\/compuviper","og_image":[{"width":200,"height":200,"url":"https:\/\/compuviper.mx\/tienda\/wp-content\/uploads\/2025\/10\/Switchmanhattan208406switch-multiviewer-hdmi-de-4-puertos-4k.jpg","type":"image\/jpeg"}],"twitter_card":"summary_large_image","twitter_misc":{"Precio":"&#36;2,285 con IVA","Availability":"In stock"},"schema":{"@context":"https:\/\/schema.org","@graph":[{"@type":"WebPage","@id":"https:\/\/compuviper.mx\/tienda\/producto\/manhattan-208406-switch-switch-multiviewer-hdmi-de-4-puertos-4k\/","url":"https:\/\/compuviper.mx\/tienda\/producto\/manhattan-208406-switch-switch-multiviewer-hdmi-de-4-puertos-4k\/","name":"[ Manhattan ] &#129351; 208406 Switch\/\/\/switch Multiviewer Hdmi De 4 Puertos 4k","isPartOf":{"@id":"https:\/\/compuviper.mx\/tienda\/#website"},"datePublished":"2026-04-18T07:14:50+00:00","dateModified":"2026-04-18T07:14:50+00:00","description":"Compra 208406 Switch\/\/\/switch Multiviewer Hdmi De 4 Puertos 4k + Env\u00edo a domicilio + Pago seguro + Garant\u00eda","breadcrumb":{"@id":"https:\/\/compuviper.mx\/tienda\/producto\/manhattan-208406-switch-switch-multiviewer-hdmi-de-4-puertos-4k\/#breadcrumb"},"inLanguage":"es-MX","potentialAction":[{"@type":"ReadAction","target":["https:\/\/compuviper.mx\/tienda\/producto\/manhattan-208406-switch-switch-multiviewer-hdmi-de-4-puertos-4k\/"]}]},{"@type":"BreadcrumbList","@id":"https:\/\/compuviper.mx\/tienda\/producto\/manhattan-208406-switch-switch-multiviewer-hdmi-de-4-puertos-4k\/#breadcrumb","itemListElement":[{"@type":"ListItem","position":1,"name":"Inicio","item":"https:\/\/compuviper.mx\/tienda\/"},{"@type":"ListItem","position":2,"name":"Productos","item":"https:\/\/compuviper.mx\/tienda\/productos\/"},{"@type":"ListItem","position":3,"name":"Redes","item":"https:\/\/compuviper.mx\/tienda\/categoria-producto\/redes\/"},{"@type":"ListItem","position":4,"name":"Switch","item":"https:\/\/compuviper.mx\/tienda\/categoria-producto\/redes\/switch\/"},{"@type":"ListItem","position":5,"name":"Manhattan 208406 Switch\/\/\/switch Multiviewer Hdmi De 4 Puertos 4k"}]},{"@type":"WebSite","@id":"https:\/\/compuviper.mx\/tienda\/#website","url":"https:\/\/compuviper.mx\/tienda\/","name":"Compuviper","description":"Proveedor de Computadoras, Laptops, Servidores, Monitores, Puntos de Venta, Teclados,   Impresoras, T\u00f3ner, C\u00e1maras de Seguridad y m\u00e1s en tu tienda en l\u00ednea","publisher":{"@id":"https:\/\/compuviper.mx\/tienda\/#organization"},"potentialAction":[{"@type":"SearchAction","target":{"@type":"EntryPoint","urlTemplate":"https:\/\/compuviper.mx\/tienda\/?s={search_term_string}"},"query-input":"required name=search_term_string"}],"inLanguage":"es-MX"},{"@type":"Organization","@id":"https:\/\/compuviper.mx\/tienda\/#organization","name":"Compuviper","url":"https:\/\/compuviper.mx\/tienda\/","logo":{"@type":"ImageObject","inLanguage":"es-MX","@id":"https:\/\/compuviper.mx\/tienda\/#\/schema\/logo\/image\/","url":"https:\/\/compuviper.mx\/tienda\/wp-content\/uploads\/2021\/08\/Logo-Compuviper-10.png","contentUrl":"https:\/\/compuviper.mx\/tienda\/wp-content\/uploads\/2021\/08\/Logo-Compuviper-10.png","width":1000,"height":500,"caption":"Compuviper"},"image":{"@id":"https:\/\/compuviper.mx\/tienda\/#\/schema\/logo\/image\/"},"sameAs":["https:\/\/www.facebook.com\/compuviper","https:\/\/www.youtube.com\/channel\/UCf73dERp9Y3cfOq7q8BhLjA?view_as=subscriber"]}]},"product_brand":"MANHATTAN","product_price_amount":"2285","product_price_currency":"MXN","og_availability":"instock","product_availability":"instock","product_retailer_item_id":"208406","product_condition":"new"},"_links":{"self":[{"href":"https:\/\/compuviper.mx\/tienda\/wp-json\/wp\/v2\/product\/252784"}],"collection":[{"href":"https:\/\/compuviper.mx\/tienda\/wp-json\/wp\/v2\/product"}],"about":[{"href":"https:\/\/compuviper.mx\/tienda\/wp-json\/wp\/v2\/types\/product"}],"replies":[{"embeddable":true,"href":"https:\/\/compuviper.mx\/tienda\/wp-json\/wp\/v2\/comments?post=252784"}],"wp:featuredmedia":[{"embeddable":true,"href":"https:\/\/compuviper.mx\/tienda\/wp-json\/wp\/v2\/media\/260190"}],"wp:attachment":[{"href":"https:\/\/compuviper.mx\/tienda\/wp-json\/wp\/v2\/media?parent=252784"}],"wp:term":[{"taxonomy":"product_cat","embeddable":true,"href":"https:\/\/compuviper.mx\/tienda\/wp-json\/wp\/v2\/product_cat?post=252784"},{"taxonomy":"product_tag","embeddable":true,"href":"https:\/\/compuviper.mx\/tienda\/wp-json\/wp\/v2\/product_tag?post=252784"}],"curies":[{"name":"wp","href":"https:\/\/api.w.org\/{rel}","templated":true}]}}