{"id":252764,"date":"2026-04-17T23:50:34","date_gmt":"2026-04-18T05:50:34","guid":{"rendered":"https:\/\/compuviper.mx\/tienda\/producto\/manhattan-354295-cables-cable-para-dispositivos-usb-a-de-spervelocidad\/"},"modified":"2026-04-17T23:50:35","modified_gmt":"2026-04-18T05:50:35","slug":"manhattan-354295-cables-cable-para-dispositivos-usb-a-de-spervelocidad","status":"publish","type":"product","link":"https:\/\/compuviper.mx\/tienda\/producto\/manhattan-354295-cables-cable-para-dispositivos-usb-a-de-spervelocidad\/","title":{"rendered":"Manhattan 354295 Cables\/\/\/cable Para Dispositivos Usb-a De S?pervelocidad"},"content":{"rendered":"<table class=\"descripcion\">\n<tr>\n<td>Est\u00e1ndares y certificaciones:<\/td>\n<\/tr>\n<tr>\n<td>Ul 2725<\/td>\n<\/tr>\n<tr>\n<td>Usb 3.0<\/td>\n<\/tr>\n<tr>\n<td>Conectores:<\/td>\n<\/tr>\n<tr>\n<td>Dos usb 3.0 tipo-a macho<\/td>\n<\/tr>\n<tr>\n<td>Conectores chapados en oro<\/td>\n<\/tr>\n<tr>\n<td>Terminales moldeadas en pvc<\/td>\n<\/tr>\n<tr>\n<td>Cable:<\/td>\n<\/tr>\n<tr>\n<td>Blindado<\/td>\n<\/tr>\n<tr>\n<td>Valuaci\u00f3n de corriente: 1 adc<\/td>\n<\/tr>\n<tr>\n<td>Voltaje de ruptura: 300 v dc<\/td>\n<\/tr>\n<tr>\n<td>Resistencia de aislamiento: 10 m and #937;<\/td>\n<\/tr>\n<tr>\n<td>Resistencia de contactos: 5  and #937;<\/td>\n<\/tr>\n<tr>\n<td>Forro de pl\u00e1stico t\u00e9rmico<\/td>\n<\/tr>\n<tr>\n<td>Cable de 28 awg<\/td>\n<\/tr>\n<tr>\n<td>Dise\u00f1o:<\/td>\n<\/tr>\n<tr>\n<td>Largo: 1.8 m (6 ft.)<\/td>\n<\/tr>\n<tr>\n<td>Peso: 83 g (2.93 oz.)<\/td>\n<\/tr>\n<tr>\n<td>Ambiente de operaci\u00f3n<\/td>\n<\/tr>\n<tr>\n<td>Temperatura de operaci\u00f3n: 0 &#8211; 50\u00b0c (32 &#8211; 122\u00b0f)<\/td>\n<\/tr>\n<tr>\n<td>Temperatura de almacenamiento: -25 &#8211; 85\u00b0c (-13 &#8211; 185\u00b0f)<\/td>\n<\/tr>\n<tr>\n<td>Humedad (sin condensar): 0 &#8211; 96%<\/td>\n<\/tr>\n<tr>\n<td>Contenido del paquete:<\/td>\n<\/tr>\n<tr>\n<td>Cable usb superspeed<\/td>\n<\/tr>\n<\/table>\n","protected":false},"excerpt":{"rendered":"<p>Conexiones de calidad para un rendimiento de super velocidad. Los cables usb superspeed de manhattan est\u00e1n dise\u00f1ados y fabricados con materiales de calidad para entregar las velocidades m\u00e1s r\u00e1pidas requeridas para soportar la siguiente generaci\u00f3n de la interfaz de c\u00f3mputo m\u00e1s com\u00fan. Compatible con usb 2.0, brinda una suave transici\u00f3n entre computadoras de escritorio y port\u00e1tiles nuevas y anteriores, c\u00e1maras digitales, pdas y otros dispositivos electr\u00f3nicos y accesorios port\u00e1tiles de computo. Los cables usb superspeed de manhattan soportan una tasa de transferencia de datos de hasta 5 gbps o casi 10 veces la velocidad de usb 2.0 en sistemas windows y mac para transmisiones ultrar\u00e1pidas y confiables. Un blindaje completo, botas moldeadas y un forro protector y flexible de pvc soportan comunicaciones usb superspeed bidireccionales, reducen la interferencia emi y brindan una m\u00e1xima conductividad con tiempos de espera y perdida de datos m\u00ednima. Usb 3.0 macho tipo-a a macho tipo-a. Conecta un dispositivo usb a un hub o computadora con puerto usb. Soporta velocidades de hasta 5 gbps. Usb superspeed para tasas de transferencia de datos ultra r\u00e1pidas sin degradaci\u00f3n de datos. Completamente blindado para reducir fuentes de interferencia emi y otras. Garant\u00eda de por vida (*consulte el tiempo de garant\u00eda en su ciudad o pa\u00eds*)<\/p>\n","protected":false},"featured_media":259037,"comment_status":"open","ping_status":"open","template":"","meta":[],"product_cat":[1549,1605],"product_tag":[1487],"acf":[],"yoast_head":"<!-- This site is optimized with the Yoast SEO plugin v21.7 - https:\/\/yoast.com\/wordpress\/plugins\/seo\/ -->\n<title>[ Manhattan ] &#129351; 354295 Cables\/\/\/cable Para Dispositivos Usb-a De S\u00fapervelocidad<\/title>\n<meta name=\"description\" content=\"Compra 354295 Cables\/\/\/cable Para Dispositivos Usb-a De S\u00fapervelocidad + Env\u00edo a domicilio + Pago seguro + Garant\u00eda\" \/>\n<meta name=\"robots\" content=\"index, follow, max-snippet:-1, max-image-preview:large, max-video-preview:-1\" \/>\n<link rel=\"canonical\" href=\"https:\/\/compuviper.mx\/tienda\/producto\/manhattan-354295-cables-cable-para-dispositivos-usb-a-de-spervelocidad\/\" \/>\n<meta property=\"og:locale\" content=\"es_MX\" \/>\n<meta property=\"og:type\" content=\"article\" \/>\n<meta property=\"og:title\" content=\"[ Manhattan ] &#129351; 354295 Cables\/\/\/cable Para Dispositivos Usb-a De S\u00fapervelocidad\" \/>\n<meta property=\"og:description\" content=\"Compra 354295 Cables\/\/\/cable Para Dispositivos Usb-a De S\u00fapervelocidad + Env\u00edo a domicilio + Pago seguro + Garant\u00eda\" \/>\n<meta property=\"og:url\" content=\"https:\/\/compuviper.mx\/tienda\/producto\/manhattan-354295-cables-cable-para-dispositivos-usb-a-de-spervelocidad\/\" \/>\n<meta property=\"og:site_name\" content=\"Compuviper\" \/>\n<meta property=\"article:publisher\" content=\"https:\/\/www.facebook.com\/compuviper\" \/>\n<meta property=\"article:modified_time\" content=\"2026-04-18T05:50:35+00:00\" \/>\n<meta property=\"og:image\" content=\"https:\/\/compuviper.mx\/tienda\/wp-content\/uploads\/2025\/10\/Cablesmanhattan354295cable-para-dispositivos-usb-a-de-supervelocidad.jpg\" \/>\n\t<meta property=\"og:image:width\" content=\"200\" \/>\n\t<meta property=\"og:image:height\" content=\"200\" \/>\n\t<meta property=\"og:image:type\" content=\"image\/jpeg\" \/>\n<meta name=\"twitter:card\" content=\"summary_large_image\" \/>\n<meta name=\"twitter:label1\" content=\"Precio\" \/>\n\t<meta name=\"twitter:data1\" content=\"&#36;126 con IVA\" \/>\n\t<meta name=\"twitter:label2\" content=\"Availability\" \/>\n\t<meta name=\"twitter:data2\" content=\"In stock\" \/>\n<script type=\"application\/ld+json\" class=\"yoast-schema-graph\">{\"@context\":\"https:\/\/schema.org\",\"@graph\":[{\"@type\":\"WebPage\",\"@id\":\"https:\/\/compuviper.mx\/tienda\/producto\/manhattan-354295-cables-cable-para-dispositivos-usb-a-de-spervelocidad\/\",\"url\":\"https:\/\/compuviper.mx\/tienda\/producto\/manhattan-354295-cables-cable-para-dispositivos-usb-a-de-spervelocidad\/\",\"name\":\"[ Manhattan ] &#129351; 354295 Cables\/\/\/cable Para Dispositivos Usb-a De S\u00fapervelocidad\",\"isPartOf\":{\"@id\":\"https:\/\/compuviper.mx\/tienda\/#website\"},\"datePublished\":\"2026-04-18T05:50:34+00:00\",\"dateModified\":\"2026-04-18T05:50:35+00:00\",\"description\":\"Compra 354295 Cables\/\/\/cable Para Dispositivos Usb-a De S\u00fapervelocidad + Env\u00edo a domicilio + Pago seguro + Garant\u00eda\",\"breadcrumb\":{\"@id\":\"https:\/\/compuviper.mx\/tienda\/producto\/manhattan-354295-cables-cable-para-dispositivos-usb-a-de-spervelocidad\/#breadcrumb\"},\"inLanguage\":\"es-MX\",\"potentialAction\":[{\"@type\":\"ReadAction\",\"target\":[\"https:\/\/compuviper.mx\/tienda\/producto\/manhattan-354295-cables-cable-para-dispositivos-usb-a-de-spervelocidad\/\"]}]},{\"@type\":\"BreadcrumbList\",\"@id\":\"https:\/\/compuviper.mx\/tienda\/producto\/manhattan-354295-cables-cable-para-dispositivos-usb-a-de-spervelocidad\/#breadcrumb\",\"itemListElement\":[{\"@type\":\"ListItem\",\"position\":1,\"name\":\"Inicio\",\"item\":\"https:\/\/compuviper.mx\/tienda\/\"},{\"@type\":\"ListItem\",\"position\":2,\"name\":\"Productos\",\"item\":\"https:\/\/compuviper.mx\/tienda\/productos\/\"},{\"@type\":\"ListItem\",\"position\":3,\"name\":\"Cables\",\"item\":\"https:\/\/compuviper.mx\/tienda\/categoria-producto\/cables\/\"},{\"@type\":\"ListItem\",\"position\":4,\"name\":\"Cable Usb\",\"item\":\"https:\/\/compuviper.mx\/tienda\/categoria-producto\/cables\/cable-usb\/\"},{\"@type\":\"ListItem\",\"position\":5,\"name\":\"Manhattan 354295 Cables\/\/\/cable Para Dispositivos Usb-a De S?pervelocidad\"}]},{\"@type\":\"WebSite\",\"@id\":\"https:\/\/compuviper.mx\/tienda\/#website\",\"url\":\"https:\/\/compuviper.mx\/tienda\/\",\"name\":\"Compuviper\",\"description\":\"Proveedor de Computadoras, Laptops, Servidores, Monitores, Puntos de Venta, Teclados,   Impresoras, T\u00f3ner, C\u00e1maras de Seguridad y m\u00e1s en tu tienda en l\u00ednea\",\"publisher\":{\"@id\":\"https:\/\/compuviper.mx\/tienda\/#organization\"},\"potentialAction\":[{\"@type\":\"SearchAction\",\"target\":{\"@type\":\"EntryPoint\",\"urlTemplate\":\"https:\/\/compuviper.mx\/tienda\/?s={search_term_string}\"},\"query-input\":\"required name=search_term_string\"}],\"inLanguage\":\"es-MX\"},{\"@type\":\"Organization\",\"@id\":\"https:\/\/compuviper.mx\/tienda\/#organization\",\"name\":\"Compuviper\",\"url\":\"https:\/\/compuviper.mx\/tienda\/\",\"logo\":{\"@type\":\"ImageObject\",\"inLanguage\":\"es-MX\",\"@id\":\"https:\/\/compuviper.mx\/tienda\/#\/schema\/logo\/image\/\",\"url\":\"https:\/\/compuviper.mx\/tienda\/wp-content\/uploads\/2021\/08\/Logo-Compuviper-10.png\",\"contentUrl\":\"https:\/\/compuviper.mx\/tienda\/wp-content\/uploads\/2021\/08\/Logo-Compuviper-10.png\",\"width\":1000,\"height\":500,\"caption\":\"Compuviper\"},\"image\":{\"@id\":\"https:\/\/compuviper.mx\/tienda\/#\/schema\/logo\/image\/\"},\"sameAs\":[\"https:\/\/www.facebook.com\/compuviper\",\"https:\/\/www.youtube.com\/channel\/UCf73dERp9Y3cfOq7q8BhLjA?view_as=subscriber\"]}]}<\/script>\n<meta property=\"product:brand\" content=\"MANHATTAN\" \/>\n<meta property=\"product:price:amount\" content=\"126\" \/>\n<meta property=\"product:price:currency\" content=\"MXN\" \/>\n<meta property=\"og:availability\" content=\"instock\" \/>\n<meta property=\"product:availability\" content=\"instock\" \/>\n<meta property=\"product:retailer_item_id\" content=\"354295\" \/>\n<meta property=\"product:condition\" content=\"new\" \/>\n<!-- \/ Yoast SEO plugin. -->","yoast_head_json":{"title":"[ Manhattan ] &#129351; 354295 Cables\/\/\/cable Para Dispositivos Usb-a De S\u00fapervelocidad","description":"Compra 354295 Cables\/\/\/cable Para Dispositivos Usb-a De S\u00fapervelocidad + Env\u00edo a domicilio + Pago seguro + Garant\u00eda","robots":{"index":"index","follow":"follow","max-snippet":"max-snippet:-1","max-image-preview":"max-image-preview:large","max-video-preview":"max-video-preview:-1"},"canonical":"https:\/\/compuviper.mx\/tienda\/producto\/manhattan-354295-cables-cable-para-dispositivos-usb-a-de-spervelocidad\/","og_locale":"es_MX","og_type":"article","og_title":"[ Manhattan ] &#129351; 354295 Cables\/\/\/cable Para Dispositivos Usb-a De S\u00fapervelocidad","og_description":"Compra 354295 Cables\/\/\/cable Para Dispositivos Usb-a De S\u00fapervelocidad + Env\u00edo a domicilio + Pago seguro + Garant\u00eda","og_url":"https:\/\/compuviper.mx\/tienda\/producto\/manhattan-354295-cables-cable-para-dispositivos-usb-a-de-spervelocidad\/","og_site_name":"Compuviper","article_publisher":"https:\/\/www.facebook.com\/compuviper","article_modified_time":"2026-04-18T05:50:35+00:00","og_image":[{"width":200,"height":200,"url":"https:\/\/compuviper.mx\/tienda\/wp-content\/uploads\/2025\/10\/Cablesmanhattan354295cable-para-dispositivos-usb-a-de-supervelocidad.jpg","type":"image\/jpeg"}],"twitter_card":"summary_large_image","twitter_misc":{"Precio":"&#36;126 con IVA","Availability":"In stock"},"schema":{"@context":"https:\/\/schema.org","@graph":[{"@type":"WebPage","@id":"https:\/\/compuviper.mx\/tienda\/producto\/manhattan-354295-cables-cable-para-dispositivos-usb-a-de-spervelocidad\/","url":"https:\/\/compuviper.mx\/tienda\/producto\/manhattan-354295-cables-cable-para-dispositivos-usb-a-de-spervelocidad\/","name":"[ Manhattan ] &#129351; 354295 Cables\/\/\/cable Para Dispositivos Usb-a De S\u00fapervelocidad","isPartOf":{"@id":"https:\/\/compuviper.mx\/tienda\/#website"},"datePublished":"2026-04-18T05:50:34+00:00","dateModified":"2026-04-18T05:50:35+00:00","description":"Compra 354295 Cables\/\/\/cable Para Dispositivos Usb-a De S\u00fapervelocidad + Env\u00edo a domicilio + Pago seguro + Garant\u00eda","breadcrumb":{"@id":"https:\/\/compuviper.mx\/tienda\/producto\/manhattan-354295-cables-cable-para-dispositivos-usb-a-de-spervelocidad\/#breadcrumb"},"inLanguage":"es-MX","potentialAction":[{"@type":"ReadAction","target":["https:\/\/compuviper.mx\/tienda\/producto\/manhattan-354295-cables-cable-para-dispositivos-usb-a-de-spervelocidad\/"]}]},{"@type":"BreadcrumbList","@id":"https:\/\/compuviper.mx\/tienda\/producto\/manhattan-354295-cables-cable-para-dispositivos-usb-a-de-spervelocidad\/#breadcrumb","itemListElement":[{"@type":"ListItem","position":1,"name":"Inicio","item":"https:\/\/compuviper.mx\/tienda\/"},{"@type":"ListItem","position":2,"name":"Productos","item":"https:\/\/compuviper.mx\/tienda\/productos\/"},{"@type":"ListItem","position":3,"name":"Cables","item":"https:\/\/compuviper.mx\/tienda\/categoria-producto\/cables\/"},{"@type":"ListItem","position":4,"name":"Cable Usb","item":"https:\/\/compuviper.mx\/tienda\/categoria-producto\/cables\/cable-usb\/"},{"@type":"ListItem","position":5,"name":"Manhattan 354295 Cables\/\/\/cable Para Dispositivos Usb-a De S?pervelocidad"}]},{"@type":"WebSite","@id":"https:\/\/compuviper.mx\/tienda\/#website","url":"https:\/\/compuviper.mx\/tienda\/","name":"Compuviper","description":"Proveedor de Computadoras, Laptops, Servidores, Monitores, Puntos de Venta, Teclados,   Impresoras, T\u00f3ner, C\u00e1maras de Seguridad y m\u00e1s en tu tienda en l\u00ednea","publisher":{"@id":"https:\/\/compuviper.mx\/tienda\/#organization"},"potentialAction":[{"@type":"SearchAction","target":{"@type":"EntryPoint","urlTemplate":"https:\/\/compuviper.mx\/tienda\/?s={search_term_string}"},"query-input":"required name=search_term_string"}],"inLanguage":"es-MX"},{"@type":"Organization","@id":"https:\/\/compuviper.mx\/tienda\/#organization","name":"Compuviper","url":"https:\/\/compuviper.mx\/tienda\/","logo":{"@type":"ImageObject","inLanguage":"es-MX","@id":"https:\/\/compuviper.mx\/tienda\/#\/schema\/logo\/image\/","url":"https:\/\/compuviper.mx\/tienda\/wp-content\/uploads\/2021\/08\/Logo-Compuviper-10.png","contentUrl":"https:\/\/compuviper.mx\/tienda\/wp-content\/uploads\/2021\/08\/Logo-Compuviper-10.png","width":1000,"height":500,"caption":"Compuviper"},"image":{"@id":"https:\/\/compuviper.mx\/tienda\/#\/schema\/logo\/image\/"},"sameAs":["https:\/\/www.facebook.com\/compuviper","https:\/\/www.youtube.com\/channel\/UCf73dERp9Y3cfOq7q8BhLjA?view_as=subscriber"]}]},"product_brand":"MANHATTAN","product_price_amount":"126","product_price_currency":"MXN","og_availability":"instock","product_availability":"instock","product_retailer_item_id":"354295","product_condition":"new"},"_links":{"self":[{"href":"https:\/\/compuviper.mx\/tienda\/wp-json\/wp\/v2\/product\/252764"}],"collection":[{"href":"https:\/\/compuviper.mx\/tienda\/wp-json\/wp\/v2\/product"}],"about":[{"href":"https:\/\/compuviper.mx\/tienda\/wp-json\/wp\/v2\/types\/product"}],"replies":[{"embeddable":true,"href":"https:\/\/compuviper.mx\/tienda\/wp-json\/wp\/v2\/comments?post=252764"}],"wp:featuredmedia":[{"embeddable":true,"href":"https:\/\/compuviper.mx\/tienda\/wp-json\/wp\/v2\/media\/259037"}],"wp:attachment":[{"href":"https:\/\/compuviper.mx\/tienda\/wp-json\/wp\/v2\/media?parent=252764"}],"wp:term":[{"taxonomy":"product_cat","embeddable":true,"href":"https:\/\/compuviper.mx\/tienda\/wp-json\/wp\/v2\/product_cat?post=252764"},{"taxonomy":"product_tag","embeddable":true,"href":"https:\/\/compuviper.mx\/tienda\/wp-json\/wp\/v2\/product_tag?post=252764"}],"curies":[{"name":"wp","href":"https:\/\/api.w.org\/{rel}","templated":true}]}}