{"id":252752,"date":"2026-04-10T23:15:33","date_gmt":"2026-04-11T05:15:33","guid":{"rendered":"https:\/\/compuviper.mx\/tienda\/producto\/manhattan-462594-soportes-soporte-de-aluminio-con-pistn-de-gas-y-puertos-usb-para-un-monitor-de-17-a-57\/"},"modified":"2026-04-10T23:15:33","modified_gmt":"2026-04-11T05:15:33","slug":"manhattan-462594-soportes-soporte-de-aluminio-con-pistn-de-gas-y-puertos-usb-para-un-monitor-de-17-a-57","status":"publish","type":"product","link":"https:\/\/compuviper.mx\/tienda\/producto\/manhattan-462594-soportes-soporte-de-aluminio-con-pistn-de-gas-y-puertos-usb-para-un-monitor-de-17-a-57\/","title":{"rendered":"Manhattan 462594 Soportes\/\/\/soporte De Aluminio Con Pist?n De Gas Y Puertos Usb Para Un Monitor De 17 A 57"},"content":{"rendered":"<table class=\"descripcion\">\n<tr>\n<td>General<\/td>\n<\/tr>\n<tr>\n<td>Certificaciones: rohs, reach<\/td>\n<\/tr>\n<tr>\n<td>Dise\u00f1ado para la mayor\u00eda de pantallas planas y curvas de 17 a 57<\/td>\n<\/tr>\n<tr>\n<td>Capacidad de peso: de 2 a 27 kg con pantallas planas, de 2 a 22 kg con pantallas curvas<\/td>\n<\/tr>\n<tr>\n<td>Giro 180\u00b0<\/td>\n<\/tr>\n<tr>\n<td>Inclinaci\u00f3n de +60 a -20<\/td>\n<\/tr>\n<tr>\n<td>Rotaci\u00f3n: 360\u00b0<\/td>\n<\/tr>\n<tr>\n<td>Ajuste de altura: 325 a 655 mm (12.8 a 25.8 pulg.)<\/td>\n<\/tr>\n<tr>\n<td>Dimensiones<\/td>\n<\/tr>\n<tr>\n<td>&#8211; total (largo x ancho x alto): 120 x 580 x 730 mm<\/td>\n<\/tr>\n<tr>\n<td>&#8211; longitud del brazo (totalmente extendido) 526 mm<\/td>\n<\/tr>\n<tr>\n<td>Peso neto: 5.4 kg (11.91 lbs.)<\/td>\n<\/tr>\n<tr>\n<td>Pso bruto: 6.2 kg (13.67 lbs.)<\/td>\n<\/tr>\n<tr>\n<td>Material: aluminio<\/td>\n<\/tr>\n<tr>\n<td>Grosor de la superficie para la instalaci\u00f3n de abrazaderas 10 a 45 mm (0.4 a 1.8 pulg.)<\/td>\n<\/tr>\n<tr>\n<td>Grosor de la superficie para la instalaci\u00f3n del pasacables de 10 a 40 mm (de 0.4 a 1.6 pulg.)<\/td>\n<\/tr>\n<tr>\n<td>Di\u00e1metro del orificio para la instalaci\u00f3n del pasacables: de 10 a 60 mm (de 0.4 a 2.4 pulgadas)<\/td>\n<\/tr>\n<tr>\n<td>Est\u00e1ndares vesa: 75&#215;75, 100&#215;100, adaptador incluido para est\u00e1ndares 100&#215;200, 200&#215;100 y 200&#215;200<\/td>\n<\/tr>\n<tr>\n<td>Contenido del paquete<\/td>\n<\/tr>\n<tr>\n<td>Soporte de aluminio con pist\u00f3n de gas y puertos usb para un monitor de 17 a 57<\/td>\n<\/tr>\n<tr>\n<td>Cable usb-a macho a usb-a hembra, 1.8 m (6 pies)<\/td>\n<\/tr>\n<tr>\n<td>Cable usb-a macho a usb-c hembra, 1.8 m (6 pies)<\/td>\n<\/tr>\n<tr>\n<td>Adaptador vesa<\/td>\n<\/tr>\n<tr>\n<td>Piezas para montaje e instrucciones<\/td>\n<\/tr>\n<\/table>\n","protected":false},"excerpt":{"rendered":"<p>Soporte de brazo para monitor con de movimiento completo y ajustable en altura, ideal para monitores xxl y ultraanchos, adem\u00e1s de conectividad usb. Aumenta la productividad en trabajos de oficina y mejora la experiencia en videojuegos con el soporte de escritorio para monitor con pist\u00f3n de gas de aluminio de alta resistencia. Dise\u00f1ado para admitir una amplia gama de tama\u00f1os y pesos de monitores, este soporte premium es la soluci\u00f3n definitiva para un espacio de trabajo ergon\u00f3mico y ordenado. Ajuste de altura con un toque ligero. Un pist\u00f3n de gas facilita subir o bajar la pantalla entre 325 y 655 mm para que puedas ubicarla en el mejor lugar para la l\u00ednea de visi\u00f3n. Ajusta la tensi\u00f3n seg\u00fan el peso de tu monitor para reposicionarlo sin esfuerzo. Optimizaci\u00f3n de la vista en movimiento completo. El brazo de movimiento completo te permite extender, inclinar y girar en m\u00faltiples ejes, por lo que es f\u00e1cil crear un espacio de trabajo ergon\u00f3mico que se ajuste exactamente a tus necesidades. Tambi\u00e9n puedes rotar el monitor en orientaci\u00f3n horizontal o vertical para ver fotos en modo vertical o ver p\u00e1ginas y bloques de c\u00f3digo m\u00e1s largos sin tener que desplazarte hacia abajo. C\u00f3moda conectividad usb. Reduce el desorden en el escritorio y la necesidad de hubs usb o estaciones de acoplamiento gracias a los puertos adicionales de paso usb-c y usb-a en la base. Utiliza los cables incluidos con conectores usb tipo a macho a tipo a hembra y usb tipo a macho a usb tipo c hembra para extender los puertos de tu computadora a trav\u00e9s de la base para una conectividad m\u00e1s conveniente. Estos puertos admiten velocidades de transferencia superspeed de hasta 5 gbps, perfectos para sus perif\u00e9ricos y para cargar\/sincronizar dispositivos m\u00f3viles. Opciones de montaje flexibles. Ya sea que prefieras una abrazadera en c para los bordes del escritorio o un montaje con ojal a trav\u00e9s de un orificio perforado, nuestro soporte ofrece ambas opciones. El dise\u00f1o de placa vesa de liberaci\u00f3n r\u00e1pida permite una f\u00e1cil instalaci\u00f3n y extracci\u00f3n de la pantalla. Construido para durar. Construido con aluminio de alta calidad y acabado con una capa de polvo duradera, este soporte de escritorio est\u00e1 dise\u00f1ado para durar. El ajuste de tensi\u00f3n incorporado garantiza la estabilidad, soportando el peso de tu monitor sin mayor esfuerzo. Gesti\u00f3n limpia de cables. Mant\u00e9n tu espacio de trabajo ordenado y organizado con el sistema de gesti\u00f3n de cables integrado. Minimiza el desorden y mant\u00e9n una apariencia limpia y profesional.     Brazo articulado giratorio de doble articulaci\u00f3n para soportar un monitor de 17 a 57, si es plano de 2 a 27 kg o si es curvo de 2 a 22 kg.     Ideal para monitores ultrapanor\u00e1micos de 21:9 y 32:9, que mejoran la productividad, los videojuegos y el contenido multimedia.     Vistas mejoradas con inclinaci\u00f3n de +60 a -20\u00b0, giro de 180\u00b0 y ajuste de altura de 325 a 655 mm.     Rotaci\u00f3n de 360\u00b0 para orientaci\u00f3n horizontal o vertical.     Puertos usb-c y usb-a de paso integrados en la base para una conexi\u00f3n r\u00e1pida y sencilla, que ayudaa reducir el desorden en tu escritorio, los cables adecuados vienen incluidos.     Ambos puertos con velocidades de transferencia usb 3.2 gen 1 (antes usb 3.0) de hasta 5 gbps, ideales para ratones, teclados, memorias flash y dispositivos m\u00f3viles.     Opciones de montaje: abrazadera en c en el borde de un escritorio (para superficies de 10 a 45 mm de grosor) o montaje con ojal a trav\u00e9s de un orificio taladrado (para superficies de 10 a 40 mm de grosor.     Dise\u00f1o de la placa vesa de liberaci\u00f3n r\u00e1pida para enganchar y colocar f\u00e1cilmente la pantalla.     Ajuste de presi\u00f3n integrado para adaptarse al peso del monitor.     Construcci\u00f3n resistente con aluminio de alta calidad y revestimiento en pintura en polvo.     Organizador de cables integrado para minimizar el desorden.     Ideal para pantallas pesadas y extragrandes en aplicaciones de oficina (dom\u00e9stica), estudio, videojuegos, redes inform\u00e1ticas y seguridad.     Cumple las normas vesa: 75&#215;75, 100&#215;100, 100&#215;200, 200&#215;100, 200&#215;200.     Tres a\u00f1os de garant\u00eda* (*consulta el tiempo de garant\u00eda en tu pa\u00eds o ciudad)<\/p>\n","protected":false},"featured_media":258862,"comment_status":"open","ping_status":"open","template":"","meta":[],"product_cat":[2321,2265],"product_tag":[1487],"acf":[],"yoast_head":"<!-- This site is optimized with the Yoast SEO plugin v21.7 - https:\/\/yoast.com\/wordpress\/plugins\/seo\/ -->\n<title>[ Manhattan ] &#129351; 462594 Soportes\/\/\/soporte De Aluminio Con Pist\u00f3n De Gas Y Puertos Usb Para Un Monitor De 17 A 57<\/title>\n<meta name=\"description\" content=\"Compra 462594 Soportes\/\/\/soporte De Aluminio Con Pist\u00f3n De Gas Y Puertos Usb Para Un Monitor De 17 A 57 + Env\u00edo a domicilio + Pago seguro + Garant\u00eda\" \/>\n<meta name=\"robots\" content=\"index, follow, max-snippet:-1, max-image-preview:large, max-video-preview:-1\" \/>\n<link rel=\"canonical\" href=\"https:\/\/compuviper.mx\/tienda\/producto\/manhattan-462594-soportes-soporte-de-aluminio-con-pistn-de-gas-y-puertos-usb-para-un-monitor-de-17-a-57\/\" \/>\n<meta property=\"og:locale\" content=\"es_MX\" \/>\n<meta property=\"og:type\" content=\"article\" \/>\n<meta property=\"og:title\" content=\"[ Manhattan ] &#129351; 462594 Soportes\/\/\/soporte De Aluminio Con Pist\u00f3n De Gas Y Puertos Usb Para Un Monitor De 17 A 57\" \/>\n<meta property=\"og:description\" content=\"Compra 462594 Soportes\/\/\/soporte De Aluminio Con Pist\u00f3n De Gas Y Puertos Usb Para Un Monitor De 17 A 57 + Env\u00edo a domicilio + Pago seguro + Garant\u00eda\" \/>\n<meta property=\"og:url\" content=\"https:\/\/compuviper.mx\/tienda\/producto\/manhattan-462594-soportes-soporte-de-aluminio-con-pistn-de-gas-y-puertos-usb-para-un-monitor-de-17-a-57\/\" \/>\n<meta property=\"og:site_name\" content=\"Compuviper\" \/>\n<meta property=\"article:publisher\" content=\"https:\/\/www.facebook.com\/compuviper\" \/>\n<meta property=\"og:image\" content=\"https:\/\/compuviper.mx\/tienda\/wp-content\/uploads\/2025\/10\/Soportesmanhattan462594soporte-de-aluminio-con-piston-de-gas-y-puertos-usb-para-un-monitor-de-17-a-57.jpg\" \/>\n\t<meta property=\"og:image:width\" content=\"200\" \/>\n\t<meta property=\"og:image:height\" content=\"200\" \/>\n\t<meta property=\"og:image:type\" content=\"image\/jpeg\" \/>\n<meta name=\"twitter:card\" content=\"summary_large_image\" \/>\n<meta name=\"twitter:label1\" content=\"Precio\" \/>\n\t<meta name=\"twitter:data1\" content=\"&#36;2,638 con IVA\" \/>\n\t<meta name=\"twitter:label2\" content=\"Availability\" \/>\n\t<meta name=\"twitter:data2\" content=\"Out of stock\" \/>\n<script type=\"application\/ld+json\" class=\"yoast-schema-graph\">{\"@context\":\"https:\/\/schema.org\",\"@graph\":[{\"@type\":\"WebPage\",\"@id\":\"https:\/\/compuviper.mx\/tienda\/producto\/manhattan-462594-soportes-soporte-de-aluminio-con-pistn-de-gas-y-puertos-usb-para-un-monitor-de-17-a-57\/\",\"url\":\"https:\/\/compuviper.mx\/tienda\/producto\/manhattan-462594-soportes-soporte-de-aluminio-con-pistn-de-gas-y-puertos-usb-para-un-monitor-de-17-a-57\/\",\"name\":\"[ Manhattan ] &#129351; 462594 Soportes\/\/\/soporte De Aluminio Con Pist\u00f3n De Gas Y Puertos Usb Para Un Monitor De 17 A 57\",\"isPartOf\":{\"@id\":\"https:\/\/compuviper.mx\/tienda\/#website\"},\"datePublished\":\"2026-04-11T05:15:33+00:00\",\"dateModified\":\"2026-04-11T05:15:33+00:00\",\"description\":\"Compra 462594 Soportes\/\/\/soporte De Aluminio Con Pist\u00f3n De Gas Y Puertos Usb Para Un Monitor De 17 A 57 + Env\u00edo a domicilio + Pago seguro + Garant\u00eda\",\"breadcrumb\":{\"@id\":\"https:\/\/compuviper.mx\/tienda\/producto\/manhattan-462594-soportes-soporte-de-aluminio-con-pistn-de-gas-y-puertos-usb-para-un-monitor-de-17-a-57\/#breadcrumb\"},\"inLanguage\":\"es-MX\",\"potentialAction\":[{\"@type\":\"ReadAction\",\"target\":[\"https:\/\/compuviper.mx\/tienda\/producto\/manhattan-462594-soportes-soporte-de-aluminio-con-pistn-de-gas-y-puertos-usb-para-un-monitor-de-17-a-57\/\"]}]},{\"@type\":\"BreadcrumbList\",\"@id\":\"https:\/\/compuviper.mx\/tienda\/producto\/manhattan-462594-soportes-soporte-de-aluminio-con-pistn-de-gas-y-puertos-usb-para-un-monitor-de-17-a-57\/#breadcrumb\",\"itemListElement\":[{\"@type\":\"ListItem\",\"position\":1,\"name\":\"Inicio\",\"item\":\"https:\/\/compuviper.mx\/tienda\/\"},{\"@type\":\"ListItem\",\"position\":2,\"name\":\"Productos\",\"item\":\"https:\/\/compuviper.mx\/tienda\/productos\/\"},{\"@type\":\"ListItem\",\"position\":3,\"name\":\"Soportes Y Bases P\/tv\/ Proyectores\/dvd\/consolas\/bocinas\/pantallas\/monotores\",\"item\":\"https:\/\/compuviper.mx\/tienda\/categoria-producto\/soportes-y-bases-p-tv-proyectores-dvd-consolas-bocinas-pantallas-monotores\/\"},{\"@type\":\"ListItem\",\"position\":4,\"name\":\"Soporte Y Base Para Tv\/pantallas\/monitores\/kiosko\",\"item\":\"https:\/\/compuviper.mx\/tienda\/categoria-producto\/soportes-y-bases-p-tv-proyectores-dvd-consolas-bocinas-pantallas-monotores\/soporte-y-base-para-tv-pantallas-monitores-kiosko\/\"},{\"@type\":\"ListItem\",\"position\":5,\"name\":\"Manhattan 462594 Soportes\/\/\/soporte De Aluminio Con Pist?n De Gas Y Puertos Usb Para Un Monitor De 17 A 57\"}]},{\"@type\":\"WebSite\",\"@id\":\"https:\/\/compuviper.mx\/tienda\/#website\",\"url\":\"https:\/\/compuviper.mx\/tienda\/\",\"name\":\"Compuviper\",\"description\":\"Proveedor de Computadoras, Laptops, Servidores, Monitores, Puntos de Venta, Teclados,   Impresoras, T\u00f3ner, C\u00e1maras de Seguridad y m\u00e1s en tu tienda en l\u00ednea\",\"publisher\":{\"@id\":\"https:\/\/compuviper.mx\/tienda\/#organization\"},\"potentialAction\":[{\"@type\":\"SearchAction\",\"target\":{\"@type\":\"EntryPoint\",\"urlTemplate\":\"https:\/\/compuviper.mx\/tienda\/?s={search_term_string}\"},\"query-input\":\"required name=search_term_string\"}],\"inLanguage\":\"es-MX\"},{\"@type\":\"Organization\",\"@id\":\"https:\/\/compuviper.mx\/tienda\/#organization\",\"name\":\"Compuviper\",\"url\":\"https:\/\/compuviper.mx\/tienda\/\",\"logo\":{\"@type\":\"ImageObject\",\"inLanguage\":\"es-MX\",\"@id\":\"https:\/\/compuviper.mx\/tienda\/#\/schema\/logo\/image\/\",\"url\":\"https:\/\/compuviper.mx\/tienda\/wp-content\/uploads\/2021\/08\/Logo-Compuviper-10.png\",\"contentUrl\":\"https:\/\/compuviper.mx\/tienda\/wp-content\/uploads\/2021\/08\/Logo-Compuviper-10.png\",\"width\":1000,\"height\":500,\"caption\":\"Compuviper\"},\"image\":{\"@id\":\"https:\/\/compuviper.mx\/tienda\/#\/schema\/logo\/image\/\"},\"sameAs\":[\"https:\/\/www.facebook.com\/compuviper\",\"https:\/\/www.youtube.com\/channel\/UCf73dERp9Y3cfOq7q8BhLjA?view_as=subscriber\"]}]}<\/script>\n<meta property=\"product:brand\" content=\"MANHATTAN\" \/>\n<meta property=\"product:price:amount\" content=\"2638\" \/>\n<meta property=\"product:price:currency\" content=\"MXN\" \/>\n<meta property=\"og:availability\" content=\"out of stock\" \/>\n<meta property=\"product:availability\" content=\"out of stock\" \/>\n<meta property=\"product:retailer_item_id\" content=\"462594\" \/>\n<meta property=\"product:condition\" content=\"new\" \/>\n<!-- \/ Yoast SEO plugin. -->","yoast_head_json":{"title":"[ Manhattan ] &#129351; 462594 Soportes\/\/\/soporte De Aluminio Con Pist\u00f3n De Gas Y Puertos Usb Para Un Monitor De 17 A 57","description":"Compra 462594 Soportes\/\/\/soporte De Aluminio Con Pist\u00f3n De Gas Y Puertos Usb Para Un Monitor De 17 A 57 + Env\u00edo a domicilio + Pago seguro + Garant\u00eda","robots":{"index":"index","follow":"follow","max-snippet":"max-snippet:-1","max-image-preview":"max-image-preview:large","max-video-preview":"max-video-preview:-1"},"canonical":"https:\/\/compuviper.mx\/tienda\/producto\/manhattan-462594-soportes-soporte-de-aluminio-con-pistn-de-gas-y-puertos-usb-para-un-monitor-de-17-a-57\/","og_locale":"es_MX","og_type":"article","og_title":"[ Manhattan ] &#129351; 462594 Soportes\/\/\/soporte De Aluminio Con Pist\u00f3n De Gas Y Puertos Usb Para Un Monitor De 17 A 57","og_description":"Compra 462594 Soportes\/\/\/soporte De Aluminio Con Pist\u00f3n De Gas Y Puertos Usb Para Un Monitor De 17 A 57 + Env\u00edo a domicilio + Pago seguro + Garant\u00eda","og_url":"https:\/\/compuviper.mx\/tienda\/producto\/manhattan-462594-soportes-soporte-de-aluminio-con-pistn-de-gas-y-puertos-usb-para-un-monitor-de-17-a-57\/","og_site_name":"Compuviper","article_publisher":"https:\/\/www.facebook.com\/compuviper","og_image":[{"width":200,"height":200,"url":"https:\/\/compuviper.mx\/tienda\/wp-content\/uploads\/2025\/10\/Soportesmanhattan462594soporte-de-aluminio-con-piston-de-gas-y-puertos-usb-para-un-monitor-de-17-a-57.jpg","type":"image\/jpeg"}],"twitter_card":"summary_large_image","twitter_misc":{"Precio":"&#36;2,638 con IVA","Availability":"Out of stock"},"schema":{"@context":"https:\/\/schema.org","@graph":[{"@type":"WebPage","@id":"https:\/\/compuviper.mx\/tienda\/producto\/manhattan-462594-soportes-soporte-de-aluminio-con-pistn-de-gas-y-puertos-usb-para-un-monitor-de-17-a-57\/","url":"https:\/\/compuviper.mx\/tienda\/producto\/manhattan-462594-soportes-soporte-de-aluminio-con-pistn-de-gas-y-puertos-usb-para-un-monitor-de-17-a-57\/","name":"[ Manhattan ] &#129351; 462594 Soportes\/\/\/soporte De Aluminio Con Pist\u00f3n De Gas Y Puertos Usb Para Un Monitor De 17 A 57","isPartOf":{"@id":"https:\/\/compuviper.mx\/tienda\/#website"},"datePublished":"2026-04-11T05:15:33+00:00","dateModified":"2026-04-11T05:15:33+00:00","description":"Compra 462594 Soportes\/\/\/soporte De Aluminio Con Pist\u00f3n De Gas Y Puertos Usb Para Un Monitor De 17 A 57 + Env\u00edo a domicilio + Pago seguro + Garant\u00eda","breadcrumb":{"@id":"https:\/\/compuviper.mx\/tienda\/producto\/manhattan-462594-soportes-soporte-de-aluminio-con-pistn-de-gas-y-puertos-usb-para-un-monitor-de-17-a-57\/#breadcrumb"},"inLanguage":"es-MX","potentialAction":[{"@type":"ReadAction","target":["https:\/\/compuviper.mx\/tienda\/producto\/manhattan-462594-soportes-soporte-de-aluminio-con-pistn-de-gas-y-puertos-usb-para-un-monitor-de-17-a-57\/"]}]},{"@type":"BreadcrumbList","@id":"https:\/\/compuviper.mx\/tienda\/producto\/manhattan-462594-soportes-soporte-de-aluminio-con-pistn-de-gas-y-puertos-usb-para-un-monitor-de-17-a-57\/#breadcrumb","itemListElement":[{"@type":"ListItem","position":1,"name":"Inicio","item":"https:\/\/compuviper.mx\/tienda\/"},{"@type":"ListItem","position":2,"name":"Productos","item":"https:\/\/compuviper.mx\/tienda\/productos\/"},{"@type":"ListItem","position":3,"name":"Soportes Y Bases P\/tv\/ Proyectores\/dvd\/consolas\/bocinas\/pantallas\/monotores","item":"https:\/\/compuviper.mx\/tienda\/categoria-producto\/soportes-y-bases-p-tv-proyectores-dvd-consolas-bocinas-pantallas-monotores\/"},{"@type":"ListItem","position":4,"name":"Soporte Y Base Para Tv\/pantallas\/monitores\/kiosko","item":"https:\/\/compuviper.mx\/tienda\/categoria-producto\/soportes-y-bases-p-tv-proyectores-dvd-consolas-bocinas-pantallas-monotores\/soporte-y-base-para-tv-pantallas-monitores-kiosko\/"},{"@type":"ListItem","position":5,"name":"Manhattan 462594 Soportes\/\/\/soporte De Aluminio Con Pist?n De Gas Y Puertos Usb Para Un Monitor De 17 A 57"}]},{"@type":"WebSite","@id":"https:\/\/compuviper.mx\/tienda\/#website","url":"https:\/\/compuviper.mx\/tienda\/","name":"Compuviper","description":"Proveedor de Computadoras, Laptops, Servidores, Monitores, Puntos de Venta, Teclados,   Impresoras, T\u00f3ner, C\u00e1maras de Seguridad y m\u00e1s en tu tienda en l\u00ednea","publisher":{"@id":"https:\/\/compuviper.mx\/tienda\/#organization"},"potentialAction":[{"@type":"SearchAction","target":{"@type":"EntryPoint","urlTemplate":"https:\/\/compuviper.mx\/tienda\/?s={search_term_string}"},"query-input":"required name=search_term_string"}],"inLanguage":"es-MX"},{"@type":"Organization","@id":"https:\/\/compuviper.mx\/tienda\/#organization","name":"Compuviper","url":"https:\/\/compuviper.mx\/tienda\/","logo":{"@type":"ImageObject","inLanguage":"es-MX","@id":"https:\/\/compuviper.mx\/tienda\/#\/schema\/logo\/image\/","url":"https:\/\/compuviper.mx\/tienda\/wp-content\/uploads\/2021\/08\/Logo-Compuviper-10.png","contentUrl":"https:\/\/compuviper.mx\/tienda\/wp-content\/uploads\/2021\/08\/Logo-Compuviper-10.png","width":1000,"height":500,"caption":"Compuviper"},"image":{"@id":"https:\/\/compuviper.mx\/tienda\/#\/schema\/logo\/image\/"},"sameAs":["https:\/\/www.facebook.com\/compuviper","https:\/\/www.youtube.com\/channel\/UCf73dERp9Y3cfOq7q8BhLjA?view_as=subscriber"]}]},"product_brand":"MANHATTAN","product_price_amount":"2638","product_price_currency":"MXN","og_availability":"out of stock","product_availability":"out of stock","product_retailer_item_id":"462594","product_condition":"new"},"_links":{"self":[{"href":"https:\/\/compuviper.mx\/tienda\/wp-json\/wp\/v2\/product\/252752"}],"collection":[{"href":"https:\/\/compuviper.mx\/tienda\/wp-json\/wp\/v2\/product"}],"about":[{"href":"https:\/\/compuviper.mx\/tienda\/wp-json\/wp\/v2\/types\/product"}],"replies":[{"embeddable":true,"href":"https:\/\/compuviper.mx\/tienda\/wp-json\/wp\/v2\/comments?post=252752"}],"wp:featuredmedia":[{"embeddable":true,"href":"https:\/\/compuviper.mx\/tienda\/wp-json\/wp\/v2\/media\/258862"}],"wp:attachment":[{"href":"https:\/\/compuviper.mx\/tienda\/wp-json\/wp\/v2\/media?parent=252752"}],"wp:term":[{"taxonomy":"product_cat","embeddable":true,"href":"https:\/\/compuviper.mx\/tienda\/wp-json\/wp\/v2\/product_cat?post=252752"},{"taxonomy":"product_tag","embeddable":true,"href":"https:\/\/compuviper.mx\/tienda\/wp-json\/wp\/v2\/product_tag?post=252752"}],"curies":[{"name":"wp","href":"https:\/\/api.w.org\/{rel}","templated":true}]}}