{"id":252736,"date":"2026-04-06T23:15:08","date_gmt":"2026-04-07T05:15:08","guid":{"rendered":"https:\/\/compuviper.mx\/tienda\/producto\/manhattan-102667-estaciondecarga-estacin-de-carga-pd-con-4-puertos-usb-c-240-w\/"},"modified":"2026-04-06T23:15:09","modified_gmt":"2026-04-07T05:15:09","slug":"manhattan-102667-estaciondecarga-estacin-de-carga-pd-con-4-puertos-usb-c-240-w","status":"publish","type":"product","link":"https:\/\/compuviper.mx\/tienda\/producto\/manhattan-102667-estaciondecarga-estacin-de-carga-pd-con-4-puertos-usb-c-240-w\/","title":{"rendered":"Manhattan 102667 Estaciondecarga\/\/\/estaci?n De Carga Pd Con 4 Puertos Usb-c &#8211; 240 W"},"content":{"rendered":"<table class=\"descripcion\">\n<tr>\n<td>Est\u00e1ndares y certificaciones<\/td>\n<\/tr>\n<tr>\n<td>Ce<\/td>\n<\/tr>\n<tr>\n<td>Rohs<\/td>\n<\/tr>\n<tr>\n<td>Reach<\/td>\n<\/tr>\n<tr>\n<td>Fcc<\/td>\n<\/tr>\n<tr>\n<td>Ul<\/td>\n<\/tr>\n<tr>\n<td>Ukca<\/td>\n<\/tr>\n<tr>\n<td>El\u00e9ctrico:<\/td>\n<\/tr>\n<tr>\n<td>Entrada ca: 100.0 &#8211; 240.0 v; 4.0 a; 50\/60 hz<\/td>\n<\/tr>\n<tr>\n<td>Ajustes de voltaje\/corriente (m\u00e1ximo):<\/td>\n<\/tr>\n<tr>\n<td>&#8211; 5.0 v \/ 3.0 a<\/td>\n<\/tr>\n<tr>\n<td>&#8211; 9.0 v \/ 3.0 a<\/td>\n<\/tr>\n<tr>\n<td>&#8211; 12.0 v \/ 3.0 a<\/td>\n<\/tr>\n<tr>\n<td>&#8211; 15.0 v \/ 3.0 a<\/td>\n<\/tr>\n<tr>\n<td>&#8211; 20.0 v \/ 5.0 a<\/td>\n<\/tr>\n<tr>\n<td>&#8211; 28.0 v \/ 5.0 a<\/td>\n<\/tr>\n<tr>\n<td>Potencia nominal: 240.0 w (max.)<\/td>\n<\/tr>\n<tr>\n<td>Potencia m\u00e1xima de salida simult\u00e1nea en todos los puertos en detalle:<\/td>\n<\/tr>\n<tr>\n<td>&#8211; uso en un solo puerto &#8211; c1\/c2\/c3\/c4: 140 w (140 w en total)<\/td>\n<\/tr>\n<tr>\n<td>&#8211; doble puerto: c1+c2 \/ c3+c4: 100w+40w \/ 40w+100w \/ 70w+70w (140w total), c1+c3 \/ c1+c4 \/ c2+c3 \/ c2+c4: 140w+100w (240w total)<\/td>\n<\/tr>\n<tr>\n<td>&#8211; uso en tres puertos: c1+c2+c3 \/ c1+c2+c4: 70w+70w+100w \/ 100w+40w+100w \/ 40w+100w+100w (240w total) , c2+c3+c4 \/ c1+c3+c4: 140w+60w+40w \/ 140w+40w+60w \/ 140w+50w+50w (240w total)<\/td>\n<\/tr>\n<tr>\n<td>&#8211; uso en cuatro puertos: c1+c2+c3+c4: 100w+40w+60w+40w \/ 100w+40w+40w+60w \/ 100w+40w+50w+50w \/ 70w+70w+50w+50w \/ 70w + 70w + 60w + 40w \/ 70w + 70w + 40w + 60w \/ 40w + 100w + 40w + 60w \/ 40w + 100w + 60w + 40w \/ 40w + 100w + 60w + 40w \/ 40w + 100w + 50w + 50w (240w total)<\/td>\n<\/tr>\n<tr>\n<td>Sobretensi\u00f3n:  and #8804;5%<\/td>\n<\/tr>\n<tr>\n<td>Los dispositivos compatibles incluyen, entre otros: macbook\u00ae pro 16, macbook air 2023 \/ 2022, thinkpad\u00ae x1 \/ x1 carbon, dell\u00ae xps 9380 \/ 9315, google pixelbook\u0099.<\/td>\n<\/tr>\n<tr>\n<td>Microsoft\u00ae surface\u00ae book 2, iphone\u00ae 15, 15 pro, 15 pro max, 15 plus, iphone 14, 14 pro, 14 pro max, 13, 13 pro, 13 pro max, 13 mini, se 2022, 12, 12 mini, 12 pro, 12 pro max, x, xs, xs max, xr, 8 plus, 8; ipad\u00ae 10,2 \/ ipad mini\u00ae 8,3 \/ ipad pro\u00ae 12,9 \/ ipad pro 10. 5 \/ ipad pro 11\/ ipad mini 5, samsung\u00ae galaxy s24, s24 ultra, s23, s23 ultra, s22, s22 ultra, s21, s20, s10, s10 plus, s10e, s9, s9 plus, note 9, s8, s8 plus, note 8, s7 edge, s7, s6 edge plus, note 5; google pixel\u0099 6, 6xl, 5, 5xl, 4, 4 xl, 3, 3 xl; lg v60 thinq, v50 thinq, v50, v40 thinq, v35, v30+, v30, g8 thinq, g8, g6; airpods\u00ae y airpods pro\u00ae, dispositivos de huawei\u00ae, asus\u00ae, sony\u00ae, y m\u00e1s.<\/td>\n<\/tr>\n<tr>\n<td>Caracter\u00edsticas de protecci\u00f3n<\/td>\n<\/tr>\n<tr>\n<td>Cortocircuito (scp)<\/td>\n<\/tr>\n<tr>\n<td>Sobrevoltaje (ovp) con modo de autorecuperaci\u00f3n<\/td>\n<\/tr>\n<tr>\n<td>Sobrecorriente (ocp) &#8211; l\u00edmite de corriente: 130% (m\u00e1x.)<\/td>\n<\/tr>\n<tr>\n<td>Sobrecalentamiento (otp)<\/td>\n<\/tr>\n<tr>\n<td>Dise\u00f1o<\/td>\n<\/tr>\n<tr>\n<td>Dimensiones (l x w x h): 122 x 88 x 32 mm (4.8 x 3.46 x 1.26 in.)<\/td>\n<\/tr>\n<tr>\n<td>Peso neto: 560 g (1.23 lbs.)<\/td>\n<\/tr>\n<tr>\n<td>Peso bruto: 700 g (1.54 lbs.)<\/td>\n<\/tr>\n<tr>\n<td>Cubierta: pl\u00e1stico abs<\/td>\n<\/tr>\n<tr>\n<td>Ambiente de operaci\u00f3n<\/td>\n<\/tr>\n<tr>\n<td>Temperatura de operaci\u00f3n: 0 &#8211; 30\u00b0c (32 &#8211; 86\u00b0f)<\/td>\n<\/tr>\n<tr>\n<td>Temperatura de almacenamiento: -20 &#8211; 85\u00b0c (-4 &#8211; 185\u00b0f)<\/td>\n<\/tr>\n<tr>\n<td>Humedad (sin condensaci\u00f3n) 5 &#8211; 90%<\/td>\n<\/tr>\n<tr>\n<td>Contenido del paquete<\/td>\n<\/tr>\n<tr>\n<td>Estaci\u00f3n de carga pd con 4 puertos usb-c &#8211; 240 w<\/td>\n<\/tr>\n<tr>\n<td>Cable de alimentaci\u00f3n, 1 m (3 pies)<\/td>\n<\/tr>\n<tr>\n<td>Base desmontable<\/td>\n<\/tr>\n<\/table>\n","protected":false},"excerpt":{"rendered":"<p>Cargador ultra r\u00e1pido con suministro de energ\u00eda (pd) usb 3.1 con 4 puertos usb-c y 240 w: m\u00e1s est\u00e9tico, m\u00e1s seguro y ultrapotente. Experimente una carga simult\u00e1nea ultrapotente en hasta cuatro dispositivos, con una potencia de salida m\u00e1xima de 240 w. El chip avanzado de gan (nitruro de galio) de este cargador es m\u00e1s eficiente que los chips de silicio tradicionales. Sus componentes son m\u00e1s peque\u00f1os, ligeros y emiten menos calor para un cargador m\u00e1s compacto, fresco y seguro. Perfecto para todos tus dispositivos. Perfecto para los dispositivos usb pd que consumen m\u00e1s energ\u00eda, incluidas laptops, macbook\u00ae pro, ultrabook\u0099, tel\u00e9fonos, tabletas y consolas port\u00e1tiles de videojuegos. El usb power delivery (pd) 3.1 garantiza una carga perfecta, entregando hasta 140 w en un puerto, lo que carga una macbook pro de 16 (m2 pro) al 50 % en solo 28 minutos. O si se necesita una carga simultanea de 2 equipos, entregar\u00e1 hasta 70 w de potencia, con esto podr\u00e1s cargar 2 equipos en un abrir y cerrar de ojos. Tecnolog\u00eda ic inteligente. Nuestra tecnolog\u00eda smart ic garantiza una asignaci\u00f3n de energ\u00eda ideal, mientras que la protecci\u00f3n integrada contra sobrecarga, sobrecorriente y sobrecalentamiento garantiza la seguridad de tus dispositivos. Dise\u00f1o apto para viajes. No se necesita un adaptador de viaje por separado; el cable de alimentaci\u00f3n desmontable se puede cambiar por diferentes versiones regionales, como c5 para ee. Uu., ue, reino unido y m\u00e1s. Esta estaci\u00f3n se mantendr\u00e1 segura en tu escritorio, gracias a las patitas de goma que evita que se deslize o caiga. Si deseas colocar la estaci\u00f3n en posici\u00f3n vertical, s\u00f3lo necesitas colocarla en la base desmontable incluida para un soporte vertical firme sobre superficies planas, lo que evita que se voltee. La posici\u00f3n vertical es especialmente \u00fatil cuando tienes varios dispositivos conectados.     Un potente cargador r\u00e1pido 4 en 1 para hasta cuatro dispositivos a la vez con una potencia m\u00e1xima de 240 w.     Cargador m\u00e1s eficiente, compacto y seguro gracias a la avanzada tecnolog\u00eda gan (nitruro de galio.     Ideal para dispositivos usb pd que consumen mucha energ\u00eda, como una laptop, una macbook\u00ae pro, ultrabook\u0099, y tambi\u00e9n para tel\u00e9fonos, tabletas y consolas port\u00e1tiles de videojuegos.     Usb power delivery (pd) 3.1 que proporciona hasta 140 w por puerto o 240 w por dos puertos de forma simult\u00e1nea para cargar dos equipos port\u00e1tiles.     Carga inteligente (smart ic) para una asignaci\u00f3n ideal de la energ\u00eda.     Protecci\u00f3n contra sobrecarga, sobrecorriente y t\u00e9rmica.     Patas de goma antideslizantes para uso en escritorio.     Cable de alimentaci\u00f3n desmontable de 1 m (3 pies) con enchufe de pared c5 a ca.     El cable de alimentaci\u00f3n se puede intercambiar por las diferentes versiones regionales, como c5 a ee.Uu., ue, reino unido, etc., sin necesidad de un adaptador de viaje aparte.     Incluye una base desmontable para mantenerlo firme en posici\u00f3n vertical sobre superficies planas, lo que evita que se voltee o se caiga, especialmente si hay varios dispositivos conectados.     Certificaci\u00f3n ul.     3 a\u00f1os de garant\u00eda* (*consulte el tiempo de garant\u00eda en su ciudad o pa\u00eds)<\/p>\n","protected":false},"featured_media":258846,"comment_status":"open","ping_status":"open","template":"","meta":[],"product_cat":[1485,1920],"product_tag":[1487],"acf":[],"yoast_head":"<!-- This site is optimized with the Yoast SEO plugin v21.7 - https:\/\/yoast.com\/wordpress\/plugins\/seo\/ -->\n<title>[ Manhattan ] &#129351; 102667 Estaciondecarga\/\/\/estaci\u00f3n De Carga Pd Con 4 Puertos Usb-c - 240 W<\/title>\n<meta name=\"description\" content=\"Compra 102667 Estaciondecarga\/\/\/estaci\u00f3n De Carga Pd Con 4 Puertos Usb-c - 240 W + Env\u00edo a domicilio + Pago seguro + Garant\u00eda\" \/>\n<meta name=\"robots\" content=\"index, follow, max-snippet:-1, max-image-preview:large, max-video-preview:-1\" \/>\n<link rel=\"canonical\" href=\"https:\/\/compuviper.mx\/tienda\/producto\/manhattan-102667-estaciondecarga-estacin-de-carga-pd-con-4-puertos-usb-c-240-w\/\" \/>\n<meta property=\"og:locale\" content=\"es_MX\" \/>\n<meta property=\"og:type\" content=\"article\" \/>\n<meta property=\"og:title\" content=\"[ Manhattan ] &#129351; 102667 Estaciondecarga\/\/\/estaci\u00f3n De Carga Pd Con 4 Puertos Usb-c - 240 W\" \/>\n<meta property=\"og:description\" content=\"Compra 102667 Estaciondecarga\/\/\/estaci\u00f3n De Carga Pd Con 4 Puertos Usb-c - 240 W + Env\u00edo a domicilio + Pago seguro + Garant\u00eda\" \/>\n<meta property=\"og:url\" content=\"https:\/\/compuviper.mx\/tienda\/producto\/manhattan-102667-estaciondecarga-estacin-de-carga-pd-con-4-puertos-usb-c-240-w\/\" \/>\n<meta property=\"og:site_name\" content=\"Compuviper\" \/>\n<meta property=\"article:publisher\" content=\"https:\/\/www.facebook.com\/compuviper\" \/>\n<meta property=\"article:modified_time\" content=\"2026-04-07T05:15:09+00:00\" \/>\n<meta property=\"og:image\" content=\"https:\/\/compuviper.mx\/tienda\/wp-content\/uploads\/2025\/10\/Estaciondecargamanhattan102667estacion-de-carga-pd-con-4-puertos-usb-c-240-w.jpg\" \/>\n\t<meta property=\"og:image:width\" content=\"200\" \/>\n\t<meta property=\"og:image:height\" content=\"200\" \/>\n\t<meta property=\"og:image:type\" content=\"image\/jpeg\" \/>\n<meta name=\"twitter:card\" content=\"summary_large_image\" \/>\n<meta name=\"twitter:label1\" content=\"Precio\" \/>\n\t<meta name=\"twitter:data1\" content=\"&#36;1,750 con IVA\" \/>\n\t<meta name=\"twitter:label2\" content=\"Availability\" \/>\n\t<meta name=\"twitter:data2\" content=\"Out of stock\" \/>\n<script type=\"application\/ld+json\" class=\"yoast-schema-graph\">{\"@context\":\"https:\/\/schema.org\",\"@graph\":[{\"@type\":\"WebPage\",\"@id\":\"https:\/\/compuviper.mx\/tienda\/producto\/manhattan-102667-estaciondecarga-estacin-de-carga-pd-con-4-puertos-usb-c-240-w\/\",\"url\":\"https:\/\/compuviper.mx\/tienda\/producto\/manhattan-102667-estaciondecarga-estacin-de-carga-pd-con-4-puertos-usb-c-240-w\/\",\"name\":\"[ Manhattan ] &#129351; 102667 Estaciondecarga\/\/\/estaci\u00f3n De Carga Pd Con 4 Puertos Usb-c - 240 W\",\"isPartOf\":{\"@id\":\"https:\/\/compuviper.mx\/tienda\/#website\"},\"datePublished\":\"2026-04-07T05:15:08+00:00\",\"dateModified\":\"2026-04-07T05:15:09+00:00\",\"description\":\"Compra 102667 Estaciondecarga\/\/\/estaci\u00f3n De Carga Pd Con 4 Puertos Usb-c - 240 W + Env\u00edo a domicilio + Pago seguro + Garant\u00eda\",\"breadcrumb\":{\"@id\":\"https:\/\/compuviper.mx\/tienda\/producto\/manhattan-102667-estaciondecarga-estacin-de-carga-pd-con-4-puertos-usb-c-240-w\/#breadcrumb\"},\"inLanguage\":\"es-MX\",\"potentialAction\":[{\"@type\":\"ReadAction\",\"target\":[\"https:\/\/compuviper.mx\/tienda\/producto\/manhattan-102667-estaciondecarga-estacin-de-carga-pd-con-4-puertos-usb-c-240-w\/\"]}]},{\"@type\":\"BreadcrumbList\",\"@id\":\"https:\/\/compuviper.mx\/tienda\/producto\/manhattan-102667-estaciondecarga-estacin-de-carga-pd-con-4-puertos-usb-c-240-w\/#breadcrumb\",\"itemListElement\":[{\"@type\":\"ListItem\",\"position\":1,\"name\":\"Inicio\",\"item\":\"https:\/\/compuviper.mx\/tienda\/\"},{\"@type\":\"ListItem\",\"position\":2,\"name\":\"Productos\",\"item\":\"https:\/\/compuviper.mx\/tienda\/productos\/\"},{\"@type\":\"ListItem\",\"position\":3,\"name\":\"Accesorios\",\"item\":\"https:\/\/compuviper.mx\/tienda\/categoria-producto\/accesorios\/\"},{\"@type\":\"ListItem\",\"position\":4,\"name\":\"Base Cargador\",\"item\":\"https:\/\/compuviper.mx\/tienda\/categoria-producto\/accesorios\/base-cargador\/\"},{\"@type\":\"ListItem\",\"position\":5,\"name\":\"Manhattan 102667 Estaciondecarga\/\/\/estaci?n De Carga Pd Con 4 Puertos Usb-c &#8211; 240 W\"}]},{\"@type\":\"WebSite\",\"@id\":\"https:\/\/compuviper.mx\/tienda\/#website\",\"url\":\"https:\/\/compuviper.mx\/tienda\/\",\"name\":\"Compuviper\",\"description\":\"Proveedor de Computadoras, Laptops, Servidores, Monitores, Puntos de Venta, Teclados,   Impresoras, T\u00f3ner, C\u00e1maras de Seguridad y m\u00e1s en tu tienda en l\u00ednea\",\"publisher\":{\"@id\":\"https:\/\/compuviper.mx\/tienda\/#organization\"},\"potentialAction\":[{\"@type\":\"SearchAction\",\"target\":{\"@type\":\"EntryPoint\",\"urlTemplate\":\"https:\/\/compuviper.mx\/tienda\/?s={search_term_string}\"},\"query-input\":\"required name=search_term_string\"}],\"inLanguage\":\"es-MX\"},{\"@type\":\"Organization\",\"@id\":\"https:\/\/compuviper.mx\/tienda\/#organization\",\"name\":\"Compuviper\",\"url\":\"https:\/\/compuviper.mx\/tienda\/\",\"logo\":{\"@type\":\"ImageObject\",\"inLanguage\":\"es-MX\",\"@id\":\"https:\/\/compuviper.mx\/tienda\/#\/schema\/logo\/image\/\",\"url\":\"https:\/\/compuviper.mx\/tienda\/wp-content\/uploads\/2021\/08\/Logo-Compuviper-10.png\",\"contentUrl\":\"https:\/\/compuviper.mx\/tienda\/wp-content\/uploads\/2021\/08\/Logo-Compuviper-10.png\",\"width\":1000,\"height\":500,\"caption\":\"Compuviper\"},\"image\":{\"@id\":\"https:\/\/compuviper.mx\/tienda\/#\/schema\/logo\/image\/\"},\"sameAs\":[\"https:\/\/www.facebook.com\/compuviper\",\"https:\/\/www.youtube.com\/channel\/UCf73dERp9Y3cfOq7q8BhLjA?view_as=subscriber\"]}]}<\/script>\n<meta property=\"product:brand\" content=\"MANHATTAN\" \/>\n<meta property=\"product:price:amount\" content=\"1750\" \/>\n<meta property=\"product:price:currency\" content=\"MXN\" \/>\n<meta property=\"og:availability\" content=\"out of stock\" \/>\n<meta property=\"product:availability\" content=\"out of stock\" \/>\n<meta property=\"product:retailer_item_id\" content=\"102667\" \/>\n<meta property=\"product:condition\" content=\"new\" \/>\n<!-- \/ Yoast SEO plugin. -->","yoast_head_json":{"title":"[ Manhattan ] &#129351; 102667 Estaciondecarga\/\/\/estaci\u00f3n De Carga Pd Con 4 Puertos Usb-c - 240 W","description":"Compra 102667 Estaciondecarga\/\/\/estaci\u00f3n De Carga Pd Con 4 Puertos Usb-c - 240 W + Env\u00edo a domicilio + Pago seguro + Garant\u00eda","robots":{"index":"index","follow":"follow","max-snippet":"max-snippet:-1","max-image-preview":"max-image-preview:large","max-video-preview":"max-video-preview:-1"},"canonical":"https:\/\/compuviper.mx\/tienda\/producto\/manhattan-102667-estaciondecarga-estacin-de-carga-pd-con-4-puertos-usb-c-240-w\/","og_locale":"es_MX","og_type":"article","og_title":"[ Manhattan ] &#129351; 102667 Estaciondecarga\/\/\/estaci\u00f3n De Carga Pd Con 4 Puertos Usb-c - 240 W","og_description":"Compra 102667 Estaciondecarga\/\/\/estaci\u00f3n De Carga Pd Con 4 Puertos Usb-c - 240 W + Env\u00edo a domicilio + Pago seguro + Garant\u00eda","og_url":"https:\/\/compuviper.mx\/tienda\/producto\/manhattan-102667-estaciondecarga-estacin-de-carga-pd-con-4-puertos-usb-c-240-w\/","og_site_name":"Compuviper","article_publisher":"https:\/\/www.facebook.com\/compuviper","article_modified_time":"2026-04-07T05:15:09+00:00","og_image":[{"width":200,"height":200,"url":"https:\/\/compuviper.mx\/tienda\/wp-content\/uploads\/2025\/10\/Estaciondecargamanhattan102667estacion-de-carga-pd-con-4-puertos-usb-c-240-w.jpg","type":"image\/jpeg"}],"twitter_card":"summary_large_image","twitter_misc":{"Precio":"&#36;1,750 con IVA","Availability":"Out of stock"},"schema":{"@context":"https:\/\/schema.org","@graph":[{"@type":"WebPage","@id":"https:\/\/compuviper.mx\/tienda\/producto\/manhattan-102667-estaciondecarga-estacin-de-carga-pd-con-4-puertos-usb-c-240-w\/","url":"https:\/\/compuviper.mx\/tienda\/producto\/manhattan-102667-estaciondecarga-estacin-de-carga-pd-con-4-puertos-usb-c-240-w\/","name":"[ Manhattan ] &#129351; 102667 Estaciondecarga\/\/\/estaci\u00f3n De Carga Pd Con 4 Puertos Usb-c - 240 W","isPartOf":{"@id":"https:\/\/compuviper.mx\/tienda\/#website"},"datePublished":"2026-04-07T05:15:08+00:00","dateModified":"2026-04-07T05:15:09+00:00","description":"Compra 102667 Estaciondecarga\/\/\/estaci\u00f3n De Carga Pd Con 4 Puertos Usb-c - 240 W + Env\u00edo a domicilio + Pago seguro + Garant\u00eda","breadcrumb":{"@id":"https:\/\/compuviper.mx\/tienda\/producto\/manhattan-102667-estaciondecarga-estacin-de-carga-pd-con-4-puertos-usb-c-240-w\/#breadcrumb"},"inLanguage":"es-MX","potentialAction":[{"@type":"ReadAction","target":["https:\/\/compuviper.mx\/tienda\/producto\/manhattan-102667-estaciondecarga-estacin-de-carga-pd-con-4-puertos-usb-c-240-w\/"]}]},{"@type":"BreadcrumbList","@id":"https:\/\/compuviper.mx\/tienda\/producto\/manhattan-102667-estaciondecarga-estacin-de-carga-pd-con-4-puertos-usb-c-240-w\/#breadcrumb","itemListElement":[{"@type":"ListItem","position":1,"name":"Inicio","item":"https:\/\/compuviper.mx\/tienda\/"},{"@type":"ListItem","position":2,"name":"Productos","item":"https:\/\/compuviper.mx\/tienda\/productos\/"},{"@type":"ListItem","position":3,"name":"Accesorios","item":"https:\/\/compuviper.mx\/tienda\/categoria-producto\/accesorios\/"},{"@type":"ListItem","position":4,"name":"Base Cargador","item":"https:\/\/compuviper.mx\/tienda\/categoria-producto\/accesorios\/base-cargador\/"},{"@type":"ListItem","position":5,"name":"Manhattan 102667 Estaciondecarga\/\/\/estaci?n De Carga Pd Con 4 Puertos Usb-c &#8211; 240 W"}]},{"@type":"WebSite","@id":"https:\/\/compuviper.mx\/tienda\/#website","url":"https:\/\/compuviper.mx\/tienda\/","name":"Compuviper","description":"Proveedor de Computadoras, Laptops, Servidores, Monitores, Puntos de Venta, Teclados,   Impresoras, T\u00f3ner, C\u00e1maras de Seguridad y m\u00e1s en tu tienda en l\u00ednea","publisher":{"@id":"https:\/\/compuviper.mx\/tienda\/#organization"},"potentialAction":[{"@type":"SearchAction","target":{"@type":"EntryPoint","urlTemplate":"https:\/\/compuviper.mx\/tienda\/?s={search_term_string}"},"query-input":"required name=search_term_string"}],"inLanguage":"es-MX"},{"@type":"Organization","@id":"https:\/\/compuviper.mx\/tienda\/#organization","name":"Compuviper","url":"https:\/\/compuviper.mx\/tienda\/","logo":{"@type":"ImageObject","inLanguage":"es-MX","@id":"https:\/\/compuviper.mx\/tienda\/#\/schema\/logo\/image\/","url":"https:\/\/compuviper.mx\/tienda\/wp-content\/uploads\/2021\/08\/Logo-Compuviper-10.png","contentUrl":"https:\/\/compuviper.mx\/tienda\/wp-content\/uploads\/2021\/08\/Logo-Compuviper-10.png","width":1000,"height":500,"caption":"Compuviper"},"image":{"@id":"https:\/\/compuviper.mx\/tienda\/#\/schema\/logo\/image\/"},"sameAs":["https:\/\/www.facebook.com\/compuviper","https:\/\/www.youtube.com\/channel\/UCf73dERp9Y3cfOq7q8BhLjA?view_as=subscriber"]}]},"product_brand":"MANHATTAN","product_price_amount":"1750","product_price_currency":"MXN","og_availability":"out of stock","product_availability":"out of stock","product_retailer_item_id":"102667","product_condition":"new"},"_links":{"self":[{"href":"https:\/\/compuviper.mx\/tienda\/wp-json\/wp\/v2\/product\/252736"}],"collection":[{"href":"https:\/\/compuviper.mx\/tienda\/wp-json\/wp\/v2\/product"}],"about":[{"href":"https:\/\/compuviper.mx\/tienda\/wp-json\/wp\/v2\/types\/product"}],"replies":[{"embeddable":true,"href":"https:\/\/compuviper.mx\/tienda\/wp-json\/wp\/v2\/comments?post=252736"}],"wp:featuredmedia":[{"embeddable":true,"href":"https:\/\/compuviper.mx\/tienda\/wp-json\/wp\/v2\/media\/258846"}],"wp:attachment":[{"href":"https:\/\/compuviper.mx\/tienda\/wp-json\/wp\/v2\/media?parent=252736"}],"wp:term":[{"taxonomy":"product_cat","embeddable":true,"href":"https:\/\/compuviper.mx\/tienda\/wp-json\/wp\/v2\/product_cat?post=252736"},{"taxonomy":"product_tag","embeddable":true,"href":"https:\/\/compuviper.mx\/tienda\/wp-json\/wp\/v2\/product_tag?post=252736"}],"curies":[{"name":"wp","href":"https:\/\/api.w.org\/{rel}","templated":true}]}}