{"id":252457,"date":"2026-04-18T01:07:25","date_gmt":"2026-04-18T07:07:25","guid":{"rendered":"https:\/\/compuviper.mx\/tienda\/producto\/tp-link-xn020-g3v-gpon-voip-inalambrico-tp-link-300mbps-802-11n-g-b-1-puerto-sc-apc-pon-1-puerto-10-100-1000-mbps-lan-1-puerto-10-100-mbps-lan-1-puerto-fxs-y-2-antenas-externas-5dbi-router-gpon\/"},"modified":"2026-04-18T01:07:26","modified_gmt":"2026-04-18T07:07:26","slug":"tp-link-xn020-g3v-gpon-voip-inalambrico-tp-link-300mbps-802-11n-g-b-1-puerto-sc-apc-pon-1-puerto-10-100-1000-mbps-lan-1-puerto-10-100-mbps-lan-1-puerto-fxs-y-2-antenas-externas-5dbi-router-gpon","status":"publish","type":"product","link":"https:\/\/compuviper.mx\/tienda\/producto\/tp-link-xn020-g3v-gpon-voip-inalambrico-tp-link-300mbps-802-11n-g-b-1-puerto-sc-apc-pon-1-puerto-10-100-1000-mbps-lan-1-puerto-10-100-mbps-lan-1-puerto-fxs-y-2-antenas-externas-5dbi-router-gpon\/","title":{"rendered":"Tp Link Xn020-g3v Gpon Voip Inalambrico Tp-link  300mbps 802.11n\/g\/b 1 Puerto Sc\/apc Pon 1 Puerto 10\/100\/1000 Mbps Lan 1 Puerto 10\/100 Mbps Lan 1 Puerto Fxs Y 2 Antenas Externas 5dbi Router Gpon"},"content":{"rendered":"<table class=\"descripcion\">\n<tr>\n<td>Caracter\u00edsticas de hardware.<\/td>\n<\/tr>\n<tr>\n<td>-distancia de transmisi\u00f3n: 0 ~ 20km max<\/td>\n<\/tr>\n<tr>\n<td>-interface:<\/td>\n<\/tr>\n<tr>\n<td>1* sc\/apc port<\/td>\n<\/tr>\n<tr>\n<td>1* 10\/100\/1000mbps lan port<\/td>\n<\/tr>\n<tr>\n<td>1* 10\/100mbps lan port<\/td>\n<\/tr>\n<tr>\n<td>1 fxs port<\/td>\n<\/tr>\n<tr>\n<td>-bot\u00f3n:   power on\/off button, reset button, wps\/wi-fi buttion<\/td>\n<\/tr>\n<tr>\n<td>-fuente de alimentaci\u00f3n externa: 12v\/0.6a<\/td>\n<\/tr>\n<tr>\n<td>-est\u00e1ndares inal\u00e1mbricos: ieee 802.11g, 802.11b,802.11n<\/td>\n<\/tr>\n<tr>\n<td>-est\u00e1ndares ieee: ieee 802.3, ieee 802.3u, 802.3ab<\/td>\n<\/tr>\n<tr>\n<td>-dimensiones (w x d x h):   7.1 \u00d74.9\u00d7 1.4 in. (181.5 \u00d7125.7 \u00d736.2mm)<\/td>\n<\/tr>\n<tr>\n<td>-ganancia de antena: 2&#215;2 and #65292;2.4g 5dbi<\/td>\n<\/tr>\n<tr>\n<td>-est\u00e1ndares gpon:<\/td>\n<\/tr>\n<tr>\n<td>Itu g.984.1<\/td>\n<\/tr>\n<tr>\n<td>Itu g.984.2<\/td>\n<\/tr>\n<tr>\n<td>Itu g.984.3<\/td>\n<\/tr>\n<tr>\n<td>Itu g.984.4<\/td>\n<\/tr>\n<tr>\n<td>-m\u00f3dulo \u00f3ptico: class c+<\/td>\n<\/tr>\n<tr>\n<td>-longitud de onda \u00f3ptica: transmit at 1310nm receive at 1490nm<\/td>\n<\/tr>\n<tr>\n<td>-ancho de banda: downstream up to 2.488gbps upstream up to 1.244gbps max<\/td>\n<\/tr>\n<tr>\n<td>-receptor:   apd-tia<\/td>\n<\/tr>\n<tr>\n<td>-transmisor: dfb laser<\/td>\n<\/tr>\n<tr>\n<td>Caracter\u00edsticas inal\u00e1mbricas<\/td>\n<\/tr>\n<tr>\n<td>-frecuencia: 2.4ghz<\/td>\n<\/tr>\n<tr>\n<td>-tasa de se\u00f1al:  300mbps at 2.4ghz<\/td>\n<\/tr>\n<tr>\n<td>-funciones inal\u00e1mbricas: enable\/disable wireless radio, wmm, wireless statistics<\/td>\n<\/tr>\n<tr>\n<td>-seguridad inal\u00e1mbrica: 64\/128-bit wep, wpa\/wpa2, wpa-psk\/wpa2-psk encryptions<\/td>\n<\/tr>\n<tr>\n<td>-potencia de transmisi\u00f3n:  20dbm (2.4ghz)<\/td>\n<\/tr>\n<tr>\n<td>-calendarizar inal\u00e1mbricamente: support 2.4ghz schedule<\/td>\n<\/tr>\n<tr>\n<td>Caracter\u00edsticas de software<\/td>\n<\/tr>\n<tr>\n<td>-calidad de servicio: hardware qos<\/td>\n<\/tr>\n<tr>\n<td>-caracter\u00edsticas avanzadas: sn, password, sn + password authentication mode<\/td>\n<\/tr>\n<tr>\n<td>Upstream and downstream fec, aes encryption<\/td>\n<\/tr>\n<tr>\n<td>Dynamic bandwidth allocation(dba) support nsr\/sr<\/td>\n<\/tr>\n<tr>\n<td>802.1q vlan, static routing;<\/td>\n<\/tr>\n<tr>\n<td>Igmp v1\/v2 \/v3<\/td>\n<\/tr>\n<tr>\n<td>16 t-conts, 256 gem ports<\/td>\n<\/tr>\n<tr>\n<td>-seguridad: nat firewall, spi firewall, access control, mac\/url filtering, denial of service (dos), syn flooding, ping of death, ip and mac address binding<\/td>\n<\/tr>\n<tr>\n<td>-administraci\u00f3n: omci, web based configuration, command line interface, ssl for tr-069, omci based firmware upgrade<\/td>\n<\/tr>\n<tr>\n<td>-tipo de conexi\u00f3n wan:   pppoe, dynamic ip, static ip, bridge<\/td>\n<\/tr>\n<tr>\n<td>-dhcp: server, client, dhcp client list, address reservation, dhcp relay<\/td>\n<\/tr>\n<tr>\n<td>-port forwarding:   virtual server, port triggering, dmz, alg, upnp<\/td>\n<\/tr>\n<tr>\n<td>-dynamic dns:  dyndns, no-ip<\/td>\n<\/tr>\n<tr>\n<td>-protocolos: support ipv4 and ipv6<\/td>\n<\/tr>\n<tr>\n<td>-igmp: igmp v1\/v2\/v3<\/td>\n<\/tr>\n<tr>\n<td>-ipsec vpn:    support up to 10 ipsec vpn tunnels<\/td>\n<\/tr>\n<tr>\n<td>Otros<\/td>\n<\/tr>\n<tr>\n<td>-contenidos del paquete: 300mbps wireless n gigabit voip gpon router xn020-g3v<\/td>\n<\/tr>\n<tr>\n<td>Rj11 phone cable<\/td>\n<\/tr>\n<tr>\n<td>Rj45 ethernet cable<\/td>\n<\/tr>\n<tr>\n<td>Quick installation guide<\/td>\n<\/tr>\n<tr>\n<td>Power adapter<\/td>\n<\/tr>\n<tr>\n<td>-requisitos del sistema: microsoft windows 98se, nt, 2000, xp, vista\u0099 or windows 7, 8, 8.1, 10, mac os, netware, unix or linux<\/td>\n<\/tr>\n<tr>\n<td>Internet explorer 11, firefox 12.0, chrome 20.0, safari 4.0 , or other java-enabled browser<\/td>\n<\/tr>\n<tr>\n<td>Cable or dsl modem<\/td>\n<\/tr>\n<tr>\n<td>-certificaciones: ce, anatel<\/td>\n<\/tr>\n<tr>\n<td>-ambiente: operating temperature: 0 and #8451;~40 and #8451;(32 and #8457;~104 and #8457;)<\/td>\n<\/tr>\n<tr>\n<td>Storage temperature: -40 and #8451;~70 and #8451;(-40 and #8457;~158 and #8457;)<\/td>\n<\/tr>\n<tr>\n<td>Operating humidity: 10%~90% non-condensing<\/td>\n<\/tr>\n<tr>\n<td>Storage humidity: 5%~90% non-condensing<\/td>\n<\/tr>\n<\/table>\n","protected":false},"excerpt":{"rendered":"<p>Router gpon voip gigabit inal\u00e1mbrico n de 300 mbps. -un m\u00f3dem gpon con punto de acceso inal\u00e1mbrico y conmutador de 2 puertos. -compatible con los est\u00e1ndares gpon itu-t g.984\/g.988, el xn020-g3 admite velocidades de datos m\u00e1ximas de hasta 2,488 gbps de bajada y 1,244 gbps de subida. -el protocolo tr-069 permite que un operador configure y administre de forma remota los dispositivos de los usuarios finales.<\/p>\n","protected":false},"featured_media":252610,"comment_status":"open","ping_status":"open","template":"","meta":[],"product_cat":[1874,1563],"product_tag":[1562],"acf":[],"yoast_head":"<!-- This site is optimized with the Yoast SEO plugin v21.7 - https:\/\/yoast.com\/wordpress\/plugins\/seo\/ -->\n<title>[ Tp Link ] &#129351; Xn020-g3v Gpon Voip Inalambrico Tp-link 300mbps 802.11n\/g\/b 1 Puerto Sc\/apc Pon 1 Puerto 10\/100\/1000 Mbps Lan 1 Puerto 10\/100 Mbps Lan 1 Puerto Fxs Y 2 Antenas Externas 5dbi Router Gpon<\/title>\n<meta name=\"description\" content=\"Compra Xn020-g3v Gpon Voip Inalambrico Tp-link 300mbps 802.11n\/g\/b 1 Puerto Sc\/apc Pon 1 Puerto 10\/100\/1000 Mbps Lan 1 Puerto 10\/100 Mbps Lan 1 Puerto Fxs Y 2 Antenas Externas 5dbi Router Gpon + Env\u00edo a domicilio + Pago seguro + Garant\u00eda\" \/>\n<meta name=\"robots\" content=\"index, follow, max-snippet:-1, max-image-preview:large, max-video-preview:-1\" \/>\n<link rel=\"canonical\" href=\"https:\/\/compuviper.mx\/tienda\/producto\/tp-link-xn020-g3v-gpon-voip-inalambrico-tp-link-300mbps-802-11n-g-b-1-puerto-sc-apc-pon-1-puerto-10-100-1000-mbps-lan-1-puerto-10-100-mbps-lan-1-puerto-fxs-y-2-antenas-externas-5dbi-router-gpon\/\" \/>\n<meta property=\"og:locale\" content=\"es_MX\" \/>\n<meta property=\"og:type\" content=\"article\" \/>\n<meta property=\"og:title\" content=\"[ Tp Link ] &#129351; Xn020-g3v Gpon Voip Inalambrico Tp-link 300mbps 802.11n\/g\/b 1 Puerto Sc\/apc Pon 1 Puerto 10\/100\/1000 Mbps Lan 1 Puerto 10\/100 Mbps Lan 1 Puerto Fxs Y 2 Antenas Externas 5dbi Router Gpon\" \/>\n<meta property=\"og:description\" content=\"Compra Xn020-g3v Gpon Voip Inalambrico Tp-link 300mbps 802.11n\/g\/b 1 Puerto Sc\/apc Pon 1 Puerto 10\/100\/1000 Mbps Lan 1 Puerto 10\/100 Mbps Lan 1 Puerto Fxs Y 2 Antenas Externas 5dbi Router Gpon + Env\u00edo a domicilio + Pago seguro + Garant\u00eda\" \/>\n<meta property=\"og:url\" content=\"https:\/\/compuviper.mx\/tienda\/producto\/tp-link-xn020-g3v-gpon-voip-inalambrico-tp-link-300mbps-802-11n-g-b-1-puerto-sc-apc-pon-1-puerto-10-100-1000-mbps-lan-1-puerto-10-100-mbps-lan-1-puerto-fxs-y-2-antenas-externas-5dbi-router-gpon\/\" \/>\n<meta property=\"og:site_name\" content=\"Compuviper\" \/>\n<meta property=\"article:publisher\" content=\"https:\/\/www.facebook.com\/compuviper\" \/>\n<meta property=\"article:modified_time\" content=\"2026-04-18T07:07:26+00:00\" \/>\n<meta property=\"og:image\" content=\"https:\/\/compuviper.mx\/tienda\/wp-content\/uploads\/2025\/05\/Gpon-voip-inalambrico-tp-link-xn020-g3v-300mbps-802.11ngb-1-puerto-scapc-pon-1-puerto-101001000-mbps-lan-1-puerto-10100-mbps-lan-1-puerto-fxs-y-2-antenas-externas-5dbi-router-gpon.jpg\" \/>\n\t<meta property=\"og:image:width\" content=\"200\" \/>\n\t<meta property=\"og:image:height\" content=\"200\" \/>\n\t<meta property=\"og:image:type\" content=\"image\/jpeg\" \/>\n<meta name=\"twitter:card\" content=\"summary_large_image\" \/>\n<meta name=\"twitter:label1\" content=\"Precio\" \/>\n\t<meta name=\"twitter:data1\" content=\"&#36;479 con IVA\" \/>\n\t<meta name=\"twitter:label2\" content=\"Availability\" \/>\n\t<meta name=\"twitter:data2\" content=\"On backorder\" \/>\n<script type=\"application\/ld+json\" class=\"yoast-schema-graph\">{\"@context\":\"https:\/\/schema.org\",\"@graph\":[{\"@type\":\"WebPage\",\"@id\":\"https:\/\/compuviper.mx\/tienda\/producto\/tp-link-xn020-g3v-gpon-voip-inalambrico-tp-link-300mbps-802-11n-g-b-1-puerto-sc-apc-pon-1-puerto-10-100-1000-mbps-lan-1-puerto-10-100-mbps-lan-1-puerto-fxs-y-2-antenas-externas-5dbi-router-gpon\/\",\"url\":\"https:\/\/compuviper.mx\/tienda\/producto\/tp-link-xn020-g3v-gpon-voip-inalambrico-tp-link-300mbps-802-11n-g-b-1-puerto-sc-apc-pon-1-puerto-10-100-1000-mbps-lan-1-puerto-10-100-mbps-lan-1-puerto-fxs-y-2-antenas-externas-5dbi-router-gpon\/\",\"name\":\"[ Tp Link ] &#129351; Xn020-g3v Gpon Voip Inalambrico Tp-link 300mbps 802.11n\/g\/b 1 Puerto Sc\/apc Pon 1 Puerto 10\/100\/1000 Mbps Lan 1 Puerto 10\/100 Mbps Lan 1 Puerto Fxs Y 2 Antenas Externas 5dbi Router Gpon\",\"isPartOf\":{\"@id\":\"https:\/\/compuviper.mx\/tienda\/#website\"},\"datePublished\":\"2026-04-18T07:07:25+00:00\",\"dateModified\":\"2026-04-18T07:07:26+00:00\",\"description\":\"Compra Xn020-g3v Gpon Voip Inalambrico Tp-link 300mbps 802.11n\/g\/b 1 Puerto Sc\/apc Pon 1 Puerto 10\/100\/1000 Mbps Lan 1 Puerto 10\/100 Mbps Lan 1 Puerto Fxs Y 2 Antenas Externas 5dbi Router Gpon + Env\u00edo a domicilio + Pago seguro + Garant\u00eda\",\"breadcrumb\":{\"@id\":\"https:\/\/compuviper.mx\/tienda\/producto\/tp-link-xn020-g3v-gpon-voip-inalambrico-tp-link-300mbps-802-11n-g-b-1-puerto-sc-apc-pon-1-puerto-10-100-1000-mbps-lan-1-puerto-10-100-mbps-lan-1-puerto-fxs-y-2-antenas-externas-5dbi-router-gpon\/#breadcrumb\"},\"inLanguage\":\"es-MX\",\"potentialAction\":[{\"@type\":\"ReadAction\",\"target\":[\"https:\/\/compuviper.mx\/tienda\/producto\/tp-link-xn020-g3v-gpon-voip-inalambrico-tp-link-300mbps-802-11n-g-b-1-puerto-sc-apc-pon-1-puerto-10-100-1000-mbps-lan-1-puerto-10-100-mbps-lan-1-puerto-fxs-y-2-antenas-externas-5dbi-router-gpon\/\"]}]},{\"@type\":\"BreadcrumbList\",\"@id\":\"https:\/\/compuviper.mx\/tienda\/producto\/tp-link-xn020-g3v-gpon-voip-inalambrico-tp-link-300mbps-802-11n-g-b-1-puerto-sc-apc-pon-1-puerto-10-100-1000-mbps-lan-1-puerto-10-100-mbps-lan-1-puerto-fxs-y-2-antenas-externas-5dbi-router-gpon\/#breadcrumb\",\"itemListElement\":[{\"@type\":\"ListItem\",\"position\":1,\"name\":\"Inicio\",\"item\":\"https:\/\/compuviper.mx\/tienda\/\"},{\"@type\":\"ListItem\",\"position\":2,\"name\":\"Productos\",\"item\":\"https:\/\/compuviper.mx\/tienda\/productos\/\"},{\"@type\":\"ListItem\",\"position\":3,\"name\":\"Redes\",\"item\":\"https:\/\/compuviper.mx\/tienda\/categoria-producto\/redes\/\"},{\"@type\":\"ListItem\",\"position\":4,\"name\":\"Gpon\",\"item\":\"https:\/\/compuviper.mx\/tienda\/categoria-producto\/redes\/gpon\/\"},{\"@type\":\"ListItem\",\"position\":5,\"name\":\"Tp Link Xn020-g3v Gpon Voip Inalambrico Tp-link 300mbps 802.11n\/g\/b 1 Puerto Sc\/apc Pon 1 Puerto 10\/100\/1000 Mbps Lan 1 Puerto 10\/100 Mbps Lan 1 Puerto Fxs Y 2 Antenas Externas 5dbi Router Gpon\"}]},{\"@type\":\"WebSite\",\"@id\":\"https:\/\/compuviper.mx\/tienda\/#website\",\"url\":\"https:\/\/compuviper.mx\/tienda\/\",\"name\":\"Compuviper\",\"description\":\"Proveedor de Computadoras, Laptops, Servidores, Monitores, Puntos de Venta, Teclados,   Impresoras, T\u00f3ner, C\u00e1maras de Seguridad y m\u00e1s en tu tienda en l\u00ednea\",\"publisher\":{\"@id\":\"https:\/\/compuviper.mx\/tienda\/#organization\"},\"potentialAction\":[{\"@type\":\"SearchAction\",\"target\":{\"@type\":\"EntryPoint\",\"urlTemplate\":\"https:\/\/compuviper.mx\/tienda\/?s={search_term_string}\"},\"query-input\":\"required name=search_term_string\"}],\"inLanguage\":\"es-MX\"},{\"@type\":\"Organization\",\"@id\":\"https:\/\/compuviper.mx\/tienda\/#organization\",\"name\":\"Compuviper\",\"url\":\"https:\/\/compuviper.mx\/tienda\/\",\"logo\":{\"@type\":\"ImageObject\",\"inLanguage\":\"es-MX\",\"@id\":\"https:\/\/compuviper.mx\/tienda\/#\/schema\/logo\/image\/\",\"url\":\"https:\/\/compuviper.mx\/tienda\/wp-content\/uploads\/2021\/08\/Logo-Compuviper-10.png\",\"contentUrl\":\"https:\/\/compuviper.mx\/tienda\/wp-content\/uploads\/2021\/08\/Logo-Compuviper-10.png\",\"width\":1000,\"height\":500,\"caption\":\"Compuviper\"},\"image\":{\"@id\":\"https:\/\/compuviper.mx\/tienda\/#\/schema\/logo\/image\/\"},\"sameAs\":[\"https:\/\/www.facebook.com\/compuviper\",\"https:\/\/www.youtube.com\/channel\/UCf73dERp9Y3cfOq7q8BhLjA?view_as=subscriber\"]}]}<\/script>\n<meta property=\"product:brand\" content=\"TP LINK\" \/>\n<meta property=\"product:price:amount\" content=\"479\" \/>\n<meta property=\"product:price:currency\" content=\"MXN\" \/>\n<meta property=\"og:availability\" content=\"backorder\" \/>\n<meta property=\"product:availability\" content=\"available for order\" \/>\n<meta property=\"product:retailer_item_id\" content=\"XN020-G3V\" \/>\n<meta property=\"product:condition\" content=\"new\" \/>\n<!-- \/ Yoast SEO plugin. -->","yoast_head_json":{"title":"[ Tp Link ] &#129351; Xn020-g3v Gpon Voip Inalambrico Tp-link 300mbps 802.11n\/g\/b 1 Puerto Sc\/apc Pon 1 Puerto 10\/100\/1000 Mbps Lan 1 Puerto 10\/100 Mbps Lan 1 Puerto Fxs Y 2 Antenas Externas 5dbi Router Gpon","description":"Compra Xn020-g3v Gpon Voip Inalambrico Tp-link 300mbps 802.11n\/g\/b 1 Puerto Sc\/apc Pon 1 Puerto 10\/100\/1000 Mbps Lan 1 Puerto 10\/100 Mbps Lan 1 Puerto Fxs Y 2 Antenas Externas 5dbi Router Gpon + Env\u00edo a domicilio + Pago seguro + Garant\u00eda","robots":{"index":"index","follow":"follow","max-snippet":"max-snippet:-1","max-image-preview":"max-image-preview:large","max-video-preview":"max-video-preview:-1"},"canonical":"https:\/\/compuviper.mx\/tienda\/producto\/tp-link-xn020-g3v-gpon-voip-inalambrico-tp-link-300mbps-802-11n-g-b-1-puerto-sc-apc-pon-1-puerto-10-100-1000-mbps-lan-1-puerto-10-100-mbps-lan-1-puerto-fxs-y-2-antenas-externas-5dbi-router-gpon\/","og_locale":"es_MX","og_type":"article","og_title":"[ Tp Link ] &#129351; Xn020-g3v Gpon Voip Inalambrico Tp-link 300mbps 802.11n\/g\/b 1 Puerto Sc\/apc Pon 1 Puerto 10\/100\/1000 Mbps Lan 1 Puerto 10\/100 Mbps Lan 1 Puerto Fxs Y 2 Antenas Externas 5dbi Router Gpon","og_description":"Compra Xn020-g3v Gpon Voip Inalambrico Tp-link 300mbps 802.11n\/g\/b 1 Puerto Sc\/apc Pon 1 Puerto 10\/100\/1000 Mbps Lan 1 Puerto 10\/100 Mbps Lan 1 Puerto Fxs Y 2 Antenas Externas 5dbi Router Gpon + Env\u00edo a domicilio + Pago seguro + Garant\u00eda","og_url":"https:\/\/compuviper.mx\/tienda\/producto\/tp-link-xn020-g3v-gpon-voip-inalambrico-tp-link-300mbps-802-11n-g-b-1-puerto-sc-apc-pon-1-puerto-10-100-1000-mbps-lan-1-puerto-10-100-mbps-lan-1-puerto-fxs-y-2-antenas-externas-5dbi-router-gpon\/","og_site_name":"Compuviper","article_publisher":"https:\/\/www.facebook.com\/compuviper","article_modified_time":"2026-04-18T07:07:26+00:00","og_image":[{"width":200,"height":200,"url":"https:\/\/compuviper.mx\/tienda\/wp-content\/uploads\/2025\/05\/Gpon-voip-inalambrico-tp-link-xn020-g3v-300mbps-802.11ngb-1-puerto-scapc-pon-1-puerto-101001000-mbps-lan-1-puerto-10100-mbps-lan-1-puerto-fxs-y-2-antenas-externas-5dbi-router-gpon.jpg","type":"image\/jpeg"}],"twitter_card":"summary_large_image","twitter_misc":{"Precio":"&#36;479 con IVA","Availability":"On backorder"},"schema":{"@context":"https:\/\/schema.org","@graph":[{"@type":"WebPage","@id":"https:\/\/compuviper.mx\/tienda\/producto\/tp-link-xn020-g3v-gpon-voip-inalambrico-tp-link-300mbps-802-11n-g-b-1-puerto-sc-apc-pon-1-puerto-10-100-1000-mbps-lan-1-puerto-10-100-mbps-lan-1-puerto-fxs-y-2-antenas-externas-5dbi-router-gpon\/","url":"https:\/\/compuviper.mx\/tienda\/producto\/tp-link-xn020-g3v-gpon-voip-inalambrico-tp-link-300mbps-802-11n-g-b-1-puerto-sc-apc-pon-1-puerto-10-100-1000-mbps-lan-1-puerto-10-100-mbps-lan-1-puerto-fxs-y-2-antenas-externas-5dbi-router-gpon\/","name":"[ Tp Link ] &#129351; Xn020-g3v Gpon Voip Inalambrico Tp-link 300mbps 802.11n\/g\/b 1 Puerto Sc\/apc Pon 1 Puerto 10\/100\/1000 Mbps Lan 1 Puerto 10\/100 Mbps Lan 1 Puerto Fxs Y 2 Antenas Externas 5dbi Router Gpon","isPartOf":{"@id":"https:\/\/compuviper.mx\/tienda\/#website"},"datePublished":"2026-04-18T07:07:25+00:00","dateModified":"2026-04-18T07:07:26+00:00","description":"Compra Xn020-g3v Gpon Voip Inalambrico Tp-link 300mbps 802.11n\/g\/b 1 Puerto Sc\/apc Pon 1 Puerto 10\/100\/1000 Mbps Lan 1 Puerto 10\/100 Mbps Lan 1 Puerto Fxs Y 2 Antenas Externas 5dbi Router Gpon + Env\u00edo a domicilio + Pago seguro + Garant\u00eda","breadcrumb":{"@id":"https:\/\/compuviper.mx\/tienda\/producto\/tp-link-xn020-g3v-gpon-voip-inalambrico-tp-link-300mbps-802-11n-g-b-1-puerto-sc-apc-pon-1-puerto-10-100-1000-mbps-lan-1-puerto-10-100-mbps-lan-1-puerto-fxs-y-2-antenas-externas-5dbi-router-gpon\/#breadcrumb"},"inLanguage":"es-MX","potentialAction":[{"@type":"ReadAction","target":["https:\/\/compuviper.mx\/tienda\/producto\/tp-link-xn020-g3v-gpon-voip-inalambrico-tp-link-300mbps-802-11n-g-b-1-puerto-sc-apc-pon-1-puerto-10-100-1000-mbps-lan-1-puerto-10-100-mbps-lan-1-puerto-fxs-y-2-antenas-externas-5dbi-router-gpon\/"]}]},{"@type":"BreadcrumbList","@id":"https:\/\/compuviper.mx\/tienda\/producto\/tp-link-xn020-g3v-gpon-voip-inalambrico-tp-link-300mbps-802-11n-g-b-1-puerto-sc-apc-pon-1-puerto-10-100-1000-mbps-lan-1-puerto-10-100-mbps-lan-1-puerto-fxs-y-2-antenas-externas-5dbi-router-gpon\/#breadcrumb","itemListElement":[{"@type":"ListItem","position":1,"name":"Inicio","item":"https:\/\/compuviper.mx\/tienda\/"},{"@type":"ListItem","position":2,"name":"Productos","item":"https:\/\/compuviper.mx\/tienda\/productos\/"},{"@type":"ListItem","position":3,"name":"Redes","item":"https:\/\/compuviper.mx\/tienda\/categoria-producto\/redes\/"},{"@type":"ListItem","position":4,"name":"Gpon","item":"https:\/\/compuviper.mx\/tienda\/categoria-producto\/redes\/gpon\/"},{"@type":"ListItem","position":5,"name":"Tp Link Xn020-g3v Gpon Voip Inalambrico Tp-link 300mbps 802.11n\/g\/b 1 Puerto Sc\/apc Pon 1 Puerto 10\/100\/1000 Mbps Lan 1 Puerto 10\/100 Mbps Lan 1 Puerto Fxs Y 2 Antenas Externas 5dbi Router Gpon"}]},{"@type":"WebSite","@id":"https:\/\/compuviper.mx\/tienda\/#website","url":"https:\/\/compuviper.mx\/tienda\/","name":"Compuviper","description":"Proveedor de Computadoras, Laptops, Servidores, Monitores, Puntos de Venta, Teclados,   Impresoras, T\u00f3ner, C\u00e1maras de Seguridad y m\u00e1s en tu tienda en l\u00ednea","publisher":{"@id":"https:\/\/compuviper.mx\/tienda\/#organization"},"potentialAction":[{"@type":"SearchAction","target":{"@type":"EntryPoint","urlTemplate":"https:\/\/compuviper.mx\/tienda\/?s={search_term_string}"},"query-input":"required name=search_term_string"}],"inLanguage":"es-MX"},{"@type":"Organization","@id":"https:\/\/compuviper.mx\/tienda\/#organization","name":"Compuviper","url":"https:\/\/compuviper.mx\/tienda\/","logo":{"@type":"ImageObject","inLanguage":"es-MX","@id":"https:\/\/compuviper.mx\/tienda\/#\/schema\/logo\/image\/","url":"https:\/\/compuviper.mx\/tienda\/wp-content\/uploads\/2021\/08\/Logo-Compuviper-10.png","contentUrl":"https:\/\/compuviper.mx\/tienda\/wp-content\/uploads\/2021\/08\/Logo-Compuviper-10.png","width":1000,"height":500,"caption":"Compuviper"},"image":{"@id":"https:\/\/compuviper.mx\/tienda\/#\/schema\/logo\/image\/"},"sameAs":["https:\/\/www.facebook.com\/compuviper","https:\/\/www.youtube.com\/channel\/UCf73dERp9Y3cfOq7q8BhLjA?view_as=subscriber"]}]},"product_brand":"TP LINK","product_price_amount":"479","product_price_currency":"MXN","og_availability":"backorder","product_availability":"available for order","product_retailer_item_id":"XN020-G3V","product_condition":"new"},"_links":{"self":[{"href":"https:\/\/compuviper.mx\/tienda\/wp-json\/wp\/v2\/product\/252457"}],"collection":[{"href":"https:\/\/compuviper.mx\/tienda\/wp-json\/wp\/v2\/product"}],"about":[{"href":"https:\/\/compuviper.mx\/tienda\/wp-json\/wp\/v2\/types\/product"}],"replies":[{"embeddable":true,"href":"https:\/\/compuviper.mx\/tienda\/wp-json\/wp\/v2\/comments?post=252457"}],"wp:featuredmedia":[{"embeddable":true,"href":"https:\/\/compuviper.mx\/tienda\/wp-json\/wp\/v2\/media\/252610"}],"wp:attachment":[{"href":"https:\/\/compuviper.mx\/tienda\/wp-json\/wp\/v2\/media?parent=252457"}],"wp:term":[{"taxonomy":"product_cat","embeddable":true,"href":"https:\/\/compuviper.mx\/tienda\/wp-json\/wp\/v2\/product_cat?post=252457"},{"taxonomy":"product_tag","embeddable":true,"href":"https:\/\/compuviper.mx\/tienda\/wp-json\/wp\/v2\/product_tag?post=252457"}],"curies":[{"name":"wp","href":"https:\/\/api.w.org\/{rel}","templated":true}]}}