{"id":252336,"date":"2026-04-02T01:10:23","date_gmt":"2026-04-02T07:10:23","guid":{"rendered":"https:\/\/compuviper.mx\/tienda\/producto\/tp-link-xn020-g3-router-gpon-2-4-ghz-n-300-mbps-tp-link-inalmbrico-1-puerto-pon-sc-apc-1-puerto-lan-10-100-1000-mbps-blanco\/"},"modified":"2026-04-02T01:10:23","modified_gmt":"2026-04-02T07:10:23","slug":"tp-link-xn020-g3-router-gpon-2-4-ghz-n-300-mbps-tp-link-inalmbrico-1-puerto-pon-sc-apc-1-puerto-lan-10-100-1000-mbps-blanco","status":"publish","type":"product","link":"https:\/\/compuviper.mx\/tienda\/producto\/tp-link-xn020-g3-router-gpon-2-4-ghz-n-300-mbps-tp-link-inalmbrico-1-puerto-pon-sc-apc-1-puerto-lan-10-100-1000-mbps-blanco\/","title":{"rendered":"Tp Link Xn020-g3 Router Gpon 2.4 Ghz N 300 Mbps | Tp-link |  | Inal?mbrico | 1 Puerto Pon Sc\/apc | 1 Puerto Lan 10\/100\/1000 Mbps | Blanco"},"content":{"rendered":"<table class=\"descripcion\">\n<tr>\n<td>Caracter\u00edsticas de hardware.<\/td>\n<\/tr>\n<tr>\n<td>Interfaz: 1 puerto sc\/apc, 1 puerto lan de 10\/100\/1000 mbps<\/td>\n<\/tr>\n<tr>\n<td>Bot\u00f3n: bot\u00f3n de reinicio<\/td>\n<\/tr>\n<tr>\n<td>Fuente de alimentaci\u00f3n externa: 12 v\/0,6 a<\/td>\n<\/tr>\n<tr>\n<td>Est\u00e1ndares inal\u00e1mbricos:  ieee 802.11g, 802.11b, 802.11n<\/td>\n<\/tr>\n<tr>\n<td>Est\u00e1ndares ieee: ieee 802.3, ieee 802.3u, 802.3ab<\/td>\n<\/tr>\n<tr>\n<td>Dimensiones (w x d x h): 4,5 \u00d7 4,2 \u00d7 1,0 pulgadas (115 \u00d7 106,7 \u00d7 24,3 mm)<\/td>\n<\/tr>\n<tr>\n<td>Antena: externo, 2 x 2 5dbi para 2,4 ghz<\/td>\n<\/tr>\n<tr>\n<td>Est\u00e1ndares gpon: it g.984.1, it g.984.2, it g.984.3, it g.984.4, it g.988<\/td>\n<\/tr>\n<tr>\n<td>Caracter\u00edsticas inal\u00e1mbricas.<\/td>\n<\/tr>\n<tr>\n<td>Est\u00e1ndares inal\u00e1mbricos:  ieee 802.11g, 802.11b, 802.11n<\/td>\n<\/tr>\n<tr>\n<td>Frecuencia: 2,4 ghz<\/td>\n<\/tr>\n<tr>\n<td>Tasa de se\u00f1al: 300 mbps a 2,4 ghz<\/td>\n<\/tr>\n<tr>\n<td>Funciones inal\u00e1mbricas: habilitar\/deshabilitar radio inal\u00e1mbrica, wmm, estad\u00edsticas inal\u00e1mbricas<\/td>\n<\/tr>\n<tr>\n<td>Seguridad inal\u00e1mbrica: cifrados wep de 64\/128 bits, wpa\/wpa2, wpa-psk\/wpa2-psk<\/td>\n<\/tr>\n<tr>\n<td>Potencia de transmisi\u00f3n:     20 dbm (2,4 ghz)<\/td>\n<\/tr>\n<tr>\n<td>Calendarizar inal\u00e1mbricamente: admite programaci\u00f3n de 2,4 ghz<\/td>\n<\/tr>\n<tr>\n<td>Caracter\u00edsticas de software.<\/td>\n<\/tr>\n<tr>\n<td>Calidad de servicio: calidad de servicio atm, qos<\/td>\n<\/tr>\n<tr>\n<td>Caracter\u00edsticas avanzadas: sn, contrase\u00f1a, modo de autenticaci\u00f3n sn + contrase\u00f1a, fec ascendente y descendente, cifrado aes, ancho de banda din\u00e1mico, compatibilidad con asignaci\u00f3n (dba) nsr\/sr, vlan 802.1q, enrutamiento est\u00e1tico, igmp v1\/v2\/v3, 16 t-cont, 256 puertos gem<\/td>\n<\/tr>\n<tr>\n<td>Seguridad: cortafuegos nat, cortafuegos spi, control de acceso, filtrado mac\/url, denegaci\u00f3n de servicio (dos), inundaci\u00f3n syn, ping de la muerte, vinculaci\u00f3n de direcciones ip y mac<\/td>\n<\/tr>\n<tr>\n<td>Administraci\u00f3n:  omci, configuraci\u00f3n basada en web, interfaz de l\u00ednea de comandos, ssl para tr-069, actualizaci\u00f3n de firmware basada en omci<\/td>\n<\/tr>\n<tr>\n<td>Dhcp: servidor, cliente, lista de clientes dhcp, reserva de direcciones, retransmisi\u00f3n dhcp<\/td>\n<\/tr>\n<tr>\n<td>Reenv\u00edo de puertos:   servidor virtual, dmz, alg, upnp<\/td>\n<\/tr>\n<tr>\n<td>Dns din\u00e1mico: dyndns, sin ip<\/td>\n<\/tr>\n<tr>\n<td>Protocolos: admite ipv4 e ipv6<\/td>\n<\/tr>\n<tr>\n<td>Otros<\/td>\n<\/tr>\n<tr>\n<td>Certificaci\u00f3n:  este<\/td>\n<\/tr>\n<tr>\n<td>Contenidos del paquete:    enrutador gpon gigabit inal\u00e1mbrico n de 300 mbps xn020-g3<\/td>\n<\/tr>\n<tr>\n<td>Cable ethernet rj45<\/td>\n<\/tr>\n<tr>\n<td>Gu\u00eda de instalaci\u00f3n r\u00e1pida<\/td>\n<\/tr>\n<tr>\n<td>Adaptador de corriente<\/td>\n<\/tr>\n<tr>\n<td>Requisitos del sistema: microsoft windows 98se, nt, 2000, xp, vista\u0099 o windows 7, 8, 8.1,10, mac os, netware, unix o linux<\/td>\n<\/tr>\n<tr>\n<td>Internet explorer 11, firefox 12.0, chrome 20.0, safari 4.0 u otro navegador compatible con java<\/td>\n<\/tr>\n<tr>\n<td>Ambiente:    temperatura de funcionamiento: 0 and #8451;~40 and #8451; (32 and #8457;~104 and #8457;)<\/td>\n<\/tr>\n<tr>\n<td>Temperatura de almacenamiento: -40 and #8451;~70 and #8451; (-40 and #8457;~158 and #8457;)<\/td>\n<\/tr>\n<tr>\n<td>Humedad de funcionamiento: 10%~90% sin condensaci\u00f3n<\/td>\n<\/tr>\n<tr>\n<td>Humedad de almacenamiento: 5%~90% sin condensaci\u00f3n<\/td>\n<\/tr>\n<\/table>\n","protected":false},"excerpt":{"rendered":"<p>Enrutador gpon gigabit inal\u00e1mbrico n de 300 mbps. -un m\u00f3dem gpon con ap inal\u00e1mbrico y conmutador de 1 puerto. -compatible con los est\u00e1ndares gpon itu-t g.984\/g.988, xn020-g3 admite velocidades de datos m\u00e1ximas de hasta 2,488 gbps de bajada y 1,244 gbps de subida. -el protocolo tr-069 permite a un operador configurar y administrar de forma remota los dispositivos del usuario final.<\/p>\n","protected":false},"featured_media":260148,"comment_status":"open","ping_status":"open","template":"","meta":[],"product_cat":[1563,1753],"product_tag":[1562],"acf":[],"yoast_head":"<!-- This site is optimized with the Yoast SEO plugin v21.7 - https:\/\/yoast.com\/wordpress\/plugins\/seo\/ -->\n<title>[ Tp Link ] &#129351; Xn020-g3 Router Gpon 2.4 Ghz N 300 Mbps | Tp-link | | Inal\u00e1mbrico | 1 Puerto Pon Sc\/apc | 1 Puerto Lan 10\/100\/1000 Mbps | Blanco<\/title>\n<meta name=\"description\" content=\"Compra Xn020-g3 Router Gpon 2.4 Ghz N 300 Mbps | Tp-link | | Inal\u00e1mbrico | 1 Puerto Pon Sc\/apc | 1 Puerto Lan 10\/100\/1000 Mbps | Blanco + Env\u00edo a domicilio + Pago seguro + Garant\u00eda\" \/>\n<meta name=\"robots\" content=\"index, follow, max-snippet:-1, max-image-preview:large, max-video-preview:-1\" \/>\n<link rel=\"canonical\" href=\"https:\/\/compuviper.mx\/tienda\/producto\/tp-link-xn020-g3-router-gpon-2-4-ghz-n-300-mbps-tp-link-inalmbrico-1-puerto-pon-sc-apc-1-puerto-lan-10-100-1000-mbps-blanco\/\" \/>\n<meta property=\"og:locale\" content=\"es_MX\" \/>\n<meta property=\"og:type\" content=\"article\" \/>\n<meta property=\"og:title\" content=\"[ Tp Link ] &#129351; Xn020-g3 Router Gpon 2.4 Ghz N 300 Mbps | Tp-link | | Inal\u00e1mbrico | 1 Puerto Pon Sc\/apc | 1 Puerto Lan 10\/100\/1000 Mbps | Blanco\" \/>\n<meta property=\"og:description\" content=\"Compra Xn020-g3 Router Gpon 2.4 Ghz N 300 Mbps | Tp-link | | Inal\u00e1mbrico | 1 Puerto Pon Sc\/apc | 1 Puerto Lan 10\/100\/1000 Mbps | Blanco + Env\u00edo a domicilio + Pago seguro + Garant\u00eda\" \/>\n<meta property=\"og:url\" content=\"https:\/\/compuviper.mx\/tienda\/producto\/tp-link-xn020-g3-router-gpon-2-4-ghz-n-300-mbps-tp-link-inalmbrico-1-puerto-pon-sc-apc-1-puerto-lan-10-100-1000-mbps-blanco\/\" \/>\n<meta property=\"og:site_name\" content=\"Compuviper\" \/>\n<meta property=\"article:publisher\" content=\"https:\/\/www.facebook.com\/compuviper\" \/>\n<meta property=\"og:image\" content=\"https:\/\/compuviper.mx\/tienda\/wp-content\/uploads\/2025\/10\/Router-gpon-2.4-ghz-n-300-mbps-tp-link-xn020-g3-inalambrico-1-puerto-pon-scapc-1-puerto-lan-101001000-mbps-blanco.jpg\" \/>\n\t<meta property=\"og:image:width\" content=\"200\" \/>\n\t<meta property=\"og:image:height\" content=\"200\" \/>\n\t<meta property=\"og:image:type\" content=\"image\/jpeg\" \/>\n<meta name=\"twitter:card\" content=\"summary_large_image\" \/>\n<meta name=\"twitter:label1\" content=\"Precio\" \/>\n\t<meta name=\"twitter:data1\" content=\"&#36;347 con IVA\" \/>\n\t<meta name=\"twitter:label2\" content=\"Availability\" \/>\n\t<meta name=\"twitter:data2\" content=\"On backorder\" \/>\n<script type=\"application\/ld+json\" class=\"yoast-schema-graph\">{\"@context\":\"https:\/\/schema.org\",\"@graph\":[{\"@type\":\"WebPage\",\"@id\":\"https:\/\/compuviper.mx\/tienda\/producto\/tp-link-xn020-g3-router-gpon-2-4-ghz-n-300-mbps-tp-link-inalmbrico-1-puerto-pon-sc-apc-1-puerto-lan-10-100-1000-mbps-blanco\/\",\"url\":\"https:\/\/compuviper.mx\/tienda\/producto\/tp-link-xn020-g3-router-gpon-2-4-ghz-n-300-mbps-tp-link-inalmbrico-1-puerto-pon-sc-apc-1-puerto-lan-10-100-1000-mbps-blanco\/\",\"name\":\"[ Tp Link ] &#129351; Xn020-g3 Router Gpon 2.4 Ghz N 300 Mbps | Tp-link | | Inal\u00e1mbrico | 1 Puerto Pon Sc\/apc | 1 Puerto Lan 10\/100\/1000 Mbps | Blanco\",\"isPartOf\":{\"@id\":\"https:\/\/compuviper.mx\/tienda\/#website\"},\"datePublished\":\"2026-04-02T07:10:23+00:00\",\"dateModified\":\"2026-04-02T07:10:23+00:00\",\"description\":\"Compra Xn020-g3 Router Gpon 2.4 Ghz N 300 Mbps | Tp-link | | Inal\u00e1mbrico | 1 Puerto Pon Sc\/apc | 1 Puerto Lan 10\/100\/1000 Mbps | Blanco + Env\u00edo a domicilio + Pago seguro + Garant\u00eda\",\"breadcrumb\":{\"@id\":\"https:\/\/compuviper.mx\/tienda\/producto\/tp-link-xn020-g3-router-gpon-2-4-ghz-n-300-mbps-tp-link-inalmbrico-1-puerto-pon-sc-apc-1-puerto-lan-10-100-1000-mbps-blanco\/#breadcrumb\"},\"inLanguage\":\"es-MX\",\"potentialAction\":[{\"@type\":\"ReadAction\",\"target\":[\"https:\/\/compuviper.mx\/tienda\/producto\/tp-link-xn020-g3-router-gpon-2-4-ghz-n-300-mbps-tp-link-inalmbrico-1-puerto-pon-sc-apc-1-puerto-lan-10-100-1000-mbps-blanco\/\"]}]},{\"@type\":\"BreadcrumbList\",\"@id\":\"https:\/\/compuviper.mx\/tienda\/producto\/tp-link-xn020-g3-router-gpon-2-4-ghz-n-300-mbps-tp-link-inalmbrico-1-puerto-pon-sc-apc-1-puerto-lan-10-100-1000-mbps-blanco\/#breadcrumb\",\"itemListElement\":[{\"@type\":\"ListItem\",\"position\":1,\"name\":\"Inicio\",\"item\":\"https:\/\/compuviper.mx\/tienda\/\"},{\"@type\":\"ListItem\",\"position\":2,\"name\":\"Productos\",\"item\":\"https:\/\/compuviper.mx\/tienda\/productos\/\"},{\"@type\":\"ListItem\",\"position\":3,\"name\":\"Redes\",\"item\":\"https:\/\/compuviper.mx\/tienda\/categoria-producto\/redes\/\"},{\"@type\":\"ListItem\",\"position\":4,\"name\":\"Router\",\"item\":\"https:\/\/compuviper.mx\/tienda\/categoria-producto\/redes\/router\/\"},{\"@type\":\"ListItem\",\"position\":5,\"name\":\"Tp Link Xn020-g3 Router Gpon 2.4 Ghz N 300 Mbps | Tp-link | | Inal?mbrico | 1 Puerto Pon Sc\/apc | 1 Puerto Lan 10\/100\/1000 Mbps | Blanco\"}]},{\"@type\":\"WebSite\",\"@id\":\"https:\/\/compuviper.mx\/tienda\/#website\",\"url\":\"https:\/\/compuviper.mx\/tienda\/\",\"name\":\"Compuviper\",\"description\":\"Proveedor de Computadoras, Laptops, Servidores, Monitores, Puntos de Venta, Teclados,   Impresoras, T\u00f3ner, C\u00e1maras de Seguridad y m\u00e1s en tu tienda en l\u00ednea\",\"publisher\":{\"@id\":\"https:\/\/compuviper.mx\/tienda\/#organization\"},\"potentialAction\":[{\"@type\":\"SearchAction\",\"target\":{\"@type\":\"EntryPoint\",\"urlTemplate\":\"https:\/\/compuviper.mx\/tienda\/?s={search_term_string}\"},\"query-input\":\"required name=search_term_string\"}],\"inLanguage\":\"es-MX\"},{\"@type\":\"Organization\",\"@id\":\"https:\/\/compuviper.mx\/tienda\/#organization\",\"name\":\"Compuviper\",\"url\":\"https:\/\/compuviper.mx\/tienda\/\",\"logo\":{\"@type\":\"ImageObject\",\"inLanguage\":\"es-MX\",\"@id\":\"https:\/\/compuviper.mx\/tienda\/#\/schema\/logo\/image\/\",\"url\":\"https:\/\/compuviper.mx\/tienda\/wp-content\/uploads\/2021\/08\/Logo-Compuviper-10.png\",\"contentUrl\":\"https:\/\/compuviper.mx\/tienda\/wp-content\/uploads\/2021\/08\/Logo-Compuviper-10.png\",\"width\":1000,\"height\":500,\"caption\":\"Compuviper\"},\"image\":{\"@id\":\"https:\/\/compuviper.mx\/tienda\/#\/schema\/logo\/image\/\"},\"sameAs\":[\"https:\/\/www.facebook.com\/compuviper\",\"https:\/\/www.youtube.com\/channel\/UCf73dERp9Y3cfOq7q8BhLjA?view_as=subscriber\"]}]}<\/script>\n<meta property=\"product:brand\" content=\"TP LINK\" \/>\n<meta property=\"product:price:amount\" content=\"347\" \/>\n<meta property=\"product:price:currency\" content=\"MXN\" \/>\n<meta property=\"og:availability\" content=\"backorder\" \/>\n<meta property=\"product:availability\" content=\"available for order\" \/>\n<meta property=\"product:retailer_item_id\" content=\"XN020-G3\" \/>\n<meta property=\"product:condition\" content=\"new\" \/>\n<!-- \/ Yoast SEO plugin. -->","yoast_head_json":{"title":"[ Tp Link ] &#129351; Xn020-g3 Router Gpon 2.4 Ghz N 300 Mbps | Tp-link | | Inal\u00e1mbrico | 1 Puerto Pon Sc\/apc | 1 Puerto Lan 10\/100\/1000 Mbps | Blanco","description":"Compra Xn020-g3 Router Gpon 2.4 Ghz N 300 Mbps | Tp-link | | Inal\u00e1mbrico | 1 Puerto Pon Sc\/apc | 1 Puerto Lan 10\/100\/1000 Mbps | Blanco + Env\u00edo a domicilio + Pago seguro + Garant\u00eda","robots":{"index":"index","follow":"follow","max-snippet":"max-snippet:-1","max-image-preview":"max-image-preview:large","max-video-preview":"max-video-preview:-1"},"canonical":"https:\/\/compuviper.mx\/tienda\/producto\/tp-link-xn020-g3-router-gpon-2-4-ghz-n-300-mbps-tp-link-inalmbrico-1-puerto-pon-sc-apc-1-puerto-lan-10-100-1000-mbps-blanco\/","og_locale":"es_MX","og_type":"article","og_title":"[ Tp Link ] &#129351; Xn020-g3 Router Gpon 2.4 Ghz N 300 Mbps | Tp-link | | Inal\u00e1mbrico | 1 Puerto Pon Sc\/apc | 1 Puerto Lan 10\/100\/1000 Mbps | Blanco","og_description":"Compra Xn020-g3 Router Gpon 2.4 Ghz N 300 Mbps | Tp-link | | Inal\u00e1mbrico | 1 Puerto Pon Sc\/apc | 1 Puerto Lan 10\/100\/1000 Mbps | Blanco + Env\u00edo a domicilio + Pago seguro + Garant\u00eda","og_url":"https:\/\/compuviper.mx\/tienda\/producto\/tp-link-xn020-g3-router-gpon-2-4-ghz-n-300-mbps-tp-link-inalmbrico-1-puerto-pon-sc-apc-1-puerto-lan-10-100-1000-mbps-blanco\/","og_site_name":"Compuviper","article_publisher":"https:\/\/www.facebook.com\/compuviper","og_image":[{"width":200,"height":200,"url":"https:\/\/compuviper.mx\/tienda\/wp-content\/uploads\/2025\/10\/Router-gpon-2.4-ghz-n-300-mbps-tp-link-xn020-g3-inalambrico-1-puerto-pon-scapc-1-puerto-lan-101001000-mbps-blanco.jpg","type":"image\/jpeg"}],"twitter_card":"summary_large_image","twitter_misc":{"Precio":"&#36;347 con IVA","Availability":"On backorder"},"schema":{"@context":"https:\/\/schema.org","@graph":[{"@type":"WebPage","@id":"https:\/\/compuviper.mx\/tienda\/producto\/tp-link-xn020-g3-router-gpon-2-4-ghz-n-300-mbps-tp-link-inalmbrico-1-puerto-pon-sc-apc-1-puerto-lan-10-100-1000-mbps-blanco\/","url":"https:\/\/compuviper.mx\/tienda\/producto\/tp-link-xn020-g3-router-gpon-2-4-ghz-n-300-mbps-tp-link-inalmbrico-1-puerto-pon-sc-apc-1-puerto-lan-10-100-1000-mbps-blanco\/","name":"[ Tp Link ] &#129351; Xn020-g3 Router Gpon 2.4 Ghz N 300 Mbps | Tp-link | | Inal\u00e1mbrico | 1 Puerto Pon Sc\/apc | 1 Puerto Lan 10\/100\/1000 Mbps | Blanco","isPartOf":{"@id":"https:\/\/compuviper.mx\/tienda\/#website"},"datePublished":"2026-04-02T07:10:23+00:00","dateModified":"2026-04-02T07:10:23+00:00","description":"Compra Xn020-g3 Router Gpon 2.4 Ghz N 300 Mbps | Tp-link | | Inal\u00e1mbrico | 1 Puerto Pon Sc\/apc | 1 Puerto Lan 10\/100\/1000 Mbps | Blanco + Env\u00edo a domicilio + Pago seguro + Garant\u00eda","breadcrumb":{"@id":"https:\/\/compuviper.mx\/tienda\/producto\/tp-link-xn020-g3-router-gpon-2-4-ghz-n-300-mbps-tp-link-inalmbrico-1-puerto-pon-sc-apc-1-puerto-lan-10-100-1000-mbps-blanco\/#breadcrumb"},"inLanguage":"es-MX","potentialAction":[{"@type":"ReadAction","target":["https:\/\/compuviper.mx\/tienda\/producto\/tp-link-xn020-g3-router-gpon-2-4-ghz-n-300-mbps-tp-link-inalmbrico-1-puerto-pon-sc-apc-1-puerto-lan-10-100-1000-mbps-blanco\/"]}]},{"@type":"BreadcrumbList","@id":"https:\/\/compuviper.mx\/tienda\/producto\/tp-link-xn020-g3-router-gpon-2-4-ghz-n-300-mbps-tp-link-inalmbrico-1-puerto-pon-sc-apc-1-puerto-lan-10-100-1000-mbps-blanco\/#breadcrumb","itemListElement":[{"@type":"ListItem","position":1,"name":"Inicio","item":"https:\/\/compuviper.mx\/tienda\/"},{"@type":"ListItem","position":2,"name":"Productos","item":"https:\/\/compuviper.mx\/tienda\/productos\/"},{"@type":"ListItem","position":3,"name":"Redes","item":"https:\/\/compuviper.mx\/tienda\/categoria-producto\/redes\/"},{"@type":"ListItem","position":4,"name":"Router","item":"https:\/\/compuviper.mx\/tienda\/categoria-producto\/redes\/router\/"},{"@type":"ListItem","position":5,"name":"Tp Link Xn020-g3 Router Gpon 2.4 Ghz N 300 Mbps | Tp-link | | Inal?mbrico | 1 Puerto Pon Sc\/apc | 1 Puerto Lan 10\/100\/1000 Mbps | Blanco"}]},{"@type":"WebSite","@id":"https:\/\/compuviper.mx\/tienda\/#website","url":"https:\/\/compuviper.mx\/tienda\/","name":"Compuviper","description":"Proveedor de Computadoras, Laptops, Servidores, Monitores, Puntos de Venta, Teclados,   Impresoras, T\u00f3ner, C\u00e1maras de Seguridad y m\u00e1s en tu tienda en l\u00ednea","publisher":{"@id":"https:\/\/compuviper.mx\/tienda\/#organization"},"potentialAction":[{"@type":"SearchAction","target":{"@type":"EntryPoint","urlTemplate":"https:\/\/compuviper.mx\/tienda\/?s={search_term_string}"},"query-input":"required name=search_term_string"}],"inLanguage":"es-MX"},{"@type":"Organization","@id":"https:\/\/compuviper.mx\/tienda\/#organization","name":"Compuviper","url":"https:\/\/compuviper.mx\/tienda\/","logo":{"@type":"ImageObject","inLanguage":"es-MX","@id":"https:\/\/compuviper.mx\/tienda\/#\/schema\/logo\/image\/","url":"https:\/\/compuviper.mx\/tienda\/wp-content\/uploads\/2021\/08\/Logo-Compuviper-10.png","contentUrl":"https:\/\/compuviper.mx\/tienda\/wp-content\/uploads\/2021\/08\/Logo-Compuviper-10.png","width":1000,"height":500,"caption":"Compuviper"},"image":{"@id":"https:\/\/compuviper.mx\/tienda\/#\/schema\/logo\/image\/"},"sameAs":["https:\/\/www.facebook.com\/compuviper","https:\/\/www.youtube.com\/channel\/UCf73dERp9Y3cfOq7q8BhLjA?view_as=subscriber"]}]},"product_brand":"TP LINK","product_price_amount":"347","product_price_currency":"MXN","og_availability":"backorder","product_availability":"available for order","product_retailer_item_id":"XN020-G3","product_condition":"new"},"_links":{"self":[{"href":"https:\/\/compuviper.mx\/tienda\/wp-json\/wp\/v2\/product\/252336"}],"collection":[{"href":"https:\/\/compuviper.mx\/tienda\/wp-json\/wp\/v2\/product"}],"about":[{"href":"https:\/\/compuviper.mx\/tienda\/wp-json\/wp\/v2\/types\/product"}],"replies":[{"embeddable":true,"href":"https:\/\/compuviper.mx\/tienda\/wp-json\/wp\/v2\/comments?post=252336"}],"wp:featuredmedia":[{"embeddable":true,"href":"https:\/\/compuviper.mx\/tienda\/wp-json\/wp\/v2\/media\/260148"}],"wp:attachment":[{"href":"https:\/\/compuviper.mx\/tienda\/wp-json\/wp\/v2\/media?parent=252336"}],"wp:term":[{"taxonomy":"product_cat","embeddable":true,"href":"https:\/\/compuviper.mx\/tienda\/wp-json\/wp\/v2\/product_cat?post=252336"},{"taxonomy":"product_tag","embeddable":true,"href":"https:\/\/compuviper.mx\/tienda\/wp-json\/wp\/v2\/product_tag?post=252336"}],"curies":[{"name":"wp","href":"https:\/\/api.w.org\/{rel}","templated":true}]}}