{"id":251888,"date":"2026-04-02T00:39:04","date_gmt":"2026-04-02T06:39:04","guid":{"rendered":"https:\/\/compuviper.mx\/tienda\/producto\/wd-western-digital-wd8005ffbx-disco-duro-interno-wd-red-pro-8tb-3-5-escritorio-sata3-6gb-s-512mb-7200rpm-24x7-hotplug-nas-1-24-bahias\/"},"modified":"2026-04-03T00:00:13","modified_gmt":"2026-04-03T06:00:13","slug":"wd-western-digital-wd8005ffbx-disco-duro-interno-wd-red-pro-8tb-3-5-escritorio-sata3-6gb-s-512mb-7200rpm-24x7-hotplug-nas-1-24-bahias","status":"publish","type":"product","link":"https:\/\/compuviper.mx\/tienda\/producto\/wd-western-digital-wd8005ffbx-disco-duro-interno-wd-red-pro-8tb-3-5-escritorio-sata3-6gb-s-512mb-7200rpm-24x7-hotplug-nas-1-24-bahias\/","title":{"rendered":"Wd &#8211; Western Digital Wd8005ffbx Disco Duro Interno Wd Red Pro 8tb 3.5 Escritorio Sata3 6gb\/s 512mb 7200rpm 24&#215;7 Hotplug Nas 1-24 Bahias"},"content":{"rendered":"<table class=\"descripcion\">\n<tr>\n<td>Caracteristicas<\/td>\n<\/tr>\n<tr>\n<td>Ideal para sistemas nas de profesionales creativos, medianas y grandes empresas y sistemas comerciales o empresariales<\/td>\n<\/tr>\n<tr>\n<td>Para sistemas nas optimizados para raid con un n\u00famero ilimitado de ranuras<\/td>\n<\/tr>\n<tr>\n<td>Calificado para cargas de trabajo de 550 tb\/a\u00f1o1 y hasta 2,5 millones de horas de tiempo medio entre fallos (mtbf)<\/td>\n<\/tr>\n<tr>\n<td>Capacidad   8 tb<\/td>\n<\/tr>\n<tr>\n<td>Formato   3.5-inch<\/td>\n<\/tr>\n<tr>\n<td>Conector   sata<\/td>\n<\/tr>\n<tr>\n<td>Compatibilidad   para sistemas nas optimizados para raid con un n\u00famero ilimitado de ranuras<\/td>\n<\/tr>\n<tr>\n<td>Interfaz   sata<\/td>\n<\/tr>\n<tr>\n<td>Velocidad de transferencia   up to 235mb\/s<\/td>\n<\/tr>\n<tr>\n<td>Disk speed (rpm)   7200 rpm<\/td>\n<\/tr>\n<tr>\n<td>Tecnologia de grabacion   cmr<\/td>\n<\/tr>\n<tr>\n<td>Tama\u00f1no del cache   512mb<\/td>\n<\/tr>\n<tr>\n<td>Garant\u00eda limitada de 5 a\u00f1os<\/td>\n<\/tr>\n<tr>\n<td>Dimensiones (largo, ancho y alto)   5.79 x 4 x 1.03<\/td>\n<\/tr>\n<tr>\n<td>Peso<\/td>\n<\/tr>\n<tr>\n<td>Numero de modelo<\/td>\n<\/tr>\n<tr>\n<td>Wd8005ffbx<\/td>\n<\/tr>\n<tr>\n<td>Temp. operativa   0\u00b0c to 65\u00b0c<\/td>\n<\/tr>\n<tr>\n<td>Non-operating temperature   -40\u00b0c to 70\u00b0c<\/td>\n<\/tr>\n<tr>\n<td>Certificaciones   bsmi, ices-003\/nmb-003, ce, fcc, kc, maghreb, rcm, ukca, vcci, cb-scheme, tuv, ul<\/td>\n<\/tr>\n<\/table>\n","protected":false},"excerpt":{"rendered":"<p>Los discos duros de nivel empresarial est\u00e1n dise\u00f1ados para otorgar un alto rendimiento y confiabilidad a los entornos nas comerciales y empresariales. Los discos wd red\u00ae pro est\u00e1n dise\u00f1ados para manejar cargas de trabajo de alta intensidad en entornos nas comerciales y empresariales multiusuario de funcionamiento ininterrumpido. Los discos wd red pro ofrecen el rendimiento, la escalabilidad y la confiabilidad que las empresas necesitan para almacenar, compartir y colaborar con grandes cantidades de datos en sistemas nas optimizados para raid de ranuras m\u00faltiples. Respaldado por una garant\u00eda y soporte de primera clase. Como fabricante de discos duros l\u00edder del sector, western digital respalda sus soluciones de almacenamiento nas con la seguridad de una garant\u00eda limitada de 5 a\u00f1os, junto con servicios de soporte de primera clase para un almacenamiento de datos sin complicaciones. Compatibilidad comprobada y confiable, western digital se asocia con una amplia gama de proveedores de sistemas nas para realizar pruebas exhaustivas y asegurar la compatibilidad con la mayor\u00eda de las carcasas nas.<\/p>\n","protected":false},"featured_media":251889,"comment_status":"open","ping_status":"open","template":"","meta":[],"product_cat":[1703,1706],"product_tag":[1705],"acf":[],"yoast_head":"<!-- This site is optimized with the Yoast SEO plugin v21.7 - https:\/\/yoast.com\/wordpress\/plugins\/seo\/ -->\n<title>[ Wd - Western Digital ] &#129351; Wd8005ffbx Disco Duro Interno Wd Red Pro 8tb 3.5 Escritorio Sata3 6gb\/s 512mb 7200rpm 24x7 Hotplug Nas 1-24 Bahias<\/title>\n<meta name=\"description\" content=\"Compra Wd8005ffbx Disco Duro Interno Wd Red Pro 8tb 3.5 Escritorio Sata3 6gb\/s 512mb 7200rpm 24x7 Hotplug Nas 1-24 Bahias + Env\u00edo a domicilio + Pago seguro + Garant\u00eda\" \/>\n<meta name=\"robots\" content=\"index, follow, max-snippet:-1, max-image-preview:large, max-video-preview:-1\" \/>\n<link rel=\"canonical\" href=\"https:\/\/compuviper.mx\/tienda\/producto\/wd-western-digital-wd8005ffbx-disco-duro-interno-wd-red-pro-8tb-3-5-escritorio-sata3-6gb-s-512mb-7200rpm-24x7-hotplug-nas-1-24-bahias\/\" \/>\n<meta property=\"og:locale\" content=\"es_MX\" \/>\n<meta property=\"og:type\" content=\"article\" \/>\n<meta property=\"og:title\" content=\"[ Wd - Western Digital ] &#129351; Wd8005ffbx Disco Duro Interno Wd Red Pro 8tb 3.5 Escritorio Sata3 6gb\/s 512mb 7200rpm 24x7 Hotplug Nas 1-24 Bahias\" \/>\n<meta property=\"og:description\" content=\"Compra Wd8005ffbx Disco Duro Interno Wd Red Pro 8tb 3.5 Escritorio Sata3 6gb\/s 512mb 7200rpm 24x7 Hotplug Nas 1-24 Bahias + Env\u00edo a domicilio + Pago seguro + Garant\u00eda\" \/>\n<meta property=\"og:url\" content=\"https:\/\/compuviper.mx\/tienda\/producto\/wd-western-digital-wd8005ffbx-disco-duro-interno-wd-red-pro-8tb-3-5-escritorio-sata3-6gb-s-512mb-7200rpm-24x7-hotplug-nas-1-24-bahias\/\" \/>\n<meta property=\"og:site_name\" content=\"Compuviper\" \/>\n<meta property=\"article:publisher\" content=\"https:\/\/www.facebook.com\/compuviper\" \/>\n<meta property=\"article:modified_time\" content=\"2026-04-03T06:00:13+00:00\" \/>\n<meta property=\"og:image\" content=\"https:\/\/compuviper.mx\/tienda\/wp-content\/uploads\/2025\/04\/Disco-duro-interno-wd-red-pro-8tb-3.5-escritorio-sata3-6gbs-512mb-7200rpm-24x7-hotplug-nas-1-24-bahias-wd8005ffbx.jpg\" \/>\n\t<meta property=\"og:image:width\" content=\"200\" \/>\n\t<meta property=\"og:image:height\" content=\"200\" \/>\n\t<meta property=\"og:image:type\" content=\"image\/jpeg\" \/>\n<meta name=\"twitter:card\" content=\"summary_large_image\" \/>\n<meta name=\"twitter:label1\" content=\"Precio\" \/>\n\t<meta name=\"twitter:data1\" content=\"&#36;4,218 con IVA\" \/>\n\t<meta name=\"twitter:label2\" content=\"Availability\" \/>\n\t<meta name=\"twitter:data2\" content=\"In stock\" \/>\n<script type=\"application\/ld+json\" class=\"yoast-schema-graph\">{\"@context\":\"https:\/\/schema.org\",\"@graph\":[{\"@type\":\"WebPage\",\"@id\":\"https:\/\/compuviper.mx\/tienda\/producto\/wd-western-digital-wd8005ffbx-disco-duro-interno-wd-red-pro-8tb-3-5-escritorio-sata3-6gb-s-512mb-7200rpm-24x7-hotplug-nas-1-24-bahias\/\",\"url\":\"https:\/\/compuviper.mx\/tienda\/producto\/wd-western-digital-wd8005ffbx-disco-duro-interno-wd-red-pro-8tb-3-5-escritorio-sata3-6gb-s-512mb-7200rpm-24x7-hotplug-nas-1-24-bahias\/\",\"name\":\"[ Wd - Western Digital ] &#129351; Wd8005ffbx Disco Duro Interno Wd Red Pro 8tb 3.5 Escritorio Sata3 6gb\/s 512mb 7200rpm 24x7 Hotplug Nas 1-24 Bahias\",\"isPartOf\":{\"@id\":\"https:\/\/compuviper.mx\/tienda\/#website\"},\"datePublished\":\"2026-04-02T06:39:04+00:00\",\"dateModified\":\"2026-04-03T06:00:13+00:00\",\"description\":\"Compra Wd8005ffbx Disco Duro Interno Wd Red Pro 8tb 3.5 Escritorio Sata3 6gb\/s 512mb 7200rpm 24x7 Hotplug Nas 1-24 Bahias + Env\u00edo a domicilio + Pago seguro + Garant\u00eda\",\"breadcrumb\":{\"@id\":\"https:\/\/compuviper.mx\/tienda\/producto\/wd-western-digital-wd8005ffbx-disco-duro-interno-wd-red-pro-8tb-3-5-escritorio-sata3-6gb-s-512mb-7200rpm-24x7-hotplug-nas-1-24-bahias\/#breadcrumb\"},\"inLanguage\":\"es-MX\",\"potentialAction\":[{\"@type\":\"ReadAction\",\"target\":[\"https:\/\/compuviper.mx\/tienda\/producto\/wd-western-digital-wd8005ffbx-disco-duro-interno-wd-red-pro-8tb-3-5-escritorio-sata3-6gb-s-512mb-7200rpm-24x7-hotplug-nas-1-24-bahias\/\"]}]},{\"@type\":\"BreadcrumbList\",\"@id\":\"https:\/\/compuviper.mx\/tienda\/producto\/wd-western-digital-wd8005ffbx-disco-duro-interno-wd-red-pro-8tb-3-5-escritorio-sata3-6gb-s-512mb-7200rpm-24x7-hotplug-nas-1-24-bahias\/#breadcrumb\",\"itemListElement\":[{\"@type\":\"ListItem\",\"position\":1,\"name\":\"Inicio\",\"item\":\"https:\/\/compuviper.mx\/tienda\/\"},{\"@type\":\"ListItem\",\"position\":2,\"name\":\"Productos\",\"item\":\"https:\/\/compuviper.mx\/tienda\/productos\/\"},{\"@type\":\"ListItem\",\"position\":3,\"name\":\"Discos Duros\",\"item\":\"https:\/\/compuviper.mx\/tienda\/categoria-producto\/discos-duros\/\"},{\"@type\":\"ListItem\",\"position\":4,\"name\":\"Disco Duro\",\"item\":\"https:\/\/compuviper.mx\/tienda\/categoria-producto\/discos-duros\/disco-duro\/\"},{\"@type\":\"ListItem\",\"position\":5,\"name\":\"Wd &#8211; Western Digital Wd8005ffbx Disco Duro Interno Wd Red Pro 8tb 3.5 Escritorio Sata3 6gb\/s 512mb 7200rpm 24&#215;7 Hotplug Nas 1-24 Bahias\"}]},{\"@type\":\"WebSite\",\"@id\":\"https:\/\/compuviper.mx\/tienda\/#website\",\"url\":\"https:\/\/compuviper.mx\/tienda\/\",\"name\":\"Compuviper\",\"description\":\"Proveedor de Computadoras, Laptops, Servidores, Monitores, Puntos de Venta, Teclados,   Impresoras, T\u00f3ner, C\u00e1maras de Seguridad y m\u00e1s en tu tienda en l\u00ednea\",\"publisher\":{\"@id\":\"https:\/\/compuviper.mx\/tienda\/#organization\"},\"potentialAction\":[{\"@type\":\"SearchAction\",\"target\":{\"@type\":\"EntryPoint\",\"urlTemplate\":\"https:\/\/compuviper.mx\/tienda\/?s={search_term_string}\"},\"query-input\":\"required name=search_term_string\"}],\"inLanguage\":\"es-MX\"},{\"@type\":\"Organization\",\"@id\":\"https:\/\/compuviper.mx\/tienda\/#organization\",\"name\":\"Compuviper\",\"url\":\"https:\/\/compuviper.mx\/tienda\/\",\"logo\":{\"@type\":\"ImageObject\",\"inLanguage\":\"es-MX\",\"@id\":\"https:\/\/compuviper.mx\/tienda\/#\/schema\/logo\/image\/\",\"url\":\"https:\/\/compuviper.mx\/tienda\/wp-content\/uploads\/2021\/08\/Logo-Compuviper-10.png\",\"contentUrl\":\"https:\/\/compuviper.mx\/tienda\/wp-content\/uploads\/2021\/08\/Logo-Compuviper-10.png\",\"width\":1000,\"height\":500,\"caption\":\"Compuviper\"},\"image\":{\"@id\":\"https:\/\/compuviper.mx\/tienda\/#\/schema\/logo\/image\/\"},\"sameAs\":[\"https:\/\/www.facebook.com\/compuviper\",\"https:\/\/www.youtube.com\/channel\/UCf73dERp9Y3cfOq7q8BhLjA?view_as=subscriber\"]}]}<\/script>\n<meta property=\"product:brand\" content=\"WD - WESTERN DIGITAL\" \/>\n<meta property=\"product:price:amount\" content=\"4218\" \/>\n<meta property=\"product:price:currency\" content=\"MXN\" \/>\n<meta property=\"og:availability\" content=\"instock\" \/>\n<meta property=\"product:availability\" content=\"instock\" \/>\n<meta property=\"product:retailer_item_id\" content=\"WD8005FFBX\" \/>\n<meta property=\"product:condition\" content=\"new\" \/>\n<!-- \/ Yoast SEO plugin. -->","yoast_head_json":{"title":"[ Wd - Western Digital ] &#129351; Wd8005ffbx Disco Duro Interno Wd Red Pro 8tb 3.5 Escritorio Sata3 6gb\/s 512mb 7200rpm 24x7 Hotplug Nas 1-24 Bahias","description":"Compra Wd8005ffbx Disco Duro Interno Wd Red Pro 8tb 3.5 Escritorio Sata3 6gb\/s 512mb 7200rpm 24x7 Hotplug Nas 1-24 Bahias + Env\u00edo a domicilio + Pago seguro + Garant\u00eda","robots":{"index":"index","follow":"follow","max-snippet":"max-snippet:-1","max-image-preview":"max-image-preview:large","max-video-preview":"max-video-preview:-1"},"canonical":"https:\/\/compuviper.mx\/tienda\/producto\/wd-western-digital-wd8005ffbx-disco-duro-interno-wd-red-pro-8tb-3-5-escritorio-sata3-6gb-s-512mb-7200rpm-24x7-hotplug-nas-1-24-bahias\/","og_locale":"es_MX","og_type":"article","og_title":"[ Wd - Western Digital ] &#129351; Wd8005ffbx Disco Duro Interno Wd Red Pro 8tb 3.5 Escritorio Sata3 6gb\/s 512mb 7200rpm 24x7 Hotplug Nas 1-24 Bahias","og_description":"Compra Wd8005ffbx Disco Duro Interno Wd Red Pro 8tb 3.5 Escritorio Sata3 6gb\/s 512mb 7200rpm 24x7 Hotplug Nas 1-24 Bahias + Env\u00edo a domicilio + Pago seguro + Garant\u00eda","og_url":"https:\/\/compuviper.mx\/tienda\/producto\/wd-western-digital-wd8005ffbx-disco-duro-interno-wd-red-pro-8tb-3-5-escritorio-sata3-6gb-s-512mb-7200rpm-24x7-hotplug-nas-1-24-bahias\/","og_site_name":"Compuviper","article_publisher":"https:\/\/www.facebook.com\/compuviper","article_modified_time":"2026-04-03T06:00:13+00:00","og_image":[{"width":200,"height":200,"url":"https:\/\/compuviper.mx\/tienda\/wp-content\/uploads\/2025\/04\/Disco-duro-interno-wd-red-pro-8tb-3.5-escritorio-sata3-6gbs-512mb-7200rpm-24x7-hotplug-nas-1-24-bahias-wd8005ffbx.jpg","type":"image\/jpeg"}],"twitter_card":"summary_large_image","twitter_misc":{"Precio":"&#36;4,218 con IVA","Availability":"In stock"},"schema":{"@context":"https:\/\/schema.org","@graph":[{"@type":"WebPage","@id":"https:\/\/compuviper.mx\/tienda\/producto\/wd-western-digital-wd8005ffbx-disco-duro-interno-wd-red-pro-8tb-3-5-escritorio-sata3-6gb-s-512mb-7200rpm-24x7-hotplug-nas-1-24-bahias\/","url":"https:\/\/compuviper.mx\/tienda\/producto\/wd-western-digital-wd8005ffbx-disco-duro-interno-wd-red-pro-8tb-3-5-escritorio-sata3-6gb-s-512mb-7200rpm-24x7-hotplug-nas-1-24-bahias\/","name":"[ Wd - Western Digital ] &#129351; Wd8005ffbx Disco Duro Interno Wd Red Pro 8tb 3.5 Escritorio Sata3 6gb\/s 512mb 7200rpm 24x7 Hotplug Nas 1-24 Bahias","isPartOf":{"@id":"https:\/\/compuviper.mx\/tienda\/#website"},"datePublished":"2026-04-02T06:39:04+00:00","dateModified":"2026-04-03T06:00:13+00:00","description":"Compra Wd8005ffbx Disco Duro Interno Wd Red Pro 8tb 3.5 Escritorio Sata3 6gb\/s 512mb 7200rpm 24x7 Hotplug Nas 1-24 Bahias + Env\u00edo a domicilio + Pago seguro + Garant\u00eda","breadcrumb":{"@id":"https:\/\/compuviper.mx\/tienda\/producto\/wd-western-digital-wd8005ffbx-disco-duro-interno-wd-red-pro-8tb-3-5-escritorio-sata3-6gb-s-512mb-7200rpm-24x7-hotplug-nas-1-24-bahias\/#breadcrumb"},"inLanguage":"es-MX","potentialAction":[{"@type":"ReadAction","target":["https:\/\/compuviper.mx\/tienda\/producto\/wd-western-digital-wd8005ffbx-disco-duro-interno-wd-red-pro-8tb-3-5-escritorio-sata3-6gb-s-512mb-7200rpm-24x7-hotplug-nas-1-24-bahias\/"]}]},{"@type":"BreadcrumbList","@id":"https:\/\/compuviper.mx\/tienda\/producto\/wd-western-digital-wd8005ffbx-disco-duro-interno-wd-red-pro-8tb-3-5-escritorio-sata3-6gb-s-512mb-7200rpm-24x7-hotplug-nas-1-24-bahias\/#breadcrumb","itemListElement":[{"@type":"ListItem","position":1,"name":"Inicio","item":"https:\/\/compuviper.mx\/tienda\/"},{"@type":"ListItem","position":2,"name":"Productos","item":"https:\/\/compuviper.mx\/tienda\/productos\/"},{"@type":"ListItem","position":3,"name":"Discos Duros","item":"https:\/\/compuviper.mx\/tienda\/categoria-producto\/discos-duros\/"},{"@type":"ListItem","position":4,"name":"Disco Duro","item":"https:\/\/compuviper.mx\/tienda\/categoria-producto\/discos-duros\/disco-duro\/"},{"@type":"ListItem","position":5,"name":"Wd &#8211; Western Digital Wd8005ffbx Disco Duro Interno Wd Red Pro 8tb 3.5 Escritorio Sata3 6gb\/s 512mb 7200rpm 24&#215;7 Hotplug Nas 1-24 Bahias"}]},{"@type":"WebSite","@id":"https:\/\/compuviper.mx\/tienda\/#website","url":"https:\/\/compuviper.mx\/tienda\/","name":"Compuviper","description":"Proveedor de Computadoras, Laptops, Servidores, Monitores, Puntos de Venta, Teclados,   Impresoras, T\u00f3ner, C\u00e1maras de Seguridad y m\u00e1s en tu tienda en l\u00ednea","publisher":{"@id":"https:\/\/compuviper.mx\/tienda\/#organization"},"potentialAction":[{"@type":"SearchAction","target":{"@type":"EntryPoint","urlTemplate":"https:\/\/compuviper.mx\/tienda\/?s={search_term_string}"},"query-input":"required name=search_term_string"}],"inLanguage":"es-MX"},{"@type":"Organization","@id":"https:\/\/compuviper.mx\/tienda\/#organization","name":"Compuviper","url":"https:\/\/compuviper.mx\/tienda\/","logo":{"@type":"ImageObject","inLanguage":"es-MX","@id":"https:\/\/compuviper.mx\/tienda\/#\/schema\/logo\/image\/","url":"https:\/\/compuviper.mx\/tienda\/wp-content\/uploads\/2021\/08\/Logo-Compuviper-10.png","contentUrl":"https:\/\/compuviper.mx\/tienda\/wp-content\/uploads\/2021\/08\/Logo-Compuviper-10.png","width":1000,"height":500,"caption":"Compuviper"},"image":{"@id":"https:\/\/compuviper.mx\/tienda\/#\/schema\/logo\/image\/"},"sameAs":["https:\/\/www.facebook.com\/compuviper","https:\/\/www.youtube.com\/channel\/UCf73dERp9Y3cfOq7q8BhLjA?view_as=subscriber"]}]},"product_brand":"WD - WESTERN DIGITAL","product_price_amount":"4218","product_price_currency":"MXN","og_availability":"instock","product_availability":"instock","product_retailer_item_id":"WD8005FFBX","product_condition":"new"},"_links":{"self":[{"href":"https:\/\/compuviper.mx\/tienda\/wp-json\/wp\/v2\/product\/251888"}],"collection":[{"href":"https:\/\/compuviper.mx\/tienda\/wp-json\/wp\/v2\/product"}],"about":[{"href":"https:\/\/compuviper.mx\/tienda\/wp-json\/wp\/v2\/types\/product"}],"replies":[{"embeddable":true,"href":"https:\/\/compuviper.mx\/tienda\/wp-json\/wp\/v2\/comments?post=251888"}],"wp:featuredmedia":[{"embeddable":true,"href":"https:\/\/compuviper.mx\/tienda\/wp-json\/wp\/v2\/media\/251889"}],"wp:attachment":[{"href":"https:\/\/compuviper.mx\/tienda\/wp-json\/wp\/v2\/media?parent=251888"}],"wp:term":[{"taxonomy":"product_cat","embeddable":true,"href":"https:\/\/compuviper.mx\/tienda\/wp-json\/wp\/v2\/product_cat?post=251888"},{"taxonomy":"product_tag","embeddable":true,"href":"https:\/\/compuviper.mx\/tienda\/wp-json\/wp\/v2\/product_tag?post=251888"}],"curies":[{"name":"wp","href":"https:\/\/api.w.org\/{rel}","templated":true}]}}