{"id":251765,"date":"2026-04-21T01:25:09","date_gmt":"2026-04-21T07:25:09","guid":{"rendered":"https:\/\/compuviper.mx\/tienda\/producto\/lenovo-zae40158mx-idea-tablet-pro-con-teclado-y-pluma-tb373fu-mediatek-dimensity-8300-8c-3-35-ghz-8gb-ram-ddr5-256gb-12-7-3k-2944x1840-4-bocinas-jbl-camaras-13mp-8mp-luna-grey-android\/"},"modified":"2026-04-21T01:25:09","modified_gmt":"2026-04-21T07:25:09","slug":"lenovo-zae40158mx-idea-tablet-pro-con-teclado-y-pluma-tb373fu-mediatek-dimensity-8300-8c-3-35-ghz-8gb-ram-ddr5-256gb-12-7-3k-2944x1840-4-bocinas-jbl-camaras-13mp-8mp-luna-grey-android","status":"publish","type":"product","link":"https:\/\/compuviper.mx\/tienda\/producto\/lenovo-zae40158mx-idea-tablet-pro-con-teclado-y-pluma-tb373fu-mediatek-dimensity-8300-8c-3-35-ghz-8gb-ram-ddr5-256gb-12-7-3k-2944x1840-4-bocinas-jbl-camaras-13mp-8mp-luna-grey-android\/","title":{"rendered":"Lenovo Zae40158mx  Idea Tablet Pro Con Teclado Y Pluma \/ Tb373fu \/ Mediatek Dimensity 8300 8c 3.35 Ghz \/ 8gb Ram Ddr5 \/ 256gb \/ 12.7 3k 2944&#215;1840 \/ 4 Bocinas Jbl \/ Camaras 13mp\/8mp \/ Luna Grey\/android 14\/ 1yr Cs"},"content":{"rendered":"<table class=\"descripcion\">\n<tr>\n<td>Lenovo idea tab pro zae40158mx<\/td>\n<\/tr>\n<tr>\n<td>*performance<\/td>\n<\/tr>\n<tr>\n<td>Processor: mediatek dimensity 8300 (8c, 1x a715 @3.35 ghz + 3x a715@3.2 ghz + 4x a510@2.2 ghz)<\/td>\n<\/tr>\n<tr>\n<td>Graphics: integrated arm g615 mc5<\/td>\n<\/tr>\n<tr>\n<td>Chipset: mediatek soc platform<\/td>\n<\/tr>\n<tr>\n<td>Memory: 8gb soldered lpddr5x<\/td>\n<\/tr>\n<tr>\n<td>Storage: 256gb ufs 4.0<\/td>\n<\/tr>\n<tr>\n<td>Card reader: microsd card slot<\/td>\n<\/tr>\n<tr>\n<td>Storage support<\/td>\n<\/tr>\n<tr>\n<td>256gb ufs 4.0 on systemboard<\/td>\n<\/tr>\n<tr>\n<td>Microsd card, supports up to 1tb (exfat)<\/td>\n<\/tr>\n<tr>\n<td>Speakers: 4 jbl speakers, optimized with dolby atmos<\/td>\n<\/tr>\n<tr>\n<td>Microphone: dual microphone<\/td>\n<\/tr>\n<tr>\n<td>Camera: front 8.0mp \/ rear 13.0mp with flashlight<\/td>\n<\/tr>\n<tr>\n<td>Voicecall: no<\/td>\n<\/tr>\n<tr>\n<td>Sensors:<\/td>\n<\/tr>\n<tr>\n<td>Accelerometer + gyroscope sensor<\/td>\n<\/tr>\n<tr>\n<td>Hall sensor<\/td>\n<\/tr>\n<tr>\n<td>Rgb sensor<\/td>\n<\/tr>\n<tr>\n<td>Vibration motor: no support<\/td>\n<\/tr>\n<tr>\n<td>Battery: 10200mah (typical)<\/td>\n<\/tr>\n<tr>\n<td>Power adapter: 5~11v \/ 4.5a 45w max<\/td>\n<\/tr>\n<tr>\n<td>*design<\/td>\n<\/tr>\n<tr>\n<td>Display: 12.7 3k (2944&#215;1840) ltps 400nits, glossy, 144hz, touch<\/td>\n<\/tr>\n<tr>\n<td>Touchscreen: in-cell, 10-point multi-touch<\/td>\n<\/tr>\n<tr>\n<td>Case material: metal<\/td>\n<\/tr>\n<tr>\n<td>Keyboard: non-backlit, spanish (la)<\/td>\n<\/tr>\n<tr>\n<td>Pen: pen bundled<\/td>\n<\/tr>\n<tr>\n<td>Dimensions (wxdxh): 291.8 x 189.1 x 6.9 mm excluding camera bump (11.49 x 7.44 x 0.27 inches)<\/td>\n<\/tr>\n<tr>\n<td>Weight: around 620 g (1.37 lbs)<\/td>\n<\/tr>\n<tr>\n<td>Case color: luna grey<\/td>\n<\/tr>\n<tr>\n<td>*software<\/td>\n<\/tr>\n<tr>\n<td>Operating system: android 14 or later<\/td>\n<\/tr>\n<tr>\n<td>*connectivity<\/td>\n<\/tr>\n<tr>\n<td>Wlan + bluetooth: wi-fi 6e, 802.11ax 2&#215;2 + bt5.3<\/td>\n<\/tr>\n<tr>\n<td>Wwan: non-wwan<\/td>\n<\/tr>\n<tr>\n<td>Location services: gps + glonass + galileo<\/td>\n<\/tr>\n<tr>\n<td>Standard ports<\/td>\n<\/tr>\n<tr>\n<td>1x usb-c\u00ae (usb 5gbps \/ usb 3.2 gen 1), with charging \/ dp-out \/ audio<\/td>\n<\/tr>\n<tr>\n<td>1x microsd card slot<\/td>\n<\/tr>\n<tr>\n<td>1x pogo pin connector (3-point)<\/td>\n<\/tr>\n<tr>\n<td>*security  and  privacy<\/td>\n<\/tr>\n<tr>\n<td>Fingerprint reader: touch style, integrated in power button<\/td>\n<\/tr>\n<tr>\n<td>*service<\/td>\n<\/tr>\n<tr>\n<td>Base warranty: 1-year, carry-in<\/td>\n<\/tr>\n<tr>\n<td>*accessories<\/td>\n<\/tr>\n<tr>\n<td>Bundled accessories : lenovo\u00ae keyboard pack for lenovo idea tab pro + lenovo tab pen plus + moto buds<\/td>\n<\/tr>\n<tr>\n<td>*certifications<\/td>\n<\/tr>\n<tr>\n<td>Green certifications<\/td>\n<\/tr>\n<tr>\n<td>Energy star\u00ae 8.0<\/td>\n<\/tr>\n<tr>\n<td>Erp lot 6\/26<\/td>\n<\/tr>\n<tr>\n<td>Rohs compliant<\/td>\n<\/tr>\n<tr>\n<td>Dust and water resistant<\/td>\n<\/tr>\n<tr>\n<td>Ip52<\/td>\n<\/tr>\n<tr>\n<td>Other certifications<\/td>\n<\/tr>\n<tr>\n<td>T\u00fcv rheinland\u00ae flicker free<\/td>\n<\/tr>\n<tr>\n<td>T\u00fcv rheinland\u00ae low blue light (hardware solution)<\/td>\n<\/tr>\n<tr>\n<td>*model information<\/td>\n<\/tr>\n<tr>\n<td>Product: tb373fu<\/td>\n<\/tr>\n<tr>\n<td>Model: zae40158mx<\/td>\n<\/tr>\n<tr>\n<td>Ean \/ upc \/ jan: 198155095221<\/td>\n<\/tr>\n<\/table>\n","protected":false},"excerpt":{"rendered":"<p>Mejora tu experiencia de trabajo o acad\u00e9mica con la lenovo idea tab pro, impulsada por el procesador mediatek dimensity y las capacidades de inteligencia artificial de google gemini. Disfruta de estudios y actividades recreativas en una impresionante pantalla 3k de 12,7, mientras que los cuatro altavoces jbl ofrecen un sonido envolvente. Con una bater\u00eda de duraci\u00f3n durante todo el d\u00eda y una carga r\u00e1pida, mantente conectado desde que est\u00e9s en clases hasta cuando no est\u00e9s disponible. Desde gaming de toda la noche hasta streaming sin fin, esta tablet te respalda. Turbosystem mantiene las cosas funcionando superbi\u00e9n sin retrasos ni dramas. La pantalla es incre\u00edble, el sonido te atrapa y la bater\u00eda dura todo el d\u00eda, por lo que puedes permanecer concentrado sin estresarte por la carga. Puro entretenimiento, sin necesidad de descansos.<\/p>\n","protected":false},"featured_media":260290,"comment_status":"open","ping_status":"open","template":"","meta":[],"product_cat":[1758,2099],"product_tag":[1578],"acf":[],"yoast_head":"<!-- This site is optimized with the Yoast SEO plugin v21.7 - https:\/\/yoast.com\/wordpress\/plugins\/seo\/ -->\n<title>[ Lenovo ] &#129351; Zae40158mx Idea Tablet Pro Con Teclado Y Pluma \/ Tb373fu \/ Mediatek Dimensity 8300 8c 3.35 Ghz \/ 8gb Ram Ddr5 \/ 256gb \/ 12.7 3k 2944x1840 \/ 4 Bocinas Jbl \/ Camaras 13mp\/8mp \/ Luna Grey\/android 14\/ 1yr Cs<\/title>\n<meta name=\"description\" content=\"Compra Zae40158mx Idea Tablet Pro Con Teclado Y Pluma \/ Tb373fu \/ Mediatek Dimensity 8300 8c 3.35 Ghz \/ 8gb Ram Ddr5 \/ 256gb \/ 12.7 3k 2944x1840 \/ 4 Bocinas Jbl \/ Camaras 13mp\/8mp \/ Luna Grey\/android 14\/ 1yr Cs + Env\u00edo a domicilio + Pago seguro + Garant\u00eda\" \/>\n<meta name=\"robots\" content=\"index, follow, max-snippet:-1, max-image-preview:large, max-video-preview:-1\" \/>\n<link rel=\"canonical\" href=\"https:\/\/compuviper.mx\/tienda\/producto\/lenovo-zae40158mx-idea-tablet-pro-con-teclado-y-pluma-tb373fu-mediatek-dimensity-8300-8c-3-35-ghz-8gb-ram-ddr5-256gb-12-7-3k-2944x1840-4-bocinas-jbl-camaras-13mp-8mp-luna-grey-android\/\" \/>\n<meta property=\"og:locale\" content=\"es_MX\" \/>\n<meta property=\"og:type\" content=\"article\" \/>\n<meta property=\"og:title\" content=\"[ Lenovo ] &#129351; Zae40158mx Idea Tablet Pro Con Teclado Y Pluma \/ Tb373fu \/ Mediatek Dimensity 8300 8c 3.35 Ghz \/ 8gb Ram Ddr5 \/ 256gb \/ 12.7 3k 2944x1840 \/ 4 Bocinas Jbl \/ Camaras 13mp\/8mp \/ Luna Grey\/android 14\/ 1yr Cs\" \/>\n<meta property=\"og:description\" content=\"Compra Zae40158mx Idea Tablet Pro Con Teclado Y Pluma \/ Tb373fu \/ Mediatek Dimensity 8300 8c 3.35 Ghz \/ 8gb Ram Ddr5 \/ 256gb \/ 12.7 3k 2944x1840 \/ 4 Bocinas Jbl \/ Camaras 13mp\/8mp \/ Luna Grey\/android 14\/ 1yr Cs + Env\u00edo a domicilio + Pago seguro + Garant\u00eda\" \/>\n<meta property=\"og:url\" content=\"https:\/\/compuviper.mx\/tienda\/producto\/lenovo-zae40158mx-idea-tablet-pro-con-teclado-y-pluma-tb373fu-mediatek-dimensity-8300-8c-3-35-ghz-8gb-ram-ddr5-256gb-12-7-3k-2944x1840-4-bocinas-jbl-camaras-13mp-8mp-luna-grey-android\/\" \/>\n<meta property=\"og:site_name\" content=\"Compuviper\" \/>\n<meta property=\"article:publisher\" content=\"https:\/\/www.facebook.com\/compuviper\" \/>\n<meta property=\"og:image\" content=\"https:\/\/compuviper.mx\/tienda\/wp-content\/uploads\/2025\/10\/Lenovo-idea-tablet-pro-con-teclado-y-pluma-tb373fu-mediatek-dimensity-8300-8c-3.35-ghz-8gb-ram-ddr5-256gb-12.7-3k-2944x1840-4-bocinas-jbl-camaras-13mp8mp-luna-greyandroid-14-1yr-cs.jpg\" \/>\n\t<meta property=\"og:image:width\" content=\"200\" \/>\n\t<meta property=\"og:image:height\" content=\"200\" \/>\n\t<meta property=\"og:image:type\" content=\"image\/jpeg\" \/>\n<meta name=\"twitter:card\" content=\"summary_large_image\" \/>\n<meta name=\"twitter:label1\" content=\"Precio\" \/>\n\t<meta name=\"twitter:data1\" content=\"&#36;10,665 &#36;9,501 con IVA\" \/>\n\t<meta name=\"twitter:label2\" content=\"Availability\" \/>\n\t<meta name=\"twitter:data2\" content=\"In stock\" \/>\n<script type=\"application\/ld+json\" class=\"yoast-schema-graph\">{\"@context\":\"https:\/\/schema.org\",\"@graph\":[{\"@type\":\"WebPage\",\"@id\":\"https:\/\/compuviper.mx\/tienda\/producto\/lenovo-zae40158mx-idea-tablet-pro-con-teclado-y-pluma-tb373fu-mediatek-dimensity-8300-8c-3-35-ghz-8gb-ram-ddr5-256gb-12-7-3k-2944x1840-4-bocinas-jbl-camaras-13mp-8mp-luna-grey-android\/\",\"url\":\"https:\/\/compuviper.mx\/tienda\/producto\/lenovo-zae40158mx-idea-tablet-pro-con-teclado-y-pluma-tb373fu-mediatek-dimensity-8300-8c-3-35-ghz-8gb-ram-ddr5-256gb-12-7-3k-2944x1840-4-bocinas-jbl-camaras-13mp-8mp-luna-grey-android\/\",\"name\":\"[ Lenovo ] &#129351; Zae40158mx Idea Tablet Pro Con Teclado Y Pluma \/ Tb373fu \/ Mediatek Dimensity 8300 8c 3.35 Ghz \/ 8gb Ram Ddr5 \/ 256gb \/ 12.7 3k 2944x1840 \/ 4 Bocinas Jbl \/ Camaras 13mp\/8mp \/ Luna Grey\/android 14\/ 1yr Cs\",\"isPartOf\":{\"@id\":\"https:\/\/compuviper.mx\/tienda\/#website\"},\"datePublished\":\"2026-04-21T07:25:09+00:00\",\"dateModified\":\"2026-04-21T07:25:09+00:00\",\"description\":\"Compra Zae40158mx Idea Tablet Pro Con Teclado Y Pluma \/ Tb373fu \/ Mediatek Dimensity 8300 8c 3.35 Ghz \/ 8gb Ram Ddr5 \/ 256gb \/ 12.7 3k 2944x1840 \/ 4 Bocinas Jbl \/ Camaras 13mp\/8mp \/ Luna Grey\/android 14\/ 1yr Cs + Env\u00edo a domicilio + Pago seguro + Garant\u00eda\",\"breadcrumb\":{\"@id\":\"https:\/\/compuviper.mx\/tienda\/producto\/lenovo-zae40158mx-idea-tablet-pro-con-teclado-y-pluma-tb373fu-mediatek-dimensity-8300-8c-3-35-ghz-8gb-ram-ddr5-256gb-12-7-3k-2944x1840-4-bocinas-jbl-camaras-13mp-8mp-luna-grey-android\/#breadcrumb\"},\"inLanguage\":\"es-MX\",\"potentialAction\":[{\"@type\":\"ReadAction\",\"target\":[\"https:\/\/compuviper.mx\/tienda\/producto\/lenovo-zae40158mx-idea-tablet-pro-con-teclado-y-pluma-tb373fu-mediatek-dimensity-8300-8c-3-35-ghz-8gb-ram-ddr5-256gb-12-7-3k-2944x1840-4-bocinas-jbl-camaras-13mp-8mp-luna-grey-android\/\"]}]},{\"@type\":\"BreadcrumbList\",\"@id\":\"https:\/\/compuviper.mx\/tienda\/producto\/lenovo-zae40158mx-idea-tablet-pro-con-teclado-y-pluma-tb373fu-mediatek-dimensity-8300-8c-3-35-ghz-8gb-ram-ddr5-256gb-12-7-3k-2944x1840-4-bocinas-jbl-camaras-13mp-8mp-luna-grey-android\/#breadcrumb\",\"itemListElement\":[{\"@type\":\"ListItem\",\"position\":1,\"name\":\"Inicio\",\"item\":\"https:\/\/compuviper.mx\/tienda\/\"},{\"@type\":\"ListItem\",\"position\":2,\"name\":\"Productos\",\"item\":\"https:\/\/compuviper.mx\/tienda\/productos\/\"},{\"@type\":\"ListItem\",\"position\":3,\"name\":\"Tabletas\",\"item\":\"https:\/\/compuviper.mx\/tienda\/categoria-producto\/tabletas\/\"},{\"@type\":\"ListItem\",\"position\":4,\"name\":\"Mediatek\",\"item\":\"https:\/\/compuviper.mx\/tienda\/categoria-producto\/tabletas\/mediatek\/\"},{\"@type\":\"ListItem\",\"position\":5,\"name\":\"Lenovo Zae40158mx Idea Tablet Pro Con Teclado Y Pluma \/ Tb373fu \/ Mediatek Dimensity 8300 8c 3.35 Ghz \/ 8gb Ram Ddr5 \/ 256gb \/ 12.7 3k 2944&#215;1840 \/ 4 Bocinas Jbl \/ Camaras 13mp\/8mp \/ Luna Grey\/android 14\/ 1yr Cs\"}]},{\"@type\":\"WebSite\",\"@id\":\"https:\/\/compuviper.mx\/tienda\/#website\",\"url\":\"https:\/\/compuviper.mx\/tienda\/\",\"name\":\"Compuviper\",\"description\":\"Proveedor de Computadoras, Laptops, Servidores, Monitores, Puntos de Venta, Teclados,   Impresoras, T\u00f3ner, C\u00e1maras de Seguridad y m\u00e1s en tu tienda en l\u00ednea\",\"publisher\":{\"@id\":\"https:\/\/compuviper.mx\/tienda\/#organization\"},\"potentialAction\":[{\"@type\":\"SearchAction\",\"target\":{\"@type\":\"EntryPoint\",\"urlTemplate\":\"https:\/\/compuviper.mx\/tienda\/?s={search_term_string}\"},\"query-input\":\"required name=search_term_string\"}],\"inLanguage\":\"es-MX\"},{\"@type\":\"Organization\",\"@id\":\"https:\/\/compuviper.mx\/tienda\/#organization\",\"name\":\"Compuviper\",\"url\":\"https:\/\/compuviper.mx\/tienda\/\",\"logo\":{\"@type\":\"ImageObject\",\"inLanguage\":\"es-MX\",\"@id\":\"https:\/\/compuviper.mx\/tienda\/#\/schema\/logo\/image\/\",\"url\":\"https:\/\/compuviper.mx\/tienda\/wp-content\/uploads\/2021\/08\/Logo-Compuviper-10.png\",\"contentUrl\":\"https:\/\/compuviper.mx\/tienda\/wp-content\/uploads\/2021\/08\/Logo-Compuviper-10.png\",\"width\":1000,\"height\":500,\"caption\":\"Compuviper\"},\"image\":{\"@id\":\"https:\/\/compuviper.mx\/tienda\/#\/schema\/logo\/image\/\"},\"sameAs\":[\"https:\/\/www.facebook.com\/compuviper\",\"https:\/\/www.youtube.com\/channel\/UCf73dERp9Y3cfOq7q8BhLjA?view_as=subscriber\"]}]}<\/script>\n<meta property=\"product:brand\" content=\"LENOVO\" \/>\n<meta property=\"product:price:amount\" content=\"9501\" \/>\n<meta property=\"product:price:currency\" content=\"MXN\" \/>\n<meta property=\"og:availability\" content=\"instock\" \/>\n<meta property=\"product:availability\" content=\"instock\" \/>\n<meta property=\"product:retailer_item_id\" content=\"ZAE40158MX\" \/>\n<meta property=\"product:condition\" content=\"new\" \/>\n<!-- \/ Yoast SEO plugin. -->","yoast_head_json":{"title":"[ Lenovo ] &#129351; Zae40158mx Idea Tablet Pro Con Teclado Y Pluma \/ Tb373fu \/ Mediatek Dimensity 8300 8c 3.35 Ghz \/ 8gb Ram Ddr5 \/ 256gb \/ 12.7 3k 2944x1840 \/ 4 Bocinas Jbl \/ Camaras 13mp\/8mp \/ Luna Grey\/android 14\/ 1yr Cs","description":"Compra Zae40158mx Idea Tablet Pro Con Teclado Y Pluma \/ Tb373fu \/ Mediatek Dimensity 8300 8c 3.35 Ghz \/ 8gb Ram Ddr5 \/ 256gb \/ 12.7 3k 2944x1840 \/ 4 Bocinas Jbl \/ Camaras 13mp\/8mp \/ Luna Grey\/android 14\/ 1yr Cs + Env\u00edo a domicilio + Pago seguro + Garant\u00eda","robots":{"index":"index","follow":"follow","max-snippet":"max-snippet:-1","max-image-preview":"max-image-preview:large","max-video-preview":"max-video-preview:-1"},"canonical":"https:\/\/compuviper.mx\/tienda\/producto\/lenovo-zae40158mx-idea-tablet-pro-con-teclado-y-pluma-tb373fu-mediatek-dimensity-8300-8c-3-35-ghz-8gb-ram-ddr5-256gb-12-7-3k-2944x1840-4-bocinas-jbl-camaras-13mp-8mp-luna-grey-android\/","og_locale":"es_MX","og_type":"article","og_title":"[ Lenovo ] &#129351; Zae40158mx Idea Tablet Pro Con Teclado Y Pluma \/ Tb373fu \/ Mediatek Dimensity 8300 8c 3.35 Ghz \/ 8gb Ram Ddr5 \/ 256gb \/ 12.7 3k 2944x1840 \/ 4 Bocinas Jbl \/ Camaras 13mp\/8mp \/ Luna Grey\/android 14\/ 1yr Cs","og_description":"Compra Zae40158mx Idea Tablet Pro Con Teclado Y Pluma \/ Tb373fu \/ Mediatek Dimensity 8300 8c 3.35 Ghz \/ 8gb Ram Ddr5 \/ 256gb \/ 12.7 3k 2944x1840 \/ 4 Bocinas Jbl \/ Camaras 13mp\/8mp \/ Luna Grey\/android 14\/ 1yr Cs + Env\u00edo a domicilio + Pago seguro + Garant\u00eda","og_url":"https:\/\/compuviper.mx\/tienda\/producto\/lenovo-zae40158mx-idea-tablet-pro-con-teclado-y-pluma-tb373fu-mediatek-dimensity-8300-8c-3-35-ghz-8gb-ram-ddr5-256gb-12-7-3k-2944x1840-4-bocinas-jbl-camaras-13mp-8mp-luna-grey-android\/","og_site_name":"Compuviper","article_publisher":"https:\/\/www.facebook.com\/compuviper","og_image":[{"width":200,"height":200,"url":"https:\/\/compuviper.mx\/tienda\/wp-content\/uploads\/2025\/10\/Lenovo-idea-tablet-pro-con-teclado-y-pluma-tb373fu-mediatek-dimensity-8300-8c-3.35-ghz-8gb-ram-ddr5-256gb-12.7-3k-2944x1840-4-bocinas-jbl-camaras-13mp8mp-luna-greyandroid-14-1yr-cs.jpg","type":"image\/jpeg"}],"twitter_card":"summary_large_image","twitter_misc":{"Precio":"&#36;10,665 &#36;9,501 con IVA","Availability":"In stock"},"schema":{"@context":"https:\/\/schema.org","@graph":[{"@type":"WebPage","@id":"https:\/\/compuviper.mx\/tienda\/producto\/lenovo-zae40158mx-idea-tablet-pro-con-teclado-y-pluma-tb373fu-mediatek-dimensity-8300-8c-3-35-ghz-8gb-ram-ddr5-256gb-12-7-3k-2944x1840-4-bocinas-jbl-camaras-13mp-8mp-luna-grey-android\/","url":"https:\/\/compuviper.mx\/tienda\/producto\/lenovo-zae40158mx-idea-tablet-pro-con-teclado-y-pluma-tb373fu-mediatek-dimensity-8300-8c-3-35-ghz-8gb-ram-ddr5-256gb-12-7-3k-2944x1840-4-bocinas-jbl-camaras-13mp-8mp-luna-grey-android\/","name":"[ Lenovo ] &#129351; Zae40158mx Idea Tablet Pro Con Teclado Y Pluma \/ Tb373fu \/ Mediatek Dimensity 8300 8c 3.35 Ghz \/ 8gb Ram Ddr5 \/ 256gb \/ 12.7 3k 2944x1840 \/ 4 Bocinas Jbl \/ Camaras 13mp\/8mp \/ Luna Grey\/android 14\/ 1yr Cs","isPartOf":{"@id":"https:\/\/compuviper.mx\/tienda\/#website"},"datePublished":"2026-04-21T07:25:09+00:00","dateModified":"2026-04-21T07:25:09+00:00","description":"Compra Zae40158mx Idea Tablet Pro Con Teclado Y Pluma \/ Tb373fu \/ Mediatek Dimensity 8300 8c 3.35 Ghz \/ 8gb Ram Ddr5 \/ 256gb \/ 12.7 3k 2944x1840 \/ 4 Bocinas Jbl \/ Camaras 13mp\/8mp \/ Luna Grey\/android 14\/ 1yr Cs + Env\u00edo a domicilio + Pago seguro + Garant\u00eda","breadcrumb":{"@id":"https:\/\/compuviper.mx\/tienda\/producto\/lenovo-zae40158mx-idea-tablet-pro-con-teclado-y-pluma-tb373fu-mediatek-dimensity-8300-8c-3-35-ghz-8gb-ram-ddr5-256gb-12-7-3k-2944x1840-4-bocinas-jbl-camaras-13mp-8mp-luna-grey-android\/#breadcrumb"},"inLanguage":"es-MX","potentialAction":[{"@type":"ReadAction","target":["https:\/\/compuviper.mx\/tienda\/producto\/lenovo-zae40158mx-idea-tablet-pro-con-teclado-y-pluma-tb373fu-mediatek-dimensity-8300-8c-3-35-ghz-8gb-ram-ddr5-256gb-12-7-3k-2944x1840-4-bocinas-jbl-camaras-13mp-8mp-luna-grey-android\/"]}]},{"@type":"BreadcrumbList","@id":"https:\/\/compuviper.mx\/tienda\/producto\/lenovo-zae40158mx-idea-tablet-pro-con-teclado-y-pluma-tb373fu-mediatek-dimensity-8300-8c-3-35-ghz-8gb-ram-ddr5-256gb-12-7-3k-2944x1840-4-bocinas-jbl-camaras-13mp-8mp-luna-grey-android\/#breadcrumb","itemListElement":[{"@type":"ListItem","position":1,"name":"Inicio","item":"https:\/\/compuviper.mx\/tienda\/"},{"@type":"ListItem","position":2,"name":"Productos","item":"https:\/\/compuviper.mx\/tienda\/productos\/"},{"@type":"ListItem","position":3,"name":"Tabletas","item":"https:\/\/compuviper.mx\/tienda\/categoria-producto\/tabletas\/"},{"@type":"ListItem","position":4,"name":"Mediatek","item":"https:\/\/compuviper.mx\/tienda\/categoria-producto\/tabletas\/mediatek\/"},{"@type":"ListItem","position":5,"name":"Lenovo Zae40158mx Idea Tablet Pro Con Teclado Y Pluma \/ Tb373fu \/ Mediatek Dimensity 8300 8c 3.35 Ghz \/ 8gb Ram Ddr5 \/ 256gb \/ 12.7 3k 2944&#215;1840 \/ 4 Bocinas Jbl \/ Camaras 13mp\/8mp \/ Luna Grey\/android 14\/ 1yr Cs"}]},{"@type":"WebSite","@id":"https:\/\/compuviper.mx\/tienda\/#website","url":"https:\/\/compuviper.mx\/tienda\/","name":"Compuviper","description":"Proveedor de Computadoras, Laptops, Servidores, Monitores, Puntos de Venta, Teclados,   Impresoras, T\u00f3ner, C\u00e1maras de Seguridad y m\u00e1s en tu tienda en l\u00ednea","publisher":{"@id":"https:\/\/compuviper.mx\/tienda\/#organization"},"potentialAction":[{"@type":"SearchAction","target":{"@type":"EntryPoint","urlTemplate":"https:\/\/compuviper.mx\/tienda\/?s={search_term_string}"},"query-input":"required name=search_term_string"}],"inLanguage":"es-MX"},{"@type":"Organization","@id":"https:\/\/compuviper.mx\/tienda\/#organization","name":"Compuviper","url":"https:\/\/compuviper.mx\/tienda\/","logo":{"@type":"ImageObject","inLanguage":"es-MX","@id":"https:\/\/compuviper.mx\/tienda\/#\/schema\/logo\/image\/","url":"https:\/\/compuviper.mx\/tienda\/wp-content\/uploads\/2021\/08\/Logo-Compuviper-10.png","contentUrl":"https:\/\/compuviper.mx\/tienda\/wp-content\/uploads\/2021\/08\/Logo-Compuviper-10.png","width":1000,"height":500,"caption":"Compuviper"},"image":{"@id":"https:\/\/compuviper.mx\/tienda\/#\/schema\/logo\/image\/"},"sameAs":["https:\/\/www.facebook.com\/compuviper","https:\/\/www.youtube.com\/channel\/UCf73dERp9Y3cfOq7q8BhLjA?view_as=subscriber"]}]},"product_brand":"LENOVO","product_price_amount":"9501","product_price_currency":"MXN","og_availability":"instock","product_availability":"instock","product_retailer_item_id":"ZAE40158MX","product_condition":"new"},"_links":{"self":[{"href":"https:\/\/compuviper.mx\/tienda\/wp-json\/wp\/v2\/product\/251765"}],"collection":[{"href":"https:\/\/compuviper.mx\/tienda\/wp-json\/wp\/v2\/product"}],"about":[{"href":"https:\/\/compuviper.mx\/tienda\/wp-json\/wp\/v2\/types\/product"}],"replies":[{"embeddable":true,"href":"https:\/\/compuviper.mx\/tienda\/wp-json\/wp\/v2\/comments?post=251765"}],"wp:featuredmedia":[{"embeddable":true,"href":"https:\/\/compuviper.mx\/tienda\/wp-json\/wp\/v2\/media\/260290"}],"wp:attachment":[{"href":"https:\/\/compuviper.mx\/tienda\/wp-json\/wp\/v2\/media?parent=251765"}],"wp:term":[{"taxonomy":"product_cat","embeddable":true,"href":"https:\/\/compuviper.mx\/tienda\/wp-json\/wp\/v2\/product_cat?post=251765"},{"taxonomy":"product_tag","embeddable":true,"href":"https:\/\/compuviper.mx\/tienda\/wp-json\/wp\/v2\/product_tag?post=251765"}],"curies":[{"name":"wp","href":"https:\/\/api.w.org\/{rel}","templated":true}]}}