{"id":251721,"date":"2026-04-18T01:14:26","date_gmt":"2026-04-18T07:14:26","guid":{"rendered":"https:\/\/compuviper.mx\/tienda\/producto\/manhattan-208222-splitter-switch-hdmi-4k60hz-3-entradas-compacto-negro\/"},"modified":"2026-04-18T01:14:26","modified_gmt":"2026-04-18T07:14:26","slug":"manhattan-208222-splitter-switch-hdmi-4k60hz-3-entradas-compacto-negro","status":"publish","type":"product","link":"https:\/\/compuviper.mx\/tienda\/producto\/manhattan-208222-splitter-switch-hdmi-4k60hz-3-entradas-compacto-negro\/","title":{"rendered":"Manhattan 208222 Splitter\/\/\/switch Hdmi 4k@60hz, 3 Entradas Compacto Negro"},"content":{"rendered":"<table class=\"descripcion\">\n<tr>\n<td>Est\u00e1ndares y certificaciones<\/td>\n<\/tr>\n<tr>\n<td>Hdmi 2.0<\/td>\n<\/tr>\n<tr>\n<td>Hdcp 2.2<\/td>\n<\/tr>\n<tr>\n<td>Ce<\/td>\n<\/tr>\n<tr>\n<td>Comisi\u00f3n federal de comunicaciones (fcc)<\/td>\n<\/tr>\n<tr>\n<td>Rohs<\/td>\n<\/tr>\n<tr>\n<td>Alcanzar<\/td>\n<\/tr>\n<tr>\n<td>General de ukca<\/td>\n<\/tr>\n<tr>\n<td>Resoluciones compatibles: 480p\/576i\/576p\/720p\/1080i\/1080p\/4k@60hz<\/td>\n<\/tr>\n<tr>\n<td>Ancho de banda de v\u00eddeo m\u00e1ximo: 18 gbps \/ 600 mhz<\/td>\n<\/tr>\n<tr>\n<td>Consumo de energ\u00eda: 5,0 w (m\u00e1x.)<\/td>\n<\/tr>\n<tr>\n<td>Transmisi\u00f3n: unidireccional<\/td>\n<\/tr>\n<tr>\n<td>Conexiones\/botones<\/td>\n<\/tr>\n<tr>\n<td>Cuatro hdmi hembra de 19 pines (tres entradas, una salida)<\/td>\n<\/tr>\n<tr>\n<td>Un puerto usb-c de 24 pines para la entrada de alimentaci\u00f3n de 5.0 v cc \/ 1.0 a (entrada)<\/td>\n<\/tr>\n<tr>\n<td>Un bot\u00f3n de selecci\u00f3n<\/td>\n<\/tr>\n<tr>\n<td>De datos f\u00edsicos.<\/td>\n<\/tr>\n<tr>\n<td>Dimensiones (l x an x a): 112 x 56 x 14 mm (4,41 x 2,2 x 0,55 pulgadas)<\/td>\n<\/tr>\n<tr>\n<td>Peso neto: 128 g (0.28 lbs.)<\/td>\n<\/tr>\n<tr>\n<td>Peso bruto: 280 g (0.62 lbs.)<\/td>\n<\/tr>\n<tr>\n<td>Carcasa: metal<\/td>\n<\/tr>\n<tr>\n<td>Entorno de funcionamiento<\/td>\n<\/tr>\n<tr>\n<td>Temperatura de funcionamiento: 0 &#8211; 70\u00b0c (32 &#8211; 158\u00b0f)<\/td>\n<\/tr>\n<tr>\n<td>Temperatura de almacenamiento: -20 &#8211; 80\u00b0c (-4 &#8211; 176\u00b0f)<\/td>\n<\/tr>\n<tr>\n<td>Humedad (sin condensaci\u00f3n) 5 &#8211; 90%<\/td>\n<\/tr>\n<tr>\n<td>Contenido del paquete<\/td>\n<\/tr>\n<tr>\n<td>Conmutador hdmi de 3 puertos 4k<\/td>\n<\/tr>\n<tr>\n<td>Cable de alimentaci\u00f3n usb-c a usb-a, 1m<\/td>\n<\/tr>\n<tr>\n<td>Control remoto por infrarrojos (requiere dos pilas aaa, no incluidas)<\/td>\n<\/tr>\n<tr>\n<td>Instrucciones<\/td>\n<\/tr>\n<\/table>\n","protected":false},"excerpt":{"rendered":"<p>\u0095 permite cambiar entre tres se\u00f1ales de fuente de audio\/v\u00eddeo hdmi en una sola pantalla. \u0095 resoluciones de hasta ultra alta definici\u00f3n (uhd) 4k@60hz (3840\u00d72160. \u0095 cambia de manera autom\u00e1tica a la fuente reci\u00e9n conectada, con la opci\u00f3n de cambio manual mediante mando a distancia por infrarrojos o pulsando un bot\u00f3n del switch hdmi. \u0095 alto rango din\u00e1mico (hdr) para un contraste superior y colores brillantes. \u0095 compatible con dolby vision\u0099 y dolby atmos\u00ae. \u0095 contactos chapados en oro para conexiones sin corrosi\u00f3n. \u0095 submuestreo de croma 4:4:4. \u0095 hasta 18 gbps de ancho de banda total con 6 gbps por canal a 600 mhz. \u0095 totalmente compatible con pantallas 4k@30hz, 1080p y 720p. \u0095 color profundo de 36 bits (12 bits por canal. \u0095 admitir v\u00eddeo 3d. \u0095 admite audio comprimido dts-hd master audio, audio sin comprimir lpcm de 8 canales (sonido envolvente 7.1) y dolby truehd, as\u00ed como audio de 32 canales. \u0095 compatible con todos los dispositivos hdmi: pantallas de tv, proyectores, monitores, port\u00e1tiles, pc, receptores av, reproductores de streaming, consolas de videojuegos, playstation\u00ae (ps4\/ps5), xbox\u00ae (one\/series s\/series x), reproductores blu-ray y muchos m\u00e1s. \u0095 instalaci\u00f3n plug and play, sin necesidad de configuraci\u00f3n. \u0095 totalmente compatible con hdcp 2.2, compatible con versiones anteriores. \u0095 robusta carcasa met\u00e1lica para una m\u00e1xima durabilidad. \u0095 bases de goma antideslizantes para el escritorio. \u0095 3 a\u00f1os de garant\u00eda* (*consulte el tiempo de garant\u00eda en su ciudad o pa\u00eds)<\/p>\n","protected":false},"featured_media":260142,"comment_status":"open","ping_status":"open","template":"","meta":[],"product_cat":[1563,1564],"product_tag":[1487],"acf":[],"yoast_head":"<!-- This site is optimized with the Yoast SEO plugin v21.7 - https:\/\/yoast.com\/wordpress\/plugins\/seo\/ -->\n<title>[ Manhattan ] &#129351; 208222 Splitter\/\/\/switch Hdmi 4k@60hz, 3 Entradas Compacto Negro<\/title>\n<meta name=\"description\" content=\"Compra 208222 Splitter\/\/\/switch Hdmi 4k@60hz, 3 Entradas Compacto Negro + Env\u00edo a domicilio + Pago seguro + Garant\u00eda\" \/>\n<meta name=\"robots\" content=\"index, follow, max-snippet:-1, max-image-preview:large, max-video-preview:-1\" \/>\n<link rel=\"canonical\" href=\"https:\/\/compuviper.mx\/tienda\/producto\/manhattan-208222-splitter-switch-hdmi-4k60hz-3-entradas-compacto-negro\/\" \/>\n<meta property=\"og:locale\" content=\"es_MX\" \/>\n<meta property=\"og:type\" content=\"article\" \/>\n<meta property=\"og:title\" content=\"[ Manhattan ] &#129351; 208222 Splitter\/\/\/switch Hdmi 4k@60hz, 3 Entradas Compacto Negro\" \/>\n<meta property=\"og:description\" content=\"Compra 208222 Splitter\/\/\/switch Hdmi 4k@60hz, 3 Entradas Compacto Negro + Env\u00edo a domicilio + Pago seguro + Garant\u00eda\" \/>\n<meta property=\"og:url\" content=\"https:\/\/compuviper.mx\/tienda\/producto\/manhattan-208222-splitter-switch-hdmi-4k60hz-3-entradas-compacto-negro\/\" \/>\n<meta property=\"og:site_name\" content=\"Compuviper\" \/>\n<meta property=\"article:publisher\" content=\"https:\/\/www.facebook.com\/compuviper\" \/>\n<meta property=\"og:image\" content=\"https:\/\/compuviper.mx\/tienda\/wp-content\/uploads\/2025\/10\/Splittermanhattan208222switch-hdmi-4k@60hz-3-entradas-compacto-negro.jpg\" \/>\n\t<meta property=\"og:image:width\" content=\"200\" \/>\n\t<meta property=\"og:image:height\" content=\"200\" \/>\n\t<meta property=\"og:image:type\" content=\"image\/jpeg\" \/>\n<meta name=\"twitter:card\" content=\"summary_large_image\" \/>\n<meta name=\"twitter:label1\" content=\"Precio\" \/>\n\t<meta name=\"twitter:data1\" content=\"&#36;528 con IVA\" \/>\n\t<meta name=\"twitter:label2\" content=\"Availability\" \/>\n\t<meta name=\"twitter:data2\" content=\"Out of stock\" \/>\n<script type=\"application\/ld+json\" class=\"yoast-schema-graph\">{\"@context\":\"https:\/\/schema.org\",\"@graph\":[{\"@type\":\"WebPage\",\"@id\":\"https:\/\/compuviper.mx\/tienda\/producto\/manhattan-208222-splitter-switch-hdmi-4k60hz-3-entradas-compacto-negro\/\",\"url\":\"https:\/\/compuviper.mx\/tienda\/producto\/manhattan-208222-splitter-switch-hdmi-4k60hz-3-entradas-compacto-negro\/\",\"name\":\"[ Manhattan ] &#129351; 208222 Splitter\/\/\/switch Hdmi 4k@60hz, 3 Entradas Compacto Negro\",\"isPartOf\":{\"@id\":\"https:\/\/compuviper.mx\/tienda\/#website\"},\"datePublished\":\"2026-04-18T07:14:26+00:00\",\"dateModified\":\"2026-04-18T07:14:26+00:00\",\"description\":\"Compra 208222 Splitter\/\/\/switch Hdmi 4k@60hz, 3 Entradas Compacto Negro + Env\u00edo a domicilio + Pago seguro + Garant\u00eda\",\"breadcrumb\":{\"@id\":\"https:\/\/compuviper.mx\/tienda\/producto\/manhattan-208222-splitter-switch-hdmi-4k60hz-3-entradas-compacto-negro\/#breadcrumb\"},\"inLanguage\":\"es-MX\",\"potentialAction\":[{\"@type\":\"ReadAction\",\"target\":[\"https:\/\/compuviper.mx\/tienda\/producto\/manhattan-208222-splitter-switch-hdmi-4k60hz-3-entradas-compacto-negro\/\"]}]},{\"@type\":\"BreadcrumbList\",\"@id\":\"https:\/\/compuviper.mx\/tienda\/producto\/manhattan-208222-splitter-switch-hdmi-4k60hz-3-entradas-compacto-negro\/#breadcrumb\",\"itemListElement\":[{\"@type\":\"ListItem\",\"position\":1,\"name\":\"Inicio\",\"item\":\"https:\/\/compuviper.mx\/tienda\/\"},{\"@type\":\"ListItem\",\"position\":2,\"name\":\"Productos\",\"item\":\"https:\/\/compuviper.mx\/tienda\/productos\/\"},{\"@type\":\"ListItem\",\"position\":3,\"name\":\"Redes\",\"item\":\"https:\/\/compuviper.mx\/tienda\/categoria-producto\/redes\/\"},{\"@type\":\"ListItem\",\"position\":4,\"name\":\"Switch\",\"item\":\"https:\/\/compuviper.mx\/tienda\/categoria-producto\/redes\/switch\/\"},{\"@type\":\"ListItem\",\"position\":5,\"name\":\"Manhattan 208222 Splitter\/\/\/switch Hdmi 4k@60hz, 3 Entradas Compacto Negro\"}]},{\"@type\":\"WebSite\",\"@id\":\"https:\/\/compuviper.mx\/tienda\/#website\",\"url\":\"https:\/\/compuviper.mx\/tienda\/\",\"name\":\"Compuviper\",\"description\":\"Proveedor de Computadoras, Laptops, Servidores, Monitores, Puntos de Venta, Teclados,   Impresoras, T\u00f3ner, C\u00e1maras de Seguridad y m\u00e1s en tu tienda en l\u00ednea\",\"publisher\":{\"@id\":\"https:\/\/compuviper.mx\/tienda\/#organization\"},\"potentialAction\":[{\"@type\":\"SearchAction\",\"target\":{\"@type\":\"EntryPoint\",\"urlTemplate\":\"https:\/\/compuviper.mx\/tienda\/?s={search_term_string}\"},\"query-input\":\"required name=search_term_string\"}],\"inLanguage\":\"es-MX\"},{\"@type\":\"Organization\",\"@id\":\"https:\/\/compuviper.mx\/tienda\/#organization\",\"name\":\"Compuviper\",\"url\":\"https:\/\/compuviper.mx\/tienda\/\",\"logo\":{\"@type\":\"ImageObject\",\"inLanguage\":\"es-MX\",\"@id\":\"https:\/\/compuviper.mx\/tienda\/#\/schema\/logo\/image\/\",\"url\":\"https:\/\/compuviper.mx\/tienda\/wp-content\/uploads\/2021\/08\/Logo-Compuviper-10.png\",\"contentUrl\":\"https:\/\/compuviper.mx\/tienda\/wp-content\/uploads\/2021\/08\/Logo-Compuviper-10.png\",\"width\":1000,\"height\":500,\"caption\":\"Compuviper\"},\"image\":{\"@id\":\"https:\/\/compuviper.mx\/tienda\/#\/schema\/logo\/image\/\"},\"sameAs\":[\"https:\/\/www.facebook.com\/compuviper\",\"https:\/\/www.youtube.com\/channel\/UCf73dERp9Y3cfOq7q8BhLjA?view_as=subscriber\"]}]}<\/script>\n<meta property=\"product:brand\" content=\"MANHATTAN\" \/>\n<meta property=\"product:price:amount\" content=\"528\" \/>\n<meta property=\"product:price:currency\" content=\"MXN\" \/>\n<meta property=\"og:availability\" content=\"out of stock\" \/>\n<meta property=\"product:availability\" content=\"out of stock\" \/>\n<meta property=\"product:retailer_item_id\" content=\"208222\" \/>\n<meta property=\"product:condition\" content=\"new\" \/>\n<!-- \/ Yoast SEO plugin. -->","yoast_head_json":{"title":"[ Manhattan ] &#129351; 208222 Splitter\/\/\/switch Hdmi 4k@60hz, 3 Entradas Compacto Negro","description":"Compra 208222 Splitter\/\/\/switch Hdmi 4k@60hz, 3 Entradas Compacto Negro + Env\u00edo a domicilio + Pago seguro + Garant\u00eda","robots":{"index":"index","follow":"follow","max-snippet":"max-snippet:-1","max-image-preview":"max-image-preview:large","max-video-preview":"max-video-preview:-1"},"canonical":"https:\/\/compuviper.mx\/tienda\/producto\/manhattan-208222-splitter-switch-hdmi-4k60hz-3-entradas-compacto-negro\/","og_locale":"es_MX","og_type":"article","og_title":"[ Manhattan ] &#129351; 208222 Splitter\/\/\/switch Hdmi 4k@60hz, 3 Entradas Compacto Negro","og_description":"Compra 208222 Splitter\/\/\/switch Hdmi 4k@60hz, 3 Entradas Compacto Negro + Env\u00edo a domicilio + Pago seguro + Garant\u00eda","og_url":"https:\/\/compuviper.mx\/tienda\/producto\/manhattan-208222-splitter-switch-hdmi-4k60hz-3-entradas-compacto-negro\/","og_site_name":"Compuviper","article_publisher":"https:\/\/www.facebook.com\/compuviper","og_image":[{"width":200,"height":200,"url":"https:\/\/compuviper.mx\/tienda\/wp-content\/uploads\/2025\/10\/Splittermanhattan208222switch-hdmi-4k@60hz-3-entradas-compacto-negro.jpg","type":"image\/jpeg"}],"twitter_card":"summary_large_image","twitter_misc":{"Precio":"&#36;528 con IVA","Availability":"Out of stock"},"schema":{"@context":"https:\/\/schema.org","@graph":[{"@type":"WebPage","@id":"https:\/\/compuviper.mx\/tienda\/producto\/manhattan-208222-splitter-switch-hdmi-4k60hz-3-entradas-compacto-negro\/","url":"https:\/\/compuviper.mx\/tienda\/producto\/manhattan-208222-splitter-switch-hdmi-4k60hz-3-entradas-compacto-negro\/","name":"[ Manhattan ] &#129351; 208222 Splitter\/\/\/switch Hdmi 4k@60hz, 3 Entradas Compacto Negro","isPartOf":{"@id":"https:\/\/compuviper.mx\/tienda\/#website"},"datePublished":"2026-04-18T07:14:26+00:00","dateModified":"2026-04-18T07:14:26+00:00","description":"Compra 208222 Splitter\/\/\/switch Hdmi 4k@60hz, 3 Entradas Compacto Negro + Env\u00edo a domicilio + Pago seguro + Garant\u00eda","breadcrumb":{"@id":"https:\/\/compuviper.mx\/tienda\/producto\/manhattan-208222-splitter-switch-hdmi-4k60hz-3-entradas-compacto-negro\/#breadcrumb"},"inLanguage":"es-MX","potentialAction":[{"@type":"ReadAction","target":["https:\/\/compuviper.mx\/tienda\/producto\/manhattan-208222-splitter-switch-hdmi-4k60hz-3-entradas-compacto-negro\/"]}]},{"@type":"BreadcrumbList","@id":"https:\/\/compuviper.mx\/tienda\/producto\/manhattan-208222-splitter-switch-hdmi-4k60hz-3-entradas-compacto-negro\/#breadcrumb","itemListElement":[{"@type":"ListItem","position":1,"name":"Inicio","item":"https:\/\/compuviper.mx\/tienda\/"},{"@type":"ListItem","position":2,"name":"Productos","item":"https:\/\/compuviper.mx\/tienda\/productos\/"},{"@type":"ListItem","position":3,"name":"Redes","item":"https:\/\/compuviper.mx\/tienda\/categoria-producto\/redes\/"},{"@type":"ListItem","position":4,"name":"Switch","item":"https:\/\/compuviper.mx\/tienda\/categoria-producto\/redes\/switch\/"},{"@type":"ListItem","position":5,"name":"Manhattan 208222 Splitter\/\/\/switch Hdmi 4k@60hz, 3 Entradas Compacto Negro"}]},{"@type":"WebSite","@id":"https:\/\/compuviper.mx\/tienda\/#website","url":"https:\/\/compuviper.mx\/tienda\/","name":"Compuviper","description":"Proveedor de Computadoras, Laptops, Servidores, Monitores, Puntos de Venta, Teclados,   Impresoras, T\u00f3ner, C\u00e1maras de Seguridad y m\u00e1s en tu tienda en l\u00ednea","publisher":{"@id":"https:\/\/compuviper.mx\/tienda\/#organization"},"potentialAction":[{"@type":"SearchAction","target":{"@type":"EntryPoint","urlTemplate":"https:\/\/compuviper.mx\/tienda\/?s={search_term_string}"},"query-input":"required name=search_term_string"}],"inLanguage":"es-MX"},{"@type":"Organization","@id":"https:\/\/compuviper.mx\/tienda\/#organization","name":"Compuviper","url":"https:\/\/compuviper.mx\/tienda\/","logo":{"@type":"ImageObject","inLanguage":"es-MX","@id":"https:\/\/compuviper.mx\/tienda\/#\/schema\/logo\/image\/","url":"https:\/\/compuviper.mx\/tienda\/wp-content\/uploads\/2021\/08\/Logo-Compuviper-10.png","contentUrl":"https:\/\/compuviper.mx\/tienda\/wp-content\/uploads\/2021\/08\/Logo-Compuviper-10.png","width":1000,"height":500,"caption":"Compuviper"},"image":{"@id":"https:\/\/compuviper.mx\/tienda\/#\/schema\/logo\/image\/"},"sameAs":["https:\/\/www.facebook.com\/compuviper","https:\/\/www.youtube.com\/channel\/UCf73dERp9Y3cfOq7q8BhLjA?view_as=subscriber"]}]},"product_brand":"MANHATTAN","product_price_amount":"528","product_price_currency":"MXN","og_availability":"out of stock","product_availability":"out of stock","product_retailer_item_id":"208222","product_condition":"new"},"_links":{"self":[{"href":"https:\/\/compuviper.mx\/tienda\/wp-json\/wp\/v2\/product\/251721"}],"collection":[{"href":"https:\/\/compuviper.mx\/tienda\/wp-json\/wp\/v2\/product"}],"about":[{"href":"https:\/\/compuviper.mx\/tienda\/wp-json\/wp\/v2\/types\/product"}],"replies":[{"embeddable":true,"href":"https:\/\/compuviper.mx\/tienda\/wp-json\/wp\/v2\/comments?post=251721"}],"wp:featuredmedia":[{"embeddable":true,"href":"https:\/\/compuviper.mx\/tienda\/wp-json\/wp\/v2\/media\/260142"}],"wp:attachment":[{"href":"https:\/\/compuviper.mx\/tienda\/wp-json\/wp\/v2\/media?parent=251721"}],"wp:term":[{"taxonomy":"product_cat","embeddable":true,"href":"https:\/\/compuviper.mx\/tienda\/wp-json\/wp\/v2\/product_cat?post=251721"},{"taxonomy":"product_tag","embeddable":true,"href":"https:\/\/compuviper.mx\/tienda\/wp-json\/wp\/v2\/product_tag?post=251721"}],"curies":[{"name":"wp","href":"https:\/\/api.w.org\/{rel}","templated":true}]}}