{"id":251317,"date":"2026-04-22T00:38:26","date_gmt":"2026-04-22T06:38:26","guid":{"rendered":"https:\/\/compuviper.mx\/tienda\/producto\/ghia-gsom3-lector-de-codigos-de-barras-omnidireccional-2d-usb-compatible-con-qr\/"},"modified":"2026-04-22T00:38:27","modified_gmt":"2026-04-22T06:38:27","slug":"ghia-gsom3-lector-de-codigos-de-barras-omnidireccional-2d-usb-compatible-con-qr","status":"publish","type":"product","link":"https:\/\/compuviper.mx\/tienda\/producto\/ghia-gsom3-lector-de-codigos-de-barras-omnidireccional-2d-usb-compatible-con-qr\/","title":{"rendered":"Ghia Gsom3 Lector De Codigos De Barras  Omnidireccional 2d, Usb. Compatible Con Qr"},"content":{"rendered":"<table class=\"descripcion\">\n<tr>\n<td>Informacin tcnica:<\/td>\n<\/tr>\n<tr>\n<td>2d<\/td>\n<\/tr>\n<tr>\n<td>Tipo de escaneo: omnidireccional<\/td>\n<\/tr>\n<tr>\n<td>Fuente de luz: led blanca<\/td>\n<\/tr>\n<tr>\n<td>Modos de escaneo: continuo y autom\u00e1tico<\/td>\n<\/tr>\n<tr>\n<td>Velocidad de escaneo: 60fps<\/td>\n<\/tr>\n<tr>\n<td>Profundidad de escaneo: 0-10mm @13mil ean, pcs=90<\/td>\n<\/tr>\n<tr>\n<td>Precisin de escaneo:  3mil.<\/td>\n<\/tr>\n<tr>\n<td>Interfaz: usb<\/td>\n<\/tr>\n<tr>\n<td>Medidas: 110mm x 100mm x 150mm<\/td>\n<\/tr>\n<tr>\n<td>Longitud del cable: 1.8m<\/td>\n<\/tr>\n<tr>\n<td>Voltaje : 5v cc<\/td>\n<\/tr>\n<tr>\n<td>Consumo:  200ma<\/td>\n<\/tr>\n<tr>\n<td>Capacidad de decodificacin<\/td>\n<\/tr>\n<tr>\n<td>1d: ucodabar, code39, code32, interleaved 2 of 5, industrial 2 of 5, matrix 2 of 5, code93, code128,<\/td>\n<\/tr>\n<tr>\n<td>Gs1-128, upc-a, upc-e, ean 8, ean 13, gs1 databarrss14, gs1 databar limited, gs1 databar expanded<\/td>\n<\/tr>\n<tr>\n<td>2d: pdf417, micro pdf417, qr code, micro qr, data matrix, aztec code, maxicode, han xin code.<\/td>\n<\/tr>\n<\/table>\n","protected":false},"excerpt":{"rendered":"<p>Lleva tu negocio al futuro con el lector ghia de cdigos. Haz que tu tiempo rinda al mximo capturando la informacin de tus productos de forma sencilla y mantn un control de tus ventas e inventario. Lectura en milisegundos, inclusive en condiciones de bajo contraste y cdigos daados. Luz led suave e inteligente que protege tus ojos. Plug and play, no necesitas ningn programa o aplicacin. Slo conctalo mediante cable usb a tu pc y comienza trabajar, los datos se envan inmediatamente a cualquier software, hoja de clculo, etc. Para un mejor control de las ventas de tu negocio, agrega un cajn de dinero, terminal de punto de venta y miniprinter de la lnea de punto de venta ghia.<\/p>\n","protected":false},"featured_media":259795,"comment_status":"open","ping_status":"open","template":"","meta":[],"product_cat":[1722,1721],"product_tag":[1548],"acf":[],"yoast_head":"<!-- This site is optimized with the Yoast SEO plugin v21.7 - https:\/\/yoast.com\/wordpress\/plugins\/seo\/ -->\n<title>[ Ghia ] &#129351; Gsom3 Lector De Codigos De Barras Omnidireccional 2d, Usb. Compatible Con Qr<\/title>\n<meta name=\"description\" content=\"Compra Gsom3 Lector De Codigos De Barras Omnidireccional 2d, Usb. Compatible Con Qr + Env\u00edo a domicilio + Pago seguro + Garant\u00eda\" \/>\n<meta name=\"robots\" content=\"index, follow, max-snippet:-1, max-image-preview:large, max-video-preview:-1\" \/>\n<link rel=\"canonical\" href=\"https:\/\/compuviper.mx\/tienda\/producto\/ghia-gsom3-lector-de-codigos-de-barras-omnidireccional-2d-usb-compatible-con-qr\/\" \/>\n<meta property=\"og:locale\" content=\"es_MX\" \/>\n<meta property=\"og:type\" content=\"article\" \/>\n<meta property=\"og:title\" content=\"[ Ghia ] &#129351; Gsom3 Lector De Codigos De Barras Omnidireccional 2d, Usb. Compatible Con Qr\" \/>\n<meta property=\"og:description\" content=\"Compra Gsom3 Lector De Codigos De Barras Omnidireccional 2d, Usb. Compatible Con Qr + Env\u00edo a domicilio + Pago seguro + Garant\u00eda\" \/>\n<meta property=\"og:url\" content=\"https:\/\/compuviper.mx\/tienda\/producto\/ghia-gsom3-lector-de-codigos-de-barras-omnidireccional-2d-usb-compatible-con-qr\/\" \/>\n<meta property=\"og:site_name\" content=\"Compuviper\" \/>\n<meta property=\"article:publisher\" content=\"https:\/\/www.facebook.com\/compuviper\" \/>\n<meta property=\"article:modified_time\" content=\"2026-04-22T06:38:27+00:00\" \/>\n<meta property=\"og:image\" content=\"https:\/\/compuviper.mx\/tienda\/wp-content\/uploads\/2025\/10\/Lector-de-codigos-de-barras-ghia-omnidireccional-2d-usb.-compatible-con-qr.jpg\" \/>\n\t<meta property=\"og:image:width\" content=\"200\" \/>\n\t<meta property=\"og:image:height\" content=\"200\" \/>\n\t<meta property=\"og:image:type\" content=\"image\/jpeg\" \/>\n<meta name=\"twitter:card\" content=\"summary_large_image\" \/>\n<meta name=\"twitter:label1\" content=\"Precio\" \/>\n\t<meta name=\"twitter:data1\" content=\"&#36;939 con IVA\" \/>\n\t<meta name=\"twitter:label2\" content=\"Availability\" \/>\n\t<meta name=\"twitter:data2\" content=\"In stock\" \/>\n<script type=\"application\/ld+json\" class=\"yoast-schema-graph\">{\"@context\":\"https:\/\/schema.org\",\"@graph\":[{\"@type\":\"WebPage\",\"@id\":\"https:\/\/compuviper.mx\/tienda\/producto\/ghia-gsom3-lector-de-codigos-de-barras-omnidireccional-2d-usb-compatible-con-qr\/\",\"url\":\"https:\/\/compuviper.mx\/tienda\/producto\/ghia-gsom3-lector-de-codigos-de-barras-omnidireccional-2d-usb-compatible-con-qr\/\",\"name\":\"[ Ghia ] &#129351; Gsom3 Lector De Codigos De Barras Omnidireccional 2d, Usb. Compatible Con Qr\",\"isPartOf\":{\"@id\":\"https:\/\/compuviper.mx\/tienda\/#website\"},\"datePublished\":\"2026-04-22T06:38:26+00:00\",\"dateModified\":\"2026-04-22T06:38:27+00:00\",\"description\":\"Compra Gsom3 Lector De Codigos De Barras Omnidireccional 2d, Usb. Compatible Con Qr + Env\u00edo a domicilio + Pago seguro + Garant\u00eda\",\"breadcrumb\":{\"@id\":\"https:\/\/compuviper.mx\/tienda\/producto\/ghia-gsom3-lector-de-codigos-de-barras-omnidireccional-2d-usb-compatible-con-qr\/#breadcrumb\"},\"inLanguage\":\"es-MX\",\"potentialAction\":[{\"@type\":\"ReadAction\",\"target\":[\"https:\/\/compuviper.mx\/tienda\/producto\/ghia-gsom3-lector-de-codigos-de-barras-omnidireccional-2d-usb-compatible-con-qr\/\"]}]},{\"@type\":\"BreadcrumbList\",\"@id\":\"https:\/\/compuviper.mx\/tienda\/producto\/ghia-gsom3-lector-de-codigos-de-barras-omnidireccional-2d-usb-compatible-con-qr\/#breadcrumb\",\"itemListElement\":[{\"@type\":\"ListItem\",\"position\":1,\"name\":\"Inicio\",\"item\":\"https:\/\/compuviper.mx\/tienda\/\"},{\"@type\":\"ListItem\",\"position\":2,\"name\":\"Productos\",\"item\":\"https:\/\/compuviper.mx\/tienda\/productos\/\"},{\"@type\":\"ListItem\",\"position\":3,\"name\":\"Lector De Codigos\",\"item\":\"https:\/\/compuviper.mx\/tienda\/categoria-producto\/lector-de-codigos\/\"},{\"@type\":\"ListItem\",\"position\":4,\"name\":\"Imager\",\"item\":\"https:\/\/compuviper.mx\/tienda\/categoria-producto\/lector-de-codigos\/imager\/\"},{\"@type\":\"ListItem\",\"position\":5,\"name\":\"Ghia Gsom3 Lector De Codigos De Barras Omnidireccional 2d, Usb. Compatible Con Qr\"}]},{\"@type\":\"WebSite\",\"@id\":\"https:\/\/compuviper.mx\/tienda\/#website\",\"url\":\"https:\/\/compuviper.mx\/tienda\/\",\"name\":\"Compuviper\",\"description\":\"Proveedor de Computadoras, Laptops, Servidores, Monitores, Puntos de Venta, Teclados,   Impresoras, T\u00f3ner, C\u00e1maras de Seguridad y m\u00e1s en tu tienda en l\u00ednea\",\"publisher\":{\"@id\":\"https:\/\/compuviper.mx\/tienda\/#organization\"},\"potentialAction\":[{\"@type\":\"SearchAction\",\"target\":{\"@type\":\"EntryPoint\",\"urlTemplate\":\"https:\/\/compuviper.mx\/tienda\/?s={search_term_string}\"},\"query-input\":\"required name=search_term_string\"}],\"inLanguage\":\"es-MX\"},{\"@type\":\"Organization\",\"@id\":\"https:\/\/compuviper.mx\/tienda\/#organization\",\"name\":\"Compuviper\",\"url\":\"https:\/\/compuviper.mx\/tienda\/\",\"logo\":{\"@type\":\"ImageObject\",\"inLanguage\":\"es-MX\",\"@id\":\"https:\/\/compuviper.mx\/tienda\/#\/schema\/logo\/image\/\",\"url\":\"https:\/\/compuviper.mx\/tienda\/wp-content\/uploads\/2021\/08\/Logo-Compuviper-10.png\",\"contentUrl\":\"https:\/\/compuviper.mx\/tienda\/wp-content\/uploads\/2021\/08\/Logo-Compuviper-10.png\",\"width\":1000,\"height\":500,\"caption\":\"Compuviper\"},\"image\":{\"@id\":\"https:\/\/compuviper.mx\/tienda\/#\/schema\/logo\/image\/\"},\"sameAs\":[\"https:\/\/www.facebook.com\/compuviper\",\"https:\/\/www.youtube.com\/channel\/UCf73dERp9Y3cfOq7q8BhLjA?view_as=subscriber\"]}]}<\/script>\n<meta property=\"product:brand\" content=\"GHIA\" \/>\n<meta property=\"product:price:amount\" content=\"939\" \/>\n<meta property=\"product:price:currency\" content=\"MXN\" \/>\n<meta property=\"og:availability\" content=\"instock\" \/>\n<meta property=\"product:availability\" content=\"instock\" \/>\n<meta property=\"product:retailer_item_id\" content=\"GSOM3\" \/>\n<meta property=\"product:condition\" content=\"new\" \/>\n<!-- \/ Yoast SEO plugin. -->","yoast_head_json":{"title":"[ Ghia ] &#129351; Gsom3 Lector De Codigos De Barras Omnidireccional 2d, Usb. Compatible Con Qr","description":"Compra Gsom3 Lector De Codigos De Barras Omnidireccional 2d, Usb. Compatible Con Qr + Env\u00edo a domicilio + Pago seguro + Garant\u00eda","robots":{"index":"index","follow":"follow","max-snippet":"max-snippet:-1","max-image-preview":"max-image-preview:large","max-video-preview":"max-video-preview:-1"},"canonical":"https:\/\/compuviper.mx\/tienda\/producto\/ghia-gsom3-lector-de-codigos-de-barras-omnidireccional-2d-usb-compatible-con-qr\/","og_locale":"es_MX","og_type":"article","og_title":"[ Ghia ] &#129351; Gsom3 Lector De Codigos De Barras Omnidireccional 2d, Usb. Compatible Con Qr","og_description":"Compra Gsom3 Lector De Codigos De Barras Omnidireccional 2d, Usb. Compatible Con Qr + Env\u00edo a domicilio + Pago seguro + Garant\u00eda","og_url":"https:\/\/compuviper.mx\/tienda\/producto\/ghia-gsom3-lector-de-codigos-de-barras-omnidireccional-2d-usb-compatible-con-qr\/","og_site_name":"Compuviper","article_publisher":"https:\/\/www.facebook.com\/compuviper","article_modified_time":"2026-04-22T06:38:27+00:00","og_image":[{"width":200,"height":200,"url":"https:\/\/compuviper.mx\/tienda\/wp-content\/uploads\/2025\/10\/Lector-de-codigos-de-barras-ghia-omnidireccional-2d-usb.-compatible-con-qr.jpg","type":"image\/jpeg"}],"twitter_card":"summary_large_image","twitter_misc":{"Precio":"&#36;939 con IVA","Availability":"In stock"},"schema":{"@context":"https:\/\/schema.org","@graph":[{"@type":"WebPage","@id":"https:\/\/compuviper.mx\/tienda\/producto\/ghia-gsom3-lector-de-codigos-de-barras-omnidireccional-2d-usb-compatible-con-qr\/","url":"https:\/\/compuviper.mx\/tienda\/producto\/ghia-gsom3-lector-de-codigos-de-barras-omnidireccional-2d-usb-compatible-con-qr\/","name":"[ Ghia ] &#129351; Gsom3 Lector De Codigos De Barras Omnidireccional 2d, Usb. Compatible Con Qr","isPartOf":{"@id":"https:\/\/compuviper.mx\/tienda\/#website"},"datePublished":"2026-04-22T06:38:26+00:00","dateModified":"2026-04-22T06:38:27+00:00","description":"Compra Gsom3 Lector De Codigos De Barras Omnidireccional 2d, Usb. Compatible Con Qr + Env\u00edo a domicilio + Pago seguro + Garant\u00eda","breadcrumb":{"@id":"https:\/\/compuviper.mx\/tienda\/producto\/ghia-gsom3-lector-de-codigos-de-barras-omnidireccional-2d-usb-compatible-con-qr\/#breadcrumb"},"inLanguage":"es-MX","potentialAction":[{"@type":"ReadAction","target":["https:\/\/compuviper.mx\/tienda\/producto\/ghia-gsom3-lector-de-codigos-de-barras-omnidireccional-2d-usb-compatible-con-qr\/"]}]},{"@type":"BreadcrumbList","@id":"https:\/\/compuviper.mx\/tienda\/producto\/ghia-gsom3-lector-de-codigos-de-barras-omnidireccional-2d-usb-compatible-con-qr\/#breadcrumb","itemListElement":[{"@type":"ListItem","position":1,"name":"Inicio","item":"https:\/\/compuviper.mx\/tienda\/"},{"@type":"ListItem","position":2,"name":"Productos","item":"https:\/\/compuviper.mx\/tienda\/productos\/"},{"@type":"ListItem","position":3,"name":"Lector De Codigos","item":"https:\/\/compuviper.mx\/tienda\/categoria-producto\/lector-de-codigos\/"},{"@type":"ListItem","position":4,"name":"Imager","item":"https:\/\/compuviper.mx\/tienda\/categoria-producto\/lector-de-codigos\/imager\/"},{"@type":"ListItem","position":5,"name":"Ghia Gsom3 Lector De Codigos De Barras Omnidireccional 2d, Usb. Compatible Con Qr"}]},{"@type":"WebSite","@id":"https:\/\/compuviper.mx\/tienda\/#website","url":"https:\/\/compuviper.mx\/tienda\/","name":"Compuviper","description":"Proveedor de Computadoras, Laptops, Servidores, Monitores, Puntos de Venta, Teclados,   Impresoras, T\u00f3ner, C\u00e1maras de Seguridad y m\u00e1s en tu tienda en l\u00ednea","publisher":{"@id":"https:\/\/compuviper.mx\/tienda\/#organization"},"potentialAction":[{"@type":"SearchAction","target":{"@type":"EntryPoint","urlTemplate":"https:\/\/compuviper.mx\/tienda\/?s={search_term_string}"},"query-input":"required name=search_term_string"}],"inLanguage":"es-MX"},{"@type":"Organization","@id":"https:\/\/compuviper.mx\/tienda\/#organization","name":"Compuviper","url":"https:\/\/compuviper.mx\/tienda\/","logo":{"@type":"ImageObject","inLanguage":"es-MX","@id":"https:\/\/compuviper.mx\/tienda\/#\/schema\/logo\/image\/","url":"https:\/\/compuviper.mx\/tienda\/wp-content\/uploads\/2021\/08\/Logo-Compuviper-10.png","contentUrl":"https:\/\/compuviper.mx\/tienda\/wp-content\/uploads\/2021\/08\/Logo-Compuviper-10.png","width":1000,"height":500,"caption":"Compuviper"},"image":{"@id":"https:\/\/compuviper.mx\/tienda\/#\/schema\/logo\/image\/"},"sameAs":["https:\/\/www.facebook.com\/compuviper","https:\/\/www.youtube.com\/channel\/UCf73dERp9Y3cfOq7q8BhLjA?view_as=subscriber"]}]},"product_brand":"GHIA","product_price_amount":"939","product_price_currency":"MXN","og_availability":"instock","product_availability":"instock","product_retailer_item_id":"GSOM3","product_condition":"new"},"_links":{"self":[{"href":"https:\/\/compuviper.mx\/tienda\/wp-json\/wp\/v2\/product\/251317"}],"collection":[{"href":"https:\/\/compuviper.mx\/tienda\/wp-json\/wp\/v2\/product"}],"about":[{"href":"https:\/\/compuviper.mx\/tienda\/wp-json\/wp\/v2\/types\/product"}],"replies":[{"embeddable":true,"href":"https:\/\/compuviper.mx\/tienda\/wp-json\/wp\/v2\/comments?post=251317"}],"wp:featuredmedia":[{"embeddable":true,"href":"https:\/\/compuviper.mx\/tienda\/wp-json\/wp\/v2\/media\/259795"}],"wp:attachment":[{"href":"https:\/\/compuviper.mx\/tienda\/wp-json\/wp\/v2\/media?parent=251317"}],"wp:term":[{"taxonomy":"product_cat","embeddable":true,"href":"https:\/\/compuviper.mx\/tienda\/wp-json\/wp\/v2\/product_cat?post=251317"},{"taxonomy":"product_tag","embeddable":true,"href":"https:\/\/compuviper.mx\/tienda\/wp-json\/wp\/v2\/product_tag?post=251317"}],"curies":[{"name":"wp","href":"https:\/\/api.w.org\/{rel}","templated":true}]}}