{"id":251018,"date":"2026-04-23T00:15:26","date_gmt":"2026-04-23T06:15:26","guid":{"rendered":"https:\/\/compuviper.mx\/tienda\/producto\/imou-ipc-s7un-11m0wed-camara-ip-ipc-s7un-1-cruiser-triple-11-mp-7-2-lentes-de-3-mp-y-uno-de-5mp-wifi-h-264-microfono-bocina-integrada-ir-de-3o-metros-sirena-lente-de-3-6-mm-full\/"},"modified":"2026-04-23T00:15:26","modified_gmt":"2026-04-23T06:15:26","slug":"imou-ipc-s7un-11m0wed-camara-ip-ipc-s7un-1-cruiser-triple-11-mp-7-2-lentes-de-3-mp-y-uno-de-5mp-wifi-h-264-microfono-bocina-integrada-ir-de-3o-metros-sirena-lente-de-3-6-mm-fullcol","status":"publish","type":"product","link":"https:\/\/compuviper.mx\/tienda\/producto\/imou-ipc-s7un-11m0wed-camara-ip-ipc-s7un-1-cruiser-triple-11-mp-7-2-lentes-de-3-mp-y-uno-de-5mp-wifi-h-264-microfono-bocina-integrada-ir-de-3o-metros-sirena-lente-de-3-6-mm-fullcol\/","title":{"rendered":"Imou Ipc-s7un-11m0wed Camara Ip \/  \/ipc-s7un-1 \/ Cruiser Triple 11 Mp 7 2 Lentes De 3 Mp Y Uno De 5mp \/ Wifi \/ H.264 \/ Microfono Bocina Integrada \/ Ir De 3o Metros \/ Sirena \/ Lente De 3.6 Mm \/ Fullcolor \/ Ranu"},"content":{"rendered":"<table class=\"descripcion\">\n<tr>\n<td>C\u00e1mara<\/td>\n<\/tr>\n<tr>\n<td>3mp (2304&#215;1296)<\/td>\n<\/tr>\n<tr>\n<td>Visi\u00f3n nocturna: 30 m (98 pies) de distancia<\/td>\n<\/tr>\n<tr>\n<td>Lente fija de 3,6 mm.<\/td>\n<\/tr>\n<tr>\n<td>V\u00eddeo y audio<\/td>\n<\/tr>\n<tr>\n<td>Gesti\u00f3n de avisos<\/td>\n<\/tr>\n<tr>\n<td>Compresi\u00f3n de v\u00eddeo: h.265\/h.264<\/td>\n<\/tr>\n<tr>\n<td>Velocidad de fotogramas de 15 fps<\/td>\n<\/tr>\n<tr>\n<td>Zoom digital de 8x<\/td>\n<\/tr>\n<tr>\n<td>Micr\u00f3fono y altavoz incorporados<\/td>\n<\/tr>\n<tr>\n<td>Detecci\u00f3n de movimiento<\/td>\n<\/tr>\n<tr>\n<td>&#8211; 1x c\u00e1mara<\/td>\n<\/tr>\n<tr>\n<td>&#8211; 1x gu\u00eda de inicio r\u00e1pido<\/td>\n<\/tr>\n<tr>\n<td>&#8211; 1x plantilla de montaje<\/td>\n<\/tr>\n<tr>\n<td>Red<\/td>\n<\/tr>\n<tr>\n<td>Wi-fi 6: ieee802.11 b\/g\/n\/ax<\/td>\n<\/tr>\n<tr>\n<td>Interfaz auxiliar<\/td>\n<\/tr>\n<tr>\n<td>Dos ranuras para tarjetas micro sd (capacidad de almacenamiento total de hasta 1024g)<\/td>\n<\/tr>\n<tr>\n<td>Bot\u00f3n de reinicio<\/td>\n<\/tr>\n<tr>\n<td>General<\/td>\n<\/tr>\n<tr>\n<td>Fuente de alimentaci\u00f3n cc 12v1.5a<\/td>\n<\/tr>\n<tr>\n<td>Consumo de energ\u00eda:  18w<\/td>\n<\/tr>\n<tr>\n<td>Ambiente de trabajo: -30\u00b0c~+50\u00b0c, menos del 95%rh<\/td>\n<\/tr>\n<tr>\n<td>Rev 001.001http:\/\/www.imoulife.com<\/td>\n<\/tr>\n<tr>\n<td>1 puerto ethernet de 100mbps<\/td>\n<\/tr>\n<tr>\n<td>Aplicaci\u00f3n imou: ios, android<\/td>\n<\/tr>\n<tr>\n<td>&#8211; 1x adaptador de corriente<\/td>\n<\/tr>\n<tr>\n<td>Material: pl\u00e1stico<\/td>\n<\/tr>\n<tr>\n<td>Detecci\u00f3n humana<\/td>\n<\/tr>\n<tr>\n<td>Detecci\u00f3n de veh\u00edculos<\/td>\n<\/tr>\n<tr>\n<td>Detecci\u00f3n de intrusi\u00f3n (humano\/veh\u00edculo)<\/td>\n<\/tr>\n<tr>\n<td>Detecci\u00f3n de cruce de l\u00ednea (humano\/veh\u00edculo)<\/td>\n<\/tr>\n<tr>\n<td>Habilitar detecci\u00f3n de ausencia<\/td>\n<\/tr>\n<tr>\n<td>Actualizando continuamente&#8230;<\/td>\n<\/tr>\n<tr>\n<td>Cmos progresivo de 1\/2,8\u0094 y 3 megap\u00edxeles<\/td>\n<\/tr>\n<tr>\n<td>Campo de visi\u00f3n: 87\u00b0(h), 47\u00b0(v), 106\u00b0(d)<\/td>\n<\/tr>\n<tr>\n<td>&#8211; 1x conector impermeable<\/td>\n<\/tr>\n<tr>\n<td>Audio bidireccional<\/td>\n<\/tr>\n<tr>\n<td>Micr\u00f3fono y altavoz incorporados<\/td>\n<\/tr>\n<tr>\n<td>&#8211; 1x paquete de tornillos y anclajes<\/td>\n<\/tr>\n<tr>\n<td>Dimensiones: 161,19 \u00d7 126,18 \u00d7 202,2 mm (6,35 \u00d7 4,97 \u00d7 7,96 pulgadas)<\/td>\n<\/tr>\n<tr>\n<td>Peso: 650,4 g (1,43 libras)<\/td>\n<\/tr>\n<tr>\n<td>Ce<\/td>\n<\/tr>\n<tr>\n<td>Lente fija:<\/td>\n<\/tr>\n<tr>\n<td>5mp (2880&#215;1620)<\/td>\n<\/tr>\n<tr>\n<td>Visi\u00f3n nocturna: 30 m (98 pies) de distancia<\/td>\n<\/tr>\n<tr>\n<td>Lente fija de 6 mm<\/td>\n<\/tr>\n<tr>\n<td>Cmos progresivo de 1\/3,06\u0094 y 5 megap\u00edxeles<\/td>\n<\/tr>\n<tr>\n<td>Campo de visi\u00f3n: 51\u00b0(h), 28\u00b0(v),60\u00b0(d)<\/td>\n<\/tr>\n<tr>\n<td> 0~355\u00b0pan y 0~90\u00b0inclinaci\u00f3n<\/td>\n<\/tr>\n<tr>\n<td>Lente de giro e inclinaci\u00f3n:<\/td>\n<\/tr>\n<tr>\n<td>Ir a jugar:<\/td>\n<\/tr>\n<tr>\n<td>4 iluminadores integrados (cada uno combina capacidades de foco e infrarrojos)<\/td>\n<\/tr>\n<tr>\n<td>2 luces de advertencia rojas y azules.<\/td>\n<\/tr>\n<tr>\n<td>4 iluminadores integrados (cada uno combina capacidades de foco e infrarrojos)<\/td>\n<\/tr>\n<\/table>\n","protected":false},"excerpt":{"rendered":"<p>Cruiser triple 11mp tiene tres lentes (dos lentes fijas de 3mp y una lente pt de 5mp), dos lentes fijas brindan un campo amplio. De visi\u00f3n, y la lente pt puede rastrear el objetivo y proporcionar m\u00e1s detalles. La lente pt admite ajuste de \u00e1ngulo motorizado. Desde 0~355\u00b0 de giro y 0~90\u00b0 de inclinaci\u00f3n; cruiser triple garantiza que cada rinc\u00f3n de su hogar est\u00e9 completamente cubierto. Es compatible con ambos. Luz de advertencia roja-azul y foco activado por movimiento para una disuasi\u00f3n m\u00e1s fuerte. Con foco incorporado y seguridad. Sirena, el cruiser triple admite dos ranuras para tarjetas sd y modo aor, lo que ahorra mucho espacio de almacenamiento. Es compatible. Plataforma de algoritmos de desarrollo propio de imou: aigo play, donde los algoritmos se actualizan continuamente y son m\u00faltiples. Se pueden descargar algoritmos para satisfacer las necesidades de diferentes escenarios de uso.<\/p>\n","protected":false},"featured_media":259407,"comment_status":"open","ping_status":"open","template":"","meta":[],"product_cat":[1608,1681],"product_tag":[2118],"acf":[],"yoast_head":"<!-- This site is optimized with the Yoast SEO plugin v21.7 - https:\/\/yoast.com\/wordpress\/plugins\/seo\/ -->\n<title>[ Imou ] &#129351; Ipc-s7un-11m0wed Camara Ip \/ \/ipc-s7un-1 \/ Cruiser Triple 11 Mp 7 2 Lentes De 3 Mp Y Uno De 5mp \/ Wifi \/ H.264 \/ Microfono Bocina Integrada \/ Ir De 3o Metros \/ Sirena \/ Lente De 3.6 Mm \/ Fullcolor \/ Ranu<\/title>\n<meta name=\"description\" content=\"Compra Ipc-s7un-11m0wed Camara Ip \/ \/ipc-s7un-1 \/ Cruiser Triple 11 Mp 7 2 Lentes De 3 Mp Y Uno De 5mp \/ Wifi \/ H.264 \/ Microfono Bocina Integrada \/ Ir De 3o Metros \/ Sirena \/ Lente De 3.6 Mm \/ Fullcolor \/ Ranu + Env\u00edo a domicilio + Pago seguro + Garant\u00eda\" \/>\n<meta name=\"robots\" content=\"index, follow, max-snippet:-1, max-image-preview:large, max-video-preview:-1\" \/>\n<link rel=\"canonical\" href=\"https:\/\/compuviper.mx\/tienda\/producto\/imou-ipc-s7un-11m0wed-camara-ip-ipc-s7un-1-cruiser-triple-11-mp-7-2-lentes-de-3-mp-y-uno-de-5mp-wifi-h-264-microfono-bocina-integrada-ir-de-3o-metros-sirena-lente-de-3-6-mm-fullcol\/\" \/>\n<meta property=\"og:locale\" content=\"es_MX\" \/>\n<meta property=\"og:type\" content=\"article\" \/>\n<meta property=\"og:title\" content=\"[ Imou ] &#129351; Ipc-s7un-11m0wed Camara Ip \/ \/ipc-s7un-1 \/ Cruiser Triple 11 Mp 7 2 Lentes De 3 Mp Y Uno De 5mp \/ Wifi \/ H.264 \/ Microfono Bocina Integrada \/ Ir De 3o Metros \/ Sirena \/ Lente De 3.6 Mm \/ Fullcolor \/ Ranu\" \/>\n<meta property=\"og:description\" content=\"Compra Ipc-s7un-11m0wed Camara Ip \/ \/ipc-s7un-1 \/ Cruiser Triple 11 Mp 7 2 Lentes De 3 Mp Y Uno De 5mp \/ Wifi \/ H.264 \/ Microfono Bocina Integrada \/ Ir De 3o Metros \/ Sirena \/ Lente De 3.6 Mm \/ Fullcolor \/ Ranu + Env\u00edo a domicilio + Pago seguro + Garant\u00eda\" \/>\n<meta property=\"og:url\" content=\"https:\/\/compuviper.mx\/tienda\/producto\/imou-ipc-s7un-11m0wed-camara-ip-ipc-s7un-1-cruiser-triple-11-mp-7-2-lentes-de-3-mp-y-uno-de-5mp-wifi-h-264-microfono-bocina-integrada-ir-de-3o-metros-sirena-lente-de-3-6-mm-fullcol\/\" \/>\n<meta property=\"og:site_name\" content=\"Compuviper\" \/>\n<meta property=\"article:publisher\" content=\"https:\/\/www.facebook.com\/compuviper\" \/>\n<meta property=\"og:image\" content=\"https:\/\/compuviper.mx\/tienda\/wp-content\/uploads\/2025\/10\/Camara-ip-imou-ipc-s7un-1-cruiser-triple-11-mp-7-2-lentes-de-3-mp-y-uno-de-5mp-wifi-h.264-microfono-bocina-integrada-ir-de-3o-metros-sirena-lente-de-3.6-mm-fullcolor-ranu.jpg\" \/>\n\t<meta property=\"og:image:width\" content=\"200\" \/>\n\t<meta property=\"og:image:height\" content=\"200\" \/>\n\t<meta property=\"og:image:type\" content=\"image\/jpeg\" \/>\n<meta name=\"twitter:card\" content=\"summary_large_image\" \/>\n<meta name=\"twitter:label1\" content=\"Precio\" \/>\n\t<meta name=\"twitter:data1\" content=\"&#36;1,280 con IVA\" \/>\n\t<meta name=\"twitter:label2\" content=\"Availability\" \/>\n\t<meta name=\"twitter:data2\" content=\"Out of stock\" \/>\n<script type=\"application\/ld+json\" class=\"yoast-schema-graph\">{\"@context\":\"https:\/\/schema.org\",\"@graph\":[{\"@type\":\"WebPage\",\"@id\":\"https:\/\/compuviper.mx\/tienda\/producto\/imou-ipc-s7un-11m0wed-camara-ip-ipc-s7un-1-cruiser-triple-11-mp-7-2-lentes-de-3-mp-y-uno-de-5mp-wifi-h-264-microfono-bocina-integrada-ir-de-3o-metros-sirena-lente-de-3-6-mm-fullcol\/\",\"url\":\"https:\/\/compuviper.mx\/tienda\/producto\/imou-ipc-s7un-11m0wed-camara-ip-ipc-s7un-1-cruiser-triple-11-mp-7-2-lentes-de-3-mp-y-uno-de-5mp-wifi-h-264-microfono-bocina-integrada-ir-de-3o-metros-sirena-lente-de-3-6-mm-fullcol\/\",\"name\":\"[ Imou ] &#129351; Ipc-s7un-11m0wed Camara Ip \/ \/ipc-s7un-1 \/ Cruiser Triple 11 Mp 7 2 Lentes De 3 Mp Y Uno De 5mp \/ Wifi \/ H.264 \/ Microfono Bocina Integrada \/ Ir De 3o Metros \/ Sirena \/ Lente De 3.6 Mm \/ Fullcolor \/ Ranu\",\"isPartOf\":{\"@id\":\"https:\/\/compuviper.mx\/tienda\/#website\"},\"datePublished\":\"2026-04-23T06:15:26+00:00\",\"dateModified\":\"2026-04-23T06:15:26+00:00\",\"description\":\"Compra Ipc-s7un-11m0wed Camara Ip \/ \/ipc-s7un-1 \/ Cruiser Triple 11 Mp 7 2 Lentes De 3 Mp Y Uno De 5mp \/ Wifi \/ H.264 \/ Microfono Bocina Integrada \/ Ir De 3o Metros \/ Sirena \/ Lente De 3.6 Mm \/ Fullcolor \/ Ranu + Env\u00edo a domicilio + Pago seguro + Garant\u00eda\",\"breadcrumb\":{\"@id\":\"https:\/\/compuviper.mx\/tienda\/producto\/imou-ipc-s7un-11m0wed-camara-ip-ipc-s7un-1-cruiser-triple-11-mp-7-2-lentes-de-3-mp-y-uno-de-5mp-wifi-h-264-microfono-bocina-integrada-ir-de-3o-metros-sirena-lente-de-3-6-mm-fullcol\/#breadcrumb\"},\"inLanguage\":\"es-MX\",\"potentialAction\":[{\"@type\":\"ReadAction\",\"target\":[\"https:\/\/compuviper.mx\/tienda\/producto\/imou-ipc-s7un-11m0wed-camara-ip-ipc-s7un-1-cruiser-triple-11-mp-7-2-lentes-de-3-mp-y-uno-de-5mp-wifi-h-264-microfono-bocina-integrada-ir-de-3o-metros-sirena-lente-de-3-6-mm-fullcol\/\"]}]},{\"@type\":\"BreadcrumbList\",\"@id\":\"https:\/\/compuviper.mx\/tienda\/producto\/imou-ipc-s7un-11m0wed-camara-ip-ipc-s7un-1-cruiser-triple-11-mp-7-2-lentes-de-3-mp-y-uno-de-5mp-wifi-h-264-microfono-bocina-integrada-ir-de-3o-metros-sirena-lente-de-3-6-mm-fullcol\/#breadcrumb\",\"itemListElement\":[{\"@type\":\"ListItem\",\"position\":1,\"name\":\"Inicio\",\"item\":\"https:\/\/compuviper.mx\/tienda\/\"},{\"@type\":\"ListItem\",\"position\":2,\"name\":\"Productos\",\"item\":\"https:\/\/compuviper.mx\/tienda\/productos\/\"},{\"@type\":\"ListItem\",\"position\":3,\"name\":\"Camaras\",\"item\":\"https:\/\/compuviper.mx\/tienda\/categoria-producto\/camaras-2\/\"},{\"@type\":\"ListItem\",\"position\":4,\"name\":\"Camara De Videovigilancia\",\"item\":\"https:\/\/compuviper.mx\/tienda\/categoria-producto\/camaras-2\/camara-de-videovigilancia\/\"},{\"@type\":\"ListItem\",\"position\":5,\"name\":\"Imou Ipc-s7un-11m0wed Camara Ip \/ \/ipc-s7un-1 \/ Cruiser Triple 11 Mp 7 2 Lentes De 3 Mp Y Uno De 5mp \/ Wifi \/ H.264 \/ Microfono Bocina Integrada \/ Ir De 3o Metros \/ Sirena \/ Lente De 3.6 Mm \/ Fullcolor \/ Ranu\"}]},{\"@type\":\"WebSite\",\"@id\":\"https:\/\/compuviper.mx\/tienda\/#website\",\"url\":\"https:\/\/compuviper.mx\/tienda\/\",\"name\":\"Compuviper\",\"description\":\"Proveedor de Computadoras, Laptops, Servidores, Monitores, Puntos de Venta, Teclados,   Impresoras, T\u00f3ner, C\u00e1maras de Seguridad y m\u00e1s en tu tienda en l\u00ednea\",\"publisher\":{\"@id\":\"https:\/\/compuviper.mx\/tienda\/#organization\"},\"potentialAction\":[{\"@type\":\"SearchAction\",\"target\":{\"@type\":\"EntryPoint\",\"urlTemplate\":\"https:\/\/compuviper.mx\/tienda\/?s={search_term_string}\"},\"query-input\":\"required name=search_term_string\"}],\"inLanguage\":\"es-MX\"},{\"@type\":\"Organization\",\"@id\":\"https:\/\/compuviper.mx\/tienda\/#organization\",\"name\":\"Compuviper\",\"url\":\"https:\/\/compuviper.mx\/tienda\/\",\"logo\":{\"@type\":\"ImageObject\",\"inLanguage\":\"es-MX\",\"@id\":\"https:\/\/compuviper.mx\/tienda\/#\/schema\/logo\/image\/\",\"url\":\"https:\/\/compuviper.mx\/tienda\/wp-content\/uploads\/2021\/08\/Logo-Compuviper-10.png\",\"contentUrl\":\"https:\/\/compuviper.mx\/tienda\/wp-content\/uploads\/2021\/08\/Logo-Compuviper-10.png\",\"width\":1000,\"height\":500,\"caption\":\"Compuviper\"},\"image\":{\"@id\":\"https:\/\/compuviper.mx\/tienda\/#\/schema\/logo\/image\/\"},\"sameAs\":[\"https:\/\/www.facebook.com\/compuviper\",\"https:\/\/www.youtube.com\/channel\/UCf73dERp9Y3cfOq7q8BhLjA?view_as=subscriber\"]}]}<\/script>\n<meta property=\"product:brand\" content=\"Imou\" \/>\n<meta property=\"product:price:amount\" content=\"1280\" \/>\n<meta property=\"product:price:currency\" content=\"MXN\" \/>\n<meta property=\"og:availability\" content=\"out of stock\" \/>\n<meta property=\"product:availability\" content=\"out of stock\" \/>\n<meta property=\"product:retailer_item_id\" content=\"IPC-S7UN-11M0WED\" \/>\n<meta property=\"product:condition\" content=\"new\" \/>\n<!-- \/ Yoast SEO plugin. -->","yoast_head_json":{"title":"[ Imou ] &#129351; Ipc-s7un-11m0wed Camara Ip \/ \/ipc-s7un-1 \/ Cruiser Triple 11 Mp 7 2 Lentes De 3 Mp Y Uno De 5mp \/ Wifi \/ H.264 \/ Microfono Bocina Integrada \/ Ir De 3o Metros \/ Sirena \/ Lente De 3.6 Mm \/ Fullcolor \/ Ranu","description":"Compra Ipc-s7un-11m0wed Camara Ip \/ \/ipc-s7un-1 \/ Cruiser Triple 11 Mp 7 2 Lentes De 3 Mp Y Uno De 5mp \/ Wifi \/ H.264 \/ Microfono Bocina Integrada \/ Ir De 3o Metros \/ Sirena \/ Lente De 3.6 Mm \/ Fullcolor \/ Ranu + Env\u00edo a domicilio + Pago seguro + Garant\u00eda","robots":{"index":"index","follow":"follow","max-snippet":"max-snippet:-1","max-image-preview":"max-image-preview:large","max-video-preview":"max-video-preview:-1"},"canonical":"https:\/\/compuviper.mx\/tienda\/producto\/imou-ipc-s7un-11m0wed-camara-ip-ipc-s7un-1-cruiser-triple-11-mp-7-2-lentes-de-3-mp-y-uno-de-5mp-wifi-h-264-microfono-bocina-integrada-ir-de-3o-metros-sirena-lente-de-3-6-mm-fullcol\/","og_locale":"es_MX","og_type":"article","og_title":"[ Imou ] &#129351; Ipc-s7un-11m0wed Camara Ip \/ \/ipc-s7un-1 \/ Cruiser Triple 11 Mp 7 2 Lentes De 3 Mp Y Uno De 5mp \/ Wifi \/ H.264 \/ Microfono Bocina Integrada \/ Ir De 3o Metros \/ Sirena \/ Lente De 3.6 Mm \/ Fullcolor \/ Ranu","og_description":"Compra Ipc-s7un-11m0wed Camara Ip \/ \/ipc-s7un-1 \/ Cruiser Triple 11 Mp 7 2 Lentes De 3 Mp Y Uno De 5mp \/ Wifi \/ H.264 \/ Microfono Bocina Integrada \/ Ir De 3o Metros \/ Sirena \/ Lente De 3.6 Mm \/ Fullcolor \/ Ranu + Env\u00edo a domicilio + Pago seguro + Garant\u00eda","og_url":"https:\/\/compuviper.mx\/tienda\/producto\/imou-ipc-s7un-11m0wed-camara-ip-ipc-s7un-1-cruiser-triple-11-mp-7-2-lentes-de-3-mp-y-uno-de-5mp-wifi-h-264-microfono-bocina-integrada-ir-de-3o-metros-sirena-lente-de-3-6-mm-fullcol\/","og_site_name":"Compuviper","article_publisher":"https:\/\/www.facebook.com\/compuviper","og_image":[{"width":200,"height":200,"url":"https:\/\/compuviper.mx\/tienda\/wp-content\/uploads\/2025\/10\/Camara-ip-imou-ipc-s7un-1-cruiser-triple-11-mp-7-2-lentes-de-3-mp-y-uno-de-5mp-wifi-h.264-microfono-bocina-integrada-ir-de-3o-metros-sirena-lente-de-3.6-mm-fullcolor-ranu.jpg","type":"image\/jpeg"}],"twitter_card":"summary_large_image","twitter_misc":{"Precio":"&#36;1,280 con IVA","Availability":"Out of stock"},"schema":{"@context":"https:\/\/schema.org","@graph":[{"@type":"WebPage","@id":"https:\/\/compuviper.mx\/tienda\/producto\/imou-ipc-s7un-11m0wed-camara-ip-ipc-s7un-1-cruiser-triple-11-mp-7-2-lentes-de-3-mp-y-uno-de-5mp-wifi-h-264-microfono-bocina-integrada-ir-de-3o-metros-sirena-lente-de-3-6-mm-fullcol\/","url":"https:\/\/compuviper.mx\/tienda\/producto\/imou-ipc-s7un-11m0wed-camara-ip-ipc-s7un-1-cruiser-triple-11-mp-7-2-lentes-de-3-mp-y-uno-de-5mp-wifi-h-264-microfono-bocina-integrada-ir-de-3o-metros-sirena-lente-de-3-6-mm-fullcol\/","name":"[ Imou ] &#129351; Ipc-s7un-11m0wed Camara Ip \/ \/ipc-s7un-1 \/ Cruiser Triple 11 Mp 7 2 Lentes De 3 Mp Y Uno De 5mp \/ Wifi \/ H.264 \/ Microfono Bocina Integrada \/ Ir De 3o Metros \/ Sirena \/ Lente De 3.6 Mm \/ Fullcolor \/ Ranu","isPartOf":{"@id":"https:\/\/compuviper.mx\/tienda\/#website"},"datePublished":"2026-04-23T06:15:26+00:00","dateModified":"2026-04-23T06:15:26+00:00","description":"Compra Ipc-s7un-11m0wed Camara Ip \/ \/ipc-s7un-1 \/ Cruiser Triple 11 Mp 7 2 Lentes De 3 Mp Y Uno De 5mp \/ Wifi \/ H.264 \/ Microfono Bocina Integrada \/ Ir De 3o Metros \/ Sirena \/ Lente De 3.6 Mm \/ Fullcolor \/ Ranu + Env\u00edo a domicilio + Pago seguro + Garant\u00eda","breadcrumb":{"@id":"https:\/\/compuviper.mx\/tienda\/producto\/imou-ipc-s7un-11m0wed-camara-ip-ipc-s7un-1-cruiser-triple-11-mp-7-2-lentes-de-3-mp-y-uno-de-5mp-wifi-h-264-microfono-bocina-integrada-ir-de-3o-metros-sirena-lente-de-3-6-mm-fullcol\/#breadcrumb"},"inLanguage":"es-MX","potentialAction":[{"@type":"ReadAction","target":["https:\/\/compuviper.mx\/tienda\/producto\/imou-ipc-s7un-11m0wed-camara-ip-ipc-s7un-1-cruiser-triple-11-mp-7-2-lentes-de-3-mp-y-uno-de-5mp-wifi-h-264-microfono-bocina-integrada-ir-de-3o-metros-sirena-lente-de-3-6-mm-fullcol\/"]}]},{"@type":"BreadcrumbList","@id":"https:\/\/compuviper.mx\/tienda\/producto\/imou-ipc-s7un-11m0wed-camara-ip-ipc-s7un-1-cruiser-triple-11-mp-7-2-lentes-de-3-mp-y-uno-de-5mp-wifi-h-264-microfono-bocina-integrada-ir-de-3o-metros-sirena-lente-de-3-6-mm-fullcol\/#breadcrumb","itemListElement":[{"@type":"ListItem","position":1,"name":"Inicio","item":"https:\/\/compuviper.mx\/tienda\/"},{"@type":"ListItem","position":2,"name":"Productos","item":"https:\/\/compuviper.mx\/tienda\/productos\/"},{"@type":"ListItem","position":3,"name":"Camaras","item":"https:\/\/compuviper.mx\/tienda\/categoria-producto\/camaras-2\/"},{"@type":"ListItem","position":4,"name":"Camara De Videovigilancia","item":"https:\/\/compuviper.mx\/tienda\/categoria-producto\/camaras-2\/camara-de-videovigilancia\/"},{"@type":"ListItem","position":5,"name":"Imou Ipc-s7un-11m0wed Camara Ip \/ \/ipc-s7un-1 \/ Cruiser Triple 11 Mp 7 2 Lentes De 3 Mp Y Uno De 5mp \/ Wifi \/ H.264 \/ Microfono Bocina Integrada \/ Ir De 3o Metros \/ Sirena \/ Lente De 3.6 Mm \/ Fullcolor \/ Ranu"}]},{"@type":"WebSite","@id":"https:\/\/compuviper.mx\/tienda\/#website","url":"https:\/\/compuviper.mx\/tienda\/","name":"Compuviper","description":"Proveedor de Computadoras, Laptops, Servidores, Monitores, Puntos de Venta, Teclados,   Impresoras, T\u00f3ner, C\u00e1maras de Seguridad y m\u00e1s en tu tienda en l\u00ednea","publisher":{"@id":"https:\/\/compuviper.mx\/tienda\/#organization"},"potentialAction":[{"@type":"SearchAction","target":{"@type":"EntryPoint","urlTemplate":"https:\/\/compuviper.mx\/tienda\/?s={search_term_string}"},"query-input":"required name=search_term_string"}],"inLanguage":"es-MX"},{"@type":"Organization","@id":"https:\/\/compuviper.mx\/tienda\/#organization","name":"Compuviper","url":"https:\/\/compuviper.mx\/tienda\/","logo":{"@type":"ImageObject","inLanguage":"es-MX","@id":"https:\/\/compuviper.mx\/tienda\/#\/schema\/logo\/image\/","url":"https:\/\/compuviper.mx\/tienda\/wp-content\/uploads\/2021\/08\/Logo-Compuviper-10.png","contentUrl":"https:\/\/compuviper.mx\/tienda\/wp-content\/uploads\/2021\/08\/Logo-Compuviper-10.png","width":1000,"height":500,"caption":"Compuviper"},"image":{"@id":"https:\/\/compuviper.mx\/tienda\/#\/schema\/logo\/image\/"},"sameAs":["https:\/\/www.facebook.com\/compuviper","https:\/\/www.youtube.com\/channel\/UCf73dERp9Y3cfOq7q8BhLjA?view_as=subscriber"]}]},"product_brand":"Imou","product_price_amount":"1280","product_price_currency":"MXN","og_availability":"out of stock","product_availability":"out of stock","product_retailer_item_id":"IPC-S7UN-11M0WED","product_condition":"new"},"_links":{"self":[{"href":"https:\/\/compuviper.mx\/tienda\/wp-json\/wp\/v2\/product\/251018"}],"collection":[{"href":"https:\/\/compuviper.mx\/tienda\/wp-json\/wp\/v2\/product"}],"about":[{"href":"https:\/\/compuviper.mx\/tienda\/wp-json\/wp\/v2\/types\/product"}],"replies":[{"embeddable":true,"href":"https:\/\/compuviper.mx\/tienda\/wp-json\/wp\/v2\/comments?post=251018"}],"wp:featuredmedia":[{"embeddable":true,"href":"https:\/\/compuviper.mx\/tienda\/wp-json\/wp\/v2\/media\/259407"}],"wp:attachment":[{"href":"https:\/\/compuviper.mx\/tienda\/wp-json\/wp\/v2\/media?parent=251018"}],"wp:term":[{"taxonomy":"product_cat","embeddable":true,"href":"https:\/\/compuviper.mx\/tienda\/wp-json\/wp\/v2\/product_cat?post=251018"},{"taxonomy":"product_tag","embeddable":true,"href":"https:\/\/compuviper.mx\/tienda\/wp-json\/wp\/v2\/product_tag?post=251018"}],"curies":[{"name":"wp","href":"https:\/\/api.w.org\/{rel}","templated":true}]}}