{"id":250581,"date":"2026-04-02T02:07:05","date_gmt":"2026-04-02T08:07:05","guid":{"rendered":"https:\/\/compuviper.mx\/tienda\/producto\/acteck-ac-940856-audifonos-hype-epic-hp750-diadema-inalambricos-dual-bt-aux-3-5-mm-bateria-75-hrs-microfono-omnidireccional-cancelacion-de-ruido-bocinas-40-mm-20-hz-a-20-khz-negro\/"},"modified":"2026-04-02T02:07:06","modified_gmt":"2026-04-02T08:07:06","slug":"acteck-ac-9408567506215940856-audifonos-hype-epic-hp750-diadema-inalambricos-dual-bt-aux-3-5-mm-bateria-75-hrs-microfono-omnidireccional-cancelacion-de-ruido-bocinas-40-mm-20-hz-a-20","status":"publish","type":"product","link":"https:\/\/compuviper.mx\/tienda\/producto\/acteck-ac-9408567506215940856-audifonos-hype-epic-hp750-diadema-inalambricos-dual-bt-aux-3-5-mm-bateria-75-hrs-microfono-omnidireccional-cancelacion-de-ruido-bocinas-40-mm-20-hz-a-20\/","title":{"rendered":"Acteck Ac-940856,7506215940856 Audifonos  Hype Epic Hp750 \/ Diadema \/ Inalambricos \/ Dual Bt &#8211; Aux 3.5 Mm \/ Bateria 75 Hrs \/ Microfono Omnidireccional \/ Cancelacion De Ruido \/ Bocinas 40 Mm 20 Hz A 20 Khz \/ Negro \/ Ac-940856"},"content":{"rendered":"<table class=\"descripcion\">\n<tr>\n<td>Especificaciones<\/td>\n<\/tr>\n<tr>\n<td>\u0095 producto: aud\u00edfonos<\/td>\n<\/tr>\n<tr>\n<td>\u0095 modelo: ac-940856<\/td>\n<\/tr>\n<tr>\n<td>\u0095 color: negro<\/td>\n<\/tr>\n<tr>\n<td>\u0095 materiales: pl\u00e1stico + metal<\/td>\n<\/tr>\n<tr>\n<td>\u0095 material de almohadillas: cuero proteico + memory foam<\/td>\n<\/tr>\n<tr>\n<td>\u0095 dimensiones: 17 x 18.7 x 8.5 cm<\/td>\n<\/tr>\n<tr>\n<td>\u0095 peso: 266 g<\/td>\n<\/tr>\n<tr>\n<td>\u0095 conectividad: bluetooth 5.4 y conexi\u00f3n aux<\/td>\n<\/tr>\n<tr>\n<td>\u0095 sonido<\/td>\n<\/tr>\n<tr>\n<td>       and #61607; tama\u00f1o de bocina: 40 mm<\/td>\n<\/tr>\n<tr>\n<td>       and #61607; frecuencia de respuesta: 20 &#8211; 20 khz<\/td>\n<\/tr>\n<tr>\n<td>       and #61607; impedancia: 16  and #937;<\/td>\n<\/tr>\n<tr>\n<td>       and #61607; sensibilidad: 103 db+\/-3 db<\/td>\n<\/tr>\n<tr>\n<td>       and #61607; cancelaci\u00f3n de ruido: 35 db+\/-3db<\/td>\n<\/tr>\n<tr>\n<td>\u0095 micr\u00f3fono<\/td>\n<\/tr>\n<tr>\n<td>       and #61607; tipo: electro<\/td>\n<\/tr>\n<tr>\n<td>       and #61607; sensibilidad: 32 db+ \/ -2 db<\/td>\n<\/tr>\n<tr>\n<td>       and #61607; direcci\u00f3n: omnidireccional<\/td>\n<\/tr>\n<tr>\n<td>\u0095 alimentaci\u00f3n<\/td>\n<\/tr>\n<tr>\n<td>         and #61607; puerto de carga: puerto usb c<\/td>\n<\/tr>\n<tr>\n<td>         and #61607; bater\u00eda: 1000 mah<\/td>\n<\/tr>\n<tr>\n<td>         and #61607; tiempo de carga: 2 horas<\/td>\n<\/tr>\n<tr>\n<td>         and #61607; duracion de bater\u00eda: 75 horas<\/td>\n<\/tr>\n<tr>\n<td>         and #61607; voltaje: 5 v and #9107; 1 a<\/td>\n<\/tr>\n<tr>\n<td>\u0095 c\u00f3digo ean-13: 7506215940856<\/td>\n<\/tr>\n<tr>\n<td>\u0095 medida de empaque (l*w*h*): 17 cm * 8.3 cm * 21 cm<\/td>\n<\/tr>\n<\/table>\n","protected":false},"excerpt":{"rendered":"<p>Dise\u00f1o tipo estudio con. Estilo profesional. Con un dise\u00f1o inspirado en aud\u00edfonos de estudio, estos. Aud\u00edfonos combinan est\u00e9tica y funcionalidad, brindando. Un aspecto elegante y profesional ideal para el uso diario. Y largas jornadas de trabajo. Inmersi\u00f3n total con. Cancelaci\u00f3n de ruido h\u00edbrido. Para disfrutar tu musica sin interrupcion con la. Cancelaci\u00f3n de ruido activo h\u00edbrido, puede detectar y. Cancelar hasta en un 90% los ruidos del ambiente de. Baja y media frecuencia, como autos, motos entre otros. Conectividad dual. Bluetooth 5.4 y aux 3.5 mm. Mayor versatilidad de conexi\u00f3n. Bluetooth 5.4 y jack 3.5 mm. Permiti\u00e9ndote adaptarlos a cualquier. Dispositivo sin perder calidad de sonido. Almohadillas. Ergon\u00f3micas de. M\u00e1ximo confort. El cuero proteico y la espuma memory. Foam brindan un ajuste c\u00f3modo y. Acolchado, ideal para sesiones largas. De uso sin molestias. Bater\u00eda de. Larga duraci\u00f3n. Gracias a su bater\u00eda de 1000 mah. Experimenta hasta 75 horas de m\u00fasica sin. Interrupciones. Perfecto para quienes. Siempre est\u00e1n en movimiento.<\/p>\n","protected":false},"featured_media":260876,"comment_status":"open","ping_status":"open","template":"","meta":[],"product_cat":[1552,1816],"product_tag":[1582],"acf":[],"yoast_head":"<!-- This site is optimized with the Yoast SEO plugin v21.7 - https:\/\/yoast.com\/wordpress\/plugins\/seo\/ -->\n<title>[ Acteck ] &#129351; Ac-940856,7506215940856 Audifonos Hype Epic Hp750 \/ Diadema \/ Inalambricos \/ Dual Bt - Aux 3.5 Mm \/ Bateria 75 Hrs \/ Microfono Omnidireccional \/ Cancelacion De Ruido \/ Bocinas 40 Mm 20 Hz A 20 Khz \/ Negro \/ Ac-940856<\/title>\n<meta name=\"description\" content=\"Compra Ac-940856,7506215940856 Audifonos Hype Epic Hp750 \/ Diadema \/ Inalambricos \/ Dual Bt - Aux 3.5 Mm \/ Bateria 75 Hrs \/ Microfono Omnidireccional \/ Cancelacion De Ruido \/ Bocinas 40 Mm 20 Hz A 20 Khz \/ Negro \/ Ac-940856 + Env\u00edo a domicilio + Pago seguro + Garant\u00eda\" \/>\n<meta name=\"robots\" content=\"index, follow, max-snippet:-1, max-image-preview:large, max-video-preview:-1\" \/>\n<link rel=\"canonical\" href=\"https:\/\/compuviper.mx\/tienda\/producto\/acteck-ac-9408567506215940856-audifonos-hype-epic-hp750-diadema-inalambricos-dual-bt-aux-3-5-mm-bateria-75-hrs-microfono-omnidireccional-cancelacion-de-ruido-bocinas-40-mm-20-hz-a-20\/\" \/>\n<meta property=\"og:locale\" content=\"es_MX\" \/>\n<meta property=\"og:type\" content=\"article\" \/>\n<meta property=\"og:title\" content=\"[ Acteck ] &#129351; Ac-940856,7506215940856 Audifonos Hype Epic Hp750 \/ Diadema \/ Inalambricos \/ Dual Bt - Aux 3.5 Mm \/ Bateria 75 Hrs \/ Microfono Omnidireccional \/ Cancelacion De Ruido \/ Bocinas 40 Mm 20 Hz A 20 Khz \/ Negro \/ Ac-940856\" \/>\n<meta property=\"og:description\" content=\"Compra Ac-940856,7506215940856 Audifonos Hype Epic Hp750 \/ Diadema \/ Inalambricos \/ Dual Bt - Aux 3.5 Mm \/ Bateria 75 Hrs \/ Microfono Omnidireccional \/ Cancelacion De Ruido \/ Bocinas 40 Mm 20 Hz A 20 Khz \/ Negro \/ Ac-940856 + Env\u00edo a domicilio + Pago seguro + Garant\u00eda\" \/>\n<meta property=\"og:url\" content=\"https:\/\/compuviper.mx\/tienda\/producto\/acteck-ac-9408567506215940856-audifonos-hype-epic-hp750-diadema-inalambricos-dual-bt-aux-3-5-mm-bateria-75-hrs-microfono-omnidireccional-cancelacion-de-ruido-bocinas-40-mm-20-hz-a-20\/\" \/>\n<meta property=\"og:site_name\" content=\"Compuviper\" \/>\n<meta property=\"article:publisher\" content=\"https:\/\/www.facebook.com\/compuviper\" \/>\n<meta property=\"article:modified_time\" content=\"2026-04-02T08:07:06+00:00\" \/>\n<meta property=\"og:image\" content=\"https:\/\/compuviper.mx\/tienda\/wp-content\/uploads\/2025\/10\/Audifonos-acteck-hype-epic-hp750-diadema-inalambricos-dual-bt-aux-3.5-mm-bateria-75-hrs-microfono-omnidireccional-cancelacion-de-ruido-bocinas-40-mm-20-hz-a-20-khz-negro-ac-940856.jpg\" \/>\n\t<meta property=\"og:image:width\" content=\"200\" \/>\n\t<meta property=\"og:image:height\" content=\"200\" \/>\n\t<meta property=\"og:image:type\" content=\"image\/jpeg\" \/>\n<meta name=\"twitter:card\" content=\"summary_large_image\" \/>\n<meta name=\"twitter:label1\" content=\"Precio\" \/>\n\t<meta name=\"twitter:data1\" content=\"&#36;766 con IVA\" \/>\n\t<meta name=\"twitter:label2\" content=\"Availability\" \/>\n\t<meta name=\"twitter:data2\" content=\"In stock\" \/>\n<script type=\"application\/ld+json\" class=\"yoast-schema-graph\">{\"@context\":\"https:\/\/schema.org\",\"@graph\":[{\"@type\":\"WebPage\",\"@id\":\"https:\/\/compuviper.mx\/tienda\/producto\/acteck-ac-9408567506215940856-audifonos-hype-epic-hp750-diadema-inalambricos-dual-bt-aux-3-5-mm-bateria-75-hrs-microfono-omnidireccional-cancelacion-de-ruido-bocinas-40-mm-20-hz-a-20\/\",\"url\":\"https:\/\/compuviper.mx\/tienda\/producto\/acteck-ac-9408567506215940856-audifonos-hype-epic-hp750-diadema-inalambricos-dual-bt-aux-3-5-mm-bateria-75-hrs-microfono-omnidireccional-cancelacion-de-ruido-bocinas-40-mm-20-hz-a-20\/\",\"name\":\"[ Acteck ] &#129351; Ac-940856,7506215940856 Audifonos Hype Epic Hp750 \/ Diadema \/ Inalambricos \/ Dual Bt - Aux 3.5 Mm \/ Bateria 75 Hrs \/ Microfono Omnidireccional \/ Cancelacion De Ruido \/ Bocinas 40 Mm 20 Hz A 20 Khz \/ Negro \/ Ac-940856\",\"isPartOf\":{\"@id\":\"https:\/\/compuviper.mx\/tienda\/#website\"},\"datePublished\":\"2026-04-02T08:07:05+00:00\",\"dateModified\":\"2026-04-02T08:07:06+00:00\",\"description\":\"Compra Ac-940856,7506215940856 Audifonos Hype Epic Hp750 \/ Diadema \/ Inalambricos \/ Dual Bt - Aux 3.5 Mm \/ Bateria 75 Hrs \/ Microfono Omnidireccional \/ Cancelacion De Ruido \/ Bocinas 40 Mm 20 Hz A 20 Khz \/ Negro \/ Ac-940856 + Env\u00edo a domicilio + Pago seguro + Garant\u00eda\",\"breadcrumb\":{\"@id\":\"https:\/\/compuviper.mx\/tienda\/producto\/acteck-ac-9408567506215940856-audifonos-hype-epic-hp750-diadema-inalambricos-dual-bt-aux-3-5-mm-bateria-75-hrs-microfono-omnidireccional-cancelacion-de-ruido-bocinas-40-mm-20-hz-a-20\/#breadcrumb\"},\"inLanguage\":\"es-MX\",\"potentialAction\":[{\"@type\":\"ReadAction\",\"target\":[\"https:\/\/compuviper.mx\/tienda\/producto\/acteck-ac-9408567506215940856-audifonos-hype-epic-hp750-diadema-inalambricos-dual-bt-aux-3-5-mm-bateria-75-hrs-microfono-omnidireccional-cancelacion-de-ruido-bocinas-40-mm-20-hz-a-20\/\"]}]},{\"@type\":\"BreadcrumbList\",\"@id\":\"https:\/\/compuviper.mx\/tienda\/producto\/acteck-ac-9408567506215940856-audifonos-hype-epic-hp750-diadema-inalambricos-dual-bt-aux-3-5-mm-bateria-75-hrs-microfono-omnidireccional-cancelacion-de-ruido-bocinas-40-mm-20-hz-a-20\/#breadcrumb\",\"itemListElement\":[{\"@type\":\"ListItem\",\"position\":1,\"name\":\"Inicio\",\"item\":\"https:\/\/compuviper.mx\/tienda\/\"},{\"@type\":\"ListItem\",\"position\":2,\"name\":\"Productos\",\"item\":\"https:\/\/compuviper.mx\/tienda\/productos\/\"},{\"@type\":\"ListItem\",\"position\":3,\"name\":\"Audifonos Y Micro\",\"item\":\"https:\/\/compuviper.mx\/tienda\/categoria-producto\/audifonos-y-micro\/\"},{\"@type\":\"ListItem\",\"position\":4,\"name\":\"Audifono Con Microfono\",\"item\":\"https:\/\/compuviper.mx\/tienda\/categoria-producto\/audifonos-y-micro\/audifono-con-microfono\/\"},{\"@type\":\"ListItem\",\"position\":5,\"name\":\"Acteck Ac-940856,7506215940856 Audifonos Hype Epic Hp750 \/ Diadema \/ Inalambricos \/ Dual Bt &#8211; Aux 3.5 Mm \/ Bateria 75 Hrs \/ Microfono Omnidireccional \/ Cancelacion De Ruido \/ Bocinas 40 Mm 20 Hz A 20 Khz \/ Negro \/ Ac-940856\"}]},{\"@type\":\"WebSite\",\"@id\":\"https:\/\/compuviper.mx\/tienda\/#website\",\"url\":\"https:\/\/compuviper.mx\/tienda\/\",\"name\":\"Compuviper\",\"description\":\"Proveedor de Computadoras, Laptops, Servidores, Monitores, Puntos de Venta, Teclados,   Impresoras, T\u00f3ner, C\u00e1maras de Seguridad y m\u00e1s en tu tienda en l\u00ednea\",\"publisher\":{\"@id\":\"https:\/\/compuviper.mx\/tienda\/#organization\"},\"potentialAction\":[{\"@type\":\"SearchAction\",\"target\":{\"@type\":\"EntryPoint\",\"urlTemplate\":\"https:\/\/compuviper.mx\/tienda\/?s={search_term_string}\"},\"query-input\":\"required name=search_term_string\"}],\"inLanguage\":\"es-MX\"},{\"@type\":\"Organization\",\"@id\":\"https:\/\/compuviper.mx\/tienda\/#organization\",\"name\":\"Compuviper\",\"url\":\"https:\/\/compuviper.mx\/tienda\/\",\"logo\":{\"@type\":\"ImageObject\",\"inLanguage\":\"es-MX\",\"@id\":\"https:\/\/compuviper.mx\/tienda\/#\/schema\/logo\/image\/\",\"url\":\"https:\/\/compuviper.mx\/tienda\/wp-content\/uploads\/2021\/08\/Logo-Compuviper-10.png\",\"contentUrl\":\"https:\/\/compuviper.mx\/tienda\/wp-content\/uploads\/2021\/08\/Logo-Compuviper-10.png\",\"width\":1000,\"height\":500,\"caption\":\"Compuviper\"},\"image\":{\"@id\":\"https:\/\/compuviper.mx\/tienda\/#\/schema\/logo\/image\/\"},\"sameAs\":[\"https:\/\/www.facebook.com\/compuviper\",\"https:\/\/www.youtube.com\/channel\/UCf73dERp9Y3cfOq7q8BhLjA?view_as=subscriber\"]}]}<\/script>\n<meta property=\"product:brand\" content=\"ACTECK\" \/>\n<meta property=\"product:price:amount\" content=\"766\" \/>\n<meta property=\"product:price:currency\" content=\"MXN\" \/>\n<meta property=\"og:availability\" content=\"instock\" \/>\n<meta property=\"product:availability\" content=\"instock\" \/>\n<meta property=\"product:retailer_item_id\" content=\"AC-940856,7506215940856\" \/>\n<meta property=\"product:condition\" content=\"new\" \/>\n<!-- \/ Yoast SEO plugin. -->","yoast_head_json":{"title":"[ Acteck ] &#129351; Ac-940856,7506215940856 Audifonos Hype Epic Hp750 \/ Diadema \/ Inalambricos \/ Dual Bt - Aux 3.5 Mm \/ Bateria 75 Hrs \/ Microfono Omnidireccional \/ Cancelacion De Ruido \/ Bocinas 40 Mm 20 Hz A 20 Khz \/ Negro \/ Ac-940856","description":"Compra Ac-940856,7506215940856 Audifonos Hype Epic Hp750 \/ Diadema \/ Inalambricos \/ Dual Bt - Aux 3.5 Mm \/ Bateria 75 Hrs \/ Microfono Omnidireccional \/ Cancelacion De Ruido \/ Bocinas 40 Mm 20 Hz A 20 Khz \/ Negro \/ Ac-940856 + Env\u00edo a domicilio + Pago seguro + Garant\u00eda","robots":{"index":"index","follow":"follow","max-snippet":"max-snippet:-1","max-image-preview":"max-image-preview:large","max-video-preview":"max-video-preview:-1"},"canonical":"https:\/\/compuviper.mx\/tienda\/producto\/acteck-ac-9408567506215940856-audifonos-hype-epic-hp750-diadema-inalambricos-dual-bt-aux-3-5-mm-bateria-75-hrs-microfono-omnidireccional-cancelacion-de-ruido-bocinas-40-mm-20-hz-a-20\/","og_locale":"es_MX","og_type":"article","og_title":"[ Acteck ] &#129351; Ac-940856,7506215940856 Audifonos Hype Epic Hp750 \/ Diadema \/ Inalambricos \/ Dual Bt - Aux 3.5 Mm \/ Bateria 75 Hrs \/ Microfono Omnidireccional \/ Cancelacion De Ruido \/ Bocinas 40 Mm 20 Hz A 20 Khz \/ Negro \/ Ac-940856","og_description":"Compra Ac-940856,7506215940856 Audifonos Hype Epic Hp750 \/ Diadema \/ Inalambricos \/ Dual Bt - Aux 3.5 Mm \/ Bateria 75 Hrs \/ Microfono Omnidireccional \/ Cancelacion De Ruido \/ Bocinas 40 Mm 20 Hz A 20 Khz \/ Negro \/ Ac-940856 + Env\u00edo a domicilio + Pago seguro + Garant\u00eda","og_url":"https:\/\/compuviper.mx\/tienda\/producto\/acteck-ac-9408567506215940856-audifonos-hype-epic-hp750-diadema-inalambricos-dual-bt-aux-3-5-mm-bateria-75-hrs-microfono-omnidireccional-cancelacion-de-ruido-bocinas-40-mm-20-hz-a-20\/","og_site_name":"Compuviper","article_publisher":"https:\/\/www.facebook.com\/compuviper","article_modified_time":"2026-04-02T08:07:06+00:00","og_image":[{"width":200,"height":200,"url":"https:\/\/compuviper.mx\/tienda\/wp-content\/uploads\/2025\/10\/Audifonos-acteck-hype-epic-hp750-diadema-inalambricos-dual-bt-aux-3.5-mm-bateria-75-hrs-microfono-omnidireccional-cancelacion-de-ruido-bocinas-40-mm-20-hz-a-20-khz-negro-ac-940856.jpg","type":"image\/jpeg"}],"twitter_card":"summary_large_image","twitter_misc":{"Precio":"&#36;766 con IVA","Availability":"In stock"},"schema":{"@context":"https:\/\/schema.org","@graph":[{"@type":"WebPage","@id":"https:\/\/compuviper.mx\/tienda\/producto\/acteck-ac-9408567506215940856-audifonos-hype-epic-hp750-diadema-inalambricos-dual-bt-aux-3-5-mm-bateria-75-hrs-microfono-omnidireccional-cancelacion-de-ruido-bocinas-40-mm-20-hz-a-20\/","url":"https:\/\/compuviper.mx\/tienda\/producto\/acteck-ac-9408567506215940856-audifonos-hype-epic-hp750-diadema-inalambricos-dual-bt-aux-3-5-mm-bateria-75-hrs-microfono-omnidireccional-cancelacion-de-ruido-bocinas-40-mm-20-hz-a-20\/","name":"[ Acteck ] &#129351; Ac-940856,7506215940856 Audifonos Hype Epic Hp750 \/ Diadema \/ Inalambricos \/ Dual Bt - Aux 3.5 Mm \/ Bateria 75 Hrs \/ Microfono Omnidireccional \/ Cancelacion De Ruido \/ Bocinas 40 Mm 20 Hz A 20 Khz \/ Negro \/ Ac-940856","isPartOf":{"@id":"https:\/\/compuviper.mx\/tienda\/#website"},"datePublished":"2026-04-02T08:07:05+00:00","dateModified":"2026-04-02T08:07:06+00:00","description":"Compra Ac-940856,7506215940856 Audifonos Hype Epic Hp750 \/ Diadema \/ Inalambricos \/ Dual Bt - Aux 3.5 Mm \/ Bateria 75 Hrs \/ Microfono Omnidireccional \/ Cancelacion De Ruido \/ Bocinas 40 Mm 20 Hz A 20 Khz \/ Negro \/ Ac-940856 + Env\u00edo a domicilio + Pago seguro + Garant\u00eda","breadcrumb":{"@id":"https:\/\/compuviper.mx\/tienda\/producto\/acteck-ac-9408567506215940856-audifonos-hype-epic-hp750-diadema-inalambricos-dual-bt-aux-3-5-mm-bateria-75-hrs-microfono-omnidireccional-cancelacion-de-ruido-bocinas-40-mm-20-hz-a-20\/#breadcrumb"},"inLanguage":"es-MX","potentialAction":[{"@type":"ReadAction","target":["https:\/\/compuviper.mx\/tienda\/producto\/acteck-ac-9408567506215940856-audifonos-hype-epic-hp750-diadema-inalambricos-dual-bt-aux-3-5-mm-bateria-75-hrs-microfono-omnidireccional-cancelacion-de-ruido-bocinas-40-mm-20-hz-a-20\/"]}]},{"@type":"BreadcrumbList","@id":"https:\/\/compuviper.mx\/tienda\/producto\/acteck-ac-9408567506215940856-audifonos-hype-epic-hp750-diadema-inalambricos-dual-bt-aux-3-5-mm-bateria-75-hrs-microfono-omnidireccional-cancelacion-de-ruido-bocinas-40-mm-20-hz-a-20\/#breadcrumb","itemListElement":[{"@type":"ListItem","position":1,"name":"Inicio","item":"https:\/\/compuviper.mx\/tienda\/"},{"@type":"ListItem","position":2,"name":"Productos","item":"https:\/\/compuviper.mx\/tienda\/productos\/"},{"@type":"ListItem","position":3,"name":"Audifonos Y Micro","item":"https:\/\/compuviper.mx\/tienda\/categoria-producto\/audifonos-y-micro\/"},{"@type":"ListItem","position":4,"name":"Audifono Con Microfono","item":"https:\/\/compuviper.mx\/tienda\/categoria-producto\/audifonos-y-micro\/audifono-con-microfono\/"},{"@type":"ListItem","position":5,"name":"Acteck Ac-940856,7506215940856 Audifonos Hype Epic Hp750 \/ Diadema \/ Inalambricos \/ Dual Bt &#8211; Aux 3.5 Mm \/ Bateria 75 Hrs \/ Microfono Omnidireccional \/ Cancelacion De Ruido \/ Bocinas 40 Mm 20 Hz A 20 Khz \/ Negro \/ Ac-940856"}]},{"@type":"WebSite","@id":"https:\/\/compuviper.mx\/tienda\/#website","url":"https:\/\/compuviper.mx\/tienda\/","name":"Compuviper","description":"Proveedor de Computadoras, Laptops, Servidores, Monitores, Puntos de Venta, Teclados,   Impresoras, T\u00f3ner, C\u00e1maras de Seguridad y m\u00e1s en tu tienda en l\u00ednea","publisher":{"@id":"https:\/\/compuviper.mx\/tienda\/#organization"},"potentialAction":[{"@type":"SearchAction","target":{"@type":"EntryPoint","urlTemplate":"https:\/\/compuviper.mx\/tienda\/?s={search_term_string}"},"query-input":"required name=search_term_string"}],"inLanguage":"es-MX"},{"@type":"Organization","@id":"https:\/\/compuviper.mx\/tienda\/#organization","name":"Compuviper","url":"https:\/\/compuviper.mx\/tienda\/","logo":{"@type":"ImageObject","inLanguage":"es-MX","@id":"https:\/\/compuviper.mx\/tienda\/#\/schema\/logo\/image\/","url":"https:\/\/compuviper.mx\/tienda\/wp-content\/uploads\/2021\/08\/Logo-Compuviper-10.png","contentUrl":"https:\/\/compuviper.mx\/tienda\/wp-content\/uploads\/2021\/08\/Logo-Compuviper-10.png","width":1000,"height":500,"caption":"Compuviper"},"image":{"@id":"https:\/\/compuviper.mx\/tienda\/#\/schema\/logo\/image\/"},"sameAs":["https:\/\/www.facebook.com\/compuviper","https:\/\/www.youtube.com\/channel\/UCf73dERp9Y3cfOq7q8BhLjA?view_as=subscriber"]}]},"product_brand":"ACTECK","product_price_amount":"766","product_price_currency":"MXN","og_availability":"instock","product_availability":"instock","product_retailer_item_id":"AC-940856,7506215940856","product_condition":"new"},"_links":{"self":[{"href":"https:\/\/compuviper.mx\/tienda\/wp-json\/wp\/v2\/product\/250581"}],"collection":[{"href":"https:\/\/compuviper.mx\/tienda\/wp-json\/wp\/v2\/product"}],"about":[{"href":"https:\/\/compuviper.mx\/tienda\/wp-json\/wp\/v2\/types\/product"}],"replies":[{"embeddable":true,"href":"https:\/\/compuviper.mx\/tienda\/wp-json\/wp\/v2\/comments?post=250581"}],"wp:featuredmedia":[{"embeddable":true,"href":"https:\/\/compuviper.mx\/tienda\/wp-json\/wp\/v2\/media\/260876"}],"wp:attachment":[{"href":"https:\/\/compuviper.mx\/tienda\/wp-json\/wp\/v2\/media?parent=250581"}],"wp:term":[{"taxonomy":"product_cat","embeddable":true,"href":"https:\/\/compuviper.mx\/tienda\/wp-json\/wp\/v2\/product_cat?post=250581"},{"taxonomy":"product_tag","embeddable":true,"href":"https:\/\/compuviper.mx\/tienda\/wp-json\/wp\/v2\/product_tag?post=250581"}],"curies":[{"name":"wp","href":"https:\/\/api.w.org\/{rel}","templated":true}]}}