{"id":250424,"date":"2026-04-21T01:00:55","date_gmt":"2026-04-21T07:00:55","guid":{"rendered":"https:\/\/compuviper.mx\/tienda\/producto\/lg-49vl5pj-monitor-para-video-wall-49-500-nits-bisel-3-5-mm-1920-x-1080-uso-24-7-hdmi-dp-dvi-d-usb-rs232c-rj45-audio-ir\/"},"modified":"2026-04-21T01:00:55","modified_gmt":"2026-04-21T07:00:55","slug":"lg-49vl5pj8806091382061-monitor-para-video-wall-49-49vl5pj-500-nits-bisel-3-5-mm-1920-x-1080-uso-24-7-hdmi-dp-dvi-d-usb-rs232c-rj45-audio-ir","status":"publish","type":"product","link":"https:\/\/compuviper.mx\/tienda\/producto\/lg-49vl5pj8806091382061-monitor-para-video-wall-49-49vl5pj-500-nits-bisel-3-5-mm-1920-x-1080-uso-24-7-hdmi-dp-dvi-d-usb-rs232c-rj45-audio-ir\/","title":{"rendered":"Lg 49vl5pj,8806091382061 Monitor Para Video Wall  49 49vl5pj, 500 Nits, Bisel 3.5 Mm 1920 X 1080 Uso 24\/7 Hdmi\/ Dp\/ Dvi-d\/ Usb\/ Rs232c\/ Rj45\/ Audio\/ Ir"},"content":{"rendered":"<table class=\"descripcion\">\n<tr>\n<td>Panel<\/td>\n<\/tr>\n<tr>\n<td>Tama\u00f1o de la pantalla 49<\/td>\n<\/tr>\n<tr>\n<td>Tecnolog\u00eda de paneles ips<\/td>\n<\/tr>\n<tr>\n<td>Relaci\u00f3n de aspecto 16:9<\/td>\n<\/tr>\n<tr>\n<td>Resoluci\u00f3n nativa 1920 x 1080 (full hd)<\/td>\n<\/tr>\n<tr>\n<td>Frecuencia de actualizaci\u00f3n 60 hz<\/td>\n<\/tr>\n<tr>\n<td>Brillo 500<\/td>\n<\/tr>\n<tr>\n<td>Relaci\u00f3n de contraste 1.000:1<\/td>\n<\/tr>\n<tr>\n<td>Cr din\u00e1mico 500.000: 1<\/td>\n<\/tr>\n<tr>\n<td>Gama de colores ntsc 72%<\/td>\n<\/tr>\n<tr>\n<td>\u00e1ngulo de visi\u00f3n (h x v) 178&#215;178<\/td>\n<\/tr>\n<tr>\n<td>Profundidad de color 10 bits, 1.070 millones de colores<\/td>\n<\/tr>\n<tr>\n<td>Tiempo de respuesta 8 ms (g a g)<\/td>\n<\/tr>\n<tr>\n<td>Tratamiento de superficies (neblina) 3%<\/td>\n<\/tr>\n<tr>\n<td>Tiempo de vida (t\u00edpico) 60.000 horas<\/td>\n<\/tr>\n<tr>\n<td>Tiempo de vida (min.) 50.000 horas<\/td>\n<\/tr>\n<tr>\n<td>Horario de operaci\u00f3n (horas\/d\u00edas) 24\/7<\/td>\n<\/tr>\n<tr>\n<td>Retrato \/ paisaje s\u00ed \/ s\u00ed<\/td>\n<\/tr>\n<tr>\n<td>Especificaci\u00f3n mec\u00e1nica<\/td>\n<\/tr>\n<tr>\n<td>Color del bisel negro<\/td>\n<\/tr>\n<tr>\n<td>Ancho del bisel t\/r\/i\/a: 2,25\/1,25\/2,25\/1,25 mm<\/td>\n<\/tr>\n<tr>\n<td>Peso (cabeza) 17,8 kilogramos<\/td>\n<\/tr>\n<tr>\n<td>Peso empaquetado 21,9 kilogramos<\/td>\n<\/tr>\n<tr>\n<td>Dimensiones del monitor (an. \u00d7 al. \u00d7 pr.) 1.077,6 x 607,8 x 89,7 mm<\/td>\n<\/tr>\n<tr>\n<td>Dimensiones de la caja (an \u00d7 al \u00d7 pr) 1.198 x 247 x 756 mm (tama\u00f1o exterior de la caja)<\/td>\n<\/tr>\n<tr>\n<td>Manejar s\u00ed<\/td>\n<\/tr>\n<tr>\n<td>Interfaz de montaje est\u00e1ndar vesa\u0099 600 x 400<\/td>\n<\/tr>\n<tr>\n<td>Caracter\u00edstica clave<\/td>\n<\/tr>\n<tr>\n<td>Tarea memoria interna (8 gb), sensor de temperatura, sensor blu, sensor de aceleraci\u00f3n (giroscopio)<\/td>\n<\/tr>\n<tr>\n<td>Sudoeste webos 4.1, cms integrado (programaci\u00f3n de contenido local, administrador de grupos), usb plug  and  play, conmutaci\u00f3n por error, imagen de fondo (imagen sin se\u00f1al), modo de sincronizaci\u00f3n (sincronizaci\u00f3n rs-232c, sincronizaci\u00f3n de red local), etiqueta de v\u00eddeo (4), reproducci\u00f3n mediante url, rotaci\u00f3n (rotaci\u00f3n de pantalla, rotaci\u00f3n de entrada externa), reproducci\u00f3n sin interrupciones, configuraci\u00f3n del modo mosaico (m\u00e1x. 15 \u00d7 15), clonaci\u00f3n de datos de configuraci\u00f3n, snmp, m\u00e9todo ism, id de configuraci\u00f3n autom\u00e1tica, env\u00edo de correo de estado, administrador de control, compatibilidad con terceros (crestron connected\u00ae2)), alimentaci\u00f3n (ahorro de energ\u00eda inteligente, modo pm, activaci\u00f3n por lan, listo para la red), hdmi-cec3), configuraci\u00f3n del servidor si, webrtc, pro:idiom, configuraci\u00f3n de blanco y negro por escala de grises, inversi\u00f3n de escaneo<\/td>\n<\/tr>\n<tr>\n<td>Condiciones ambientales<\/td>\n<\/tr>\n<tr>\n<td>Temperatura de funcionamiento 0 \u00b0c a 40 \u00b0c<\/td>\n<\/tr>\n<tr>\n<td>Operaci\u00f3n humedad 10 % a 80 %<\/td>\n<\/tr>\n<tr>\n<td>Fuerza<\/td>\n<\/tr>\n<tr>\n<td>Fuente de alimentaci\u00f3n ca 100-240 v~, 50\/60 hz<\/td>\n<\/tr>\n<tr>\n<td>Tipo de energ\u00eda energ\u00eda incorporada<\/td>\n<\/tr>\n<tr>\n<td>Consumo de energ\u00eda<\/td>\n<\/tr>\n<tr>\n<td>T\u00edpico. 110 vatios<\/td>\n<\/tr>\n<tr>\n<td>M\u00e1x. 120 vatios<\/td>\n<\/tr>\n<tr>\n<td>Ahorro de energ\u00eda inteligente 70 vatios<\/td>\n<\/tr>\n<tr>\n<td>Director de proyectos 0,5 w<\/td>\n<\/tr>\n<tr>\n<td>Apagado 0,5 w<\/td>\n<\/tr>\n<tr>\n<td>Btu (unidad t\u00e9rmica brit\u00e1nica) 375 btu\/h (t\u00edpico), 409 btu\/h (m\u00e1ximo)<\/td>\n<\/tr>\n<tr>\n<td>Proceso de dar un t\u00edtulo<\/td>\n<\/tr>\n<tr>\n<td>Seguridad cb \/ nrtl<\/td>\n<\/tr>\n<tr>\n<td>Compatibilidad electromagn\u00e9tica clase \u0093a\u0094 de la fcc \/ ce \/ kc<\/td>\n<\/tr>\n<tr>\n<td>Erp s\u00ed (solo ue)<\/td>\n<\/tr>\n<tr>\n<td>Compatibilidad de software<\/td>\n<\/tr>\n<tr>\n<td>Sistema de gesti\u00f3n de contenidos supersign s\u00ed<\/td>\n<\/tr>\n<tr>\n<td>Control supersign \/ control+ s\u00ed<\/td>\n<\/tr>\n<tr>\n<td>Supersign wb s\u00ed<\/td>\n<\/tr>\n<tr>\n<td>Editor de medios supersign s\u00ed<\/td>\n<\/tr>\n<tr>\n<td>Lg connectedcare s\u00ed<\/td>\n<\/tr>\n<tr>\n<td>Conectividad<\/td>\n<\/tr>\n<tr>\n<td>Aporte hdmi 2 (hdcp 2.2), dp (hdcp 2.2), dvi-d (hdcp 1.4), entrada de audio, entrada rs-232c, rj45 (lan), entrada ir, usb 2.0 tipo a<\/td>\n<\/tr>\n<tr>\n<td>Producci\u00f3n salida dp (entrada: hdmi \/ dvi \/ dp), salida de audio, salida rs-232c<\/td>\n<\/tr>\n<tr>\n<td>Accesorio<\/td>\n<\/tr>\n<tr>\n<td>B\u00e1sico control remoto (incluye 2 pilas), cable de alimentaci\u00f3n, cable rs232c, cable lan, cable dp, receptor de infrarrojos, soporte gu\u00eda, tornillos, manual<\/td>\n<\/tr>\n<tr>\n<td>Caracter\u00edstica especial<\/td>\n<\/tr>\n<tr>\n<td>Clasificaci\u00f3n ip probado con certificaci\u00f3n ip5x<\/td>\n<\/tr>\n<\/table>\n","protected":false},"excerpt":{"rendered":"<p>El vl5pj incluye un algoritmo de mejora de imagen que reduce las brechas entre las pantallas en mosaico al reproducir videos. Los objetos ubicados en los bordes del bisel se ajustan para una experiencia de visualizaci\u00f3n fluida<\/p>\n","protected":false},"featured_media":259906,"comment_status":"open","ping_status":"open","template":"","meta":[],"product_cat":[1740,1741],"product_tag":[1687],"acf":[],"yoast_head":"<!-- This site is optimized with the Yoast SEO plugin v21.7 - https:\/\/yoast.com\/wordpress\/plugins\/seo\/ -->\n<title>[ Lg ] &#129351; 49vl5pj,8806091382061 Monitor Para Video Wall 49 49vl5pj, 500 Nits, Bisel 3.5 Mm 1920 X 1080 Uso 24\/7 Hdmi\/ Dp\/ Dvi-d\/ Usb\/ Rs232c\/ Rj45\/ Audio\/ Ir<\/title>\n<meta name=\"description\" content=\"Compra 49vl5pj,8806091382061 Monitor Para Video Wall 49 49vl5pj, 500 Nits, Bisel 3.5 Mm 1920 X 1080 Uso 24\/7 Hdmi\/ Dp\/ Dvi-d\/ Usb\/ Rs232c\/ Rj45\/ Audio\/ Ir + Env\u00edo a domicilio + Pago seguro + Garant\u00eda\" \/>\n<meta name=\"robots\" content=\"index, follow, max-snippet:-1, max-image-preview:large, max-video-preview:-1\" \/>\n<link rel=\"canonical\" href=\"https:\/\/compuviper.mx\/tienda\/producto\/lg-49vl5pj8806091382061-monitor-para-video-wall-49-49vl5pj-500-nits-bisel-3-5-mm-1920-x-1080-uso-24-7-hdmi-dp-dvi-d-usb-rs232c-rj45-audio-ir\/\" \/>\n<meta property=\"og:locale\" content=\"es_MX\" \/>\n<meta property=\"og:type\" content=\"article\" \/>\n<meta property=\"og:title\" content=\"[ Lg ] &#129351; 49vl5pj,8806091382061 Monitor Para Video Wall 49 49vl5pj, 500 Nits, Bisel 3.5 Mm 1920 X 1080 Uso 24\/7 Hdmi\/ Dp\/ Dvi-d\/ Usb\/ Rs232c\/ Rj45\/ Audio\/ Ir\" \/>\n<meta property=\"og:description\" content=\"Compra 49vl5pj,8806091382061 Monitor Para Video Wall 49 49vl5pj, 500 Nits, Bisel 3.5 Mm 1920 X 1080 Uso 24\/7 Hdmi\/ Dp\/ Dvi-d\/ Usb\/ Rs232c\/ Rj45\/ Audio\/ Ir + Env\u00edo a domicilio + Pago seguro + Garant\u00eda\" \/>\n<meta property=\"og:url\" content=\"https:\/\/compuviper.mx\/tienda\/producto\/lg-49vl5pj8806091382061-monitor-para-video-wall-49-49vl5pj-500-nits-bisel-3-5-mm-1920-x-1080-uso-24-7-hdmi-dp-dvi-d-usb-rs232c-rj45-audio-ir\/\" \/>\n<meta property=\"og:site_name\" content=\"Compuviper\" \/>\n<meta property=\"article:publisher\" content=\"https:\/\/www.facebook.com\/compuviper\" \/>\n<meta property=\"og:image\" content=\"https:\/\/compuviper.mx\/tienda\/wp-content\/uploads\/2025\/10\/Monitor-para-video-wall-lg-49-49vl5pj-500-nits-bisel-3.5-mm-1920-x-1080-uso-247-hdmi-dp-dvi-d-usb-rs232c-rj45-audio-ir.jpg\" \/>\n\t<meta property=\"og:image:width\" content=\"200\" \/>\n\t<meta property=\"og:image:height\" content=\"200\" \/>\n\t<meta property=\"og:image:type\" content=\"image\/jpeg\" \/>\n<meta name=\"twitter:card\" content=\"summary_large_image\" \/>\n<meta name=\"twitter:label1\" content=\"Precio\" \/>\n\t<meta name=\"twitter:data1\" content=\"&#36;14,737 &#36;14,132 con IVA\" \/>\n\t<meta name=\"twitter:label2\" content=\"Availability\" \/>\n\t<meta name=\"twitter:data2\" content=\"In stock\" \/>\n<script type=\"application\/ld+json\" class=\"yoast-schema-graph\">{\"@context\":\"https:\/\/schema.org\",\"@graph\":[{\"@type\":\"WebPage\",\"@id\":\"https:\/\/compuviper.mx\/tienda\/producto\/lg-49vl5pj8806091382061-monitor-para-video-wall-49-49vl5pj-500-nits-bisel-3-5-mm-1920-x-1080-uso-24-7-hdmi-dp-dvi-d-usb-rs232c-rj45-audio-ir\/\",\"url\":\"https:\/\/compuviper.mx\/tienda\/producto\/lg-49vl5pj8806091382061-monitor-para-video-wall-49-49vl5pj-500-nits-bisel-3-5-mm-1920-x-1080-uso-24-7-hdmi-dp-dvi-d-usb-rs232c-rj45-audio-ir\/\",\"name\":\"[ Lg ] &#129351; 49vl5pj,8806091382061 Monitor Para Video Wall 49 49vl5pj, 500 Nits, Bisel 3.5 Mm 1920 X 1080 Uso 24\/7 Hdmi\/ Dp\/ Dvi-d\/ Usb\/ Rs232c\/ Rj45\/ Audio\/ Ir\",\"isPartOf\":{\"@id\":\"https:\/\/compuviper.mx\/tienda\/#website\"},\"datePublished\":\"2026-04-21T07:00:55+00:00\",\"dateModified\":\"2026-04-21T07:00:55+00:00\",\"description\":\"Compra 49vl5pj,8806091382061 Monitor Para Video Wall 49 49vl5pj, 500 Nits, Bisel 3.5 Mm 1920 X 1080 Uso 24\/7 Hdmi\/ Dp\/ Dvi-d\/ Usb\/ Rs232c\/ Rj45\/ Audio\/ Ir + Env\u00edo a domicilio + Pago seguro + Garant\u00eda\",\"breadcrumb\":{\"@id\":\"https:\/\/compuviper.mx\/tienda\/producto\/lg-49vl5pj8806091382061-monitor-para-video-wall-49-49vl5pj-500-nits-bisel-3-5-mm-1920-x-1080-uso-24-7-hdmi-dp-dvi-d-usb-rs232c-rj45-audio-ir\/#breadcrumb\"},\"inLanguage\":\"es-MX\",\"potentialAction\":[{\"@type\":\"ReadAction\",\"target\":[\"https:\/\/compuviper.mx\/tienda\/producto\/lg-49vl5pj8806091382061-monitor-para-video-wall-49-49vl5pj-500-nits-bisel-3-5-mm-1920-x-1080-uso-24-7-hdmi-dp-dvi-d-usb-rs232c-rj45-audio-ir\/\"]}]},{\"@type\":\"BreadcrumbList\",\"@id\":\"https:\/\/compuviper.mx\/tienda\/producto\/lg-49vl5pj8806091382061-monitor-para-video-wall-49-49vl5pj-500-nits-bisel-3-5-mm-1920-x-1080-uso-24-7-hdmi-dp-dvi-d-usb-rs232c-rj45-audio-ir\/#breadcrumb\",\"itemListElement\":[{\"@type\":\"ListItem\",\"position\":1,\"name\":\"Inicio\",\"item\":\"https:\/\/compuviper.mx\/tienda\/\"},{\"@type\":\"ListItem\",\"position\":2,\"name\":\"Productos\",\"item\":\"https:\/\/compuviper.mx\/tienda\/productos\/\"},{\"@type\":\"ListItem\",\"position\":3,\"name\":\"Monitores\",\"item\":\"https:\/\/compuviper.mx\/tienda\/categoria-producto\/monitores\/\"},{\"@type\":\"ListItem\",\"position\":4,\"name\":\"Led\",\"item\":\"https:\/\/compuviper.mx\/tienda\/categoria-producto\/monitores\/led\/\"},{\"@type\":\"ListItem\",\"position\":5,\"name\":\"Lg 49vl5pj,8806091382061 Monitor Para Video Wall 49 49vl5pj, 500 Nits, Bisel 3.5 Mm 1920 X 1080 Uso 24\/7 Hdmi\/ Dp\/ Dvi-d\/ Usb\/ Rs232c\/ Rj45\/ Audio\/ Ir\"}]},{\"@type\":\"WebSite\",\"@id\":\"https:\/\/compuviper.mx\/tienda\/#website\",\"url\":\"https:\/\/compuviper.mx\/tienda\/\",\"name\":\"Compuviper\",\"description\":\"Proveedor de Computadoras, Laptops, Servidores, Monitores, Puntos de Venta, Teclados,   Impresoras, T\u00f3ner, C\u00e1maras de Seguridad y m\u00e1s en tu tienda en l\u00ednea\",\"publisher\":{\"@id\":\"https:\/\/compuviper.mx\/tienda\/#organization\"},\"potentialAction\":[{\"@type\":\"SearchAction\",\"target\":{\"@type\":\"EntryPoint\",\"urlTemplate\":\"https:\/\/compuviper.mx\/tienda\/?s={search_term_string}\"},\"query-input\":\"required name=search_term_string\"}],\"inLanguage\":\"es-MX\"},{\"@type\":\"Organization\",\"@id\":\"https:\/\/compuviper.mx\/tienda\/#organization\",\"name\":\"Compuviper\",\"url\":\"https:\/\/compuviper.mx\/tienda\/\",\"logo\":{\"@type\":\"ImageObject\",\"inLanguage\":\"es-MX\",\"@id\":\"https:\/\/compuviper.mx\/tienda\/#\/schema\/logo\/image\/\",\"url\":\"https:\/\/compuviper.mx\/tienda\/wp-content\/uploads\/2021\/08\/Logo-Compuviper-10.png\",\"contentUrl\":\"https:\/\/compuviper.mx\/tienda\/wp-content\/uploads\/2021\/08\/Logo-Compuviper-10.png\",\"width\":1000,\"height\":500,\"caption\":\"Compuviper\"},\"image\":{\"@id\":\"https:\/\/compuviper.mx\/tienda\/#\/schema\/logo\/image\/\"},\"sameAs\":[\"https:\/\/www.facebook.com\/compuviper\",\"https:\/\/www.youtube.com\/channel\/UCf73dERp9Y3cfOq7q8BhLjA?view_as=subscriber\"]}]}<\/script>\n<meta property=\"product:brand\" content=\"LG\" \/>\n<meta property=\"product:price:amount\" content=\"14132\" \/>\n<meta property=\"product:price:currency\" content=\"MXN\" \/>\n<meta property=\"og:availability\" content=\"instock\" \/>\n<meta property=\"product:availability\" content=\"instock\" \/>\n<meta property=\"product:retailer_item_id\" content=\"49VL5PJ,8806091382061\" \/>\n<meta property=\"product:condition\" content=\"new\" \/>\n<!-- \/ Yoast SEO plugin. -->","yoast_head_json":{"title":"[ Lg ] &#129351; 49vl5pj,8806091382061 Monitor Para Video Wall 49 49vl5pj, 500 Nits, Bisel 3.5 Mm 1920 X 1080 Uso 24\/7 Hdmi\/ Dp\/ Dvi-d\/ Usb\/ Rs232c\/ Rj45\/ Audio\/ Ir","description":"Compra 49vl5pj,8806091382061 Monitor Para Video Wall 49 49vl5pj, 500 Nits, Bisel 3.5 Mm 1920 X 1080 Uso 24\/7 Hdmi\/ Dp\/ Dvi-d\/ Usb\/ Rs232c\/ Rj45\/ Audio\/ Ir + Env\u00edo a domicilio + Pago seguro + Garant\u00eda","robots":{"index":"index","follow":"follow","max-snippet":"max-snippet:-1","max-image-preview":"max-image-preview:large","max-video-preview":"max-video-preview:-1"},"canonical":"https:\/\/compuviper.mx\/tienda\/producto\/lg-49vl5pj8806091382061-monitor-para-video-wall-49-49vl5pj-500-nits-bisel-3-5-mm-1920-x-1080-uso-24-7-hdmi-dp-dvi-d-usb-rs232c-rj45-audio-ir\/","og_locale":"es_MX","og_type":"article","og_title":"[ Lg ] &#129351; 49vl5pj,8806091382061 Monitor Para Video Wall 49 49vl5pj, 500 Nits, Bisel 3.5 Mm 1920 X 1080 Uso 24\/7 Hdmi\/ Dp\/ Dvi-d\/ Usb\/ Rs232c\/ Rj45\/ Audio\/ Ir","og_description":"Compra 49vl5pj,8806091382061 Monitor Para Video Wall 49 49vl5pj, 500 Nits, Bisel 3.5 Mm 1920 X 1080 Uso 24\/7 Hdmi\/ Dp\/ Dvi-d\/ Usb\/ Rs232c\/ Rj45\/ Audio\/ Ir + Env\u00edo a domicilio + Pago seguro + Garant\u00eda","og_url":"https:\/\/compuviper.mx\/tienda\/producto\/lg-49vl5pj8806091382061-monitor-para-video-wall-49-49vl5pj-500-nits-bisel-3-5-mm-1920-x-1080-uso-24-7-hdmi-dp-dvi-d-usb-rs232c-rj45-audio-ir\/","og_site_name":"Compuviper","article_publisher":"https:\/\/www.facebook.com\/compuviper","og_image":[{"width":200,"height":200,"url":"https:\/\/compuviper.mx\/tienda\/wp-content\/uploads\/2025\/10\/Monitor-para-video-wall-lg-49-49vl5pj-500-nits-bisel-3.5-mm-1920-x-1080-uso-247-hdmi-dp-dvi-d-usb-rs232c-rj45-audio-ir.jpg","type":"image\/jpeg"}],"twitter_card":"summary_large_image","twitter_misc":{"Precio":"&#36;14,737 &#36;14,132 con IVA","Availability":"In stock"},"schema":{"@context":"https:\/\/schema.org","@graph":[{"@type":"WebPage","@id":"https:\/\/compuviper.mx\/tienda\/producto\/lg-49vl5pj8806091382061-monitor-para-video-wall-49-49vl5pj-500-nits-bisel-3-5-mm-1920-x-1080-uso-24-7-hdmi-dp-dvi-d-usb-rs232c-rj45-audio-ir\/","url":"https:\/\/compuviper.mx\/tienda\/producto\/lg-49vl5pj8806091382061-monitor-para-video-wall-49-49vl5pj-500-nits-bisel-3-5-mm-1920-x-1080-uso-24-7-hdmi-dp-dvi-d-usb-rs232c-rj45-audio-ir\/","name":"[ Lg ] &#129351; 49vl5pj,8806091382061 Monitor Para Video Wall 49 49vl5pj, 500 Nits, Bisel 3.5 Mm 1920 X 1080 Uso 24\/7 Hdmi\/ Dp\/ Dvi-d\/ Usb\/ Rs232c\/ Rj45\/ Audio\/ Ir","isPartOf":{"@id":"https:\/\/compuviper.mx\/tienda\/#website"},"datePublished":"2026-04-21T07:00:55+00:00","dateModified":"2026-04-21T07:00:55+00:00","description":"Compra 49vl5pj,8806091382061 Monitor Para Video Wall 49 49vl5pj, 500 Nits, Bisel 3.5 Mm 1920 X 1080 Uso 24\/7 Hdmi\/ Dp\/ Dvi-d\/ Usb\/ Rs232c\/ Rj45\/ Audio\/ Ir + Env\u00edo a domicilio + Pago seguro + Garant\u00eda","breadcrumb":{"@id":"https:\/\/compuviper.mx\/tienda\/producto\/lg-49vl5pj8806091382061-monitor-para-video-wall-49-49vl5pj-500-nits-bisel-3-5-mm-1920-x-1080-uso-24-7-hdmi-dp-dvi-d-usb-rs232c-rj45-audio-ir\/#breadcrumb"},"inLanguage":"es-MX","potentialAction":[{"@type":"ReadAction","target":["https:\/\/compuviper.mx\/tienda\/producto\/lg-49vl5pj8806091382061-monitor-para-video-wall-49-49vl5pj-500-nits-bisel-3-5-mm-1920-x-1080-uso-24-7-hdmi-dp-dvi-d-usb-rs232c-rj45-audio-ir\/"]}]},{"@type":"BreadcrumbList","@id":"https:\/\/compuviper.mx\/tienda\/producto\/lg-49vl5pj8806091382061-monitor-para-video-wall-49-49vl5pj-500-nits-bisel-3-5-mm-1920-x-1080-uso-24-7-hdmi-dp-dvi-d-usb-rs232c-rj45-audio-ir\/#breadcrumb","itemListElement":[{"@type":"ListItem","position":1,"name":"Inicio","item":"https:\/\/compuviper.mx\/tienda\/"},{"@type":"ListItem","position":2,"name":"Productos","item":"https:\/\/compuviper.mx\/tienda\/productos\/"},{"@type":"ListItem","position":3,"name":"Monitores","item":"https:\/\/compuviper.mx\/tienda\/categoria-producto\/monitores\/"},{"@type":"ListItem","position":4,"name":"Led","item":"https:\/\/compuviper.mx\/tienda\/categoria-producto\/monitores\/led\/"},{"@type":"ListItem","position":5,"name":"Lg 49vl5pj,8806091382061 Monitor Para Video Wall 49 49vl5pj, 500 Nits, Bisel 3.5 Mm 1920 X 1080 Uso 24\/7 Hdmi\/ Dp\/ Dvi-d\/ Usb\/ Rs232c\/ Rj45\/ Audio\/ Ir"}]},{"@type":"WebSite","@id":"https:\/\/compuviper.mx\/tienda\/#website","url":"https:\/\/compuviper.mx\/tienda\/","name":"Compuviper","description":"Proveedor de Computadoras, Laptops, Servidores, Monitores, Puntos de Venta, Teclados,   Impresoras, T\u00f3ner, C\u00e1maras de Seguridad y m\u00e1s en tu tienda en l\u00ednea","publisher":{"@id":"https:\/\/compuviper.mx\/tienda\/#organization"},"potentialAction":[{"@type":"SearchAction","target":{"@type":"EntryPoint","urlTemplate":"https:\/\/compuviper.mx\/tienda\/?s={search_term_string}"},"query-input":"required name=search_term_string"}],"inLanguage":"es-MX"},{"@type":"Organization","@id":"https:\/\/compuviper.mx\/tienda\/#organization","name":"Compuviper","url":"https:\/\/compuviper.mx\/tienda\/","logo":{"@type":"ImageObject","inLanguage":"es-MX","@id":"https:\/\/compuviper.mx\/tienda\/#\/schema\/logo\/image\/","url":"https:\/\/compuviper.mx\/tienda\/wp-content\/uploads\/2021\/08\/Logo-Compuviper-10.png","contentUrl":"https:\/\/compuviper.mx\/tienda\/wp-content\/uploads\/2021\/08\/Logo-Compuviper-10.png","width":1000,"height":500,"caption":"Compuviper"},"image":{"@id":"https:\/\/compuviper.mx\/tienda\/#\/schema\/logo\/image\/"},"sameAs":["https:\/\/www.facebook.com\/compuviper","https:\/\/www.youtube.com\/channel\/UCf73dERp9Y3cfOq7q8BhLjA?view_as=subscriber"]}]},"product_brand":"LG","product_price_amount":"14132","product_price_currency":"MXN","og_availability":"instock","product_availability":"instock","product_retailer_item_id":"49VL5PJ,8806091382061","product_condition":"new"},"_links":{"self":[{"href":"https:\/\/compuviper.mx\/tienda\/wp-json\/wp\/v2\/product\/250424"}],"collection":[{"href":"https:\/\/compuviper.mx\/tienda\/wp-json\/wp\/v2\/product"}],"about":[{"href":"https:\/\/compuviper.mx\/tienda\/wp-json\/wp\/v2\/types\/product"}],"replies":[{"embeddable":true,"href":"https:\/\/compuviper.mx\/tienda\/wp-json\/wp\/v2\/comments?post=250424"}],"wp:featuredmedia":[{"embeddable":true,"href":"https:\/\/compuviper.mx\/tienda\/wp-json\/wp\/v2\/media\/259906"}],"wp:attachment":[{"href":"https:\/\/compuviper.mx\/tienda\/wp-json\/wp\/v2\/media?parent=250424"}],"wp:term":[{"taxonomy":"product_cat","embeddable":true,"href":"https:\/\/compuviper.mx\/tienda\/wp-json\/wp\/v2\/product_cat?post=250424"},{"taxonomy":"product_tag","embeddable":true,"href":"https:\/\/compuviper.mx\/tienda\/wp-json\/wp\/v2\/product_tag?post=250424"}],"curies":[{"name":"wp","href":"https:\/\/api.w.org\/{rel}","templated":true}]}}