{"id":250240,"date":"2026-04-02T02:07:04","date_gmt":"2026-04-02T08:07:04","guid":{"rendered":"https:\/\/compuviper.mx\/tienda\/producto\/balam-rush-br-941181-audifonos-gamer-orphix-ii-hs699-alambricos-diadema-aux-3-5-mm-usb-pc-dispositivos-moviles-consolas-altavoces-50-mm-iluminacion-rgb-microfono-omnidireccional-n\/"},"modified":"2026-04-02T02:07:05","modified_gmt":"2026-04-02T08:07:05","slug":"balam-rush-br-941181-audifonos-gamer-orphix-ii-hs699-alambricos-diadema-aux-3-5-mm-usb-pc-dispositivos-moviles-consolas-altavoces-50-mm-iluminacion-rgb-microfono-omnidireccional-n","status":"publish","type":"product","link":"https:\/\/compuviper.mx\/tienda\/producto\/balam-rush-br-941181-audifonos-gamer-orphix-ii-hs699-alambricos-diadema-aux-3-5-mm-usb-pc-dispositivos-moviles-consolas-altavoces-50-mm-iluminacion-rgb-microfono-omnidireccional-n\/","title":{"rendered":"Balam Rush Br-941181 Audifonos Gamer Orphix Ii Hs699 \/ Alambricos \/ Diadema \/ Aux 3.5 Mm &#8211; Usb \/ Pc &#8211; Dispositivos Moviles -consolas \/ Altavoces 50 Mm \/ Iluminacion Rgb \/ Microfono Omnidireccional \/ Negro \/"},"content":{"rendered":"<table class=\"descripcion\">\n<tr>\n<td>Especificaciones de los audifonos<\/td>\n<\/tr>\n<tr>\n<td>\u0095 modelo: br-941181<\/td>\n<\/tr>\n<tr>\n<td>\u0095 producto: audifonos<\/td>\n<\/tr>\n<tr>\n<td>\u0095 color: negro<\/td>\n<\/tr>\n<tr>\n<td>\u0095 material: abs + pp<\/td>\n<\/tr>\n<tr>\n<td>\u0095 material de almohadillas: cuero proteico + esponja moldeable<\/td>\n<\/tr>\n<tr>\n<td>\u0095 dimensiones: 18 x 10 x 21 cm<\/td>\n<\/tr>\n<tr>\n<td>\u0095 peso: 322 g<\/td>\n<\/tr>\n<tr>\n<td>\u0095 conectividad: aux 3.5 mm + usb<\/td>\n<\/tr>\n<tr>\n<td>\u0095 compatibilidad: pc \/ dispositivos moviles \/ consolas<\/td>\n<\/tr>\n<tr>\n<td>\u0095 sonido<\/td>\n<\/tr>\n<tr>\n<td>       &#8211; tipo: dinamico<\/td>\n<\/tr>\n<tr>\n<td>       &#8211; tama\u00f1o de bocina: 50 mm<\/td>\n<\/tr>\n<tr>\n<td>       &#8211; frecuencia de respuesta: 20hz-20khz<\/td>\n<\/tr>\n<tr>\n<td>       &#8211; impedancia: 32  and #937;<\/td>\n<\/tr>\n<tr>\n<td>       &#8211; sensibilidad: 120 db<\/td>\n<\/tr>\n<tr>\n<td>\u0095 microfono:<\/td>\n<\/tr>\n<tr>\n<td>       &#8211; tipo: fijo<\/td>\n<\/tr>\n<tr>\n<td>       &#8211; sensibilidad: 120 db<\/td>\n<\/tr>\n<tr>\n<td>       &#8211; direccion: omnidireccional<\/td>\n<\/tr>\n<tr>\n<td>\u0095 alambrica<\/td>\n<\/tr>\n<tr>\n<td>       &#8211; conector: 3.5 mm + usb<\/td>\n<\/tr>\n<tr>\n<td>       &#8211; cable: 2.1 m<\/td>\n<\/tr>\n<tr>\n<td>\u0095 iluminacion: rgb<\/td>\n<\/tr>\n<tr>\n<td>\u0095 alimentacion: v and #9107; 1 a<\/td>\n<\/tr>\n<\/table>\n","protected":false},"excerpt":{"rendered":"<p>Especificaciones de los audifonos \u0095 modelo: br-941181 \u0095 producto: audifonos \u0095 color: negro \u0095 material: abs + pp \u0095 material de almohadillas: cuero proteico + esponja moldeable \u0095 dimensiones: 18 x 10 x 21 cm \u0095 peso: 322 g \u0095 conectividad: aux 3.5 mm + usb \u0095 compatibilidad: pc \/ dispositivos moviles \/ consolas \u0095 [&hellip;]<\/p>\n","protected":false},"featured_media":260872,"comment_status":"open","ping_status":"open","template":"","meta":[],"product_cat":[1552,1822],"product_tag":[2097],"acf":[],"yoast_head":"<!-- This site is optimized with the Yoast SEO plugin v21.7 - https:\/\/yoast.com\/wordpress\/plugins\/seo\/ -->\n<title>[ Balam Rush ] &#129351; Br-941181 Audifonos Gamer Orphix Ii Hs699 \/ Alambricos \/ Diadema \/ Aux 3.5 Mm - Usb \/ Pc - Dispositivos Moviles -consolas \/ Altavoces 50 Mm \/ Iluminacion Rgb \/ Microfono Omnidireccional \/ Negro \/<\/title>\n<meta name=\"description\" content=\"Compra Br-941181 Audifonos Gamer Orphix Ii Hs699 \/ Alambricos \/ Diadema \/ Aux 3.5 Mm - Usb \/ Pc - Dispositivos Moviles -consolas \/ Altavoces 50 Mm \/ Iluminacion Rgb \/ Microfono Omnidireccional \/ Negro \/ + Env\u00edo a domicilio + Pago seguro + Garant\u00eda\" \/>\n<meta name=\"robots\" content=\"index, follow, max-snippet:-1, max-image-preview:large, max-video-preview:-1\" \/>\n<link rel=\"canonical\" href=\"https:\/\/compuviper.mx\/tienda\/producto\/balam-rush-br-941181-audifonos-gamer-orphix-ii-hs699-alambricos-diadema-aux-3-5-mm-usb-pc-dispositivos-moviles-consolas-altavoces-50-mm-iluminacion-rgb-microfono-omnidireccional-n\/\" \/>\n<meta property=\"og:locale\" content=\"es_MX\" \/>\n<meta property=\"og:type\" content=\"article\" \/>\n<meta property=\"og:title\" content=\"[ Balam Rush ] &#129351; Br-941181 Audifonos Gamer Orphix Ii Hs699 \/ Alambricos \/ Diadema \/ Aux 3.5 Mm - Usb \/ Pc - Dispositivos Moviles -consolas \/ Altavoces 50 Mm \/ Iluminacion Rgb \/ Microfono Omnidireccional \/ Negro \/\" \/>\n<meta property=\"og:description\" content=\"Compra Br-941181 Audifonos Gamer Orphix Ii Hs699 \/ Alambricos \/ Diadema \/ Aux 3.5 Mm - Usb \/ Pc - Dispositivos Moviles -consolas \/ Altavoces 50 Mm \/ Iluminacion Rgb \/ Microfono Omnidireccional \/ Negro \/ + Env\u00edo a domicilio + Pago seguro + Garant\u00eda\" \/>\n<meta property=\"og:url\" content=\"https:\/\/compuviper.mx\/tienda\/producto\/balam-rush-br-941181-audifonos-gamer-orphix-ii-hs699-alambricos-diadema-aux-3-5-mm-usb-pc-dispositivos-moviles-consolas-altavoces-50-mm-iluminacion-rgb-microfono-omnidireccional-n\/\" \/>\n<meta property=\"og:site_name\" content=\"Compuviper\" \/>\n<meta property=\"article:publisher\" content=\"https:\/\/www.facebook.com\/compuviper\" \/>\n<meta property=\"article:modified_time\" content=\"2026-04-02T08:07:05+00:00\" \/>\n<meta property=\"og:image\" content=\"https:\/\/compuviper.mx\/tienda\/wp-content\/uploads\/2025\/10\/Audifonos-gamer-orphix-ii-hs699-alambricos-diadema-aux-3.5-mm-usb-pc-dispositivos-moviles-consolas-altavoces-50-mm-iluminacion-rgb-microfono-omnidireccional-negro-br-941181.jpg\" \/>\n\t<meta property=\"og:image:width\" content=\"200\" \/>\n\t<meta property=\"og:image:height\" content=\"200\" \/>\n\t<meta property=\"og:image:type\" content=\"image\/jpeg\" \/>\n<meta name=\"twitter:card\" content=\"summary_large_image\" \/>\n<meta name=\"twitter:label1\" content=\"Precio\" \/>\n\t<meta name=\"twitter:data1\" content=\"&#36;309 con IVA\" \/>\n\t<meta name=\"twitter:label2\" content=\"Availability\" \/>\n\t<meta name=\"twitter:data2\" content=\"Out of stock\" \/>\n<script type=\"application\/ld+json\" class=\"yoast-schema-graph\">{\"@context\":\"https:\/\/schema.org\",\"@graph\":[{\"@type\":\"WebPage\",\"@id\":\"https:\/\/compuviper.mx\/tienda\/producto\/balam-rush-br-941181-audifonos-gamer-orphix-ii-hs699-alambricos-diadema-aux-3-5-mm-usb-pc-dispositivos-moviles-consolas-altavoces-50-mm-iluminacion-rgb-microfono-omnidireccional-n\/\",\"url\":\"https:\/\/compuviper.mx\/tienda\/producto\/balam-rush-br-941181-audifonos-gamer-orphix-ii-hs699-alambricos-diadema-aux-3-5-mm-usb-pc-dispositivos-moviles-consolas-altavoces-50-mm-iluminacion-rgb-microfono-omnidireccional-n\/\",\"name\":\"[ Balam Rush ] &#129351; Br-941181 Audifonos Gamer Orphix Ii Hs699 \/ Alambricos \/ Diadema \/ Aux 3.5 Mm - Usb \/ Pc - Dispositivos Moviles -consolas \/ Altavoces 50 Mm \/ Iluminacion Rgb \/ Microfono Omnidireccional \/ Negro \/\",\"isPartOf\":{\"@id\":\"https:\/\/compuviper.mx\/tienda\/#website\"},\"datePublished\":\"2026-04-02T08:07:04+00:00\",\"dateModified\":\"2026-04-02T08:07:05+00:00\",\"description\":\"Compra Br-941181 Audifonos Gamer Orphix Ii Hs699 \/ Alambricos \/ Diadema \/ Aux 3.5 Mm - Usb \/ Pc - Dispositivos Moviles -consolas \/ Altavoces 50 Mm \/ Iluminacion Rgb \/ Microfono Omnidireccional \/ Negro \/ + Env\u00edo a domicilio + Pago seguro + Garant\u00eda\",\"breadcrumb\":{\"@id\":\"https:\/\/compuviper.mx\/tienda\/producto\/balam-rush-br-941181-audifonos-gamer-orphix-ii-hs699-alambricos-diadema-aux-3-5-mm-usb-pc-dispositivos-moviles-consolas-altavoces-50-mm-iluminacion-rgb-microfono-omnidireccional-n\/#breadcrumb\"},\"inLanguage\":\"es-MX\",\"potentialAction\":[{\"@type\":\"ReadAction\",\"target\":[\"https:\/\/compuviper.mx\/tienda\/producto\/balam-rush-br-941181-audifonos-gamer-orphix-ii-hs699-alambricos-diadema-aux-3-5-mm-usb-pc-dispositivos-moviles-consolas-altavoces-50-mm-iluminacion-rgb-microfono-omnidireccional-n\/\"]}]},{\"@type\":\"BreadcrumbList\",\"@id\":\"https:\/\/compuviper.mx\/tienda\/producto\/balam-rush-br-941181-audifonos-gamer-orphix-ii-hs699-alambricos-diadema-aux-3-5-mm-usb-pc-dispositivos-moviles-consolas-altavoces-50-mm-iluminacion-rgb-microfono-omnidireccional-n\/#breadcrumb\",\"itemListElement\":[{\"@type\":\"ListItem\",\"position\":1,\"name\":\"Inicio\",\"item\":\"https:\/\/compuviper.mx\/tienda\/\"},{\"@type\":\"ListItem\",\"position\":2,\"name\":\"Productos\",\"item\":\"https:\/\/compuviper.mx\/tienda\/productos\/\"},{\"@type\":\"ListItem\",\"position\":3,\"name\":\"Audifonos Y Micro\",\"item\":\"https:\/\/compuviper.mx\/tienda\/categoria-producto\/audifonos-y-micro\/\"},{\"@type\":\"ListItem\",\"position\":4,\"name\":\"Gamers\",\"item\":\"https:\/\/compuviper.mx\/tienda\/categoria-producto\/audifonos-y-micro\/gamers-audifonos-y-micro\/\"},{\"@type\":\"ListItem\",\"position\":5,\"name\":\"Balam Rush Br-941181 Audifonos Gamer Orphix Ii Hs699 \/ Alambricos \/ Diadema \/ Aux 3.5 Mm &#8211; Usb \/ Pc &#8211; Dispositivos Moviles -consolas \/ Altavoces 50 Mm \/ Iluminacion Rgb \/ Microfono Omnidireccional \/ Negro \/\"}]},{\"@type\":\"WebSite\",\"@id\":\"https:\/\/compuviper.mx\/tienda\/#website\",\"url\":\"https:\/\/compuviper.mx\/tienda\/\",\"name\":\"Compuviper\",\"description\":\"Proveedor de Computadoras, Laptops, Servidores, Monitores, Puntos de Venta, Teclados,   Impresoras, T\u00f3ner, C\u00e1maras de Seguridad y m\u00e1s en tu tienda en l\u00ednea\",\"publisher\":{\"@id\":\"https:\/\/compuviper.mx\/tienda\/#organization\"},\"potentialAction\":[{\"@type\":\"SearchAction\",\"target\":{\"@type\":\"EntryPoint\",\"urlTemplate\":\"https:\/\/compuviper.mx\/tienda\/?s={search_term_string}\"},\"query-input\":\"required name=search_term_string\"}],\"inLanguage\":\"es-MX\"},{\"@type\":\"Organization\",\"@id\":\"https:\/\/compuviper.mx\/tienda\/#organization\",\"name\":\"Compuviper\",\"url\":\"https:\/\/compuviper.mx\/tienda\/\",\"logo\":{\"@type\":\"ImageObject\",\"inLanguage\":\"es-MX\",\"@id\":\"https:\/\/compuviper.mx\/tienda\/#\/schema\/logo\/image\/\",\"url\":\"https:\/\/compuviper.mx\/tienda\/wp-content\/uploads\/2021\/08\/Logo-Compuviper-10.png\",\"contentUrl\":\"https:\/\/compuviper.mx\/tienda\/wp-content\/uploads\/2021\/08\/Logo-Compuviper-10.png\",\"width\":1000,\"height\":500,\"caption\":\"Compuviper\"},\"image\":{\"@id\":\"https:\/\/compuviper.mx\/tienda\/#\/schema\/logo\/image\/\"},\"sameAs\":[\"https:\/\/www.facebook.com\/compuviper\",\"https:\/\/www.youtube.com\/channel\/UCf73dERp9Y3cfOq7q8BhLjA?view_as=subscriber\"]}]}<\/script>\n<meta property=\"product:brand\" content=\"Balam Rush\" \/>\n<meta property=\"product:price:amount\" content=\"309\" \/>\n<meta property=\"product:price:currency\" content=\"MXN\" \/>\n<meta property=\"og:availability\" content=\"out of stock\" \/>\n<meta property=\"product:availability\" content=\"out of stock\" \/>\n<meta property=\"product:retailer_item_id\" content=\"BR-941181\" \/>\n<meta property=\"product:condition\" content=\"new\" \/>\n<!-- \/ Yoast SEO plugin. -->","yoast_head_json":{"title":"[ Balam Rush ] &#129351; Br-941181 Audifonos Gamer Orphix Ii Hs699 \/ Alambricos \/ Diadema \/ Aux 3.5 Mm - Usb \/ Pc - Dispositivos Moviles -consolas \/ Altavoces 50 Mm \/ Iluminacion Rgb \/ Microfono Omnidireccional \/ Negro \/","description":"Compra Br-941181 Audifonos Gamer Orphix Ii Hs699 \/ Alambricos \/ Diadema \/ Aux 3.5 Mm - Usb \/ Pc - Dispositivos Moviles -consolas \/ Altavoces 50 Mm \/ Iluminacion Rgb \/ Microfono Omnidireccional \/ Negro \/ + Env\u00edo a domicilio + Pago seguro + Garant\u00eda","robots":{"index":"index","follow":"follow","max-snippet":"max-snippet:-1","max-image-preview":"max-image-preview:large","max-video-preview":"max-video-preview:-1"},"canonical":"https:\/\/compuviper.mx\/tienda\/producto\/balam-rush-br-941181-audifonos-gamer-orphix-ii-hs699-alambricos-diadema-aux-3-5-mm-usb-pc-dispositivos-moviles-consolas-altavoces-50-mm-iluminacion-rgb-microfono-omnidireccional-n\/","og_locale":"es_MX","og_type":"article","og_title":"[ Balam Rush ] &#129351; Br-941181 Audifonos Gamer Orphix Ii Hs699 \/ Alambricos \/ Diadema \/ Aux 3.5 Mm - Usb \/ Pc - Dispositivos Moviles -consolas \/ Altavoces 50 Mm \/ Iluminacion Rgb \/ Microfono Omnidireccional \/ Negro \/","og_description":"Compra Br-941181 Audifonos Gamer Orphix Ii Hs699 \/ Alambricos \/ Diadema \/ Aux 3.5 Mm - Usb \/ Pc - Dispositivos Moviles -consolas \/ Altavoces 50 Mm \/ Iluminacion Rgb \/ Microfono Omnidireccional \/ Negro \/ + Env\u00edo a domicilio + Pago seguro + Garant\u00eda","og_url":"https:\/\/compuviper.mx\/tienda\/producto\/balam-rush-br-941181-audifonos-gamer-orphix-ii-hs699-alambricos-diadema-aux-3-5-mm-usb-pc-dispositivos-moviles-consolas-altavoces-50-mm-iluminacion-rgb-microfono-omnidireccional-n\/","og_site_name":"Compuviper","article_publisher":"https:\/\/www.facebook.com\/compuviper","article_modified_time":"2026-04-02T08:07:05+00:00","og_image":[{"width":200,"height":200,"url":"https:\/\/compuviper.mx\/tienda\/wp-content\/uploads\/2025\/10\/Audifonos-gamer-orphix-ii-hs699-alambricos-diadema-aux-3.5-mm-usb-pc-dispositivos-moviles-consolas-altavoces-50-mm-iluminacion-rgb-microfono-omnidireccional-negro-br-941181.jpg","type":"image\/jpeg"}],"twitter_card":"summary_large_image","twitter_misc":{"Precio":"&#36;309 con IVA","Availability":"Out of stock"},"schema":{"@context":"https:\/\/schema.org","@graph":[{"@type":"WebPage","@id":"https:\/\/compuviper.mx\/tienda\/producto\/balam-rush-br-941181-audifonos-gamer-orphix-ii-hs699-alambricos-diadema-aux-3-5-mm-usb-pc-dispositivos-moviles-consolas-altavoces-50-mm-iluminacion-rgb-microfono-omnidireccional-n\/","url":"https:\/\/compuviper.mx\/tienda\/producto\/balam-rush-br-941181-audifonos-gamer-orphix-ii-hs699-alambricos-diadema-aux-3-5-mm-usb-pc-dispositivos-moviles-consolas-altavoces-50-mm-iluminacion-rgb-microfono-omnidireccional-n\/","name":"[ Balam Rush ] &#129351; Br-941181 Audifonos Gamer Orphix Ii Hs699 \/ Alambricos \/ Diadema \/ Aux 3.5 Mm - Usb \/ Pc - Dispositivos Moviles -consolas \/ Altavoces 50 Mm \/ Iluminacion Rgb \/ Microfono Omnidireccional \/ Negro \/","isPartOf":{"@id":"https:\/\/compuviper.mx\/tienda\/#website"},"datePublished":"2026-04-02T08:07:04+00:00","dateModified":"2026-04-02T08:07:05+00:00","description":"Compra Br-941181 Audifonos Gamer Orphix Ii Hs699 \/ Alambricos \/ Diadema \/ Aux 3.5 Mm - Usb \/ Pc - Dispositivos Moviles -consolas \/ Altavoces 50 Mm \/ Iluminacion Rgb \/ Microfono Omnidireccional \/ Negro \/ + Env\u00edo a domicilio + Pago seguro + Garant\u00eda","breadcrumb":{"@id":"https:\/\/compuviper.mx\/tienda\/producto\/balam-rush-br-941181-audifonos-gamer-orphix-ii-hs699-alambricos-diadema-aux-3-5-mm-usb-pc-dispositivos-moviles-consolas-altavoces-50-mm-iluminacion-rgb-microfono-omnidireccional-n\/#breadcrumb"},"inLanguage":"es-MX","potentialAction":[{"@type":"ReadAction","target":["https:\/\/compuviper.mx\/tienda\/producto\/balam-rush-br-941181-audifonos-gamer-orphix-ii-hs699-alambricos-diadema-aux-3-5-mm-usb-pc-dispositivos-moviles-consolas-altavoces-50-mm-iluminacion-rgb-microfono-omnidireccional-n\/"]}]},{"@type":"BreadcrumbList","@id":"https:\/\/compuviper.mx\/tienda\/producto\/balam-rush-br-941181-audifonos-gamer-orphix-ii-hs699-alambricos-diadema-aux-3-5-mm-usb-pc-dispositivos-moviles-consolas-altavoces-50-mm-iluminacion-rgb-microfono-omnidireccional-n\/#breadcrumb","itemListElement":[{"@type":"ListItem","position":1,"name":"Inicio","item":"https:\/\/compuviper.mx\/tienda\/"},{"@type":"ListItem","position":2,"name":"Productos","item":"https:\/\/compuviper.mx\/tienda\/productos\/"},{"@type":"ListItem","position":3,"name":"Audifonos Y Micro","item":"https:\/\/compuviper.mx\/tienda\/categoria-producto\/audifonos-y-micro\/"},{"@type":"ListItem","position":4,"name":"Gamers","item":"https:\/\/compuviper.mx\/tienda\/categoria-producto\/audifonos-y-micro\/gamers-audifonos-y-micro\/"},{"@type":"ListItem","position":5,"name":"Balam Rush Br-941181 Audifonos Gamer Orphix Ii Hs699 \/ Alambricos \/ Diadema \/ Aux 3.5 Mm &#8211; Usb \/ Pc &#8211; Dispositivos Moviles -consolas \/ Altavoces 50 Mm \/ Iluminacion Rgb \/ Microfono Omnidireccional \/ Negro \/"}]},{"@type":"WebSite","@id":"https:\/\/compuviper.mx\/tienda\/#website","url":"https:\/\/compuviper.mx\/tienda\/","name":"Compuviper","description":"Proveedor de Computadoras, Laptops, Servidores, Monitores, Puntos de Venta, Teclados,   Impresoras, T\u00f3ner, C\u00e1maras de Seguridad y m\u00e1s en tu tienda en l\u00ednea","publisher":{"@id":"https:\/\/compuviper.mx\/tienda\/#organization"},"potentialAction":[{"@type":"SearchAction","target":{"@type":"EntryPoint","urlTemplate":"https:\/\/compuviper.mx\/tienda\/?s={search_term_string}"},"query-input":"required name=search_term_string"}],"inLanguage":"es-MX"},{"@type":"Organization","@id":"https:\/\/compuviper.mx\/tienda\/#organization","name":"Compuviper","url":"https:\/\/compuviper.mx\/tienda\/","logo":{"@type":"ImageObject","inLanguage":"es-MX","@id":"https:\/\/compuviper.mx\/tienda\/#\/schema\/logo\/image\/","url":"https:\/\/compuviper.mx\/tienda\/wp-content\/uploads\/2021\/08\/Logo-Compuviper-10.png","contentUrl":"https:\/\/compuviper.mx\/tienda\/wp-content\/uploads\/2021\/08\/Logo-Compuviper-10.png","width":1000,"height":500,"caption":"Compuviper"},"image":{"@id":"https:\/\/compuviper.mx\/tienda\/#\/schema\/logo\/image\/"},"sameAs":["https:\/\/www.facebook.com\/compuviper","https:\/\/www.youtube.com\/channel\/UCf73dERp9Y3cfOq7q8BhLjA?view_as=subscriber"]}]},"product_brand":"Balam Rush","product_price_amount":"309","product_price_currency":"MXN","og_availability":"out of stock","product_availability":"out of stock","product_retailer_item_id":"BR-941181","product_condition":"new"},"_links":{"self":[{"href":"https:\/\/compuviper.mx\/tienda\/wp-json\/wp\/v2\/product\/250240"}],"collection":[{"href":"https:\/\/compuviper.mx\/tienda\/wp-json\/wp\/v2\/product"}],"about":[{"href":"https:\/\/compuviper.mx\/tienda\/wp-json\/wp\/v2\/types\/product"}],"replies":[{"embeddable":true,"href":"https:\/\/compuviper.mx\/tienda\/wp-json\/wp\/v2\/comments?post=250240"}],"wp:featuredmedia":[{"embeddable":true,"href":"https:\/\/compuviper.mx\/tienda\/wp-json\/wp\/v2\/media\/260872"}],"wp:attachment":[{"href":"https:\/\/compuviper.mx\/tienda\/wp-json\/wp\/v2\/media?parent=250240"}],"wp:term":[{"taxonomy":"product_cat","embeddable":true,"href":"https:\/\/compuviper.mx\/tienda\/wp-json\/wp\/v2\/product_cat?post=250240"},{"taxonomy":"product_tag","embeddable":true,"href":"https:\/\/compuviper.mx\/tienda\/wp-json\/wp\/v2\/product_tag?post=250240"}],"curies":[{"name":"wp","href":"https:\/\/api.w.org\/{rel}","templated":true}]}}