{"id":250201,"date":"2026-04-01T23:16:16","date_gmt":"2026-04-02T05:16:16","guid":{"rendered":"https:\/\/compuviper.mx\/tienda\/producto\/startech-com-fpwtltb1-soporte-de-pared-para-tv-de-pantalla-plana-ajustable-startech\/"},"modified":"2026-04-01T23:16:17","modified_gmt":"2026-04-02T05:16:17","slug":"startech-com-fpwtltb1-soporte-de-pared-para-tv-de-pantalla-plana-ajustable-startech","status":"publish","type":"product","link":"https:\/\/compuviper.mx\/tienda\/producto\/startech-com-fpwtltb1-soporte-de-pared-para-tv-de-pantalla-plana-ajustable-startech\/","title":{"rendered":"Startech.com Fpwtltb1 Soporte De Pared Para Tv De Pantalla Plana &#8211; Ajustable Startech"},"content":{"rendered":"<table class=\"descripcion\">\n<tr>\n<td>Soporte de pared para tv grande (100 pulgadas): este soporte universal de pared para tv, de servicio pesado, es compatible con pantallas vesa, incluyendo los modelos de tv curva de hasta 100 pulgadas (75kg), con estructura en acero duradero y acabado granulado<\/td>\n<\/tr>\n<tr>\n<td>Facil ajuste: soporte de tv para montaje en pared, inclinable (+5\/-10 grados de inclinacion precisa); ajuste manual de la inclinacion mediante perillas, lo cual facilita fijar la posicion de pantallas mas grandes, a fin de lograr un \u00e1ngulo de visi\u00f3n ideal<\/td>\n<\/tr>\n<tr>\n<td>Compatibilidad: soporte para tv lg, samsung y otras marcas (destornilladores\/espaciadores incluidos) y patrones vesa 200&#215;200, 200&#215;300, 200&#215;400, 300&#215;200, 300&#215;300, 400&#215;200, 400&#215;300, 400&#215;400, 600&#215;200, 600&#215;300, 600&#215;400, 600&#215;600, 800&#215;400, 800&#215;600, 900&#215;600<\/td>\n<\/tr>\n<tr>\n<td>Instalacion sencilla: incluye un nivel a burbuja, enganchable, para la alineacion adecuada. mecanismo por resorte que facilita que los soportes encajen, lo cual aumenta la seguridad y permite que se puedan desinstalar, tirando de las cuerdas<\/td>\n<\/tr>\n<tr>\n<td>Diseno de perfil bajo: diseno de perfil bajo que se coloca a 85mm de la pared, como complemento de aspecto profesional de televisores lcd\/led de pantalla plana ultradelgada<\/td>\n<\/tr>\n<\/table>\n","protected":false},"excerpt":{"rendered":"<p>Soporte de pared para pantalla  de acero para tv de 60 pulgadas  a 100 pulgadas<\/p>\n","protected":false},"featured_media":258784,"comment_status":"open","ping_status":"open","template":"","meta":[],"product_cat":[2321,2265],"product_tag":[1590],"acf":[],"yoast_head":"<!-- This site is optimized with the Yoast SEO plugin v21.7 - https:\/\/yoast.com\/wordpress\/plugins\/seo\/ -->\n<title>[ Startech.com ] &#129351; Fpwtltb1 Soporte De Pared Para Tv De Pantalla Plana - Ajustable Startech<\/title>\n<meta name=\"description\" content=\"Compra Fpwtltb1 Soporte De Pared Para Tv De Pantalla Plana - Ajustable Startech + Env\u00edo a domicilio + Pago seguro + Garant\u00eda\" \/>\n<meta name=\"robots\" content=\"index, follow, max-snippet:-1, max-image-preview:large, max-video-preview:-1\" \/>\n<link rel=\"canonical\" href=\"https:\/\/compuviper.mx\/tienda\/producto\/startech-com-fpwtltb1-soporte-de-pared-para-tv-de-pantalla-plana-ajustable-startech\/\" \/>\n<meta property=\"og:locale\" content=\"es_MX\" \/>\n<meta property=\"og:type\" content=\"article\" \/>\n<meta property=\"og:title\" content=\"[ Startech.com ] &#129351; Fpwtltb1 Soporte De Pared Para Tv De Pantalla Plana - Ajustable Startech\" \/>\n<meta property=\"og:description\" content=\"Compra Fpwtltb1 Soporte De Pared Para Tv De Pantalla Plana - Ajustable Startech + Env\u00edo a domicilio + Pago seguro + Garant\u00eda\" \/>\n<meta property=\"og:url\" content=\"https:\/\/compuviper.mx\/tienda\/producto\/startech-com-fpwtltb1-soporte-de-pared-para-tv-de-pantalla-plana-ajustable-startech\/\" \/>\n<meta property=\"og:site_name\" content=\"Compuviper\" \/>\n<meta property=\"article:publisher\" content=\"https:\/\/www.facebook.com\/compuviper\" \/>\n<meta property=\"article:modified_time\" content=\"2026-04-02T05:16:17+00:00\" \/>\n<meta property=\"og:image\" content=\"https:\/\/compuviper.mx\/tienda\/wp-content\/uploads\/2025\/10\/Soporte-de-pared-para-tv-de-pantalla-plana-ajustable-startech.jpg\" \/>\n\t<meta property=\"og:image:width\" content=\"200\" \/>\n\t<meta property=\"og:image:height\" content=\"200\" \/>\n\t<meta property=\"og:image:type\" content=\"image\/jpeg\" \/>\n<meta name=\"twitter:card\" content=\"summary_large_image\" \/>\n<meta name=\"twitter:label1\" content=\"Precio\" \/>\n\t<meta name=\"twitter:data1\" content=\"&#36;1,948 con IVA\" \/>\n\t<meta name=\"twitter:label2\" content=\"Availability\" \/>\n\t<meta name=\"twitter:data2\" content=\"In stock\" \/>\n<script type=\"application\/ld+json\" class=\"yoast-schema-graph\">{\"@context\":\"https:\/\/schema.org\",\"@graph\":[{\"@type\":\"WebPage\",\"@id\":\"https:\/\/compuviper.mx\/tienda\/producto\/startech-com-fpwtltb1-soporte-de-pared-para-tv-de-pantalla-plana-ajustable-startech\/\",\"url\":\"https:\/\/compuviper.mx\/tienda\/producto\/startech-com-fpwtltb1-soporte-de-pared-para-tv-de-pantalla-plana-ajustable-startech\/\",\"name\":\"[ Startech.com ] &#129351; Fpwtltb1 Soporte De Pared Para Tv De Pantalla Plana - Ajustable Startech\",\"isPartOf\":{\"@id\":\"https:\/\/compuviper.mx\/tienda\/#website\"},\"datePublished\":\"2026-04-02T05:16:16+00:00\",\"dateModified\":\"2026-04-02T05:16:17+00:00\",\"description\":\"Compra Fpwtltb1 Soporte De Pared Para Tv De Pantalla Plana - Ajustable Startech + Env\u00edo a domicilio + Pago seguro + Garant\u00eda\",\"breadcrumb\":{\"@id\":\"https:\/\/compuviper.mx\/tienda\/producto\/startech-com-fpwtltb1-soporte-de-pared-para-tv-de-pantalla-plana-ajustable-startech\/#breadcrumb\"},\"inLanguage\":\"es-MX\",\"potentialAction\":[{\"@type\":\"ReadAction\",\"target\":[\"https:\/\/compuviper.mx\/tienda\/producto\/startech-com-fpwtltb1-soporte-de-pared-para-tv-de-pantalla-plana-ajustable-startech\/\"]}]},{\"@type\":\"BreadcrumbList\",\"@id\":\"https:\/\/compuviper.mx\/tienda\/producto\/startech-com-fpwtltb1-soporte-de-pared-para-tv-de-pantalla-plana-ajustable-startech\/#breadcrumb\",\"itemListElement\":[{\"@type\":\"ListItem\",\"position\":1,\"name\":\"Inicio\",\"item\":\"https:\/\/compuviper.mx\/tienda\/\"},{\"@type\":\"ListItem\",\"position\":2,\"name\":\"Productos\",\"item\":\"https:\/\/compuviper.mx\/tienda\/productos\/\"},{\"@type\":\"ListItem\",\"position\":3,\"name\":\"Soportes Y Bases P\/tv\/ Proyectores\/dvd\/consolas\/bocinas\/pantallas\/monotores\",\"item\":\"https:\/\/compuviper.mx\/tienda\/categoria-producto\/soportes-y-bases-p-tv-proyectores-dvd-consolas-bocinas-pantallas-monotores\/\"},{\"@type\":\"ListItem\",\"position\":4,\"name\":\"Soporte Y Base Para Tv\/pantallas\/monitores\/kiosko\",\"item\":\"https:\/\/compuviper.mx\/tienda\/categoria-producto\/soportes-y-bases-p-tv-proyectores-dvd-consolas-bocinas-pantallas-monotores\/soporte-y-base-para-tv-pantallas-monitores-kiosko\/\"},{\"@type\":\"ListItem\",\"position\":5,\"name\":\"Startech.com Fpwtltb1 Soporte De Pared Para Tv De Pantalla Plana &#8211; Ajustable Startech\"}]},{\"@type\":\"WebSite\",\"@id\":\"https:\/\/compuviper.mx\/tienda\/#website\",\"url\":\"https:\/\/compuviper.mx\/tienda\/\",\"name\":\"Compuviper\",\"description\":\"Proveedor de Computadoras, Laptops, Servidores, Monitores, Puntos de Venta, Teclados,   Impresoras, T\u00f3ner, C\u00e1maras de Seguridad y m\u00e1s en tu tienda en l\u00ednea\",\"publisher\":{\"@id\":\"https:\/\/compuviper.mx\/tienda\/#organization\"},\"potentialAction\":[{\"@type\":\"SearchAction\",\"target\":{\"@type\":\"EntryPoint\",\"urlTemplate\":\"https:\/\/compuviper.mx\/tienda\/?s={search_term_string}\"},\"query-input\":\"required name=search_term_string\"}],\"inLanguage\":\"es-MX\"},{\"@type\":\"Organization\",\"@id\":\"https:\/\/compuviper.mx\/tienda\/#organization\",\"name\":\"Compuviper\",\"url\":\"https:\/\/compuviper.mx\/tienda\/\",\"logo\":{\"@type\":\"ImageObject\",\"inLanguage\":\"es-MX\",\"@id\":\"https:\/\/compuviper.mx\/tienda\/#\/schema\/logo\/image\/\",\"url\":\"https:\/\/compuviper.mx\/tienda\/wp-content\/uploads\/2021\/08\/Logo-Compuviper-10.png\",\"contentUrl\":\"https:\/\/compuviper.mx\/tienda\/wp-content\/uploads\/2021\/08\/Logo-Compuviper-10.png\",\"width\":1000,\"height\":500,\"caption\":\"Compuviper\"},\"image\":{\"@id\":\"https:\/\/compuviper.mx\/tienda\/#\/schema\/logo\/image\/\"},\"sameAs\":[\"https:\/\/www.facebook.com\/compuviper\",\"https:\/\/www.youtube.com\/channel\/UCf73dERp9Y3cfOq7q8BhLjA?view_as=subscriber\"]}]}<\/script>\n<meta property=\"product:brand\" content=\"STARTECH.COM\" \/>\n<meta property=\"product:price:amount\" content=\"1948\" \/>\n<meta property=\"product:price:currency\" content=\"MXN\" \/>\n<meta property=\"og:availability\" content=\"instock\" \/>\n<meta property=\"product:availability\" content=\"instock\" \/>\n<meta property=\"product:retailer_item_id\" content=\"FPWTLTB1\" \/>\n<meta property=\"product:condition\" content=\"new\" \/>\n<!-- \/ Yoast SEO plugin. -->","yoast_head_json":{"title":"[ Startech.com ] &#129351; Fpwtltb1 Soporte De Pared Para Tv De Pantalla Plana - Ajustable Startech","description":"Compra Fpwtltb1 Soporte De Pared Para Tv De Pantalla Plana - Ajustable Startech + Env\u00edo a domicilio + Pago seguro + Garant\u00eda","robots":{"index":"index","follow":"follow","max-snippet":"max-snippet:-1","max-image-preview":"max-image-preview:large","max-video-preview":"max-video-preview:-1"},"canonical":"https:\/\/compuviper.mx\/tienda\/producto\/startech-com-fpwtltb1-soporte-de-pared-para-tv-de-pantalla-plana-ajustable-startech\/","og_locale":"es_MX","og_type":"article","og_title":"[ Startech.com ] &#129351; Fpwtltb1 Soporte De Pared Para Tv De Pantalla Plana - Ajustable Startech","og_description":"Compra Fpwtltb1 Soporte De Pared Para Tv De Pantalla Plana - Ajustable Startech + Env\u00edo a domicilio + Pago seguro + Garant\u00eda","og_url":"https:\/\/compuviper.mx\/tienda\/producto\/startech-com-fpwtltb1-soporte-de-pared-para-tv-de-pantalla-plana-ajustable-startech\/","og_site_name":"Compuviper","article_publisher":"https:\/\/www.facebook.com\/compuviper","article_modified_time":"2026-04-02T05:16:17+00:00","og_image":[{"width":200,"height":200,"url":"https:\/\/compuviper.mx\/tienda\/wp-content\/uploads\/2025\/10\/Soporte-de-pared-para-tv-de-pantalla-plana-ajustable-startech.jpg","type":"image\/jpeg"}],"twitter_card":"summary_large_image","twitter_misc":{"Precio":"&#36;1,948 con IVA","Availability":"In stock"},"schema":{"@context":"https:\/\/schema.org","@graph":[{"@type":"WebPage","@id":"https:\/\/compuviper.mx\/tienda\/producto\/startech-com-fpwtltb1-soporte-de-pared-para-tv-de-pantalla-plana-ajustable-startech\/","url":"https:\/\/compuviper.mx\/tienda\/producto\/startech-com-fpwtltb1-soporte-de-pared-para-tv-de-pantalla-plana-ajustable-startech\/","name":"[ Startech.com ] &#129351; Fpwtltb1 Soporte De Pared Para Tv De Pantalla Plana - Ajustable Startech","isPartOf":{"@id":"https:\/\/compuviper.mx\/tienda\/#website"},"datePublished":"2026-04-02T05:16:16+00:00","dateModified":"2026-04-02T05:16:17+00:00","description":"Compra Fpwtltb1 Soporte De Pared Para Tv De Pantalla Plana - Ajustable Startech + Env\u00edo a domicilio + Pago seguro + Garant\u00eda","breadcrumb":{"@id":"https:\/\/compuviper.mx\/tienda\/producto\/startech-com-fpwtltb1-soporte-de-pared-para-tv-de-pantalla-plana-ajustable-startech\/#breadcrumb"},"inLanguage":"es-MX","potentialAction":[{"@type":"ReadAction","target":["https:\/\/compuviper.mx\/tienda\/producto\/startech-com-fpwtltb1-soporte-de-pared-para-tv-de-pantalla-plana-ajustable-startech\/"]}]},{"@type":"BreadcrumbList","@id":"https:\/\/compuviper.mx\/tienda\/producto\/startech-com-fpwtltb1-soporte-de-pared-para-tv-de-pantalla-plana-ajustable-startech\/#breadcrumb","itemListElement":[{"@type":"ListItem","position":1,"name":"Inicio","item":"https:\/\/compuviper.mx\/tienda\/"},{"@type":"ListItem","position":2,"name":"Productos","item":"https:\/\/compuviper.mx\/tienda\/productos\/"},{"@type":"ListItem","position":3,"name":"Soportes Y Bases P\/tv\/ Proyectores\/dvd\/consolas\/bocinas\/pantallas\/monotores","item":"https:\/\/compuviper.mx\/tienda\/categoria-producto\/soportes-y-bases-p-tv-proyectores-dvd-consolas-bocinas-pantallas-monotores\/"},{"@type":"ListItem","position":4,"name":"Soporte Y Base Para Tv\/pantallas\/monitores\/kiosko","item":"https:\/\/compuviper.mx\/tienda\/categoria-producto\/soportes-y-bases-p-tv-proyectores-dvd-consolas-bocinas-pantallas-monotores\/soporte-y-base-para-tv-pantallas-monitores-kiosko\/"},{"@type":"ListItem","position":5,"name":"Startech.com Fpwtltb1 Soporte De Pared Para Tv De Pantalla Plana &#8211; Ajustable Startech"}]},{"@type":"WebSite","@id":"https:\/\/compuviper.mx\/tienda\/#website","url":"https:\/\/compuviper.mx\/tienda\/","name":"Compuviper","description":"Proveedor de Computadoras, Laptops, Servidores, Monitores, Puntos de Venta, Teclados,   Impresoras, T\u00f3ner, C\u00e1maras de Seguridad y m\u00e1s en tu tienda en l\u00ednea","publisher":{"@id":"https:\/\/compuviper.mx\/tienda\/#organization"},"potentialAction":[{"@type":"SearchAction","target":{"@type":"EntryPoint","urlTemplate":"https:\/\/compuviper.mx\/tienda\/?s={search_term_string}"},"query-input":"required name=search_term_string"}],"inLanguage":"es-MX"},{"@type":"Organization","@id":"https:\/\/compuviper.mx\/tienda\/#organization","name":"Compuviper","url":"https:\/\/compuviper.mx\/tienda\/","logo":{"@type":"ImageObject","inLanguage":"es-MX","@id":"https:\/\/compuviper.mx\/tienda\/#\/schema\/logo\/image\/","url":"https:\/\/compuviper.mx\/tienda\/wp-content\/uploads\/2021\/08\/Logo-Compuviper-10.png","contentUrl":"https:\/\/compuviper.mx\/tienda\/wp-content\/uploads\/2021\/08\/Logo-Compuviper-10.png","width":1000,"height":500,"caption":"Compuviper"},"image":{"@id":"https:\/\/compuviper.mx\/tienda\/#\/schema\/logo\/image\/"},"sameAs":["https:\/\/www.facebook.com\/compuviper","https:\/\/www.youtube.com\/channel\/UCf73dERp9Y3cfOq7q8BhLjA?view_as=subscriber"]}]},"product_brand":"STARTECH.COM","product_price_amount":"1948","product_price_currency":"MXN","og_availability":"instock","product_availability":"instock","product_retailer_item_id":"FPWTLTB1","product_condition":"new"},"_links":{"self":[{"href":"https:\/\/compuviper.mx\/tienda\/wp-json\/wp\/v2\/product\/250201"}],"collection":[{"href":"https:\/\/compuviper.mx\/tienda\/wp-json\/wp\/v2\/product"}],"about":[{"href":"https:\/\/compuviper.mx\/tienda\/wp-json\/wp\/v2\/types\/product"}],"replies":[{"embeddable":true,"href":"https:\/\/compuviper.mx\/tienda\/wp-json\/wp\/v2\/comments?post=250201"}],"wp:featuredmedia":[{"embeddable":true,"href":"https:\/\/compuviper.mx\/tienda\/wp-json\/wp\/v2\/media\/258784"}],"wp:attachment":[{"href":"https:\/\/compuviper.mx\/tienda\/wp-json\/wp\/v2\/media?parent=250201"}],"wp:term":[{"taxonomy":"product_cat","embeddable":true,"href":"https:\/\/compuviper.mx\/tienda\/wp-json\/wp\/v2\/product_cat?post=250201"},{"taxonomy":"product_tag","embeddable":true,"href":"https:\/\/compuviper.mx\/tienda\/wp-json\/wp\/v2\/product_tag?post=250201"}],"curies":[{"name":"wp","href":"https:\/\/api.w.org\/{rel}","templated":true}]}}