{"id":249939,"date":"2026-04-08T00:28:50","date_gmt":"2026-04-08T06:28:50","guid":{"rendered":"https:\/\/compuviper.mx\/tienda\/producto\/smartbitt-sbol2kt-1-no-break-2kva-1800w-tecnologa-on-line-montaje-torre-clavija-5-20p-slot-para-snmp\/"},"modified":"2026-04-08T00:28:50","modified_gmt":"2026-04-08T06:28:50","slug":"smartbitt-sbol2kt-1-ups-online-2kva-1800w-tecnologa-on-line-montaje-torre-clavija-5-20p-slot-para-snmp","status":"publish","type":"product","link":"https:\/\/compuviper.mx\/tienda\/producto\/smartbitt-sbol2kt-1-ups-online-2kva-1800w-tecnologa-on-line-montaje-torre-clavija-5-20p-slot-para-snmp\/","title":{"rendered":"Smartbitt Sbol2kt-1 Ups Online      2kva\/1800w , Tecnologa On Line, Montaje Torre, Clavija 5-20p, Slot Para Snmp"},"content":{"rendered":"<table class=\"descripcion\">\n<tr>\n<td>Modelo: sbol2kt-1<\/td>\n<\/tr>\n<tr>\n<td>Capacidad:2 kva \/ 1800 w<\/td>\n<\/tr>\n<tr>\n<td>Entrada<\/td>\n<\/tr>\n<tr>\n<td>Nema 5-20 p<\/td>\n<\/tr>\n<tr>\n<td>Voltaje nominal:      100\/110\/115\/120\/127 vac<\/td>\n<\/tr>\n<tr>\n<td>Rango de voltaje:    60 \/ 150 vac \u00b1 5% a 50% carga<\/td>\n<\/tr>\n<tr>\n<td>Rango de frecuencia:   40hz  a  70 hz<\/td>\n<\/tr>\n<tr>\n<td>Frecuencia nominal:          50\/60 hz<\/td>\n<\/tr>\n<tr>\n<td>Fase: monofasico con toma de tierra<\/td>\n<\/tr>\n<tr>\n<td>Factor de poder: \u00ac 0.99@voltaje nominal (voltaje de entrada)<\/td>\n<\/tr>\n<tr>\n<td>Principales caracteristicas<\/td>\n<\/tr>\n<tr>\n<td>Factor de potencia de salida 0.9.<\/td>\n<\/tr>\n<tr>\n<td>50hz\/60hz modo de convertidor de frecuencia.<\/td>\n<\/tr>\n<tr>\n<td>Funcion de apagado de emergencia (epo).<\/td>\n<\/tr>\n<tr>\n<td>Funcionamiento en modo eco de ahorro energetico.<\/td>\n<\/tr>\n<tr>\n<td>Puertos de comunicacion snmp (opcional)+usb+rs-232.<\/td>\n<\/tr>\n<tr>\n<td>Tension de salida seleccionable a traves del panel lcd.<\/td>\n<\/tr>\n<tr>\n<td>Formato de torre compacta.<\/td>\n<\/tr>\n<tr>\n<td>Salida<\/td>\n<\/tr>\n<tr>\n<td>Nema: 4 nemas (5-15\/20 r)<\/td>\n<\/tr>\n<tr>\n<td>Voltaje de salida:  100\/110\/115\/120\/127 vac<\/td>\n<\/tr>\n<tr>\n<td>Regulacion de voltaje ac (modo bateria):  \u00b1 1% (modo bateria)<\/td>\n<\/tr>\n<tr>\n<td>Rango de frecuencia 50 hz \u00b1 0.5 % o 60hz \u00b1 0.5 %<\/td>\n<\/tr>\n<tr>\n<td>Factor de cresta de corriente: 3:1<\/td>\n<\/tr>\n<tr>\n<td>Distorsi\u00f3n arm\u00f3nica (modo linea): \u00bf3% (carga lineal); \u00bf 6% thd (carga no lineal)<\/td>\n<\/tr>\n<tr>\n<td>Tiempo de transferencia: cero<\/td>\n<\/tr>\n<tr>\n<td>Inversor a bypass: 4 ms (tipica)<\/td>\n<\/tr>\n<tr>\n<td>Tipo de onda (modo bateria): senoidal pura<\/td>\n<\/tr>\n<tr>\n<td>Bateria<\/td>\n<\/tr>\n<tr>\n<td>Modelo<\/td>\n<\/tr>\n<tr>\n<td>Estandar.<\/td>\n<\/tr>\n<tr>\n<td>Tipo de bateria: 12 v \/ 9 ah<\/td>\n<\/tr>\n<tr>\n<td>Numero de baterias: 2<\/td>\n<\/tr>\n<tr>\n<td>Tiempo de recarga tipica: recuperacion en 4 hrs al 90% de su capacidad<\/td>\n<\/tr>\n<tr>\n<td>Corriente de carga: 1.0 a<\/td>\n<\/tr>\n<tr>\n<td>Carga de voltaje: 27.4 vdc \u00b11%<\/td>\n<\/tr>\n<tr>\n<td>Indicadores<\/td>\n<\/tr>\n<tr>\n<td>Panel lcd: estado ups, el nivel de carga, nivel de bateria, voltaje de entrada \/ salida, temporizador de descarga, y las condiciones de falla<\/td>\n<\/tr>\n<tr>\n<td>Alarma audible<\/td>\n<\/tr>\n<tr>\n<td>Modo bateria: sonando cada 4 segundos<\/td>\n<\/tr>\n<tr>\n<td>Bateria baja: sonando cada segundo<\/td>\n<\/tr>\n<tr>\n<td>Sobrecarga: sonando dos veces cada segundo<\/td>\n<\/tr>\n<tr>\n<td>Critica: continuamente sonando<\/td>\n<\/tr>\n<tr>\n<td>Caracteristicas fisicas<\/td>\n<\/tr>\n<tr>\n<td>Modelo<\/td>\n<\/tr>\n<tr>\n<td>Estandar<\/td>\n<\/tr>\n<tr>\n<td>Dimensiones dxwxh(mm): 400 x 145 x 237<\/td>\n<\/tr>\n<tr>\n<td>Peso neto (kgs): 9.4<\/td>\n<\/tr>\n<tr>\n<td>Medio ambiente<\/td>\n<\/tr>\n<tr>\n<td>Humedad: 20-90% rh @ 0-40\u00b0c (no condensada)<\/td>\n<\/tr>\n<tr>\n<td>Nivel de ruido: menos de 50 db a 1 metro<\/td>\n<\/tr>\n<tr>\n<td>Administracion<\/td>\n<\/tr>\n<tr>\n<td>Smart rs-232\/usb: soporta windows 2000\/2003\/xp\/vista\/2008, windows 7\/8,10, 11,  linux, unix, y mac<\/td>\n<\/tr>\n<tr>\n<td>Snmp opcional: monitoreo y administraci\u00f3n de ups, via snmp por internet.<\/td>\n<\/tr>\n<tr>\n<td>Garantia<\/td>\n<\/tr>\n<tr>\n<td>Garantia por defecto de fabrica: 2 a\u00f1os de garant\u00eda en componentes electronicos y 1 en baterias<\/td>\n<\/tr>\n<tr>\n<td>Nota: las especificaciones del producto estan sujetas a cambios sin previo aviso.<\/td>\n<\/tr>\n<tr>\n<td>Fabricados con la mejor tecnologia, cuida siempre tus equipos y tu inversion con smartbitt.<\/td>\n<\/tr>\n<\/table>\n","protected":false},"excerpt":{"rendered":"<p>Ideal para corporativo y gobierno, siguiendo en la lnea de proteccin empresarial, los ups on-line se caracterzan por ser equipos que se adaptan tanto a las necesidades de su empresa como a su propio espacio. Siendo un excelente aliado en espacios reducidos, por su gran dise\u00f1o, un ups verstil y con una eficiencia inigualable<\/p>\n","protected":false},"featured_media":250099,"comment_status":"open","ping_status":"open","template":"","meta":[],"product_cat":[1508,1691],"product_tag":[1583],"acf":[],"yoast_head":"<!-- This site is optimized with the Yoast SEO plugin v21.7 - https:\/\/yoast.com\/wordpress\/plugins\/seo\/ -->\n<title>[ Smartbitt ] &#129351; Sbol2kt-1 Ups Online 2kva\/1800w , Tecnologa On Line, Montaje Torre, Clavija 5-20p, Slot Para Snmp<\/title>\n<meta name=\"description\" content=\"Compra Sbol2kt-1 Ups Online 2kva\/1800w , Tecnologa On Line, Montaje Torre, Clavija 5-20p, Slot Para Snmp + Env\u00edo a domicilio + Pago seguro + Garant\u00eda\" \/>\n<meta name=\"robots\" content=\"index, follow, max-snippet:-1, max-image-preview:large, max-video-preview:-1\" \/>\n<link rel=\"canonical\" href=\"https:\/\/compuviper.mx\/tienda\/producto\/smartbitt-sbol2kt-1-ups-online-2kva-1800w-tecnologa-on-line-montaje-torre-clavija-5-20p-slot-para-snmp\/\" \/>\n<meta property=\"og:locale\" content=\"es_MX\" \/>\n<meta property=\"og:type\" content=\"article\" \/>\n<meta property=\"og:title\" content=\"[ Smartbitt ] &#129351; Sbol2kt-1 Ups Online 2kva\/1800w , Tecnologa On Line, Montaje Torre, Clavija 5-20p, Slot Para Snmp\" \/>\n<meta property=\"og:description\" content=\"Compra Sbol2kt-1 Ups Online 2kva\/1800w , Tecnologa On Line, Montaje Torre, Clavija 5-20p, Slot Para Snmp + Env\u00edo a domicilio + Pago seguro + Garant\u00eda\" \/>\n<meta property=\"og:url\" content=\"https:\/\/compuviper.mx\/tienda\/producto\/smartbitt-sbol2kt-1-ups-online-2kva-1800w-tecnologa-on-line-montaje-torre-clavija-5-20p-slot-para-snmp\/\" \/>\n<meta property=\"og:site_name\" content=\"Compuviper\" \/>\n<meta property=\"article:publisher\" content=\"https:\/\/www.facebook.com\/compuviper\" \/>\n<meta property=\"og:image\" content=\"https:\/\/compuviper.mx\/tienda\/wp-content\/uploads\/2025\/03\/No-break-smartbitt-2kva1800w-tecnologia-on-line-montaje-torre-clavija-5-20p-slot-para-snmp.jpg\" \/>\n\t<meta property=\"og:image:width\" content=\"200\" \/>\n\t<meta property=\"og:image:height\" content=\"200\" \/>\n\t<meta property=\"og:image:type\" content=\"image\/jpeg\" \/>\n<meta name=\"twitter:card\" content=\"summary_large_image\" \/>\n<meta name=\"twitter:label1\" content=\"Precio\" \/>\n\t<meta name=\"twitter:data1\" content=\"&#36;9,859 con IVA\" \/>\n\t<meta name=\"twitter:label2\" content=\"Availability\" \/>\n\t<meta name=\"twitter:data2\" content=\"Out of stock\" \/>\n<script type=\"application\/ld+json\" class=\"yoast-schema-graph\">{\"@context\":\"https:\/\/schema.org\",\"@graph\":[{\"@type\":\"WebPage\",\"@id\":\"https:\/\/compuviper.mx\/tienda\/producto\/smartbitt-sbol2kt-1-ups-online-2kva-1800w-tecnologa-on-line-montaje-torre-clavija-5-20p-slot-para-snmp\/\",\"url\":\"https:\/\/compuviper.mx\/tienda\/producto\/smartbitt-sbol2kt-1-ups-online-2kva-1800w-tecnologa-on-line-montaje-torre-clavija-5-20p-slot-para-snmp\/\",\"name\":\"[ Smartbitt ] &#129351; Sbol2kt-1 Ups Online 2kva\/1800w , Tecnologa On Line, Montaje Torre, Clavija 5-20p, Slot Para Snmp\",\"isPartOf\":{\"@id\":\"https:\/\/compuviper.mx\/tienda\/#website\"},\"datePublished\":\"2026-04-08T06:28:50+00:00\",\"dateModified\":\"2026-04-08T06:28:50+00:00\",\"description\":\"Compra Sbol2kt-1 Ups Online 2kva\/1800w , Tecnologa On Line, Montaje Torre, Clavija 5-20p, Slot Para Snmp + Env\u00edo a domicilio + Pago seguro + Garant\u00eda\",\"breadcrumb\":{\"@id\":\"https:\/\/compuviper.mx\/tienda\/producto\/smartbitt-sbol2kt-1-ups-online-2kva-1800w-tecnologa-on-line-montaje-torre-clavija-5-20p-slot-para-snmp\/#breadcrumb\"},\"inLanguage\":\"es-MX\",\"potentialAction\":[{\"@type\":\"ReadAction\",\"target\":[\"https:\/\/compuviper.mx\/tienda\/producto\/smartbitt-sbol2kt-1-ups-online-2kva-1800w-tecnologa-on-line-montaje-torre-clavija-5-20p-slot-para-snmp\/\"]}]},{\"@type\":\"BreadcrumbList\",\"@id\":\"https:\/\/compuviper.mx\/tienda\/producto\/smartbitt-sbol2kt-1-ups-online-2kva-1800w-tecnologa-on-line-montaje-torre-clavija-5-20p-slot-para-snmp\/#breadcrumb\",\"itemListElement\":[{\"@type\":\"ListItem\",\"position\":1,\"name\":\"Inicio\",\"item\":\"https:\/\/compuviper.mx\/tienda\/\"},{\"@type\":\"ListItem\",\"position\":2,\"name\":\"Productos\",\"item\":\"https:\/\/compuviper.mx\/tienda\/productos\/\"},{\"@type\":\"ListItem\",\"position\":3,\"name\":\"Energia\",\"item\":\"https:\/\/compuviper.mx\/tienda\/categoria-producto\/energia\/\"},{\"@type\":\"ListItem\",\"position\":4,\"name\":\"No Break\",\"item\":\"https:\/\/compuviper.mx\/tienda\/categoria-producto\/energia\/no-break\/\"},{\"@type\":\"ListItem\",\"position\":5,\"name\":\"Smartbitt Sbol2kt-1 Ups Online 2kva\/1800w , Tecnologa On Line, Montaje Torre, Clavija 5-20p, Slot Para Snmp\"}]},{\"@type\":\"WebSite\",\"@id\":\"https:\/\/compuviper.mx\/tienda\/#website\",\"url\":\"https:\/\/compuviper.mx\/tienda\/\",\"name\":\"Compuviper\",\"description\":\"Proveedor de Computadoras, Laptops, Servidores, Monitores, Puntos de Venta, Teclados,   Impresoras, T\u00f3ner, C\u00e1maras de Seguridad y m\u00e1s en tu tienda en l\u00ednea\",\"publisher\":{\"@id\":\"https:\/\/compuviper.mx\/tienda\/#organization\"},\"potentialAction\":[{\"@type\":\"SearchAction\",\"target\":{\"@type\":\"EntryPoint\",\"urlTemplate\":\"https:\/\/compuviper.mx\/tienda\/?s={search_term_string}\"},\"query-input\":\"required name=search_term_string\"}],\"inLanguage\":\"es-MX\"},{\"@type\":\"Organization\",\"@id\":\"https:\/\/compuviper.mx\/tienda\/#organization\",\"name\":\"Compuviper\",\"url\":\"https:\/\/compuviper.mx\/tienda\/\",\"logo\":{\"@type\":\"ImageObject\",\"inLanguage\":\"es-MX\",\"@id\":\"https:\/\/compuviper.mx\/tienda\/#\/schema\/logo\/image\/\",\"url\":\"https:\/\/compuviper.mx\/tienda\/wp-content\/uploads\/2021\/08\/Logo-Compuviper-10.png\",\"contentUrl\":\"https:\/\/compuviper.mx\/tienda\/wp-content\/uploads\/2021\/08\/Logo-Compuviper-10.png\",\"width\":1000,\"height\":500,\"caption\":\"Compuviper\"},\"image\":{\"@id\":\"https:\/\/compuviper.mx\/tienda\/#\/schema\/logo\/image\/\"},\"sameAs\":[\"https:\/\/www.facebook.com\/compuviper\",\"https:\/\/www.youtube.com\/channel\/UCf73dERp9Y3cfOq7q8BhLjA?view_as=subscriber\"]}]}<\/script>\n<meta property=\"product:brand\" content=\"SMARTBITT\" \/>\n<meta property=\"product:price:amount\" content=\"9859\" \/>\n<meta property=\"product:price:currency\" content=\"MXN\" \/>\n<meta property=\"og:availability\" content=\"out of stock\" \/>\n<meta property=\"product:availability\" content=\"out of stock\" \/>\n<meta property=\"product:retailer_item_id\" content=\"SBOL2KT-1\" \/>\n<meta property=\"product:condition\" content=\"new\" \/>\n<!-- \/ Yoast SEO plugin. -->","yoast_head_json":{"title":"[ Smartbitt ] &#129351; Sbol2kt-1 Ups Online 2kva\/1800w , Tecnologa On Line, Montaje Torre, Clavija 5-20p, Slot Para Snmp","description":"Compra Sbol2kt-1 Ups Online 2kva\/1800w , Tecnologa On Line, Montaje Torre, Clavija 5-20p, Slot Para Snmp + Env\u00edo a domicilio + Pago seguro + Garant\u00eda","robots":{"index":"index","follow":"follow","max-snippet":"max-snippet:-1","max-image-preview":"max-image-preview:large","max-video-preview":"max-video-preview:-1"},"canonical":"https:\/\/compuviper.mx\/tienda\/producto\/smartbitt-sbol2kt-1-ups-online-2kva-1800w-tecnologa-on-line-montaje-torre-clavija-5-20p-slot-para-snmp\/","og_locale":"es_MX","og_type":"article","og_title":"[ Smartbitt ] &#129351; Sbol2kt-1 Ups Online 2kva\/1800w , Tecnologa On Line, Montaje Torre, Clavija 5-20p, Slot Para Snmp","og_description":"Compra Sbol2kt-1 Ups Online 2kva\/1800w , Tecnologa On Line, Montaje Torre, Clavija 5-20p, Slot Para Snmp + Env\u00edo a domicilio + Pago seguro + Garant\u00eda","og_url":"https:\/\/compuviper.mx\/tienda\/producto\/smartbitt-sbol2kt-1-ups-online-2kva-1800w-tecnologa-on-line-montaje-torre-clavija-5-20p-slot-para-snmp\/","og_site_name":"Compuviper","article_publisher":"https:\/\/www.facebook.com\/compuviper","og_image":[{"width":200,"height":200,"url":"https:\/\/compuviper.mx\/tienda\/wp-content\/uploads\/2025\/03\/No-break-smartbitt-2kva1800w-tecnologia-on-line-montaje-torre-clavija-5-20p-slot-para-snmp.jpg","type":"image\/jpeg"}],"twitter_card":"summary_large_image","twitter_misc":{"Precio":"&#36;9,859 con IVA","Availability":"Out of stock"},"schema":{"@context":"https:\/\/schema.org","@graph":[{"@type":"WebPage","@id":"https:\/\/compuviper.mx\/tienda\/producto\/smartbitt-sbol2kt-1-ups-online-2kva-1800w-tecnologa-on-line-montaje-torre-clavija-5-20p-slot-para-snmp\/","url":"https:\/\/compuviper.mx\/tienda\/producto\/smartbitt-sbol2kt-1-ups-online-2kva-1800w-tecnologa-on-line-montaje-torre-clavija-5-20p-slot-para-snmp\/","name":"[ Smartbitt ] &#129351; Sbol2kt-1 Ups Online 2kva\/1800w , Tecnologa On Line, Montaje Torre, Clavija 5-20p, Slot Para Snmp","isPartOf":{"@id":"https:\/\/compuviper.mx\/tienda\/#website"},"datePublished":"2026-04-08T06:28:50+00:00","dateModified":"2026-04-08T06:28:50+00:00","description":"Compra Sbol2kt-1 Ups Online 2kva\/1800w , Tecnologa On Line, Montaje Torre, Clavija 5-20p, Slot Para Snmp + Env\u00edo a domicilio + Pago seguro + Garant\u00eda","breadcrumb":{"@id":"https:\/\/compuviper.mx\/tienda\/producto\/smartbitt-sbol2kt-1-ups-online-2kva-1800w-tecnologa-on-line-montaje-torre-clavija-5-20p-slot-para-snmp\/#breadcrumb"},"inLanguage":"es-MX","potentialAction":[{"@type":"ReadAction","target":["https:\/\/compuviper.mx\/tienda\/producto\/smartbitt-sbol2kt-1-ups-online-2kva-1800w-tecnologa-on-line-montaje-torre-clavija-5-20p-slot-para-snmp\/"]}]},{"@type":"BreadcrumbList","@id":"https:\/\/compuviper.mx\/tienda\/producto\/smartbitt-sbol2kt-1-ups-online-2kva-1800w-tecnologa-on-line-montaje-torre-clavija-5-20p-slot-para-snmp\/#breadcrumb","itemListElement":[{"@type":"ListItem","position":1,"name":"Inicio","item":"https:\/\/compuviper.mx\/tienda\/"},{"@type":"ListItem","position":2,"name":"Productos","item":"https:\/\/compuviper.mx\/tienda\/productos\/"},{"@type":"ListItem","position":3,"name":"Energia","item":"https:\/\/compuviper.mx\/tienda\/categoria-producto\/energia\/"},{"@type":"ListItem","position":4,"name":"No Break","item":"https:\/\/compuviper.mx\/tienda\/categoria-producto\/energia\/no-break\/"},{"@type":"ListItem","position":5,"name":"Smartbitt Sbol2kt-1 Ups Online 2kva\/1800w , Tecnologa On Line, Montaje Torre, Clavija 5-20p, Slot Para Snmp"}]},{"@type":"WebSite","@id":"https:\/\/compuviper.mx\/tienda\/#website","url":"https:\/\/compuviper.mx\/tienda\/","name":"Compuviper","description":"Proveedor de Computadoras, Laptops, Servidores, Monitores, Puntos de Venta, Teclados,   Impresoras, T\u00f3ner, C\u00e1maras de Seguridad y m\u00e1s en tu tienda en l\u00ednea","publisher":{"@id":"https:\/\/compuviper.mx\/tienda\/#organization"},"potentialAction":[{"@type":"SearchAction","target":{"@type":"EntryPoint","urlTemplate":"https:\/\/compuviper.mx\/tienda\/?s={search_term_string}"},"query-input":"required name=search_term_string"}],"inLanguage":"es-MX"},{"@type":"Organization","@id":"https:\/\/compuviper.mx\/tienda\/#organization","name":"Compuviper","url":"https:\/\/compuviper.mx\/tienda\/","logo":{"@type":"ImageObject","inLanguage":"es-MX","@id":"https:\/\/compuviper.mx\/tienda\/#\/schema\/logo\/image\/","url":"https:\/\/compuviper.mx\/tienda\/wp-content\/uploads\/2021\/08\/Logo-Compuviper-10.png","contentUrl":"https:\/\/compuviper.mx\/tienda\/wp-content\/uploads\/2021\/08\/Logo-Compuviper-10.png","width":1000,"height":500,"caption":"Compuviper"},"image":{"@id":"https:\/\/compuviper.mx\/tienda\/#\/schema\/logo\/image\/"},"sameAs":["https:\/\/www.facebook.com\/compuviper","https:\/\/www.youtube.com\/channel\/UCf73dERp9Y3cfOq7q8BhLjA?view_as=subscriber"]}]},"product_brand":"SMARTBITT","product_price_amount":"9859","product_price_currency":"MXN","og_availability":"out of stock","product_availability":"out of stock","product_retailer_item_id":"SBOL2KT-1","product_condition":"new"},"_links":{"self":[{"href":"https:\/\/compuviper.mx\/tienda\/wp-json\/wp\/v2\/product\/249939"}],"collection":[{"href":"https:\/\/compuviper.mx\/tienda\/wp-json\/wp\/v2\/product"}],"about":[{"href":"https:\/\/compuviper.mx\/tienda\/wp-json\/wp\/v2\/types\/product"}],"replies":[{"embeddable":true,"href":"https:\/\/compuviper.mx\/tienda\/wp-json\/wp\/v2\/comments?post=249939"}],"wp:featuredmedia":[{"embeddable":true,"href":"https:\/\/compuviper.mx\/tienda\/wp-json\/wp\/v2\/media\/250099"}],"wp:attachment":[{"href":"https:\/\/compuviper.mx\/tienda\/wp-json\/wp\/v2\/media?parent=249939"}],"wp:term":[{"taxonomy":"product_cat","embeddable":true,"href":"https:\/\/compuviper.mx\/tienda\/wp-json\/wp\/v2\/product_cat?post=249939"},{"taxonomy":"product_tag","embeddable":true,"href":"https:\/\/compuviper.mx\/tienda\/wp-json\/wp\/v2\/product_tag?post=249939"}],"curies":[{"name":"wp","href":"https:\/\/api.w.org\/{rel}","templated":true}]}}