{"id":249930,"date":"2026-04-17T00:09:53","date_gmt":"2026-04-17T06:09:53","guid":{"rendered":"https:\/\/compuviper.mx\/tienda\/producto\/balam-rush-br-941594-gabinete-gamer-tank-expert-curve-7400-media-torre-atx-m-atx-itx-cristal-templado-pantalla-de-monitoreo-soporte-para-enfriamiento-iluminacion-argb-negro\/"},"modified":"2026-04-17T00:09:53","modified_gmt":"2026-04-17T06:09:53","slug":"balam-rush-br-941594-gabinete-gamer-tank-expert-curve-7400-media-torre-atx-m-atx-itx-cristal-templado-pantalla-de-monitoreo-soporte-para-enfriamiento-iluminacion-argb-negro","status":"publish","type":"product","link":"https:\/\/compuviper.mx\/tienda\/producto\/balam-rush-br-941594-gabinete-gamer-tank-expert-curve-7400-media-torre-atx-m-atx-itx-cristal-templado-pantalla-de-monitoreo-soporte-para-enfriamiento-iluminacion-argb-negro\/","title":{"rendered":"Balam Rush Br-941594 Gabinete Gamer  Tank Expert Curve 7400 \/ Media Torre \/ Atx &#8211; M-atx &#8211; Itx \/ Cristal Templado \/ Pantalla De Monitoreo \/ Soporte Para Enfriamiento \/ Iluminacion Argb \/ Negro \/"},"content":{"rendered":"<table class=\"descripcion\">\n<tr>\n<td>Especificaciones del gabinete<\/td>\n<\/tr>\n<tr>\n<td>\u0095 modelo: br-941600<\/td>\n<\/tr>\n<tr>\n<td>\u0095 producto: gabinete gamer<\/td>\n<\/tr>\n<tr>\n<td>\u0095 factor de forma: media torre<\/td>\n<\/tr>\n<tr>\n<td>\u0095 color exterior: blanco<\/td>\n<\/tr>\n<tr>\n<td>\u0095 material<\/td>\n<\/tr>\n<tr>\n<td>O exterior: sppc + cristal templado<\/td>\n<\/tr>\n<tr>\n<td>O panel izquierdo: cristal templado<\/td>\n<\/tr>\n<tr>\n<td>O panel derecho: spcc<\/td>\n<\/tr>\n<tr>\n<td>O panel frontal: cristal templado + plastico<\/td>\n<\/tr>\n<tr>\n<td>O tipo de acero y grosor: spcc 0.5 mm<\/td>\n<\/tr>\n<tr>\n<td>\u0095 dimensiones: 44.5 x 28 x 44 cm<\/td>\n<\/tr>\n<tr>\n<td>\u0095 soporte tarjeta madre: atx \/ m-atx \/ itx<\/td>\n<\/tr>\n<tr>\n<td>\u0095 slots expandibles: 7<\/td>\n<\/tr>\n<tr>\n<td>\u0095 bahias para unidades<\/td>\n<\/tr>\n<tr>\n<td>O 3.5 hdd: 2<\/td>\n<\/tr>\n<tr>\n<td>O 2.5 ssd: 3<\/td>\n<\/tr>\n<tr>\n<td>\u0095 panel i\/o<\/td>\n<\/tr>\n<tr>\n<td>O puertos usb: 1x usb tipo c 3.1 + 1x usb 3.0 + 1x usb 2.0<\/td>\n<\/tr>\n<tr>\n<td>O audio: hd audio + mic<\/td>\n<\/tr>\n<tr>\n<td>\u0095 ventiladores<\/td>\n<\/tr>\n<tr>\n<td>O trasero: 1x 120 mm<\/td>\n<\/tr>\n<tr>\n<td>O inferior: 3x 120 mm hdd<\/td>\n<\/tr>\n<tr>\n<td>O otros: lateral 3x 120 mm<\/td>\n<\/tr>\n<tr>\n<td>\u0095 ventiladores pre instalados<\/td>\n<\/tr>\n<tr>\n<td>O trasero: 1x 120mm<\/td>\n<\/tr>\n<tr>\n<td>O otros: lateral 3x 120 mm<\/td>\n<\/tr>\n<tr>\n<td>\u0095 informacion de ventiladores pre instalados<\/td>\n<\/tr>\n<tr>\n<td>O velocidad: 600-1600\u00b110%<\/td>\n<\/tr>\n<tr>\n<td>O flujo de aire: 48 cfm<\/td>\n<\/tr>\n<tr>\n<td>O presion de aire: 2.25 mmh2o<\/td>\n<\/tr>\n<tr>\n<td>O ruido: 28.5 db(a)<\/td>\n<\/tr>\n<tr>\n<td>O tipo de iluminacion: argb<\/td>\n<\/tr>\n<tr>\n<td>O alimentacion: motor:12v 0.15a led: 5v 0.57a(max)<\/td>\n<\/tr>\n<tr>\n<td>\u0095 radiador<\/td>\n<\/tr>\n<tr>\n<td>O trasero: 1x 120 mm<\/td>\n<\/tr>\n<tr>\n<td>O otros: lateral: 360 mm<\/td>\n<\/tr>\n<tr>\n<td>\u0095 tolerancias<\/td>\n<\/tr>\n<tr>\n<td>O enfriamiento cpu torre: 157 mm<\/td>\n<\/tr>\n<tr>\n<td>O tarjetas graficas: 410 mm<\/td>\n<\/tr>\n<tr>\n<td>\u0095 cableado: detras de mb: 93 mm<\/td>\n<\/tr>\n<tr>\n<td>\u0095 filtros de polvo: inferior<\/td>\n<\/tr>\n<tr>\n<td>\u0095 fuente de poder<\/td>\n<\/tr>\n<tr>\n<td>O tipo atx<\/td>\n<\/tr>\n<tr>\n<td>O ubicacion: inferior trasera<\/td>\n<\/tr>\n<tr>\n<td>\u0095 accesorios: si<\/td>\n<\/tr>\n<tr>\n<td>\u0095 boton de reset: si<\/td>\n<\/tr>\n<tr>\n<td>\u0095 boton de encendido: si<\/td>\n<\/tr>\n<\/table>\n","protected":false},"excerpt":{"rendered":"<p>Dise\u00f1o imponente y elegante. El tank expert curve combina cristal templado y spcc en. Acabados negros y blancos, ofreciendo un dise\u00f1o premium. Que realza cualquier setup gaming. Conexiones de alta velocidad. Equipado con usb tipo c 3.1, usb 3.0 y usb 2.0. Adem\u00e1s de puertos de audio hd, este gabinete. Asegura conectividad r\u00e1pida y eciente para todos tus. Dispositivos. Pantalla de monitoreo. Para m\u00e1ximo control. Este gabinete cuenta con una pantalla. Integrada que permite monitorear la. Temperatura de tu gpu y cpu en. Tiempo real, asegurando un rendimiento. \u00f3ptimo y seguro. .Espacio amplio para hardwere. Soporta gpus de hasta 410 mm de longitud, enfriamiento de torre de 157 mm de altura y bah\u00edas. Para 2 hdds y 3 ssds, garantizando capacidad para los componentes m\u00e1s avanzados.<\/p>\n","protected":false},"featured_media":259283,"comment_status":"open","ping_status":"open","template":"","meta":[],"product_cat":[1674,1676],"product_tag":[2097],"acf":[],"yoast_head":"<!-- This site is optimized with the Yoast SEO plugin v21.7 - https:\/\/yoast.com\/wordpress\/plugins\/seo\/ -->\n<title>[ Balam Rush ] &#129351; Br-941594 Gabinete Gamer Tank Expert Curve 7400 \/ Media Torre \/ Atx - M-atx - Itx \/ Cristal Templado \/ Pantalla De Monitoreo \/ Soporte Para Enfriamiento \/ Iluminacion Argb \/ Negro \/<\/title>\n<meta name=\"description\" content=\"Compra Br-941594 Gabinete Gamer Tank Expert Curve 7400 \/ Media Torre \/ Atx - M-atx - Itx \/ Cristal Templado \/ Pantalla De Monitoreo \/ Soporte Para Enfriamiento \/ Iluminacion Argb \/ Negro \/ + Env\u00edo a domicilio + Pago seguro + Garant\u00eda\" \/>\n<meta name=\"robots\" content=\"index, follow, max-snippet:-1, max-image-preview:large, max-video-preview:-1\" \/>\n<link rel=\"canonical\" href=\"https:\/\/compuviper.mx\/tienda\/producto\/balam-rush-br-941594-gabinete-gamer-tank-expert-curve-7400-media-torre-atx-m-atx-itx-cristal-templado-pantalla-de-monitoreo-soporte-para-enfriamiento-iluminacion-argb-negro\/\" \/>\n<meta property=\"og:locale\" content=\"es_MX\" \/>\n<meta property=\"og:type\" content=\"article\" \/>\n<meta property=\"og:title\" content=\"[ Balam Rush ] &#129351; Br-941594 Gabinete Gamer Tank Expert Curve 7400 \/ Media Torre \/ Atx - M-atx - Itx \/ Cristal Templado \/ Pantalla De Monitoreo \/ Soporte Para Enfriamiento \/ Iluminacion Argb \/ Negro \/\" \/>\n<meta property=\"og:description\" content=\"Compra Br-941594 Gabinete Gamer Tank Expert Curve 7400 \/ Media Torre \/ Atx - M-atx - Itx \/ Cristal Templado \/ Pantalla De Monitoreo \/ Soporte Para Enfriamiento \/ Iluminacion Argb \/ Negro \/ + Env\u00edo a domicilio + Pago seguro + Garant\u00eda\" \/>\n<meta property=\"og:url\" content=\"https:\/\/compuviper.mx\/tienda\/producto\/balam-rush-br-941594-gabinete-gamer-tank-expert-curve-7400-media-torre-atx-m-atx-itx-cristal-templado-pantalla-de-monitoreo-soporte-para-enfriamiento-iluminacion-argb-negro\/\" \/>\n<meta property=\"og:site_name\" content=\"Compuviper\" \/>\n<meta property=\"article:publisher\" content=\"https:\/\/www.facebook.com\/compuviper\" \/>\n<meta property=\"og:image\" content=\"https:\/\/compuviper.mx\/tienda\/wp-content\/uploads\/2025\/10\/Gabinete-gamer-balam-rush-tank-expert-curve-7400-media-torre-atx-m-atx-itx-cristal-templado-pantalla-de-monitoreo-soporte-para-enfriamiento-iluminacion-argb-negro-br-941594.jpg\" \/>\n\t<meta property=\"og:image:width\" content=\"200\" \/>\n\t<meta property=\"og:image:height\" content=\"200\" \/>\n\t<meta property=\"og:image:type\" content=\"image\/jpeg\" \/>\n<meta name=\"twitter:card\" content=\"summary_large_image\" \/>\n<meta name=\"twitter:label1\" content=\"Precio\" \/>\n\t<meta name=\"twitter:data1\" content=\"&#36;2,038 con IVA\" \/>\n\t<meta name=\"twitter:label2\" content=\"Availability\" \/>\n\t<meta name=\"twitter:data2\" content=\"Out of stock\" \/>\n<script type=\"application\/ld+json\" class=\"yoast-schema-graph\">{\"@context\":\"https:\/\/schema.org\",\"@graph\":[{\"@type\":\"WebPage\",\"@id\":\"https:\/\/compuviper.mx\/tienda\/producto\/balam-rush-br-941594-gabinete-gamer-tank-expert-curve-7400-media-torre-atx-m-atx-itx-cristal-templado-pantalla-de-monitoreo-soporte-para-enfriamiento-iluminacion-argb-negro\/\",\"url\":\"https:\/\/compuviper.mx\/tienda\/producto\/balam-rush-br-941594-gabinete-gamer-tank-expert-curve-7400-media-torre-atx-m-atx-itx-cristal-templado-pantalla-de-monitoreo-soporte-para-enfriamiento-iluminacion-argb-negro\/\",\"name\":\"[ Balam Rush ] &#129351; Br-941594 Gabinete Gamer Tank Expert Curve 7400 \/ Media Torre \/ Atx - M-atx - Itx \/ Cristal Templado \/ Pantalla De Monitoreo \/ Soporte Para Enfriamiento \/ Iluminacion Argb \/ Negro \/\",\"isPartOf\":{\"@id\":\"https:\/\/compuviper.mx\/tienda\/#website\"},\"datePublished\":\"2026-04-17T06:09:53+00:00\",\"dateModified\":\"2026-04-17T06:09:53+00:00\",\"description\":\"Compra Br-941594 Gabinete Gamer Tank Expert Curve 7400 \/ Media Torre \/ Atx - M-atx - Itx \/ Cristal Templado \/ Pantalla De Monitoreo \/ Soporte Para Enfriamiento \/ Iluminacion Argb \/ Negro \/ + Env\u00edo a domicilio + Pago seguro + Garant\u00eda\",\"breadcrumb\":{\"@id\":\"https:\/\/compuviper.mx\/tienda\/producto\/balam-rush-br-941594-gabinete-gamer-tank-expert-curve-7400-media-torre-atx-m-atx-itx-cristal-templado-pantalla-de-monitoreo-soporte-para-enfriamiento-iluminacion-argb-negro\/#breadcrumb\"},\"inLanguage\":\"es-MX\",\"potentialAction\":[{\"@type\":\"ReadAction\",\"target\":[\"https:\/\/compuviper.mx\/tienda\/producto\/balam-rush-br-941594-gabinete-gamer-tank-expert-curve-7400-media-torre-atx-m-atx-itx-cristal-templado-pantalla-de-monitoreo-soporte-para-enfriamiento-iluminacion-argb-negro\/\"]}]},{\"@type\":\"BreadcrumbList\",\"@id\":\"https:\/\/compuviper.mx\/tienda\/producto\/balam-rush-br-941594-gabinete-gamer-tank-expert-curve-7400-media-torre-atx-m-atx-itx-cristal-templado-pantalla-de-monitoreo-soporte-para-enfriamiento-iluminacion-argb-negro\/#breadcrumb\",\"itemListElement\":[{\"@type\":\"ListItem\",\"position\":1,\"name\":\"Inicio\",\"item\":\"https:\/\/compuviper.mx\/tienda\/\"},{\"@type\":\"ListItem\",\"position\":2,\"name\":\"Productos\",\"item\":\"https:\/\/compuviper.mx\/tienda\/productos\/\"},{\"@type\":\"ListItem\",\"position\":3,\"name\":\"Gabinetes\",\"item\":\"https:\/\/compuviper.mx\/tienda\/categoria-producto\/gabinetes\/\"},{\"@type\":\"ListItem\",\"position\":4,\"name\":\"Media Torre\",\"item\":\"https:\/\/compuviper.mx\/tienda\/categoria-producto\/gabinetes\/media-torre\/\"},{\"@type\":\"ListItem\",\"position\":5,\"name\":\"Balam Rush Br-941594 Gabinete Gamer Tank Expert Curve 7400 \/ Media Torre \/ Atx &#8211; M-atx &#8211; Itx \/ Cristal Templado \/ Pantalla De Monitoreo \/ Soporte Para Enfriamiento \/ Iluminacion Argb \/ Negro \/\"}]},{\"@type\":\"WebSite\",\"@id\":\"https:\/\/compuviper.mx\/tienda\/#website\",\"url\":\"https:\/\/compuviper.mx\/tienda\/\",\"name\":\"Compuviper\",\"description\":\"Proveedor de Computadoras, Laptops, Servidores, Monitores, Puntos de Venta, Teclados,   Impresoras, T\u00f3ner, C\u00e1maras de Seguridad y m\u00e1s en tu tienda en l\u00ednea\",\"publisher\":{\"@id\":\"https:\/\/compuviper.mx\/tienda\/#organization\"},\"potentialAction\":[{\"@type\":\"SearchAction\",\"target\":{\"@type\":\"EntryPoint\",\"urlTemplate\":\"https:\/\/compuviper.mx\/tienda\/?s={search_term_string}\"},\"query-input\":\"required name=search_term_string\"}],\"inLanguage\":\"es-MX\"},{\"@type\":\"Organization\",\"@id\":\"https:\/\/compuviper.mx\/tienda\/#organization\",\"name\":\"Compuviper\",\"url\":\"https:\/\/compuviper.mx\/tienda\/\",\"logo\":{\"@type\":\"ImageObject\",\"inLanguage\":\"es-MX\",\"@id\":\"https:\/\/compuviper.mx\/tienda\/#\/schema\/logo\/image\/\",\"url\":\"https:\/\/compuviper.mx\/tienda\/wp-content\/uploads\/2021\/08\/Logo-Compuviper-10.png\",\"contentUrl\":\"https:\/\/compuviper.mx\/tienda\/wp-content\/uploads\/2021\/08\/Logo-Compuviper-10.png\",\"width\":1000,\"height\":500,\"caption\":\"Compuviper\"},\"image\":{\"@id\":\"https:\/\/compuviper.mx\/tienda\/#\/schema\/logo\/image\/\"},\"sameAs\":[\"https:\/\/www.facebook.com\/compuviper\",\"https:\/\/www.youtube.com\/channel\/UCf73dERp9Y3cfOq7q8BhLjA?view_as=subscriber\"]}]}<\/script>\n<meta property=\"product:brand\" content=\"Balam Rush\" \/>\n<meta property=\"product:price:amount\" content=\"2038\" \/>\n<meta property=\"product:price:currency\" content=\"MXN\" \/>\n<meta property=\"og:availability\" content=\"out of stock\" \/>\n<meta property=\"product:availability\" content=\"out of stock\" \/>\n<meta property=\"product:retailer_item_id\" content=\"BR-941594\" \/>\n<meta property=\"product:condition\" content=\"new\" \/>\n<!-- \/ Yoast SEO plugin. -->","yoast_head_json":{"title":"[ Balam Rush ] &#129351; Br-941594 Gabinete Gamer Tank Expert Curve 7400 \/ Media Torre \/ Atx - M-atx - Itx \/ Cristal Templado \/ Pantalla De Monitoreo \/ Soporte Para Enfriamiento \/ Iluminacion Argb \/ Negro \/","description":"Compra Br-941594 Gabinete Gamer Tank Expert Curve 7400 \/ Media Torre \/ Atx - M-atx - Itx \/ Cristal Templado \/ Pantalla De Monitoreo \/ Soporte Para Enfriamiento \/ Iluminacion Argb \/ Negro \/ + Env\u00edo a domicilio + Pago seguro + Garant\u00eda","robots":{"index":"index","follow":"follow","max-snippet":"max-snippet:-1","max-image-preview":"max-image-preview:large","max-video-preview":"max-video-preview:-1"},"canonical":"https:\/\/compuviper.mx\/tienda\/producto\/balam-rush-br-941594-gabinete-gamer-tank-expert-curve-7400-media-torre-atx-m-atx-itx-cristal-templado-pantalla-de-monitoreo-soporte-para-enfriamiento-iluminacion-argb-negro\/","og_locale":"es_MX","og_type":"article","og_title":"[ Balam Rush ] &#129351; Br-941594 Gabinete Gamer Tank Expert Curve 7400 \/ Media Torre \/ Atx - M-atx - Itx \/ Cristal Templado \/ Pantalla De Monitoreo \/ Soporte Para Enfriamiento \/ Iluminacion Argb \/ Negro \/","og_description":"Compra Br-941594 Gabinete Gamer Tank Expert Curve 7400 \/ Media Torre \/ Atx - M-atx - Itx \/ Cristal Templado \/ Pantalla De Monitoreo \/ Soporte Para Enfriamiento \/ Iluminacion Argb \/ Negro \/ + Env\u00edo a domicilio + Pago seguro + Garant\u00eda","og_url":"https:\/\/compuviper.mx\/tienda\/producto\/balam-rush-br-941594-gabinete-gamer-tank-expert-curve-7400-media-torre-atx-m-atx-itx-cristal-templado-pantalla-de-monitoreo-soporte-para-enfriamiento-iluminacion-argb-negro\/","og_site_name":"Compuviper","article_publisher":"https:\/\/www.facebook.com\/compuviper","og_image":[{"width":200,"height":200,"url":"https:\/\/compuviper.mx\/tienda\/wp-content\/uploads\/2025\/10\/Gabinete-gamer-balam-rush-tank-expert-curve-7400-media-torre-atx-m-atx-itx-cristal-templado-pantalla-de-monitoreo-soporte-para-enfriamiento-iluminacion-argb-negro-br-941594.jpg","type":"image\/jpeg"}],"twitter_card":"summary_large_image","twitter_misc":{"Precio":"&#36;2,038 con IVA","Availability":"Out of stock"},"schema":{"@context":"https:\/\/schema.org","@graph":[{"@type":"WebPage","@id":"https:\/\/compuviper.mx\/tienda\/producto\/balam-rush-br-941594-gabinete-gamer-tank-expert-curve-7400-media-torre-atx-m-atx-itx-cristal-templado-pantalla-de-monitoreo-soporte-para-enfriamiento-iluminacion-argb-negro\/","url":"https:\/\/compuviper.mx\/tienda\/producto\/balam-rush-br-941594-gabinete-gamer-tank-expert-curve-7400-media-torre-atx-m-atx-itx-cristal-templado-pantalla-de-monitoreo-soporte-para-enfriamiento-iluminacion-argb-negro\/","name":"[ Balam Rush ] &#129351; Br-941594 Gabinete Gamer Tank Expert Curve 7400 \/ Media Torre \/ Atx - M-atx - Itx \/ Cristal Templado \/ Pantalla De Monitoreo \/ Soporte Para Enfriamiento \/ Iluminacion Argb \/ Negro \/","isPartOf":{"@id":"https:\/\/compuviper.mx\/tienda\/#website"},"datePublished":"2026-04-17T06:09:53+00:00","dateModified":"2026-04-17T06:09:53+00:00","description":"Compra Br-941594 Gabinete Gamer Tank Expert Curve 7400 \/ Media Torre \/ Atx - M-atx - Itx \/ Cristal Templado \/ Pantalla De Monitoreo \/ Soporte Para Enfriamiento \/ Iluminacion Argb \/ Negro \/ + Env\u00edo a domicilio + Pago seguro + Garant\u00eda","breadcrumb":{"@id":"https:\/\/compuviper.mx\/tienda\/producto\/balam-rush-br-941594-gabinete-gamer-tank-expert-curve-7400-media-torre-atx-m-atx-itx-cristal-templado-pantalla-de-monitoreo-soporte-para-enfriamiento-iluminacion-argb-negro\/#breadcrumb"},"inLanguage":"es-MX","potentialAction":[{"@type":"ReadAction","target":["https:\/\/compuviper.mx\/tienda\/producto\/balam-rush-br-941594-gabinete-gamer-tank-expert-curve-7400-media-torre-atx-m-atx-itx-cristal-templado-pantalla-de-monitoreo-soporte-para-enfriamiento-iluminacion-argb-negro\/"]}]},{"@type":"BreadcrumbList","@id":"https:\/\/compuviper.mx\/tienda\/producto\/balam-rush-br-941594-gabinete-gamer-tank-expert-curve-7400-media-torre-atx-m-atx-itx-cristal-templado-pantalla-de-monitoreo-soporte-para-enfriamiento-iluminacion-argb-negro\/#breadcrumb","itemListElement":[{"@type":"ListItem","position":1,"name":"Inicio","item":"https:\/\/compuviper.mx\/tienda\/"},{"@type":"ListItem","position":2,"name":"Productos","item":"https:\/\/compuviper.mx\/tienda\/productos\/"},{"@type":"ListItem","position":3,"name":"Gabinetes","item":"https:\/\/compuviper.mx\/tienda\/categoria-producto\/gabinetes\/"},{"@type":"ListItem","position":4,"name":"Media Torre","item":"https:\/\/compuviper.mx\/tienda\/categoria-producto\/gabinetes\/media-torre\/"},{"@type":"ListItem","position":5,"name":"Balam Rush Br-941594 Gabinete Gamer Tank Expert Curve 7400 \/ Media Torre \/ Atx &#8211; M-atx &#8211; Itx \/ Cristal Templado \/ Pantalla De Monitoreo \/ Soporte Para Enfriamiento \/ Iluminacion Argb \/ Negro \/"}]},{"@type":"WebSite","@id":"https:\/\/compuviper.mx\/tienda\/#website","url":"https:\/\/compuviper.mx\/tienda\/","name":"Compuviper","description":"Proveedor de Computadoras, Laptops, Servidores, Monitores, Puntos de Venta, Teclados,   Impresoras, T\u00f3ner, C\u00e1maras de Seguridad y m\u00e1s en tu tienda en l\u00ednea","publisher":{"@id":"https:\/\/compuviper.mx\/tienda\/#organization"},"potentialAction":[{"@type":"SearchAction","target":{"@type":"EntryPoint","urlTemplate":"https:\/\/compuviper.mx\/tienda\/?s={search_term_string}"},"query-input":"required name=search_term_string"}],"inLanguage":"es-MX"},{"@type":"Organization","@id":"https:\/\/compuviper.mx\/tienda\/#organization","name":"Compuviper","url":"https:\/\/compuviper.mx\/tienda\/","logo":{"@type":"ImageObject","inLanguage":"es-MX","@id":"https:\/\/compuviper.mx\/tienda\/#\/schema\/logo\/image\/","url":"https:\/\/compuviper.mx\/tienda\/wp-content\/uploads\/2021\/08\/Logo-Compuviper-10.png","contentUrl":"https:\/\/compuviper.mx\/tienda\/wp-content\/uploads\/2021\/08\/Logo-Compuviper-10.png","width":1000,"height":500,"caption":"Compuviper"},"image":{"@id":"https:\/\/compuviper.mx\/tienda\/#\/schema\/logo\/image\/"},"sameAs":["https:\/\/www.facebook.com\/compuviper","https:\/\/www.youtube.com\/channel\/UCf73dERp9Y3cfOq7q8BhLjA?view_as=subscriber"]}]},"product_brand":"Balam Rush","product_price_amount":"2038","product_price_currency":"MXN","og_availability":"out of stock","product_availability":"out of stock","product_retailer_item_id":"BR-941594","product_condition":"new"},"_links":{"self":[{"href":"https:\/\/compuviper.mx\/tienda\/wp-json\/wp\/v2\/product\/249930"}],"collection":[{"href":"https:\/\/compuviper.mx\/tienda\/wp-json\/wp\/v2\/product"}],"about":[{"href":"https:\/\/compuviper.mx\/tienda\/wp-json\/wp\/v2\/types\/product"}],"replies":[{"embeddable":true,"href":"https:\/\/compuviper.mx\/tienda\/wp-json\/wp\/v2\/comments?post=249930"}],"wp:featuredmedia":[{"embeddable":true,"href":"https:\/\/compuviper.mx\/tienda\/wp-json\/wp\/v2\/media\/259283"}],"wp:attachment":[{"href":"https:\/\/compuviper.mx\/tienda\/wp-json\/wp\/v2\/media?parent=249930"}],"wp:term":[{"taxonomy":"product_cat","embeddable":true,"href":"https:\/\/compuviper.mx\/tienda\/wp-json\/wp\/v2\/product_cat?post=249930"},{"taxonomy":"product_tag","embeddable":true,"href":"https:\/\/compuviper.mx\/tienda\/wp-json\/wp\/v2\/product_tag?post=249930"}],"curies":[{"name":"wp","href":"https:\/\/api.w.org\/{rel}","templated":true}]}}