{"id":249876,"date":"2026-04-01T23:16:12","date_gmt":"2026-04-02T05:16:12","guid":{"rendered":"https:\/\/compuviper.mx\/tienda\/producto\/hewlett-packard-enterprise-jx988a-antena-hpe-aruba-hpe-aruba-networking-outdoor-mimo-antenna-ant-4x4-5314\/"},"modified":"2026-04-01T23:16:12","modified_gmt":"2026-04-02T05:16:12","slug":"hewlett-packard-enterprise-jx988a-antena-hpe-aruba-hpe-aruba-networking-outdoor-mimo-antenna-ant-4x4-5314","status":"publish","type":"product","link":"https:\/\/compuviper.mx\/tienda\/producto\/hewlett-packard-enterprise-jx988a-antena-hpe-aruba-hpe-aruba-networking-outdoor-mimo-antenna-ant-4x4-5314\/","title":{"rendered":"Hewlett Packard Enterprise Jx988a Antena Hpe Aruba  Hpe Aruba Networking Outdoor Mimo Antenna Ant-4&#215;4-5314"},"content":{"rendered":"<table class=\"descripcion\">\n<tr>\n<td>Hpe aruba networking ant-4&#215;4-5314 is a multi-polarized antenna with 30\u00b0 h x 30\u00b0 v beamwidths. this antenna is well suited for coverage along a street, spot coverage, or for covering a seating section in stadiums and other large public venues. it is also ideal for  point-to-point connections. the narrower beamwidth reduces the zone where interference may be received. frequency \/ max gain \u0095 4.9\u00966.0 ghz 14 dbi dimensions \u0095 260 x 260 x 30 mm  7.5 x 7.5 x 1.2 inches polarization \u0095 h, v, and dual slant 45\u00b0 weight \u0095 1200g 2.6 lbs beamwidth \u0095 horizontal plane: 30\u00b0 \u0095 vertical plane: 30\u00b0 housing \u0095 backplate: aluminum \u0095 radome: plastic impedance \u0095 50 ohms connectors \u0095 n-type female x4 rf cables not included maximum input power \u0095 6 watts operating temperature \u0095 -45\u00b0c to 65\u00b0c vswr \u0095 2:1 max installation hardware \u0095 mount kit for wall and pole included<\/td>\n<\/tr>\n<\/table>\n","protected":false},"excerpt":{"rendered":"<p>Hpe aruba networking ant-4&#215;4-5314 is a multi-polarized antenna with 30\u00b0 h x 30\u00b0 v beamwidths. This antenna is well suited for coverage along a street, spot coverage, or for covering a seating section in stadiums and other large public venues. It is also ideal for  point-to-point connections. The narrower beamwidth reduces the zone where interference may be received. Frequency \/ max gain \u0095 4.9\u00966.0 ghz 14 dbi dimensions \u0095 260 x 260 x 30 mm  7.5 x 7.5 x 1.2 inches polarization \u0095 h, v, and dual slant 45\u00b0 weight \u0095 1200g 2.6 lbs beamwidth \u0095 horizontal plane: 30\u00b0 \u0095 vertical plane: 30\u00b0 housing \u0095 backplate: aluminum \u0095 radome: plastic impedance \u0095 50 ohms connectors \u0095 n-type female x4 rf cables not included maximum input power \u0095 6 watts operating temperature \u0095 -45\u00b0c to 65\u00b0c vswr \u0095 2:1 max installation hardware \u0095 mount kit for wall and pole included<\/p>\n","protected":false},"featured_media":258774,"comment_status":"open","ping_status":"open","template":"","meta":[],"product_cat":[1485,1581],"product_tag":[1568],"acf":[],"yoast_head":"<!-- This site is optimized with the Yoast SEO plugin v21.7 - https:\/\/yoast.com\/wordpress\/plugins\/seo\/ -->\n<title>[ Hewlett Packard Enterprise ] &#129351; Jx988a Antena Hpe Aruba Hpe Aruba Networking Outdoor Mimo Antenna Ant-4x4-5314<\/title>\n<meta name=\"description\" content=\"Compra Jx988a Antena Hpe Aruba Hpe Aruba Networking Outdoor Mimo Antenna Ant-4x4-5314 + Env\u00edo a domicilio + Pago seguro + Garant\u00eda\" \/>\n<meta name=\"robots\" content=\"index, follow, max-snippet:-1, max-image-preview:large, max-video-preview:-1\" \/>\n<link rel=\"canonical\" href=\"https:\/\/compuviper.mx\/tienda\/producto\/hewlett-packard-enterprise-jx988a-antena-hpe-aruba-hpe-aruba-networking-outdoor-mimo-antenna-ant-4x4-5314\/\" \/>\n<meta property=\"og:locale\" content=\"es_MX\" \/>\n<meta property=\"og:type\" content=\"article\" \/>\n<meta property=\"og:title\" content=\"[ Hewlett Packard Enterprise ] &#129351; Jx988a Antena Hpe Aruba Hpe Aruba Networking Outdoor Mimo Antenna Ant-4x4-5314\" \/>\n<meta property=\"og:description\" content=\"Compra Jx988a Antena Hpe Aruba Hpe Aruba Networking Outdoor Mimo Antenna Ant-4x4-5314 + Env\u00edo a domicilio + Pago seguro + Garant\u00eda\" \/>\n<meta property=\"og:url\" content=\"https:\/\/compuviper.mx\/tienda\/producto\/hewlett-packard-enterprise-jx988a-antena-hpe-aruba-hpe-aruba-networking-outdoor-mimo-antenna-ant-4x4-5314\/\" \/>\n<meta property=\"og:site_name\" content=\"Compuviper\" \/>\n<meta property=\"article:publisher\" content=\"https:\/\/www.facebook.com\/compuviper\" \/>\n<meta property=\"og:image\" content=\"https:\/\/compuviper.mx\/tienda\/wp-content\/uploads\/2025\/10\/Antena-hpe-aruba-jx988a-hpe-aruba-networking-outdoor-mimo-antenna-ant-4x4-5314.jpg\" \/>\n\t<meta property=\"og:image:width\" content=\"200\" \/>\n\t<meta property=\"og:image:height\" content=\"200\" \/>\n\t<meta property=\"og:image:type\" content=\"image\/jpeg\" \/>\n<meta name=\"twitter:card\" content=\"summary_large_image\" \/>\n<meta name=\"twitter:label1\" content=\"Precio\" \/>\n\t<meta name=\"twitter:data1\" content=\"&#36;12,773 con IVA\" \/>\n\t<meta name=\"twitter:label2\" content=\"Availability\" \/>\n\t<meta name=\"twitter:data2\" content=\"On backorder\" \/>\n<script type=\"application\/ld+json\" class=\"yoast-schema-graph\">{\"@context\":\"https:\/\/schema.org\",\"@graph\":[{\"@type\":\"WebPage\",\"@id\":\"https:\/\/compuviper.mx\/tienda\/producto\/hewlett-packard-enterprise-jx988a-antena-hpe-aruba-hpe-aruba-networking-outdoor-mimo-antenna-ant-4x4-5314\/\",\"url\":\"https:\/\/compuviper.mx\/tienda\/producto\/hewlett-packard-enterprise-jx988a-antena-hpe-aruba-hpe-aruba-networking-outdoor-mimo-antenna-ant-4x4-5314\/\",\"name\":\"[ Hewlett Packard Enterprise ] &#129351; Jx988a Antena Hpe Aruba Hpe Aruba Networking Outdoor Mimo Antenna Ant-4x4-5314\",\"isPartOf\":{\"@id\":\"https:\/\/compuviper.mx\/tienda\/#website\"},\"datePublished\":\"2026-04-02T05:16:12+00:00\",\"dateModified\":\"2026-04-02T05:16:12+00:00\",\"description\":\"Compra Jx988a Antena Hpe Aruba Hpe Aruba Networking Outdoor Mimo Antenna Ant-4x4-5314 + Env\u00edo a domicilio + Pago seguro + Garant\u00eda\",\"breadcrumb\":{\"@id\":\"https:\/\/compuviper.mx\/tienda\/producto\/hewlett-packard-enterprise-jx988a-antena-hpe-aruba-hpe-aruba-networking-outdoor-mimo-antenna-ant-4x4-5314\/#breadcrumb\"},\"inLanguage\":\"es-MX\",\"potentialAction\":[{\"@type\":\"ReadAction\",\"target\":[\"https:\/\/compuviper.mx\/tienda\/producto\/hewlett-packard-enterprise-jx988a-antena-hpe-aruba-hpe-aruba-networking-outdoor-mimo-antenna-ant-4x4-5314\/\"]}]},{\"@type\":\"BreadcrumbList\",\"@id\":\"https:\/\/compuviper.mx\/tienda\/producto\/hewlett-packard-enterprise-jx988a-antena-hpe-aruba-hpe-aruba-networking-outdoor-mimo-antenna-ant-4x4-5314\/#breadcrumb\",\"itemListElement\":[{\"@type\":\"ListItem\",\"position\":1,\"name\":\"Inicio\",\"item\":\"https:\/\/compuviper.mx\/tienda\/\"},{\"@type\":\"ListItem\",\"position\":2,\"name\":\"Productos\",\"item\":\"https:\/\/compuviper.mx\/tienda\/productos\/\"},{\"@type\":\"ListItem\",\"position\":3,\"name\":\"Accesorios\",\"item\":\"https:\/\/compuviper.mx\/tienda\/categoria-producto\/accesorios\/\"},{\"@type\":\"ListItem\",\"position\":4,\"name\":\"Redes\",\"item\":\"https:\/\/compuviper.mx\/tienda\/categoria-producto\/accesorios\/redes-accesorios\/\"},{\"@type\":\"ListItem\",\"position\":5,\"name\":\"Hewlett Packard Enterprise Jx988a Antena Hpe Aruba Hpe Aruba Networking Outdoor Mimo Antenna Ant-4&#215;4-5314\"}]},{\"@type\":\"WebSite\",\"@id\":\"https:\/\/compuviper.mx\/tienda\/#website\",\"url\":\"https:\/\/compuviper.mx\/tienda\/\",\"name\":\"Compuviper\",\"description\":\"Proveedor de Computadoras, Laptops, Servidores, Monitores, Puntos de Venta, Teclados,   Impresoras, T\u00f3ner, C\u00e1maras de Seguridad y m\u00e1s en tu tienda en l\u00ednea\",\"publisher\":{\"@id\":\"https:\/\/compuviper.mx\/tienda\/#organization\"},\"potentialAction\":[{\"@type\":\"SearchAction\",\"target\":{\"@type\":\"EntryPoint\",\"urlTemplate\":\"https:\/\/compuviper.mx\/tienda\/?s={search_term_string}\"},\"query-input\":\"required name=search_term_string\"}],\"inLanguage\":\"es-MX\"},{\"@type\":\"Organization\",\"@id\":\"https:\/\/compuviper.mx\/tienda\/#organization\",\"name\":\"Compuviper\",\"url\":\"https:\/\/compuviper.mx\/tienda\/\",\"logo\":{\"@type\":\"ImageObject\",\"inLanguage\":\"es-MX\",\"@id\":\"https:\/\/compuviper.mx\/tienda\/#\/schema\/logo\/image\/\",\"url\":\"https:\/\/compuviper.mx\/tienda\/wp-content\/uploads\/2021\/08\/Logo-Compuviper-10.png\",\"contentUrl\":\"https:\/\/compuviper.mx\/tienda\/wp-content\/uploads\/2021\/08\/Logo-Compuviper-10.png\",\"width\":1000,\"height\":500,\"caption\":\"Compuviper\"},\"image\":{\"@id\":\"https:\/\/compuviper.mx\/tienda\/#\/schema\/logo\/image\/\"},\"sameAs\":[\"https:\/\/www.facebook.com\/compuviper\",\"https:\/\/www.youtube.com\/channel\/UCf73dERp9Y3cfOq7q8BhLjA?view_as=subscriber\"]}]}<\/script>\n<meta property=\"product:brand\" content=\"HEWLETT PACKARD ENTERPRISE\" \/>\n<meta property=\"product:price:amount\" content=\"12773\" \/>\n<meta property=\"product:price:currency\" content=\"MXN\" \/>\n<meta property=\"og:availability\" content=\"backorder\" \/>\n<meta property=\"product:availability\" content=\"available for order\" \/>\n<meta property=\"product:retailer_item_id\" content=\"JX988A\" \/>\n<meta property=\"product:condition\" content=\"new\" \/>\n<!-- \/ Yoast SEO plugin. -->","yoast_head_json":{"title":"[ Hewlett Packard Enterprise ] &#129351; Jx988a Antena Hpe Aruba Hpe Aruba Networking Outdoor Mimo Antenna Ant-4x4-5314","description":"Compra Jx988a Antena Hpe Aruba Hpe Aruba Networking Outdoor Mimo Antenna Ant-4x4-5314 + Env\u00edo a domicilio + Pago seguro + Garant\u00eda","robots":{"index":"index","follow":"follow","max-snippet":"max-snippet:-1","max-image-preview":"max-image-preview:large","max-video-preview":"max-video-preview:-1"},"canonical":"https:\/\/compuviper.mx\/tienda\/producto\/hewlett-packard-enterprise-jx988a-antena-hpe-aruba-hpe-aruba-networking-outdoor-mimo-antenna-ant-4x4-5314\/","og_locale":"es_MX","og_type":"article","og_title":"[ Hewlett Packard Enterprise ] &#129351; Jx988a Antena Hpe Aruba Hpe Aruba Networking Outdoor Mimo Antenna Ant-4x4-5314","og_description":"Compra Jx988a Antena Hpe Aruba Hpe Aruba Networking Outdoor Mimo Antenna Ant-4x4-5314 + Env\u00edo a domicilio + Pago seguro + Garant\u00eda","og_url":"https:\/\/compuviper.mx\/tienda\/producto\/hewlett-packard-enterprise-jx988a-antena-hpe-aruba-hpe-aruba-networking-outdoor-mimo-antenna-ant-4x4-5314\/","og_site_name":"Compuviper","article_publisher":"https:\/\/www.facebook.com\/compuviper","og_image":[{"width":200,"height":200,"url":"https:\/\/compuviper.mx\/tienda\/wp-content\/uploads\/2025\/10\/Antena-hpe-aruba-jx988a-hpe-aruba-networking-outdoor-mimo-antenna-ant-4x4-5314.jpg","type":"image\/jpeg"}],"twitter_card":"summary_large_image","twitter_misc":{"Precio":"&#36;12,773 con IVA","Availability":"On backorder"},"schema":{"@context":"https:\/\/schema.org","@graph":[{"@type":"WebPage","@id":"https:\/\/compuviper.mx\/tienda\/producto\/hewlett-packard-enterprise-jx988a-antena-hpe-aruba-hpe-aruba-networking-outdoor-mimo-antenna-ant-4x4-5314\/","url":"https:\/\/compuviper.mx\/tienda\/producto\/hewlett-packard-enterprise-jx988a-antena-hpe-aruba-hpe-aruba-networking-outdoor-mimo-antenna-ant-4x4-5314\/","name":"[ Hewlett Packard Enterprise ] &#129351; Jx988a Antena Hpe Aruba Hpe Aruba Networking Outdoor Mimo Antenna Ant-4x4-5314","isPartOf":{"@id":"https:\/\/compuviper.mx\/tienda\/#website"},"datePublished":"2026-04-02T05:16:12+00:00","dateModified":"2026-04-02T05:16:12+00:00","description":"Compra Jx988a Antena Hpe Aruba Hpe Aruba Networking Outdoor Mimo Antenna Ant-4x4-5314 + Env\u00edo a domicilio + Pago seguro + Garant\u00eda","breadcrumb":{"@id":"https:\/\/compuviper.mx\/tienda\/producto\/hewlett-packard-enterprise-jx988a-antena-hpe-aruba-hpe-aruba-networking-outdoor-mimo-antenna-ant-4x4-5314\/#breadcrumb"},"inLanguage":"es-MX","potentialAction":[{"@type":"ReadAction","target":["https:\/\/compuviper.mx\/tienda\/producto\/hewlett-packard-enterprise-jx988a-antena-hpe-aruba-hpe-aruba-networking-outdoor-mimo-antenna-ant-4x4-5314\/"]}]},{"@type":"BreadcrumbList","@id":"https:\/\/compuviper.mx\/tienda\/producto\/hewlett-packard-enterprise-jx988a-antena-hpe-aruba-hpe-aruba-networking-outdoor-mimo-antenna-ant-4x4-5314\/#breadcrumb","itemListElement":[{"@type":"ListItem","position":1,"name":"Inicio","item":"https:\/\/compuviper.mx\/tienda\/"},{"@type":"ListItem","position":2,"name":"Productos","item":"https:\/\/compuviper.mx\/tienda\/productos\/"},{"@type":"ListItem","position":3,"name":"Accesorios","item":"https:\/\/compuviper.mx\/tienda\/categoria-producto\/accesorios\/"},{"@type":"ListItem","position":4,"name":"Redes","item":"https:\/\/compuviper.mx\/tienda\/categoria-producto\/accesorios\/redes-accesorios\/"},{"@type":"ListItem","position":5,"name":"Hewlett Packard Enterprise Jx988a Antena Hpe Aruba Hpe Aruba Networking Outdoor Mimo Antenna Ant-4&#215;4-5314"}]},{"@type":"WebSite","@id":"https:\/\/compuviper.mx\/tienda\/#website","url":"https:\/\/compuviper.mx\/tienda\/","name":"Compuviper","description":"Proveedor de Computadoras, Laptops, Servidores, Monitores, Puntos de Venta, Teclados,   Impresoras, T\u00f3ner, C\u00e1maras de Seguridad y m\u00e1s en tu tienda en l\u00ednea","publisher":{"@id":"https:\/\/compuviper.mx\/tienda\/#organization"},"potentialAction":[{"@type":"SearchAction","target":{"@type":"EntryPoint","urlTemplate":"https:\/\/compuviper.mx\/tienda\/?s={search_term_string}"},"query-input":"required name=search_term_string"}],"inLanguage":"es-MX"},{"@type":"Organization","@id":"https:\/\/compuviper.mx\/tienda\/#organization","name":"Compuviper","url":"https:\/\/compuviper.mx\/tienda\/","logo":{"@type":"ImageObject","inLanguage":"es-MX","@id":"https:\/\/compuviper.mx\/tienda\/#\/schema\/logo\/image\/","url":"https:\/\/compuviper.mx\/tienda\/wp-content\/uploads\/2021\/08\/Logo-Compuviper-10.png","contentUrl":"https:\/\/compuviper.mx\/tienda\/wp-content\/uploads\/2021\/08\/Logo-Compuviper-10.png","width":1000,"height":500,"caption":"Compuviper"},"image":{"@id":"https:\/\/compuviper.mx\/tienda\/#\/schema\/logo\/image\/"},"sameAs":["https:\/\/www.facebook.com\/compuviper","https:\/\/www.youtube.com\/channel\/UCf73dERp9Y3cfOq7q8BhLjA?view_as=subscriber"]}]},"product_brand":"HEWLETT PACKARD ENTERPRISE","product_price_amount":"12773","product_price_currency":"MXN","og_availability":"backorder","product_availability":"available for order","product_retailer_item_id":"JX988A","product_condition":"new"},"_links":{"self":[{"href":"https:\/\/compuviper.mx\/tienda\/wp-json\/wp\/v2\/product\/249876"}],"collection":[{"href":"https:\/\/compuviper.mx\/tienda\/wp-json\/wp\/v2\/product"}],"about":[{"href":"https:\/\/compuviper.mx\/tienda\/wp-json\/wp\/v2\/types\/product"}],"replies":[{"embeddable":true,"href":"https:\/\/compuviper.mx\/tienda\/wp-json\/wp\/v2\/comments?post=249876"}],"wp:featuredmedia":[{"embeddable":true,"href":"https:\/\/compuviper.mx\/tienda\/wp-json\/wp\/v2\/media\/258774"}],"wp:attachment":[{"href":"https:\/\/compuviper.mx\/tienda\/wp-json\/wp\/v2\/media?parent=249876"}],"wp:term":[{"taxonomy":"product_cat","embeddable":true,"href":"https:\/\/compuviper.mx\/tienda\/wp-json\/wp\/v2\/product_cat?post=249876"},{"taxonomy":"product_tag","embeddable":true,"href":"https:\/\/compuviper.mx\/tienda\/wp-json\/wp\/v2\/product_tag?post=249876"}],"curies":[{"name":"wp","href":"https:\/\/api.w.org\/{rel}","templated":true}]}}